[INFO] fetching crate disarray-network 0.1.20...
[INFO] documenting disarray-network-0.1.20 against 1.69.0 for beta-1.70-rustdoc-1
[INFO] extracting crate disarray-network 0.1.20 into /workspace/builds/worker-2-tc1/source
[INFO] validating manifest of crates.io crate disarray-network 0.1.20 on toolchain 1.69.0
[INFO] running `Command { std: CARGO_HOME="/workspace/cargo-home" RUSTUP_HOME="/workspace/rustup-home" "/workspace/cargo-home/bin/cargo" "+1.69.0" "metadata" "--manifest-path" "Cargo.toml" "--no-deps", kill_on_drop: false }`
[INFO] started tweaking crates.io crate disarray-network 0.1.20
[INFO] finished tweaking crates.io crate disarray-network 0.1.20
[INFO] tweaked toml for crates.io crate disarray-network 0.1.20 written to /workspace/builds/worker-2-tc1/source/Cargo.toml
[INFO] running `Command { std: CARGO_HOME="/workspace/cargo-home" RUSTUP_HOME="/workspace/rustup-home" __CARGO_TEST_CHANNEL_OVERRIDE_DO_NOT_USE_THIS="nightly" "/workspace/cargo-home/bin/cargo" "+1.69.0" "generate-lockfile" "--manifest-path" "Cargo.toml" "-Zno-index-update", kill_on_drop: false }`
[INFO] running `Command { std: CARGO_HOME="/workspace/cargo-home" RUSTUP_HOME="/workspace/rustup-home" "/workspace/cargo-home/bin/cargo" "+1.69.0" "fetch" "--manifest-path" "Cargo.toml", kill_on_drop: false }`
[INFO] [stderr]  Downloading crates ...
[INFO] [stderr]   Downloaded libp2p v0.49.0
[INFO] [stderr]   Downloaded if-addrs v0.7.0
[INFO] [stderr]   Downloaded netlink-packet-utils v0.5.2
[INFO] [stderr]   Downloaded system-configuration-sys v0.5.0
[INFO] [stderr]   Downloaded system-configuration v0.5.0
[INFO] [stderr]   Downloaded netlink-packet-route v0.12.0
[INFO] [stderr]   Downloaded libp2p-pnet v0.22.3
[INFO] [stderr]   Downloaded libp2p-noise v0.40.0
[INFO] [stderr]   Downloaded libp2p-request-response v0.22.1
[INFO] [stderr]   Downloaded libp2p-swarm-derive v0.30.1
[INFO] [stderr]   Downloaded windows_x86_64_msvc v0.34.0
[INFO] [stderr]   Downloaded prost-codec v0.2.0
[INFO] [stderr]   Downloaded libp2p-dns v0.37.0
[INFO] [stderr]   Downloaded multiaddr v0.14.0
[INFO] [stderr]   Downloaded rw-stream-sink v0.3.0
[INFO] [stderr]   Downloaded libp2p-websocket v0.39.0
[INFO] [stderr]   Downloaded libp2p-tcp v0.37.0
[INFO] [stderr]   Downloaded netlink-proto v0.10.0
[INFO] [stderr]   Downloaded netlink-packet-core v0.4.2
[INFO] [stderr]   Downloaded rtnetlink v0.10.1
[INFO] [stderr]   Downloaded netlink-sys v0.8.5
[INFO] [stderr]   Downloaded if-watch v2.0.0
[INFO] [stderr]   Downloaded ghash v0.4.4
[INFO] [stderr]   Downloaded lru v0.8.1
[INFO] [stderr]   Downloaded asynchronous-codec v0.6.1
[INFO] [stderr]   Downloaded enum-as-inner v0.5.1
[INFO] [stderr]   Downloaded prometheus-client-derive-text-encode v0.3.0
[INFO] [stderr]   Downloaded libp2p-mplex v0.37.0
[INFO] [stderr]   Downloaded libp2p-mdns v0.41.0
[INFO] [stderr]   Downloaded algae v0.1.19
[INFO] [stderr]   Downloaded disarray-ledger v0.1.20
[INFO] [stderr]   Downloaded libp2p-autonat v0.8.0
[INFO] [stderr]   Downloaded algae-merkle v0.1.19
[INFO] [stderr]   Downloaded libp2p-metrics v0.10.0
[INFO] [stderr]   Downloaded dtoa v1.0.6
[INFO] [stderr]   Downloaded poly1305 v0.7.2
[INFO] [stderr]   Downloaded chacha20 v0.8.2
[INFO] [stderr]   Downloaded packed_simd_2 v0.3.8
[INFO] [stderr]   Downloaded trust-dns-resolver v0.22.0
[INFO] [stderr]   Downloaded ipconfig v0.3.1
[INFO] [stderr]   Downloaded cuckoofilter v0.5.0
[INFO] [stderr]   Downloaded aes-gcm v0.9.4
[INFO] [stderr]   Downloaded core2 v0.4.0
[INFO] [stderr]   Downloaded futures-rustls v0.22.2
[INFO] [stderr]   Downloaded multihash-derive v0.8.1
[INFO] [stderr]   Downloaded soketto v0.7.1
[INFO] [stderr]   Downloaded chacha20poly1305 v0.9.1
[INFO] [stderr]   Downloaded libp2p-identify v0.40.0
[INFO] [stderr]   Downloaded windows_x86_64_gnu v0.34.0
[INFO] [stderr]   Downloaded windows_i686_gnu v0.34.0
[INFO] [stderr]   Downloaded trust-dns-proto v0.22.0
[INFO] [stderr]   Downloaded fiat-crypto v0.1.20
[INFO] [stderr]   Downloaded snow v0.9.2
[INFO] [stderr]   Downloaded windows_aarch64_msvc v0.34.0
[INFO] [stderr]   Downloaded windows_i686_msvc v0.34.0
[INFO] [stderr]   Downloaded prometheus-client v0.18.1
[INFO] [stderr]   Downloaded libp2p-swarm v0.40.1
[INFO] [stderr]   Downloaded curve25519-dalek v4.0.0-rc.1
[INFO] [stderr]   Downloaded libp2p-ping v0.40.1
[INFO] [stderr]   Downloaded quicksink v0.1.2
[INFO] [stderr]   Downloaded multistream-select v0.12.1
[INFO] [stderr]   Downloaded libp2p-core v0.37.0
[INFO] [stderr]   Downloaded multihash v0.16.3
[INFO] [stderr]   Downloaded libp2p-floodsub v0.40.1
[INFO] [stderr]   Downloaded dns-parser v0.8.0
[INFO] [stderr]   Downloaded libp2p-kad v0.41.0
[INFO] [stderr]   Downloaded windows v0.34.0
[INFO] running `Command { std: "docker" "create" "-v" "/var/lib/crater-agent-workspace/builds/worker-2-tc1/target:/opt/rustwide/target:rw,Z" "-v" "/var/lib/crater-agent-workspace/builds/worker-2-tc1/source:/opt/rustwide/workdir:ro,Z" "-v" "/var/lib/crater-agent-workspace/cargo-home:/opt/rustwide/cargo-home:ro,Z" "-v" "/var/lib/crater-agent-workspace/rustup-home:/opt/rustwide/rustup-home:ro,Z" "-e" "SOURCE_DIR=/opt/rustwide/workdir" "-e" "CARGO_TARGET_DIR=/opt/rustwide/target" "-e" "CARGO_HOME=/opt/rustwide/cargo-home" "-e" "RUSTUP_HOME=/opt/rustwide/rustup-home" "-w" "/opt/rustwide/workdir" "-m" "1610612736" "--user" "0:0" "--network" "none" "ghcr.io/rust-lang/crates-build-env/linux@sha256:5ff2268d62e97bff2cde7d5815dd6ed5b47097566f13b8d0ca110b04b60e07ed" "/opt/rustwide/cargo-home/bin/cargo" "+1.69.0" "metadata" "--no-deps" "--format-version=1", kill_on_drop: false }`
[INFO] [stdout] c2ba976a18871275197e2140f04e32b763d681e8b0b9dcea28fd89ced78fa87e
[INFO] running `Command { std: "docker" "start" "-a" "c2ba976a18871275197e2140f04e32b763d681e8b0b9dcea28fd89ced78fa87e", kill_on_drop: false }`
[INFO] running `Command { std: "docker" "inspect" "c2ba976a18871275197e2140f04e32b763d681e8b0b9dcea28fd89ced78fa87e", kill_on_drop: false }`
[INFO] running `Command { std: "docker" "rm" "-f" "c2ba976a18871275197e2140f04e32b763d681e8b0b9dcea28fd89ced78fa87e", kill_on_drop: false }`
[INFO] [stdout] c2ba976a18871275197e2140f04e32b763d681e8b0b9dcea28fd89ced78fa87e
[INFO] running `Command { std: "docker" "create" "-v" "/var/lib/crater-agent-workspace/builds/worker-2-tc1/target:/opt/rustwide/target:rw,Z" "-v" "/var/lib/crater-agent-workspace/builds/worker-2-tc1/source:/opt/rustwide/workdir:ro,Z" "-v" "/var/lib/crater-agent-workspace/cargo-home:/opt/rustwide/cargo-home:ro,Z" "-v" "/var/lib/crater-agent-workspace/rustup-home:/opt/rustwide/rustup-home:ro,Z" "-e" "SOURCE_DIR=/opt/rustwide/workdir" "-e" "CARGO_TARGET_DIR=/opt/rustwide/target" "-e" "CARGO_INCREMENTAL=0" "-e" "RUST_BACKTRACE=full" "-e" "RUSTFLAGS=--cap-lints=warn" "-e" "RUSTDOCFLAGS=--cap-lints=warn" "-e" "CARGO_HOME=/opt/rustwide/cargo-home" "-e" "RUSTUP_HOME=/opt/rustwide/rustup-home" "-w" "/opt/rustwide/workdir" "-m" "1610612736" "--user" "0:0" "--network" "none" "ghcr.io/rust-lang/crates-build-env/linux@sha256:5ff2268d62e97bff2cde7d5815dd6ed5b47097566f13b8d0ca110b04b60e07ed" "/opt/rustwide/cargo-home/bin/cargo" "+1.69.0" "doc" "--frozen" "--no-deps" "--document-private-items" "--message-format=json", kill_on_drop: false }`
[INFO] [stdout] f94f9514fb26b125c30c50a6eb926f4aea2e2d26ea5b7c13a122556e3fff1b2a
[INFO] running `Command { std: "docker" "start" "-a" "f94f9514fb26b125c30c50a6eb926f4aea2e2d26ea5b7c13a122556e3fff1b2a", kill_on_drop: false }`
[INFO] [stderr]    Compiling proc-macro2 v1.0.56
[INFO] [stderr]    Compiling syn v1.0.109
[INFO] [stderr]    Compiling quote v1.0.26
[INFO] [stderr]    Compiling ahash v0.7.6
[INFO] [stderr]     Checking subtle v2.4.1
[INFO] [stderr]    Compiling futures-core v0.3.28
[INFO] [stderr]    Compiling libc v0.2.142
[INFO] [stderr]    Compiling heck v0.4.1
[INFO] [stderr]     Checking getrandom v0.2.9
[INFO] [stderr]    Compiling io-lifetimes v1.0.10
[INFO] [stderr]     Checking futures-io v0.3.28
[INFO] [stderr]    Compiling rustix v0.37.18
[INFO] [stderr]    Compiling futures-task v0.3.28
[INFO] [stderr]    Compiling futures-channel v0.3.28
[INFO] [stderr]    Compiling either v1.8.1
[INFO] [stderr]    Compiling futures-util v0.3.28
[INFO] [stderr]    Compiling ring v0.16.20
[INFO] [stderr]    Compiling anyhow v1.0.71
[INFO] [stderr]    Compiling itertools v0.10.5
[INFO] [stderr]    Compiling prettyplease v0.1.25
[INFO] [stderr]     Checking rand_core v0.6.4
[INFO] [stderr]    Compiling bytes v1.4.0
[INFO] [stderr]    Compiling linux-raw-sys v0.3.6
[INFO] [stderr]     Checking digest v0.10.6
[INFO] [stderr]    Compiling fastrand v1.9.0
[INFO] [stderr]    Compiling regex-syntax v0.7.1
[INFO] [stderr]     Checking rand_chacha v0.3.1
[INFO] [stderr]     Checking spin v0.5.2
[INFO] [stderr]    Compiling fixedbitset v0.4.2
[INFO] [stderr]     Checking untrusted v0.7.1
[INFO] [stderr]     Checking byteorder v1.4.3
[INFO] [stderr]    Compiling multimap v0.8.3
[INFO] [stderr]    Compiling crunchy v0.2.2
[INFO] [stderr]     Checking rand v0.8.5
[INFO] [stderr]    Compiling syn v2.0.15
[INFO] [stderr]     Checking digest v0.9.0
[INFO] [stderr]     Checking base64 v0.13.1
[INFO] [stderr]    Compiling getrandom v0.1.16
[INFO] [stderr]     Checking arrayref v0.3.7
[INFO] [stderr]    Compiling typenum v1.16.0
[INFO] [stderr]     Checking block-buffer v0.9.0
[INFO] [stderr]    Compiling proc-macro-error-attr v1.0.4
[INFO] [stderr]    Compiling unicode-xid v0.2.4
[INFO] [stderr]     Checking parking_lot_core v0.9.7
[INFO] [stderr]     Checking sha2 v0.10.6
[INFO] [stderr]     Checking crypto-mac v0.8.0
[INFO] [stderr]     Checking data-encoding v2.3.3
[INFO] [stderr]     Checking hashbrown v0.12.3
[INFO] [stderr]     Checking sha2 v0.9.9
[INFO] [stderr]     Checking core2 v0.4.0
[INFO] [stderr]    Compiling which v4.4.0
[INFO] [stderr]    Compiling generic-array v0.14.7
[INFO] [stderr]     Checking rand_core v0.5.1
[INFO] [stderr]     Checking parking_lot v0.12.1
[INFO] [stderr]     Checking hmac v0.8.1
[INFO] [stderr]     Checking signature v1.6.4
[INFO] [stderr]     Checking libsecp256k1-core v0.3.0
[INFO] [stderr]     Checking bs58 v0.4.0
[INFO] [stderr]     Checking instant v0.1.12
[INFO] [stderr]     Checking rand_chacha v0.2.2
[INFO] [stderr]     Checking futures-timer v3.0.2
[INFO] [stderr]     Checking ed25519 v1.5.3
[INFO] [stderr]     Checking hmac-drbg v0.3.0
[INFO] [stderr]     Checking void v1.0.2
[INFO] [stderr]    Compiling serde_json v1.0.96
[INFO] [stderr]    Compiling regex v1.8.1
[INFO] [stderr]     Checking asn1_der v0.7.6
[INFO] [stderr]     Checking indexmap v1.9.3
[INFO] [stderr]     Checking concurrent-queue v2.2.0
[INFO] [stderr]    Compiling rustversion v1.0.12
[INFO] [stderr]     Checking rand v0.7.3
[INFO] [stderr]     Checking futures-lite v1.13.0
[INFO] [stderr]    Compiling polling v2.8.0
[INFO] [stderr]    Compiling tokio v1.28.0
[INFO] [stderr]    Compiling ident_case v1.0.1
[INFO] [stderr]    Compiling strsim v0.10.0
[INFO] [stderr]    Compiling fnv v1.0.7
[INFO] [stderr]     Checking mio v0.8.6
[INFO] [stderr]    Compiling async-io v1.13.0
[INFO] [stderr]     Checking arrayvec v0.7.2
[INFO] [stderr]    Compiling itoa v1.0.6
[INFO] [stderr]    Compiling radium v0.7.0
[INFO] [stderr]    Compiling ryu v1.0.13
[INFO] [stderr]     Checking universal-hash v0.4.1
[INFO] [stderr]     Checking cipher v0.3.0
[INFO] [stderr]    Compiling blake3 v1.3.3
[INFO] [stderr]    Compiling petgraph v0.6.3
[INFO] [stderr]     Checking tracing-core v0.1.30
[INFO] [stderr]    Compiling platforms v3.0.2
[INFO] [stderr]     Checking tap v1.0.1
[INFO] [stderr]    Compiling time-core v0.1.0
[INFO] [stderr]     Checking wyz v0.5.1
[INFO] [stderr]    Compiling time-macros v0.2.8
[INFO] [stderr]    Compiling libsecp256k1-gen-genmult v0.3.0
[INFO] [stderr]    Compiling libsecp256k1-gen-ecmult v0.3.0
[INFO] [stderr]    Compiling tempfile v3.5.0
[INFO] [stderr]     Checking async-channel v1.8.0
[INFO] [stderr]     Checking funty v2.0.0
[INFO] [stderr]     Checking atomic-waker v1.1.1
[INFO] [stderr]     Checking constant_time_eq v0.2.5
[INFO] [stderr]    Compiling libsecp256k1 v0.7.1
[INFO] [stderr]    Compiling libz-sys v1.1.9
[INFO] [stderr]     Checking ordered-multimap v0.4.3
[INFO] [stderr]     Checking blocking v1.3.1
[INFO] [stderr]     Checking chrono v0.4.24
[INFO] [stderr]     Checking async-executor v1.5.1
[INFO] [stderr]     Checking quick-error v1.2.3
[INFO] [stderr]     Checking unicode-ident v1.0.8
[INFO] [stderr]     Checking bitvec v1.0.1
[INFO] [stderr]     Checking rust-ini v0.18.0
[INFO] [stderr]     Checking webpki v0.22.0
[INFO] [stderr]     Checking polyval v0.5.3
[INFO] [stderr]     Checking yaml-rust v0.4.5
[INFO] [stderr]    Compiling curve25519-dalek v4.0.0-rc.1
[INFO] [stderr]     Checking nix v0.24.3
[INFO] [stderr]     Checking aead v0.4.3
[INFO] [stderr]     Checking pathdiff v0.2.1
[INFO] [stderr]     Checking match_cfg v0.1.0
[INFO] [stderr]    Compiling synstructure v0.12.6
[INFO] [stderr]    Compiling proc-macro-error v1.0.4
[INFO] [stderr]    Compiling darling_core v0.13.4
[INFO] [stderr]     Checking matches v0.1.10
[INFO] [stderr]    Compiling rustls v0.20.8
[INFO] [stderr]    Compiling httparse v1.8.0
[INFO] [stderr]     Checking idna v0.2.3
[INFO] [stderr]     Checking hostname v0.3.1
[INFO] [stderr]     Checking ghash v0.4.4
[INFO] [stderr]    Compiling snow v0.9.2
[INFO] [stderr]     Checking time v0.3.20
[INFO] [stderr]     Checking sct v0.7.0
[INFO] [stderr]     Checking ctr v0.8.0
[INFO] [stderr]     Checking aes v0.7.5
[INFO] [stderr]     Checking poly1305 v0.7.2
[INFO] [stderr]    Compiling crossbeam-queue v0.3.8
[INFO] [stderr]     Checking glob v0.3.1
[INFO] [stderr]     Checking async-global-executor v2.3.1
[INFO] [stderr]     Checking flate2 v1.0.26
[INFO] [stderr]     Checking crossbeam-epoch v0.9.14
[INFO] [stderr]     Checking aes-gcm v0.9.4
[INFO] [stderr]     Checking resolv-conf v0.7.0
[INFO] [stderr]     Checking lru-cache v0.1.2
[INFO] [stderr]     Checking uint v0.9.5
[INFO] [stderr]     Checking lru v0.8.1
[INFO] [stderr]     Checking sha-1 v0.9.8
[INFO] [stderr]     Checking blake2 v0.10.6
[INFO] [stderr]     Checking cfg-if v0.1.10
[INFO] [stderr]     Checking keccak v0.1.3
[INFO] [stderr]     Checking pin-project-lite v0.1.12
[INFO] [stderr]     Checking dtoa v1.0.6
[INFO] [stderr]     Checking overload v0.1.1
[INFO] [stderr]     Checking quicksink v0.1.2
[INFO] [stderr]     Checking net2 v0.2.38
[INFO] [stderr]     Checking crossbeam-deque v0.8.3
[INFO] [stderr]     Checking nu-ansi-term v0.46.0
[INFO] [stderr]     Checking webpki-roots v0.22.6
[INFO] [stderr]     Checking sha3 v0.10.7
[INFO] [stderr]     Checking dns-parser v0.8.0
[INFO] [stderr]     Checking tracing-log v0.1.3
[INFO] [stderr]     Checking cuckoofilter v0.5.0
[INFO] [stderr]     Checking crossbeam-channel v0.5.8
[INFO] [stderr]     Checking sharded-slab v0.1.4
[INFO] [stderr]     Checking iovec v0.1.4
[INFO] [stderr]     Checking nohash-hasher v0.2.0
[INFO] [stderr]     Checking ckb-merkle-mountain-range v0.5.2
[INFO] [stderr]     Checking lazycell v1.3.0
[INFO] [stderr]    Compiling hex-literal v0.3.4
[INFO] [stderr]     Checking mio v0.6.23
[INFO] [stderr]     Checking crossbeam v0.8.2
[INFO] [stderr]    Compiling serde_derive v1.0.160
[INFO] [stderr]    Compiling thiserror-impl v1.0.40
[INFO] [stderr]    Compiling futures-macro v0.3.28
[INFO] [stderr]    Compiling zeroize_derive v1.4.2
[INFO] [stderr]    Compiling async-trait v0.1.68
[INFO] [stderr]    Compiling tracing-attributes v0.1.24
[INFO] [stderr]     Checking mio-extras v2.0.6
[INFO] [stderr]    Compiling prost-derive v0.11.9
[INFO] [stderr]    Compiling pin-project-internal v1.0.12
[INFO] [stderr]    Compiling strum_macros v0.24.3
[INFO] [stderr]    Compiling darling_macro v0.13.4
[INFO] [stderr]    Compiling smart-default v0.6.0
[INFO] [stderr]    Compiling enum-as-inner v0.5.1
[INFO] [stderr]    Compiling prometheus-client-derive-text-encode v0.3.0
[INFO] [stderr]     Checking tracing-subscriber v0.3.17
[INFO] [stderr]     Checking futures-rustls v0.22.2
[INFO] [stderr]    Compiling libp2p-swarm-derive v0.30.1
[INFO] [stderr]    Compiling darling v0.13.4
[INFO] [stderr]     Checking zeroize v1.3.0
[INFO] [stderr]     Checking prometheus-client v0.18.1
[INFO] [stderr]    Compiling serde_with_macros v1.5.2
[INFO] [stderr]     Checking curve25519-dalek v3.2.1
[INFO] [stderr]     Checking chacha20 v0.8.2
[INFO] [stderr]     Checking chacha20poly1305 v0.9.1
[INFO] [stderr]     Checking thiserror v1.0.40
[INFO] [stderr]     Checking netlink-packet-utils v0.5.2
[INFO] [stderr]    Compiling pest v2.6.0
[INFO] [stderr]     Checking pin-project v1.0.12
[INFO] [stderr]     Checking x25519-dalek v1.2.0
[INFO] [stderr]     Checking tracing v0.1.37
[INFO] [stderr]     Checking netlink-packet-core v0.4.2
[INFO] [stderr]     Checking strum v0.24.1
[INFO] [stderr]    Compiling prost v0.11.9
[INFO] [stderr]     Checking netlink-packet-route v0.12.0
[INFO] [stderr]    Compiling prost-types v0.11.9
[INFO] [stderr]     Checking serde v1.0.160
[INFO] [stderr]    Compiling pest_meta v2.6.0
[INFO] [stderr]    Compiling prost-build v0.11.9
[INFO] [stderr]    Compiling pest_generator v2.6.0
[INFO] [stderr]     Checking futures-executor v0.3.28
[INFO] [stderr]     Checking asynchronous-codec v0.6.1
[INFO] [stderr]     Checking trust-dns-proto v0.22.0
[INFO] [stderr]     Checking futures v0.3.28
[INFO] [stderr]     Checking unsigned-varint v0.7.1
[INFO] [stderr]     Checking rw-stream-sink v0.3.0
[INFO] [stderr]     Checking netlink-sys v0.8.5
[INFO] [stderr]     Checking soketto v0.7.1
[INFO] [stderr]     Checking libp2p-pnet v0.22.3
[INFO] [stderr]     Checking netlink-proto v0.10.0
[INFO] [stderr]    Compiling libp2p-core v0.37.0
[INFO] [stderr]    Compiling libp2p-identify v0.40.0
[INFO] [stderr]    Compiling libp2p-kad v0.41.0
[INFO] [stderr]    Compiling libp2p-autonat v0.8.0
[INFO] [stderr]    Compiling libp2p-floodsub v0.40.1
[INFO] [stderr]    Compiling libp2p-noise v0.40.0
[INFO] [stderr]     Checking multistream-select v0.12.1
[INFO] [stderr]     Checking prost-codec v0.2.0
[INFO] [stderr]    Compiling pest_derive v2.6.0
[INFO] [stderr]     Checking rtnetlink v0.10.1
[INFO] [stderr]     Checking if-watch v2.0.0
[INFO] [stderr]     Checking ed25519-dalek v1.0.1
[INFO] [stderr]     Checking uuid v0.8.2
[INFO] [stderr]     Checking serde_with v1.14.0
[INFO] [stderr]     Checking serde_bytes v0.11.9
[INFO] [stderr]     Checking uuid v1.3.2
[INFO] [stderr]     Checking json5 v0.4.1
[INFO] [stderr]     Checking toml v0.5.11
[INFO] [stderr]     Checking ron v0.7.1
[INFO] [stderr]     Checking bincode v1.3.3
[INFO] [stderr]     Checking trust-dns-resolver v0.22.0
[INFO] [stderr]     Checking decanter-crypto v0.1.5
[INFO] [stderr]     Checking config v0.13.3
[INFO] [stderr]    Compiling proc-macro-crate v1.1.3
[INFO] [stderr]     Checking bson v2.6.1
[INFO] [stderr]    Compiling decanter-derive v0.1.5
[INFO] [stderr]    Compiling scsys-derive v0.1.42
[INFO] [stderr]    Compiling multihash-derive v0.8.1
[INFO] [stderr]     Checking decanter v0.1.5
[INFO] [stderr]     Checking multihash v0.16.3
[INFO] [stderr]     Checking algae-merkle v0.1.19
[INFO] [stderr]     Checking multiaddr v0.14.0
[INFO] [stderr]     Checking algae v0.1.19
[INFO] [stderr]     Checking scsys-core v0.1.42
[INFO] [stderr]     Checking scsys-actors v0.1.42
[INFO] [stderr]     Checking scsys-macros v0.1.42
[INFO] [stdout] error[E0432]: unresolved imports `decanter::crypto::Hashable`, `decanter::Hash`
[INFO] [stdout]  --> /opt/rustwide/cargo-home/registry/src/github.com-1ecc6299db9ec823/scsys-actors-0.1.42/src/catalysts/catalyst.rs:7:16
[INFO] [stdout]   |
[INFO] [stdout] 7 | use decanter::{crypto::Hashable, Hash};
[INFO] [stdout]   |                ^^^^^^^^^^^^^^^^  ^^^^
[INFO] [stdout]   |                |                 |
[INFO] [stdout]   |                |                 no `Hash` in the root
[INFO] [stdout]   |                |                 help: a similar name exists in the module: `hash`
[INFO] [stdout]   |                no `Hashable` in the root
[INFO] [stdout]   |
[INFO] [stdout]   = help: consider importing this trait instead:
[INFO] [stdout]           decanter::prelude::Hashable
[INFO] [stdout]   = help: consider importing one of these items instead:
[INFO] [stdout]           std::hash::Hash
[INFO] [stdout]           core::hash::Hash
[INFO] [stdout] 
[INFO] [stdout] 
[INFO] [stdout] error[E0432]: unresolved imports `decanter::crypto::Hashable`, `decanter::Hash`
[INFO] [stdout]  --> /opt/rustwide/cargo-home/registry/src/github.com-1ecc6299db9ec823/scsys-actors-0.1.42/src/messages/message.rs:7:16
[INFO] [stdout]   |
[INFO] [stdout] 7 | use decanter::{crypto::Hashable, Hash};
[INFO] [stdout]   |                ^^^^^^^^^^^^^^^^  ^^^^
[INFO] [stdout]   |                |                 |
[INFO] [stdout]   |                |                 no `Hash` in the root
[INFO] [stdout]   |                |                 help: a similar name exists in the module: `hash`
[INFO] [stdout]   |                no `Hashable` in the root
[INFO] [stdout]   |
[INFO] [stdout]   = help: consider importing this trait instead:
[INFO] [stdout]           decanter::prelude::Hashable
[INFO] [stdout]   = help: consider importing one of these items instead:
[INFO] [stdout]           std::hash::Hash
[INFO] [stdout]           core::hash::Hash
[INFO] [stdout] 
[INFO] [stdout] 
[INFO] [stdout] error[E0432]: unresolved import `decanter::prelude::Hash`
[INFO] [stdout]   --> /opt/rustwide/cargo-home/registry/src/github.com-1ecc6299db9ec823/scsys-actors-0.1.42/src/states/state.rs:10:25
[INFO] [stdout]    |
[INFO] [stdout] 10 | use decanter::prelude::{Hash, Hashable, H256};
[INFO] [stdout]    |                         ^^^^
[INFO] [stdout]    |                         |
[INFO] [stdout]    |                         no `Hash` in `prelude`
[INFO] [stdout]    |                         help: a similar name exists in the module: `hash`
[INFO] [stdout]    |
[INFO] [stdout]    = help: consider importing one of these items instead:
[INFO] [stdout]            std::hash::Hash
[INFO] [stdout]            core::hash::Hash
[INFO] [stdout] 
[INFO] [stdout] 
[INFO] [stdout] error[E0432]: unresolved imports `decanter::crypto::Hashable`, `decanter::Hash`
[INFO] [stdout]  --> /opt/rustwide/cargo-home/registry/src/github.com-1ecc6299db9ec823/scsys-actors-0.1.42/src/direction.rs:6:16
[INFO] [stdout]   |
[INFO] [stdout] 6 | use decanter::{crypto::Hashable, Hash};
[INFO] [stdout]   |                ^^^^^^^^^^^^^^^^  ^^^^
[INFO] [stdout]   |                |                 |
[INFO] [stdout]   |                |                 no `Hash` in the root
[INFO] [stdout]   |                |                 help: a similar name exists in the module: `hash`
[INFO] [stdout]   |                no `Hashable` in the root
[INFO] [stdout]   |
[INFO] [stdout]   = help: consider importing this trait instead:
[INFO] [stdout]           decanter::prelude::Hashable
[INFO] [stdout]   = help: consider importing one of these items instead:
[INFO] [stdout]           std::hash::Hash
[INFO] [stdout]           core::hash::Hash
[INFO] [stdout] 
[INFO] [stdout] 
[INFO] [stdout] error[E0277]: the trait bound `context::Context<Cnf>: AsRef<[u8]>` is not satisfied
[INFO] [stdout]   --> /opt/rustwide/cargo-home/registry/src/github.com-1ecc6299db9ec823/scsys-actors-0.1.42/src/contexts/context.rs:23:16
[INFO] [stdout]    |
[INFO] [stdout] 23 |         hasher(self).into()
[INFO] [stdout]    |         ------ ^^^^ the trait `AsRef<[u8]>` is not implemented for `context::Context<Cnf>`
[INFO] [stdout]    |         |
[INFO] [stdout]    |         required by a bound introduced by this call
[INFO] [stdout]    |
[INFO] [stdout]    = note: required for `&context::Context<Cnf>` to implement `AsRef<[u8]>`
[INFO] [stdout] note: required by a bound in `hasher`
[INFO] [stdout]   --> /opt/rustwide/cargo-home/registry/src/github.com-1ecc6299db9ec823/decanter-0.1.5/src/hash/mod.rs:57:26
[INFO] [stdout]    |
[INFO] [stdout] 57 | pub fn hasher(data: impl AsRef<[u8]>) -> GenericHash {
[INFO] [stdout]    |                          ^^^^^^^^^^^ required by this bound in `hasher`
[INFO] [stdout] 
[INFO] [stdout] 
[INFO] [stdout] error: aborting due to 5 previous errors
[INFO] [stdout] 
[INFO] [stdout] 
[INFO] [stdout] Some errors have detailed explanations: E0277, E0432.
[INFO] [stdout] 
[INFO] [stdout] For more information about an error, try `rustc --explain E0277`.
[INFO] [stdout] 
[INFO] [stderr] error: could not compile `scsys-actors` due to 6 previous errors
[INFO] [stderr] warning: build failed, waiting for other jobs to finish...
[INFO] running `Command { std: "docker" "inspect" "f94f9514fb26b125c30c50a6eb926f4aea2e2d26ea5b7c13a122556e3fff1b2a", kill_on_drop: false }`
[INFO] running `Command { std: "docker" "rm" "-f" "f94f9514fb26b125c30c50a6eb926f4aea2e2d26ea5b7c13a122556e3fff1b2a", kill_on_drop: false }`
[INFO] [stdout] f94f9514fb26b125c30c50a6eb926f4aea2e2d26ea5b7c13a122556e3fff1b2a
