[INFO] fetching crate datafusion-bigtable 0.1.0...
[INFO] documenting datafusion-bigtable-0.1.0 against 1.69.0 for beta-1.70-rustdoc-1
[INFO] extracting crate datafusion-bigtable 0.1.0 into /workspace/builds/worker-5-tc1/source
[INFO] validating manifest of crates.io crate datafusion-bigtable 0.1.0 on toolchain 1.69.0
[INFO] running `Command { std: CARGO_HOME="/workspace/cargo-home" RUSTUP_HOME="/workspace/rustup-home" "/workspace/cargo-home/bin/cargo" "+1.69.0" "metadata" "--manifest-path" "Cargo.toml" "--no-deps", kill_on_drop: false }`
[INFO] started tweaking crates.io crate datafusion-bigtable 0.1.0
[INFO] finished tweaking crates.io crate datafusion-bigtable 0.1.0
[INFO] tweaked toml for crates.io crate datafusion-bigtable 0.1.0 written to /workspace/builds/worker-5-tc1/source/Cargo.toml
[INFO] running `Command { std: CARGO_HOME="/workspace/cargo-home" RUSTUP_HOME="/workspace/rustup-home" __CARGO_TEST_CHANNEL_OVERRIDE_DO_NOT_USE_THIS="nightly" "/workspace/cargo-home/bin/cargo" "+1.69.0" "generate-lockfile" "--manifest-path" "Cargo.toml" "-Zno-index-update", kill_on_drop: false }`
[INFO] running `Command { std: CARGO_HOME="/workspace/cargo-home" RUSTUP_HOME="/workspace/rustup-home" "/workspace/cargo-home/bin/cargo" "+1.69.0" "fetch" "--manifest-path" "Cargo.toml", kill_on_drop: false }`
[INFO] [stderr]  Downloading crates ...
[INFO] [stderr]   Downloaded integer-encoding v1.1.7
[INFO] [stderr]   Downloaded prost-wkt-build v0.3.5
[INFO] [stderr]   Downloaded multiversion-macros v0.6.1
[INFO] [stderr]   Downloaded mopa v0.2.2
[INFO] [stderr]   Downloaded tonic-build v0.7.2
[INFO] [stderr]   Downloaded multiversion v0.6.1
[INFO] [stderr]   Downloaded prost-wkt v0.3.5
[INFO] [stderr]   Downloaded datafusion-expr v7.0.0
[INFO] [stderr]   Downloaded ctor v0.2.0
[INFO] [stderr]   Downloaded inventory v0.3.5
[INFO] [stderr]   Downloaded lz4 v1.24.0
[INFO] [stderr]   Downloaded typetag-impl v0.2.8
[INFO] [stderr]   Downloaded simpl v0.1.0
[INFO] [stderr]   Downloaded smpl_jwt v0.7.1
[INFO] [stderr]   Downloaded typetag v0.2.8
[INFO] [stderr]   Downloaded prost-derive v0.11.9
[INFO] [stderr]   Downloaded goauth v0.12.0
[INFO] [stderr]   Downloaded serde_with_macros v1.5.2
[INFO] [stderr]   Downloaded datafusion-common v7.0.0
[INFO] [stderr]   Downloaded thrift v0.13.0
[INFO] [stderr]   Downloaded prost v0.11.9
[INFO] [stderr]   Downloaded prost-wkt-types v0.3.5
[INFO] [stderr]   Downloaded lexical-parse-integer v0.8.6
[INFO] [stderr]   Downloaded axum-core v0.2.9
[INFO] [stderr]   Downloaded prost-build v0.11.9
[INFO] [stderr]   Downloaded flatbuffers v2.0.0
[INFO] [stderr]   Downloaded lexical-core v0.8.5
[INFO] [stderr]   Downloaded comfy-table v5.0.1
[INFO] [stderr]   Downloaded matchit v0.5.0
[INFO] [stderr]   Downloaded parquet-format v4.0.0
[INFO] [stderr]   Downloaded bigtable_rs v0.1.7
[INFO] [stderr]   Downloaded lexical-write-integer v0.8.5
[INFO] [stderr]   Downloaded lexical-util v0.8.5
[INFO] [stderr]   Downloaded prost-types v0.11.9
[INFO] [stderr]   Downloaded sqlparser v0.14.0
[INFO] [stderr]   Downloaded tonic v0.7.2
[INFO] [stderr]   Downloaded tower-http v0.3.5
[INFO] [stderr]   Downloaded axum v0.5.17
[INFO] [stderr]   Downloaded lexical-write-float v0.8.5
[INFO] [stderr]   Downloaded serde_with v1.14.0
[INFO] [stderr]   Downloaded lexical-parse-float v0.8.5
[INFO] [stderr]   Downloaded parquet v9.1.0
[INFO] [stderr]   Downloaded lz4-sys v1.9.4
[INFO] [stderr]   Downloaded arrow v9.1.0
[INFO] [stderr]   Downloaded prost-build v0.10.4
[INFO] [stderr]   Downloaded datafusion v7.1.0
[INFO] running `Command { std: "docker" "create" "-v" "/var/lib/crater-agent-workspace/builds/worker-5-tc1/target:/opt/rustwide/target:rw,Z" "-v" "/var/lib/crater-agent-workspace/builds/worker-5-tc1/source:/opt/rustwide/workdir:ro,Z" "-v" "/var/lib/crater-agent-workspace/cargo-home:/opt/rustwide/cargo-home:ro,Z" "-v" "/var/lib/crater-agent-workspace/rustup-home:/opt/rustwide/rustup-home:ro,Z" "-e" "SOURCE_DIR=/opt/rustwide/workdir" "-e" "CARGO_TARGET_DIR=/opt/rustwide/target" "-e" "CARGO_HOME=/opt/rustwide/cargo-home" "-e" "RUSTUP_HOME=/opt/rustwide/rustup-home" "-w" "/opt/rustwide/workdir" "-m" "1610612736" "--user" "0:0" "--network" "none" "ghcr.io/rust-lang/crates-build-env/linux@sha256:5ff2268d62e97bff2cde7d5815dd6ed5b47097566f13b8d0ca110b04b60e07ed" "/opt/rustwide/cargo-home/bin/cargo" "+1.69.0" "metadata" "--no-deps" "--format-version=1", kill_on_drop: false }`
[INFO] [stdout] fd56f3fd44381bd57d8bc9208fd2bfd847e9d9ed4ee72891d102bdc088463f54
[INFO] running `Command { std: "docker" "start" "-a" "fd56f3fd44381bd57d8bc9208fd2bfd847e9d9ed4ee72891d102bdc088463f54", kill_on_drop: false }`
[INFO] running `Command { std: "docker" "inspect" "fd56f3fd44381bd57d8bc9208fd2bfd847e9d9ed4ee72891d102bdc088463f54", kill_on_drop: false }`
[INFO] running `Command { std: "docker" "rm" "-f" "fd56f3fd44381bd57d8bc9208fd2bfd847e9d9ed4ee72891d102bdc088463f54", kill_on_drop: false }`
[INFO] [stdout] fd56f3fd44381bd57d8bc9208fd2bfd847e9d9ed4ee72891d102bdc088463f54
[INFO] running `Command { std: "docker" "create" "-v" "/var/lib/crater-agent-workspace/builds/worker-5-tc1/target:/opt/rustwide/target:rw,Z" "-v" "/var/lib/crater-agent-workspace/builds/worker-5-tc1/source:/opt/rustwide/workdir:ro,Z" "-v" "/var/lib/crater-agent-workspace/cargo-home:/opt/rustwide/cargo-home:ro,Z" "-v" "/var/lib/crater-agent-workspace/rustup-home:/opt/rustwide/rustup-home:ro,Z" "-e" "SOURCE_DIR=/opt/rustwide/workdir" "-e" "CARGO_TARGET_DIR=/opt/rustwide/target" "-e" "CARGO_INCREMENTAL=0" "-e" "RUST_BACKTRACE=full" "-e" "RUSTFLAGS=--cap-lints=warn" "-e" "RUSTDOCFLAGS=--cap-lints=warn" "-e" "CARGO_HOME=/opt/rustwide/cargo-home" "-e" "RUSTUP_HOME=/opt/rustwide/rustup-home" "-w" "/opt/rustwide/workdir" "-m" "1610612736" "--user" "0:0" "--network" "none" "ghcr.io/rust-lang/crates-build-env/linux@sha256:5ff2268d62e97bff2cde7d5815dd6ed5b47097566f13b8d0ca110b04b60e07ed" "/opt/rustwide/cargo-home/bin/cargo" "+1.69.0" "doc" "--frozen" "--no-deps" "--document-private-items" "--message-format=json", kill_on_drop: false }`
[INFO] [stdout] 140512469a2716cebaa201743d5c3ec3c54779dc2023d2ee3a0679a27f980ff6
[INFO] running `Command { std: "docker" "start" "-a" "140512469a2716cebaa201743d5c3ec3c54779dc2023d2ee3a0679a27f980ff6", kill_on_drop: false }`
[INFO] [stderr]     Blocking waiting for file lock on package cache
[INFO] [stderr]     Blocking waiting for file lock on package cache
[INFO] [stderr]    Compiling libc v0.2.142
[INFO] [stderr]    Compiling syn v1.0.109
[INFO] [stderr]    Compiling either v1.8.1
[INFO] [stderr]     Checking smallvec v1.10.0
[INFO] [stderr]    Compiling ahash v0.7.6
[INFO] [stderr]    Compiling serde v1.0.160
[INFO] [stderr]    Compiling num-traits v0.2.15
[INFO] [stderr]    Compiling anyhow v1.0.71
[INFO] [stderr]    Compiling parking_lot_core v0.9.7
[INFO] [stderr]    Compiling tokio v1.28.0
[INFO] [stderr]    Compiling syn v2.0.15
[INFO] [stderr]    Compiling io-lifetimes v1.0.10
[INFO] [stderr]    Compiling rustix v0.37.18
[INFO] [stderr]    Compiling bytes v1.4.0
[INFO] [stderr]    Compiling serde_json v1.0.96
[INFO] [stderr]    Compiling pkg-config v0.3.26
[INFO] [stderr]    Compiling itertools v0.10.5
[INFO] [stderr]    Compiling linux-raw-sys v0.3.6
[INFO] [stderr]    Compiling bitflags v1.3.2
[INFO] [stderr]    Compiling hashbrown v0.12.3
[INFO] [stderr]    Compiling aho-corasick v1.0.1
[INFO] [stderr]    Compiling regex-syntax v0.7.1
[INFO] [stderr]    Compiling fastrand v1.9.0
[INFO] [stderr]    Compiling prettyplease v0.1.25
[INFO] [stderr]    Compiling fixedbitset v0.4.2
[INFO] [stderr]     Checking static_assertions v1.1.0
[INFO] [stderr]    Compiling log v0.4.17
[INFO] [stderr]     Checking lexical-util v0.8.5
[INFO] [stderr]    Compiling generic-array v0.14.7
[INFO] [stderr]    Compiling indexmap v1.9.3
[INFO] [stderr]    Compiling multimap v0.8.3
[INFO] [stderr]    Compiling lazy_static v1.4.0
[INFO] [stderr]    Compiling num-bigint v0.4.3
[INFO] [stderr]     Checking iana-time-zone v0.1.56
[INFO] [stderr]     Checking base64 v0.13.1
[INFO] [stderr]     Checking foreign-types-shared v0.1.1
[INFO] [stderr]    Compiling openssl v0.10.52
[INFO] [stderr]     Checking want v0.3.0
[INFO] [stderr]    Compiling num-iter v0.1.43
[INFO] [stderr]     Checking foreign-types v0.3.2
[INFO] [stderr]     Checking lexical-parse-integer v0.8.6
[INFO] [stderr]     Checking lexical-write-integer v0.8.5
[INFO] [stderr]    Compiling petgraph v0.6.3
[INFO] [stderr]     Checking alloc-no-stdlib v2.0.4
[INFO] [stderr]    Compiling native-tls v0.2.11
[INFO] [stderr]    Compiling zstd-safe v4.1.6+zstd.1.5.2
[INFO] [stderr]     Checking lexical-write-float v0.8.5
[INFO] [stderr]     Checking alloc-stdlib v0.2.2
[INFO] [stderr]    Compiling jobserver v0.1.26
[INFO] [stderr]    Compiling which v4.4.0
[INFO] [stderr]     Checking getrandom v0.2.9
[INFO] [stderr]     Checking num_cpus v1.15.0
[INFO] [stderr]     Checking socket2 v0.4.9
[INFO] [stderr]     Checking mio v0.8.6
[INFO] [stderr]     Checking num-integer v0.1.45
[INFO] [stderr]     Checking ordered-float v1.1.1
[INFO] [stderr]    Compiling cc v1.0.79
[INFO] [stderr]     Checking threadpool v1.8.1
[INFO] [stderr]     Checking parking_lot v0.12.1
[INFO] [stderr]     Checking rand_core v0.6.4
[INFO] [stderr]     Checking num-complex v0.4.3
[INFO] [stderr]     Checking crypto-common v0.1.6
[INFO] [stderr]     Checking block-buffer v0.10.4
[INFO] [stderr]     Checking lexical-parse-float v0.8.5
[INFO] [stderr]     Checking csv-core v0.1.10
[INFO] [stderr]    Compiling snap v1.1.0
[INFO] [stderr]     Checking tower-layer v0.3.2
[INFO] [stderr]     Checking rand_chacha v0.3.1
[INFO] [stderr]    Compiling erased-serde v0.3.25
[INFO] [stderr]     Checking strum v0.23.0
[INFO] [stderr]     Checking subtle v2.4.1
[INFO] [stderr]     Checking rand v0.8.5
[INFO] [stderr]     Checking openssl-probe v0.1.5
[INFO] [stderr]    Compiling cmake v0.1.50
[INFO] [stderr]     Checking integer-encoding v1.1.7
[INFO] [stderr]    Compiling regex v1.8.1
[INFO] [stderr]     Checking digest v0.10.6
[INFO] [stderr]     Checking lexical-core v0.8.5
[INFO] [stderr]     Checking miniz_oxide v0.7.1
[INFO] [stderr]     Checking brotli-decompressor v2.3.4
[INFO] [stderr]     Checking thrift v0.13.0
[INFO] [stderr]     Checking hex v0.4.3
[INFO] [stderr]    Compiling parquet v9.1.0
[INFO] [stderr]    Compiling rustls v0.20.8
[INFO] [stderr]     Checking half v1.8.2
[INFO] [stderr]     Checking flate2 v1.0.26
[INFO] [stderr]     Checking time-core v0.1.0
[INFO] [stderr]     Checking http-range-header v0.3.0
[INFO] [stderr]    Compiling openssl-sys v0.9.87
[INFO] [stderr]    Compiling zstd-sys v1.6.3+zstd.1.5.2
[INFO] [stderr]    Compiling ring v0.16.20
[INFO] [stderr]    Compiling lz4-sys v1.9.4
[INFO] [stderr]    Compiling prost-build v0.10.4
[INFO] [stderr]     Checking parquet-format v4.0.0
[INFO] [stderr]     Checking time v0.3.20
[INFO] [stderr]     Checking num-rational v0.4.1
[INFO] [stderr]    Compiling blake3 v1.3.3
[INFO] [stderr]     Checking ordered-float v2.10.0
[INFO] [stderr]     Checking sqlparser v0.14.0
[INFO] [stderr]    Compiling tempfile v3.5.0
[INFO] [stderr]     Checking num v0.4.0
[INFO] [stderr]     Checking sync_wrapper v0.1.2
[INFO] [stderr]     Checking brotli v3.3.4
[INFO] [stderr]     Checking simpl v0.1.0
[INFO] [stderr]    Compiling paste v1.0.12
[INFO] [stderr]     Checking matchit v0.5.0
[INFO] [stderr]     Checking mopa v0.2.2
[INFO] [stderr]     Checking cpufeatures v0.2.7
[INFO] [stderr]     Checking arrayref v0.3.7
[INFO] [stderr]     Checking constant_time_eq v0.2.5
[INFO] [stderr]     Checking arrayvec v0.7.2
[INFO] [stderr]     Checking arc-swap v1.6.0
[INFO] [stderr]     Checking sha2 v0.10.6
[INFO] [stderr]     Checking blake2 v0.10.6
[INFO] [stderr]     Checking md-5 v0.10.5
[INFO] [stderr]     Checking unicode-segmentation v1.10.1
[INFO] [stderr]    Compiling darling_core v0.13.4
[INFO] [stderr]     Checking byteorder v0.5.3
[INFO] [stderr]    Compiling serde_derive v1.0.160
[INFO] [stderr]    Compiling tokio-macros v2.1.0
[INFO] [stderr]    Compiling futures-macro v0.3.28
[INFO] [stderr]    Compiling tracing-attributes v0.1.24
[INFO] [stderr]    Compiling prost-derive v0.11.9
[INFO] [stderr]    Compiling prost-derive v0.10.1
[INFO] [stderr]    Compiling thiserror-impl v1.0.40
[INFO] [stderr]     Checking futures-util v0.3.28
[INFO] [stderr]    Compiling openssl-macros v0.1.1
[INFO] [stderr]    Compiling pin-project-internal v1.0.12
[INFO] [stderr]    Compiling multiversion-macros v0.6.1
[INFO] [stderr]     Checking tracing v0.1.37
[INFO] [stderr]    Compiling strum_macros v0.23.1
[INFO] [stderr]    Compiling ghost v0.1.9
[INFO] [stderr]     Checking thiserror v1.0.40
[INFO] [stderr]    Compiling async-trait v0.1.68
[INFO] [stderr]     Checking flatbuffers v2.0.0
[INFO] [stderr]    Compiling prost v0.11.9
[INFO] [stderr]    Compiling prost v0.10.4
[INFO] [stderr]    Compiling ctor v0.2.0
[INFO] [stderr]     Checking pin-project v1.0.12
[INFO] [stderr]    Compiling prost-types v0.10.1
[INFO] [stderr]    Compiling darling_macro v0.13.4
[INFO] [stderr]    Compiling prost-types v0.11.9
[INFO] [stderr]     Checking multiversion v0.6.1
[INFO] [stderr]     Checking webpki v0.22.0
[INFO] [stderr]     Checking sct v0.7.0
[INFO] [stderr]    Compiling typetag-impl v0.2.8
[INFO] [stderr]     Checking inventory v0.3.5
[INFO] [stderr]     Checking futures-executor v0.3.28
[INFO] [stderr]    Compiling darling v0.13.4
[INFO] [stderr]     Checking axum-core v0.2.9
[INFO] [stderr]     Checking futures v0.3.28
[INFO] [stderr]    Compiling async-stream-impl v0.3.5
[INFO] [stderr]    Compiling serde_with_macros v1.5.2
[INFO] [stderr]     Checking tokio-util v0.7.8
[INFO] [stderr]     Checking tokio-stream v0.1.14
[INFO] [stderr]     Checking lz4 v1.24.0
[INFO] [stderr]     Checking tokio-io-timeout v1.2.0
[INFO] [stderr]     Checking tracing-futures v0.2.5
[INFO] [stderr]     Checking comfy-table v5.0.1
[INFO] [stderr]     Checking h2 v0.3.18
[INFO] [stderr]     Checking tower v0.4.13
[INFO] [stderr]    Compiling prost-build v0.11.9
[INFO] [stderr]    Compiling tonic-build v0.7.2
[INFO] [stderr]     Checking async-stream v0.3.5
[INFO] [stderr]     Checking tokio-native-tls v0.3.1
[INFO] [stderr]     Checking tokio-rustls v0.23.4
[INFO] [stderr]    Compiling prost-wkt-build v0.3.5
[INFO] [stderr]    Compiling prost-wkt-types v0.3.5
[INFO] [stderr]     Checking tower-http v0.3.5
[INFO] [stderr]    Compiling bigtable_rs v0.1.7
[INFO] [stderr]     Checking chrono v0.4.24
[INFO] [stderr]     Checking csv v1.2.1
[INFO] [stderr]     Checking serde_urlencoded v0.7.1
[INFO] [stderr]     Checking smpl_jwt v0.7.1
[INFO] [stderr]     Checking serde_with v1.14.0
[INFO] [stderr]     Checking typetag v0.2.8
[INFO] [stderr]     Checking arrow v9.1.0
[INFO] [stderr]     Checking prost-wkt v0.3.5
[INFO] [stderr]     Checking hyper v0.14.26
[INFO] [stderr]     Checking hyper-tls v0.5.0
[INFO] [stderr]     Checking hyper-timeout v0.4.1
[INFO] [stderr]     Checking axum v0.5.17
[INFO] [stderr]     Checking zstd v0.10.2+zstd.1.5.2
[INFO] [stderr]     Checking reqwest v0.11.17
[INFO] [stderr]     Checking goauth v0.12.0
[INFO] [stderr]     Checking tonic v0.7.2
[INFO] [stdout] error[E0277]: the trait bound `prost_wkt_types::Any: Message` is not satisfied
[INFO] [stdout]     --> /opt/rustwide/cargo-home/registry/src/github.com-1ecc6299db9ec823/bigtable_rs-0.1.7/src/google/google.rpc.rs:11:28
[INFO] [stdout]      |
[INFO] [stdout] 11   | #[derive(Clone, PartialEq, ::prost::Message)]
[INFO] [stdout]      |                            ^^^^^^^^^^^^^^^^ the trait `Message` is not implemented for `prost_wkt_types::Any`
[INFO] [stdout]      |
[INFO] [stdout]      = help: the following other types implement trait `Message`:
[INFO] [stdout]                ()
[INFO] [stdout]                Box<M>
[INFO] [stdout]                CellChunk
[INFO] [stdout]                CheckAndMutateRowRequest
[INFO] [stdout]                CheckAndMutateRowResponse
[INFO] [stdout]                Column
[INFO] [stdout]                ColumnRange
[INFO] [stdout]                Condition
[INFO] [stdout]              and 42 others
[INFO] [stdout] note: required by a bound in `message::encode`
[INFO] [stdout]     --> /opt/rustwide/cargo-home/registry/src/github.com-1ecc6299db9ec823/prost-0.10.4/src/encoding.rs:1060:12
[INFO] [stdout]      |
[INFO] [stdout] 1060 |         M: Message,
[INFO] [stdout]      |            ^^^^^^^ required by this bound in `encode`
[INFO] [stdout]      = note: this error originates in the derive macro `::prost::Message` (in Nightly builds, run with -Z macro-backtrace for more info)
[INFO] [stdout] 
[INFO] [stdout] 
[INFO] [stdout] error[E0277]: the trait bound `prost_wkt_types::Any: Message` is not satisfied
[INFO] [stdout]     --> /opt/rustwide/cargo-home/registry/src/github.com-1ecc6299db9ec823/bigtable_rs-0.1.7/src/google/google.rpc.rs:11:28
[INFO] [stdout]      |
[INFO] [stdout] 11   | #[derive(Clone, PartialEq, ::prost::Message)]
[INFO] [stdout]      |                            ^^^^^^^^^^^^^^^^ the trait `Message` is not implemented for `prost_wkt_types::Any`
[INFO] [stdout]      |
[INFO] [stdout]      = help: the following other types implement trait `Message`:
[INFO] [stdout]                ()
[INFO] [stdout]                Box<M>
[INFO] [stdout]                CellChunk
[INFO] [stdout]                CheckAndMutateRowRequest
[INFO] [stdout]                CheckAndMutateRowResponse
[INFO] [stdout]                Column
[INFO] [stdout]                ColumnRange
[INFO] [stdout]                Condition
[INFO] [stdout]              and 42 others
[INFO] [stdout] note: required by a bound in `message::merge_repeated`
[INFO] [stdout]     --> /opt/rustwide/cargo-home/registry/src/github.com-1ecc6299db9ec823/prost-0.10.4/src/encoding.rs:1108:12
[INFO] [stdout]      |
[INFO] [stdout] 1108 |         M: Message + Default,
[INFO] [stdout]      |            ^^^^^^^ required by this bound in `merge_repeated`
[INFO] [stdout]      = note: this error originates in the derive macro `::prost::Message` (in Nightly builds, run with -Z macro-backtrace for more info)
[INFO] [stdout] 
[INFO] [stdout] 
[INFO] [stdout] error[E0277]: the trait bound `prost_wkt_types::Any: Message` is not satisfied
[INFO] [stdout]     --> /opt/rustwide/cargo-home/registry/src/github.com-1ecc6299db9ec823/bigtable_rs-0.1.7/src/google/google.rpc.rs:11:28
[INFO] [stdout]      |
[INFO] [stdout] 11   | #[derive(Clone, PartialEq, ::prost::Message)]
[INFO] [stdout]      |                            ^^^^^^^^^^^^^^^^ the trait `Message` is not implemented for `prost_wkt_types::Any`
[INFO] [stdout]      |
[INFO] [stdout]      = help: the following other types implement trait `Message`:
[INFO] [stdout]                ()
[INFO] [stdout]                Box<M>
[INFO] [stdout]                CellChunk
[INFO] [stdout]                CheckAndMutateRowRequest
[INFO] [stdout]                CheckAndMutateRowResponse
[INFO] [stdout]                Column
[INFO] [stdout]                ColumnRange
[INFO] [stdout]                Condition
[INFO] [stdout]              and 42 others
[INFO] [stdout] note: required by a bound in `message::encoded_len_repeated`
[INFO] [stdout]     --> /opt/rustwide/cargo-home/registry/src/github.com-1ecc6299db9ec823/prost-0.10.4/src/encoding.rs:1130:12
[INFO] [stdout]      |
[INFO] [stdout] 1130 |         M: Message,
[INFO] [stdout]      |            ^^^^^^^ required by this bound in `encoded_len_repeated`
[INFO] [stdout]      = note: this error originates in the derive macro `::prost::Message` (in Nightly builds, run with -Z macro-backtrace for more info)
[INFO] [stdout] 
[INFO] [stdout] 
[INFO] [stdout] error: aborting due to 3 previous errors
[INFO] [stdout] 
[INFO] [stdout] 
[INFO] [stdout] For more information about this error, try `rustc --explain E0277`.
[INFO] [stdout] 
[INFO] [stderr] error: could not compile `bigtable_rs` due to 4 previous errors
[INFO] [stderr] warning: build failed, waiting for other jobs to finish...
[INFO] running `Command { std: "docker" "inspect" "140512469a2716cebaa201743d5c3ec3c54779dc2023d2ee3a0679a27f980ff6", kill_on_drop: false }`
[INFO] running `Command { std: "docker" "rm" "-f" "140512469a2716cebaa201743d5c3ec3c54779dc2023d2ee3a0679a27f980ff6", kill_on_drop: false }`
[INFO] [stdout] 140512469a2716cebaa201743d5c3ec3c54779dc2023d2ee3a0679a27f980ff6
