[INFO] fetching crate ckb-indexer 0.109.0...
[INFO] documenting ckb-indexer-0.109.0 against 1.69.0 for beta-1.70-rustdoc-1
[INFO] extracting crate ckb-indexer 0.109.0 into /workspace/builds/worker-4-tc1/source
[INFO] validating manifest of crates.io crate ckb-indexer 0.109.0 on toolchain 1.69.0
[INFO] running `Command { std: CARGO_HOME="/workspace/cargo-home" RUSTUP_HOME="/workspace/rustup-home" "/workspace/cargo-home/bin/cargo" "+1.69.0" "metadata" "--manifest-path" "Cargo.toml" "--no-deps", kill_on_drop: false }`
[INFO] started tweaking crates.io crate ckb-indexer 0.109.0
[INFO] finished tweaking crates.io crate ckb-indexer 0.109.0
[INFO] tweaked toml for crates.io crate ckb-indexer 0.109.0 written to /workspace/builds/worker-4-tc1/source/Cargo.toml
[INFO] running `Command { std: CARGO_HOME="/workspace/cargo-home" RUSTUP_HOME="/workspace/rustup-home" __CARGO_TEST_CHANNEL_OVERRIDE_DO_NOT_USE_THIS="nightly" "/workspace/cargo-home/bin/cargo" "+1.69.0" "generate-lockfile" "--manifest-path" "Cargo.toml" "-Zno-index-update", kill_on_drop: false }`
[INFO] running `Command { std: CARGO_HOME="/workspace/cargo-home" RUSTUP_HOME="/workspace/rustup-home" "/workspace/cargo-home/bin/cargo" "+1.69.0" "fetch" "--manifest-path" "Cargo.toml", kill_on_drop: false }`
[INFO] [stderr]  Downloading crates ...
[INFO] [stderr]   Downloaded numext-fixed-uint v0.1.6
[INFO] [stderr]   Downloaded ckb-traits v0.109.0
[INFO] [stderr]   Downloaded ckb-freezer v0.109.0
[INFO] [stderr]   Downloaded ckb-util v0.109.0
[INFO] [stderr]   Downloaded ckb-channel v0.109.0
[INFO] [stderr]   Downloaded lru v0.7.8
[INFO] [stderr]   Downloaded ckb-metrics v0.109.0
[INFO] [stderr]   Downloaded ckb-db-schema v0.109.0
[INFO] [stderr]   Downloaded prometheus-static-metric v0.5.1
[INFO] [stderr]   Downloaded ckb-db v0.109.0
[INFO] [stderr]   Downloaded ckb-logger v0.109.0
[INFO] [stderr]   Downloaded ckb-rocksdb v0.19.0
[INFO] [stderr]   Downloaded ckb-app-config v0.109.0
[INFO] [stderr]   Downloaded secp256k1 v0.24.3
[INFO] [stderr]   Downloaded ckb-metrics-config v0.109.0
[INFO] [stderr]   Downloaded ckb-dao-utils v0.109.0
[INFO] [stderr]   Downloaded ckb-async-runtime v0.109.0
[INFO] [stderr]   Downloaded ckb-stop-handler v0.109.0
[INFO] [stderr]   Downloaded ckb-build-info v0.109.0
[INFO] [stderr]   Downloaded ckb-constant v0.109.0
[INFO] [stderr]   Downloaded phf_generator v0.8.0
[INFO] [stderr]   Downloaded phf v0.8.0
[INFO] [stderr]   Downloaded tentacle-secio v0.5.7
[INFO] [stderr]   Downloaded ckb-notify v0.109.0
[INFO] [stderr]   Downloaded numext-constructor v0.1.6
[INFO] [stderr]   Downloaded ckb-spawn v0.109.0
[INFO] [stderr]   Downloaded poly1305 v0.8.0
[INFO] [stderr]   Downloaded ckb-store v0.109.0
[INFO] [stderr]   Downloaded phf_codegen v0.8.0
[INFO] [stderr]   Downloaded phf_shared v0.8.0
[INFO] [stderr]   Downloaded prometheus v0.13.3
[INFO] [stderr]   Downloaded rand_pcg v0.2.1
[INFO] [stderr]   Downloaded ckb-error v0.109.0
[INFO] [stderr]   Downloaded ckb-fixed-hash-core v0.109.0
[INFO] [stderr]   Downloaded blake2b-ref v0.2.1
[INFO] [stderr]   Downloaded chacha20poly1305 v0.10.1
[INFO] [stderr]   Downloaded snap v1.1.0
[INFO] [stderr]   Downloaded ckb-fixed-hash-macros v0.109.0
[INFO] [stderr]   Downloaded ckb-system-scripts v0.5.4
[INFO] [stderr]   Downloaded ckb-fixed-hash v0.109.0
[INFO] [stderr]   Downloaded blake2b-rs v0.2.0
[INFO] [stderr]   Downloaded ckb-hash v0.109.0
[INFO] [stderr]   Downloaded ckb-merkle-mountain-range v0.5.2
[INFO] [stderr]   Downloaded ckb-rational v0.109.0
[INFO] [stderr]   Downloaded golomb-coded-set v0.2.0
[INFO] [stderr]   Downloaded merkle-cbt v0.3.2
[INFO] [stderr]   Downloaded faster-hex v0.6.1
[INFO] [stderr]   Downloaded molecule v0.7.3
[INFO] [stderr]   Downloaded ckb-types v0.109.0
[INFO] [stderr]   Downloaded secp256k1-sys v0.6.1
[INFO] [stderr]   Downloaded numext-fixed-uint-core v0.1.6
[INFO] [stderr]   Downloaded numext-fixed-uint-hack v0.1.6
[INFO] [stderr]   Downloaded x25519-dalek v1.1.1
[INFO] [stderr]   Downloaded ckb-crypto v0.109.0
[INFO] [stderr]   Downloaded ckb-jsonrpc-types v0.109.0
[INFO] [stderr]   Downloaded ckb-chain-spec v0.109.0
[INFO] [stderr]   Downloaded ckb-logger-config v0.109.0
[INFO] [stderr]   Downloaded eaglesong v0.1.0
[INFO] [stderr]   Downloaded ckb-pow v0.109.0
[INFO] [stderr]   Downloaded ckb-librocksdb-sys v7.7.3
[INFO] [stderr]   Downloaded includedir v0.6.0
[INFO] [stderr]   Downloaded includedir_codegen v0.6.0
[INFO] [stderr]   Downloaded ckb-resource v0.109.0
[INFO] [stderr]   Downloaded ckb-systemtime v0.109.0
[INFO] [stderr]   Downloaded serde_plain v0.3.0
[INFO] [stderr]   Downloaded tentacle-multiaddr v0.3.3
[INFO] [stderr]   Downloaded chacha20 v0.9.1
[INFO] running `Command { std: "docker" "create" "-v" "/var/lib/crater-agent-workspace/builds/worker-4-tc1/target:/opt/rustwide/target:rw,Z" "-v" "/var/lib/crater-agent-workspace/builds/worker-4-tc1/source:/opt/rustwide/workdir:ro,Z" "-v" "/var/lib/crater-agent-workspace/cargo-home:/opt/rustwide/cargo-home:ro,Z" "-v" "/var/lib/crater-agent-workspace/rustup-home:/opt/rustwide/rustup-home:ro,Z" "-e" "SOURCE_DIR=/opt/rustwide/workdir" "-e" "CARGO_TARGET_DIR=/opt/rustwide/target" "-e" "CARGO_HOME=/opt/rustwide/cargo-home" "-e" "RUSTUP_HOME=/opt/rustwide/rustup-home" "-w" "/opt/rustwide/workdir" "-m" "1610612736" "--user" "0:0" "--network" "none" "ghcr.io/rust-lang/crates-build-env/linux@sha256:5ff2268d62e97bff2cde7d5815dd6ed5b47097566f13b8d0ca110b04b60e07ed" "/opt/rustwide/cargo-home/bin/cargo" "+1.69.0" "metadata" "--no-deps" "--format-version=1", kill_on_drop: false }`
[INFO] [stdout] 091d8a0b53a21a3cee27fe9a53a91c4c030bc41a80912dd20cc9985dad2d8e6c
[INFO] running `Command { std: "docker" "start" "-a" "091d8a0b53a21a3cee27fe9a53a91c4c030bc41a80912dd20cc9985dad2d8e6c", kill_on_drop: false }`
[INFO] running `Command { std: "docker" "inspect" "091d8a0b53a21a3cee27fe9a53a91c4c030bc41a80912dd20cc9985dad2d8e6c", kill_on_drop: false }`
[INFO] running `Command { std: "docker" "rm" "-f" "091d8a0b53a21a3cee27fe9a53a91c4c030bc41a80912dd20cc9985dad2d8e6c", kill_on_drop: false }`
[INFO] [stdout] 091d8a0b53a21a3cee27fe9a53a91c4c030bc41a80912dd20cc9985dad2d8e6c
[INFO] running `Command { std: "docker" "create" "-v" "/var/lib/crater-agent-workspace/builds/worker-4-tc1/target:/opt/rustwide/target:rw,Z" "-v" "/var/lib/crater-agent-workspace/builds/worker-4-tc1/source:/opt/rustwide/workdir:ro,Z" "-v" "/var/lib/crater-agent-workspace/cargo-home:/opt/rustwide/cargo-home:ro,Z" "-v" "/var/lib/crater-agent-workspace/rustup-home:/opt/rustwide/rustup-home:ro,Z" "-e" "SOURCE_DIR=/opt/rustwide/workdir" "-e" "CARGO_TARGET_DIR=/opt/rustwide/target" "-e" "CARGO_INCREMENTAL=0" "-e" "RUST_BACKTRACE=full" "-e" "RUSTFLAGS=--cap-lints=warn" "-e" "RUSTDOCFLAGS=--cap-lints=warn" "-e" "CARGO_HOME=/opt/rustwide/cargo-home" "-e" "RUSTUP_HOME=/opt/rustwide/rustup-home" "-w" "/opt/rustwide/workdir" "-m" "1610612736" "--user" "0:0" "--network" "none" "ghcr.io/rust-lang/crates-build-env/linux@sha256:5ff2268d62e97bff2cde7d5815dd6ed5b47097566f13b8d0ca110b04b60e07ed" "/opt/rustwide/cargo-home/bin/cargo" "+1.69.0" "doc" "--frozen" "--no-deps" "--document-private-items" "--message-format=json", kill_on_drop: false }`
[INFO] [stdout] d96aeba4eba5632f319ed259fee7c8cc8306003f139b8ffa0c733ee60c8dcf2e
[INFO] running `Command { std: "docker" "start" "-a" "d96aeba4eba5632f319ed259fee7c8cc8306003f139b8ffa0c733ee60c8dcf2e", kill_on_drop: false }`
[INFO] [stderr]    Compiling serde v1.0.160
[INFO] [stderr]    Compiling syn v1.0.109
[INFO] [stderr]    Compiling getrandom v0.1.16
[INFO] [stderr]    Compiling ppv-lite86 v0.2.17
[INFO] [stderr]     Checking once_cell v1.17.1
[INFO] [stderr]    Compiling libc v0.2.142
[INFO] [stderr]    Compiling faster-hex v0.6.1
[INFO] [stderr]    Compiling heapsize v0.4.2
[INFO] [stderr]    Compiling crossbeam-utils v0.8.15
[INFO] [stderr]    Compiling anyhow v1.0.71
[INFO] [stderr]    Compiling siphasher v0.3.10
[INFO] [stderr]    Compiling crc32fast v1.3.2
[INFO] [stderr]    Compiling lock_api v0.4.9
[INFO] [stderr]    Compiling syn v2.0.15
[INFO] [stderr]    Compiling parking_lot_core v0.9.7
[INFO] [stderr]     Checking smallvec v1.10.0
[INFO] [stderr]    Compiling log v0.4.17
[INFO] [stderr]    Compiling phf_shared v0.8.0
[INFO] [stderr]     Checking scopeguard v1.1.0
[INFO] [stderr]    Compiling adler v1.0.2
[INFO] [stderr]    Compiling ahash v0.7.6
[INFO] [stderr]    Compiling pkg-config v0.3.26
[INFO] [stderr]    Compiling cty v0.2.2
[INFO] [stderr]    Compiling miniz_oxide v0.7.1
[INFO] [stderr]     Checking rand_core v0.5.1
[INFO] [stderr]     Checking getrandom v0.2.9
[INFO] [stderr]    Compiling same-file v1.0.6
[INFO] [stderr]    Compiling jobserver v0.1.26
[INFO] [stderr]     Checking rand_pcg v0.2.1
[INFO] [stderr]     Checking rand_chacha v0.2.2
[INFO] [stderr]    Compiling walkdir v2.3.3
[INFO] [stderr]     Checking golomb-coded-set v0.2.0
[INFO] [stderr]     Checking ckb-merkle-mountain-range v0.5.2
[INFO] [stderr]    Compiling cc v1.0.79
[INFO] [stderr]     Checking crossbeam-channel v0.5.8
[INFO] [stderr]     Checking parking_lot v0.12.1
[INFO] [stderr]     Checking rand v0.7.3
[INFO] [stderr]     Checking merkle-cbt v0.3.2
[INFO] [stderr]    Compiling rustix v0.37.18
[INFO] [stderr]    Compiling memchr v2.5.0
[INFO] [stderr]    Compiling glob v0.3.1
[INFO] [stderr]    Compiling flate2 v1.0.26
[INFO] [stderr]    Compiling phf v0.8.0
[INFO] [stderr]    Compiling tokio v1.28.0
[INFO] [stderr]     Checking ckb-channel v0.109.0
[INFO] [stderr]    Compiling lazy_static v1.4.0
[INFO] [stderr]    Compiling futures-channel v0.3.28
[INFO] [stderr]    Compiling includedir v0.6.0
[INFO] [stderr]    Compiling clang-sys v1.6.1
[INFO] [stderr]     Checking mio v0.8.6
[INFO] [stderr]     Checking signal-hook-registry v1.4.1
[INFO] [stderr]     Checking num_cpus v1.15.0
[INFO] [stderr]    Compiling futures-util v0.3.28
[INFO] [stderr]    Compiling bit-vec v0.6.3
[INFO] [stderr]    Compiling minimal-lexical v0.2.1
[INFO] [stderr]    Compiling hashbrown v0.12.3
[INFO] [stderr]    Compiling libloading v0.7.4
[INFO] [stderr]    Compiling phf_generator v0.8.0
[INFO] [stderr]    Compiling regex-syntax v0.7.1
[INFO] [stderr]    Compiling blake2b-rs v0.2.0
[INFO] [stderr]    Compiling phf_codegen v0.8.0
[INFO] [stderr]    Compiling openssl-sys v0.9.87
[INFO] [stderr]    Compiling secp256k1-sys v0.6.1
[INFO] [stderr]    Compiling ring v0.16.20
[INFO] [stderr]    Compiling nom v7.1.3
[INFO] [stderr]    Compiling bindgen v0.63.0
[INFO] [stderr]    Compiling dlv-list v0.3.0
[INFO] [stderr]    Compiling either v1.8.1
[INFO] [stderr]    Compiling includedir_codegen v0.6.0
[INFO] [stderr]    Compiling which v4.4.0
[INFO] [stderr]    Compiling ordered-multimap v0.4.3
[INFO] [stderr]     Checking ckb-logger v0.109.0
[INFO] [stderr]     Checking rand_core v0.6.4
[INFO] [stderr]     Checking tracing-core v0.1.30
[INFO] [stderr]    Compiling rustc-hash v1.1.0
[INFO] [stderr]    Compiling peeking_take_while v0.1.2
[INFO] [stderr]     Checking byteorder v1.4.3
[INFO] [stderr]    Compiling crunchy v0.2.2
[INFO] [stderr]    Compiling bitflags v1.3.2
[INFO] [stderr]    Compiling openssl v0.10.52
[INFO] [stderr]    Compiling shlex v1.1.0
[INFO] [stderr]     Checking foreign-types-shared v0.1.1
[INFO] [stderr]    Compiling lazycell v1.3.0
[INFO] [stderr]     Checking rand_chacha v0.3.1
[INFO] [stderr]     Checking foreign-types v0.3.2
[INFO] [stderr]    Compiling rust-ini v0.18.0
[INFO] [stderr]     Checking digest v0.10.6
[INFO] [stderr]     Checking tracing v0.1.37
[INFO] [stderr]     Checking eaglesong v0.1.0
[INFO] [stderr]    Compiling proc-macro-hack v0.5.20+deprecated
[INFO] [stderr]     Checking unsigned-varint v0.7.1
[INFO] [stderr]     Checking bs58 v0.4.0
[INFO] [stderr]    Compiling protobuf v2.28.0
[INFO] [stderr]    Compiling tentacle-secio v0.5.7
[INFO] [stderr]    Compiling tiny-keccak v2.0.2
[INFO] [stderr]     Checking sha2 v0.10.6
[INFO] [stderr]     Checking is-terminal v0.4.7
[INFO] [stderr]     Checking anstream v0.3.1
[INFO] [stderr]     Checking ckb-hash v0.109.0
[INFO] [stderr]    Compiling ckb-system-scripts v0.5.4
[INFO] [stderr]     Checking clap_builder v4.2.5
[INFO] [stderr]     Checking rand v0.8.5
[INFO] [stderr]    Compiling prometheus v0.13.3
[INFO] [stderr]     Checking ckb-constant v0.109.0
[INFO] [stderr]     Checking ckb-build-info v0.109.0
[INFO] [stderr]     Checking path-clean v0.1.0
[INFO] [stderr]    Compiling snap v1.1.0
[INFO] [stderr]     Checking ckb-systemtime v0.109.0
[INFO] [stderr]    Compiling regex v1.8.1
[INFO] [stderr]     Checking tempfile v3.5.0
[INFO] [stderr]    Compiling cexpr v0.6.0
[INFO] [stderr]    Compiling ahash v0.8.3
[INFO] [stderr]    Compiling serde_derive v1.0.160
[INFO] [stderr]    Compiling thiserror-impl v1.0.40
[INFO] [stderr]    Compiling tokio-macros v2.1.0
[INFO] [stderr]    Compiling futures-macro v0.3.28
[INFO] [stderr]    Compiling openssl-macros v0.1.1
[INFO] [stderr]    Compiling smartstring v1.0.1
[INFO] [stderr]     Checking lru v0.7.8
[INFO] [stderr]    Compiling const-random-macro v0.1.15
[INFO] [stderr]     Checking fail v0.4.0
[INFO] [stderr]     Checking fs2 v0.4.3
[INFO] [stderr]     Checking clap v4.2.5
[INFO] [stderr]     Checking ckb-db-schema v0.109.0
[INFO] [stderr]     Checking static_assertions v1.1.0
[INFO] [stderr]     Checking const-random v0.1.15
[INFO] [stderr]     Checking ckb-spawn v0.109.0
[INFO] [stderr]    Compiling thiserror v1.0.40
[INFO] [stderr]    Compiling numext-constructor v0.1.6
[INFO] [stderr]    Compiling derive_more v0.99.17
[INFO] [stderr]    Compiling prometheus-static-metric v0.5.1
[INFO] [stderr]    Compiling rhai_codegen v1.5.0
[INFO] [stderr]     Checking rhai v1.13.0
[INFO] [stderr]     Checking ckb-metrics v0.109.0
[INFO] [stderr]     Checking secp256k1 v0.24.3
[INFO] [stderr]     Checking futures-executor v0.3.28
[INFO] [stderr]     Checking futures v0.3.28
[INFO] [stderr]    Compiling ckb-librocksdb-sys v7.7.3
[INFO] [stderr]     Checking bytes v1.4.0
[INFO] [stderr]     Checking ckb-occupied-capacity-core v0.109.0
[INFO] [stderr]     Checking ckb-fixed-hash-core v0.109.0
[INFO] [stderr]     Checking linked-hash-map v0.5.6
[INFO] [stderr]     Checking serde_json v1.0.96
[INFO] [stderr]     Checking toml v0.5.11
[INFO] [stderr]     Checking ckb-metrics-config v0.109.0
[INFO] [stderr]     Checking serde_plain v0.3.0
[INFO] [stderr]     Checking ubyte v0.10.3
[INFO] [stderr]     Checking url v2.3.1
[INFO] [stderr]     Checking ckb-logger-config v0.109.0
[INFO] [stderr]     Checking ckb-util v0.109.0
[INFO] [stderr]     Checking molecule v0.7.3
[INFO] [stderr]     Checking tentacle-multiaddr v0.3.3
[INFO] [stderr]    Compiling ckb-occupied-capacity-macros v0.109.0
[INFO] [stderr]    Compiling numext-fixed-uint-core v0.1.6
[INFO] [stderr]    Compiling ckb-fixed-hash-macros v0.109.0
[INFO] [stderr]     Checking ckb-occupied-capacity v0.109.0
[INFO] [stderr]    Compiling ckb-error v0.109.0
[INFO] [stderr]     Checking ckb-fixed-hash v0.109.0
[INFO] [stderr]     Checking ckb-crypto v0.109.0
[INFO] [stderr]     Checking tokio-util v0.7.8
[INFO] [stderr]     Checking ckb-stop-handler v0.109.0
[INFO] [stderr]     Checking ckb-async-runtime v0.109.0
[INFO] [stderr] error: could not compile `numext-fixed-uint-core`
[INFO] [stderr] 
[INFO] [stderr] Caused by:
[INFO] [stderr]   process didn't exit successfully: `rustc --crate-name numext_fixed_uint_core --edition=2018 /opt/rustwide/cargo-home/registry/src/github.com-1ecc6299db9ec823/numext-fixed-uint-core-0.1.6/src/lib.rs --error-format=json --json=diagnostic-rendered-ansi,artifacts,future-incompat --crate-type lib --emit=dep-info,metadata -C embed-bitcode=no -C debuginfo=2 --cfg 'feature="bits_1024"' --cfg 'feature="bits_128"' --cfg 'feature="bits_160"' --cfg 'feature="bits_2048"' --cfg 'feature="bits_224"' --cfg 'feature="bits_256"' --cfg 'feature="bits_384"' --cfg 'feature="bits_4096"' --cfg 'feature="bits_512"' --cfg 'feature="bits_520"' --cfg 'feature="bits_all"' --cfg 'feature="default"' --cfg 'feature="heapsize"' --cfg 'feature="rand"' --cfg 'feature="serde"' --cfg 'feature="support_heapsize"' --cfg 'feature="support_rand"' --cfg 'feature="support_serde"' -C metadata=cd45a3726fd3dce8 -C extra-filename=-cd45a3726fd3dce8 --out-dir /opt/rustwide/target/debug/deps -L dependency=/opt/rustwide/target/debug/deps --extern heapsize=/opt/rustwide/target/debug/deps/libheapsize-021417c31730a056.rmeta --extern constructor=/opt/rustwide/target/debug/deps/libnumext_constructor-27cab15ebd6a09d2.so --extern rand=/opt/rustwide/target/debug/deps/librand-b49352f7c203d2cb.rmeta --extern serde=/opt/rustwide/target/debug/deps/libserde-a09098e09f4ee165.rmeta --extern thiserror=/opt/rustwide/target/debug/deps/libthiserror-47f87b7bc908169e.rmeta --cap-lints allow --cap-lints=warn` (signal: 9, SIGKILL: kill)
[INFO] [stderr] warning: build failed, waiting for other jobs to finish...
[INFO] [stderr] error: could not compile `numext-fixed-uint-core`
[INFO] [stderr] 
[INFO] [stderr] Caused by:
[INFO] [stderr]   process didn't exit successfully: `rustc --crate-name numext_fixed_uint_core --edition=2018 /opt/rustwide/cargo-home/registry/src/github.com-1ecc6299db9ec823/numext-fixed-uint-core-0.1.6/src/lib.rs --error-format=json --json=diagnostic-rendered-ansi,artifacts,future-incompat --crate-type lib --emit=dep-info,metadata,link -C embed-bitcode=no --cfg 'feature="bits_1024"' --cfg 'feature="bits_128"' --cfg 'feature="bits_160"' --cfg 'feature="bits_2048"' --cfg 'feature="bits_224"' --cfg 'feature="bits_256"' --cfg 'feature="bits_384"' --cfg 'feature="bits_4096"' --cfg 'feature="bits_512"' --cfg 'feature="bits_520"' --cfg 'feature="bits_all"' --cfg 'feature="default"' --cfg 'feature="heapsize"' --cfg 'feature="rand"' --cfg 'feature="serde"' --cfg 'feature="support_heapsize"' --cfg 'feature="support_rand"' --cfg 'feature="support_serde"' -C metadata=32ad91bb2c83d39f -C extra-filename=-32ad91bb2c83d39f --out-dir /opt/rustwide/target/debug/deps -L dependency=/opt/rustwide/target/debug/deps --extern heapsize=/opt/rustwide/target/debug/deps/libheapsize-f95468d175b82c44.rmeta --extern constructor=/opt/rustwide/target/debug/deps/libnumext_constructor-27cab15ebd6a09d2.so --extern rand=/opt/rustwide/target/debug/deps/librand-1ab1909d5896af15.rmeta --extern serde=/opt/rustwide/target/debug/deps/libserde-b7336dfb401a74ab.rmeta --extern thiserror=/opt/rustwide/target/debug/deps/libthiserror-fd100dcebc5642df.rmeta --cap-lints allow --cap-lints=warn` (signal: 9, SIGKILL: kill)
[INFO] [stderr] The following warnings were emitted during compilation:
[INFO] [stderr] 
[INFO] [stderr] warning: c++: fatal error: Killed signal terminated program cc1plus
[INFO] [stderr] warning: compilation terminated.
[INFO] [stderr] warning: c++: fatal error: Killed signal terminated program cc1plus
[INFO] [stderr] warning: compilation terminated.
[INFO] [stderr] warning: c++: fatal error: Killed signal terminated program cc1plus
[INFO] [stderr] warning: compilation terminated.
[INFO] [stderr] warning: c++: fatal error: Killed signal terminated program cc1plus
[INFO] [stderr] warning: compilation terminated.
[INFO] [stderr] warning: c++: fatal error: Killed signal terminated program cc1plus
[INFO] [stderr] warning: compilation terminated.
[INFO] [stderr] 
[INFO] [stderr] error: failed to run custom build command for `ckb-librocksdb-sys v7.7.3`
[INFO] [stderr] note: To improve backtraces for build dependencies, set the CARGO_PROFILE_DEV_BUILD_OVERRIDE_DEBUG=true environment variable to enable debug information generation.
[INFO] [stderr] 
[INFO] [stderr] Caused by:
[INFO] [stderr]   process didn't exit successfully: `/opt/rustwide/target/debug/build/ckb-librocksdb-sys-cd75d440bbbeb5b4/build-script-build` (exit status: 1)
[INFO] [stderr]   --- stdout
[INFO] [stderr]   cargo:rerun-if-changed=build.rs
[INFO] [stderr]   cargo:rerun-if-changed=rocksdb/
[INFO] [stderr]   cargo:rerun-if-changed=patches/
[INFO] [stderr]   PLATFORM_CXXFLAGS: ["-std=c++17", "-DROCKSDB_PLATFORM_POSIX", "-DROCKSDB_LIB_IO_POSIX", "-DOS_LINUX", "-fno-builtin-memcmp"]
[INFO] [stderr]   TARGET = Some("x86_64-unknown-linux-gnu")
[INFO] [stderr]   OPT_LEVEL = Some("0")
[INFO] [stderr]   HOST = Some("x86_64-unknown-linux-gnu")
[INFO] [stderr]   cargo:rerun-if-env-changed=CXX_x86_64-unknown-linux-gnu
[INFO] [stderr]   CXX_x86_64-unknown-linux-gnu = None
[INFO] [stderr]   cargo:rerun-if-env-changed=CXX_x86_64_unknown_linux_gnu
[INFO] [stderr]   CXX_x86_64_unknown_linux_gnu = None
[INFO] [stderr]   cargo:rerun-if-env-changed=HOST_CXX
[INFO] [stderr]   HOST_CXX = None
[INFO] [stderr]   cargo:rerun-if-env-changed=CXX
[INFO] [stderr]   CXX = None
[INFO] [stderr]   cargo:rerun-if-env-changed=CXXFLAGS_x86_64-unknown-linux-gnu
[INFO] [stderr]   CXXFLAGS_x86_64-unknown-linux-gnu = None
[INFO] [stderr]   cargo:rerun-if-env-changed=CXXFLAGS_x86_64_unknown_linux_gnu
[INFO] [stderr]   CXXFLAGS_x86_64_unknown_linux_gnu = None
[INFO] [stderr]   cargo:rerun-if-env-changed=HOST_CXXFLAGS
[INFO] [stderr]   HOST_CXXFLAGS = None
[INFO] [stderr]   cargo:rerun-if-env-changed=CXXFLAGS
[INFO] [stderr]   CXXFLAGS = None
[INFO] [stderr]   cargo:rerun-if-env-changed=CRATE_CC_NO_DEFAULTS
[INFO] [stderr]   CRATE_CC_NO_DEFAULTS = None
[INFO] [stderr]   DEBUG = Some("true")
[INFO] [stderr]   CARGO_CFG_TARGET_FEATURE = Some("fxsr,sse,sse2")
[INFO] [stderr]   running: "c++" "-O0" "-ffunction-sections" "-fdata-sections" "-fPIC" "-gdwarf-4" "-fno-omit-frame-pointer" "-m64" "-I" "rocksdb/include/" "-I" "rocksdb/" "-I" "rocksdb/third-party/gtest-1.8.1/fused-src/" "-I" "./" "-I" "snappy/" "-I" "." "-Wall" "-Wextra" "-std=c++17" "-DROCKSDB_PLATFORM_POSIX" "-DROCKSDB_LIB_IO_POSIX" "-DOS_LINUX" "-fno-builtin-memcmp" "-Wsign-compare" "-Wshadow" "-Wno-unused-parameter" "-Wno-unused-variable" "-Woverloaded-virtual" "-Wnon-virtual-dtor" "-Wno-missing-field-initializers" "-Wno-strict-aliasing" "-Wno-invalid-offsetof" "-DSNAPPY=1" "-DNDEBUG=1" "-DNIOSTATS_CONTEXT" "-DNPERF_CONTEXT" "-o" "/opt/rustwide/target/debug/build/ckb-librocksdb-sys-6af533bd54b983ed/out/rocksdb/cache/cache.o" "-c" "rocksdb/cache/cache.cc"
[INFO] [stderr]   running: "c++" "-O0" "-ffunction-sections" "-fdata-sections" "-fPIC" "-gdwarf-4" "-fno-omit-frame-pointer" "-m64" "-I" "rocksdb/include/" "-I" "rocksdb/" "-I" "rocksdb/third-party/gtest-1.8.1/fused-src/" "-I" "./" "-I" "snappy/" "-I" "." "-Wall" "-Wextra" "-std=c++17" "-DROCKSDB_PLATFORM_POSIX" "-DROCKSDB_LIB_IO_POSIX" "-DOS_LINUX" "-fno-builtin-memcmp" "-Wsign-compare" "-Wshadow" "-Wno-unused-parameter" "-Wno-unused-variable" "-Woverloaded-virtual" "-Wnon-virtual-dtor" "-Wno-missing-field-initializers" "-Wno-strict-aliasing" "-Wno-invalid-offsetof" "-DSNAPPY=1" "-DNDEBUG=1" "-DNIOSTATS_CONTEXT" "-DNPERF_CONTEXT" "-o" "/opt/rustwide/target/debug/build/ckb-librocksdb-sys-6af533bd54b983ed/out/rocksdb/cache/cache_key.o" "-c" "rocksdb/cache/cache_key.cc"
[INFO] [stderr]   running: "c++" "-O0" "-ffunction-sections" "-fdata-sections" "-fPIC" "-gdwarf-4" "-fno-omit-frame-pointer" "-m64" "-I" "rocksdb/include/" "-I" "rocksdb/" "-I" "rocksdb/third-party/gtest-1.8.1/fused-src/" "-I" "./" "-I" "snappy/" "-I" "." "-Wall" "-Wextra" "-std=c++17" "-DROCKSDB_PLATFORM_POSIX" "-DROCKSDB_LIB_IO_POSIX" "-DOS_LINUX" "-fno-builtin-memcmp" "-Wsign-compare" "-Wshadow" "-Wno-unused-parameter" "-Wno-unused-variable" "-Woverloaded-virtual" "-Wnon-virtual-dtor" "-Wno-missing-field-initializers" "-Wno-strict-aliasing" "-Wno-invalid-offsetof" "-DSNAPPY=1" "-DNDEBUG=1" "-DNIOSTATS_CONTEXT" "-DNPERF_CONTEXT" "-o" "/opt/rustwide/target/debug/build/ckb-librocksdb-sys-6af533bd54b983ed/out/rocksdb/cache/cache_reservation_manager.o" "-c" "rocksdb/cache/cache_reservation_manager.cc"
[INFO] [stderr]   running: "c++" "-O0" "-ffunction-sections" "-fdata-sections" "-fPIC" "-gdwarf-4" "-fno-omit-frame-pointer" "-m64" "-I" "rocksdb/include/" "-I" "rocksdb/" "-I" "rocksdb/third-party/gtest-1.8.1/fused-src/" "-I" "./" "-I" "snappy/" "-I" "." "-Wall" "-Wextra" "-std=c++17" "-DROCKSDB_PLATFORM_POSIX" "-DROCKSDB_LIB_IO_POSIX" "-DOS_LINUX" "-fno-builtin-memcmp" "-Wsign-compare" "-Wshadow" "-Wno-unused-parameter" "-Wno-unused-variable" "-Woverloaded-virtual" "-Wnon-virtual-dtor" "-Wno-missing-field-initializers" "-Wno-strict-aliasing" "-Wno-invalid-offsetof" "-DSNAPPY=1" "-DNDEBUG=1" "-DNIOSTATS_CONTEXT" "-DNPERF_CONTEXT" "-o" "/opt/rustwide/target/debug/build/ckb-librocksdb-sys-6af533bd54b983ed/out/rocksdb/cache/cache_entry_roles.o" "-c" "rocksdb/cache/cache_entry_roles.cc"
[INFO] [stderr]   running: "c++" "-O0" "-ffunction-sections" "-fdata-sections" "-fPIC" "-gdwarf-4" "-fno-omit-frame-pointer" "-m64" "-I" "rocksdb/include/" "-I" "rocksdb/" "-I" "rocksdb/third-party/gtest-1.8.1/fused-src/" "-I" "./" "-I" "snappy/" "-I" "." "-Wall" "-Wextra" "-std=c++17" "-DROCKSDB_PLATFORM_POSIX" "-DROCKSDB_LIB_IO_POSIX" "-DOS_LINUX" "-fno-builtin-memcmp" "-Wsign-compare" "-Wshadow" "-Wno-unused-parameter" "-Wno-unused-variable" "-Woverloaded-virtual" "-Wnon-virtual-dtor" "-Wno-missing-field-initializers" "-Wno-strict-aliasing" "-Wno-invalid-offsetof" "-DSNAPPY=1" "-DNDEBUG=1" "-DNIOSTATS_CONTEXT" "-DNPERF_CONTEXT" "-o" "/opt/rustwide/target/debug/build/ckb-librocksdb-sys-6af533bd54b983ed/out/rocksdb/cache/charged_cache.o" "-c" "rocksdb/cache/charged_cache.cc"
[INFO] [stderr]   running: "c++" "-O0" "-ffunction-sections" "-fdata-sections" "-fPIC" "-gdwarf-4" "-fno-omit-frame-pointer" "-m64" "-I" "rocksdb/include/" "-I" "rocksdb/" "-I" "rocksdb/third-party/gtest-1.8.1/fused-src/" "-I" "./" "-I" "snappy/" "-I" "." "-Wall" "-Wextra" "-std=c++17" "-DROCKSDB_PLATFORM_POSIX" "-DROCKSDB_LIB_IO_POSIX" "-DOS_LINUX" "-fno-builtin-memcmp" "-Wsign-compare" "-Wshadow" "-Wno-unused-parameter" "-Wno-unused-variable" "-Woverloaded-virtual" "-Wnon-virtual-dtor" "-Wno-missing-field-initializers" "-Wno-strict-aliasing" "-Wno-invalid-offsetof" "-DSNAPPY=1" "-DNDEBUG=1" "-DNIOSTATS_CONTEXT" "-DNPERF_CONTEXT" "-o" "/opt/rustwide/target/debug/build/ckb-librocksdb-sys-6af533bd54b983ed/out/rocksdb/cache/fast_lru_cache.o" "-c" "rocksdb/cache/fast_lru_cache.cc"
[INFO] [stderr]   running: "c++" "-O0" "-ffunction-sections" "-fdata-sections" "-fPIC" "-gdwarf-4" "-fno-omit-frame-pointer" "-m64" "-I" "rocksdb/include/" "-I" "rocksdb/" "-I" "rocksdb/third-party/gtest-1.8.1/fused-src/" "-I" "./" "-I" "snappy/" "-I" "." "-Wall" "-Wextra" "-std=c++17" "-DROCKSDB_PLATFORM_POSIX" "-DROCKSDB_LIB_IO_POSIX" "-DOS_LINUX" "-fno-builtin-memcmp" "-Wsign-compare" "-Wshadow" "-Wno-unused-parameter" "-Wno-unused-variable" "-Woverloaded-virtual" "-Wnon-virtual-dtor" "-Wno-missing-field-initializers" "-Wno-strict-aliasing" "-Wno-invalid-offsetof" "-DSNAPPY=1" "-DNDEBUG=1" "-DNIOSTATS_CONTEXT" "-DNPERF_CONTEXT" "-o" "/opt/rustwide/target/debug/build/ckb-librocksdb-sys-6af533bd54b983ed/out/rocksdb/cache/clock_cache.o" "-c" "rocksdb/cache/clock_cache.cc"
[INFO] [stderr]   running: "c++" "-O0" "-ffunction-sections" "-fdata-sections" "-fPIC" "-gdwarf-4" "-fno-omit-frame-pointer" "-m64" "-I" "rocksdb/include/" "-I" "rocksdb/" "-I" "rocksdb/third-party/gtest-1.8.1/fused-src/" "-I" "./" "-I" "snappy/" "-I" "." "-Wall" "-Wextra" "-std=c++17" "-DROCKSDB_PLATFORM_POSIX" "-DROCKSDB_LIB_IO_POSIX" "-DOS_LINUX" "-fno-builtin-memcmp" "-Wsign-compare" "-Wshadow" "-Wno-unused-parameter" "-Wno-unused-variable" "-Woverloaded-virtual" "-Wnon-virtual-dtor" "-Wno-missing-field-initializers" "-Wno-strict-aliasing" "-Wno-invalid-offsetof" "-DSNAPPY=1" "-DNDEBUG=1" "-DNIOSTATS_CONTEXT" "-DNPERF_CONTEXT" "-o" "/opt/rustwide/target/debug/build/ckb-librocksdb-sys-6af533bd54b983ed/out/rocksdb/cache/sharded_cache.o" "-c" "rocksdb/cache/sharded_cache.cc"
[INFO] [stderr]   running: "c++" "-O0" "-ffunction-sections" "-fdata-sections" "-fPIC" "-gdwarf-4" "-fno-omit-frame-pointer" "-m64" "-I" "rocksdb/include/" "-I" "rocksdb/" "-I" "rocksdb/third-party/gtest-1.8.1/fused-src/" "-I" "./" "-I" "snappy/" "-I" "." "-Wall" "-Wextra" "-std=c++17" "-DROCKSDB_PLATFORM_POSIX" "-DROCKSDB_LIB_IO_POSIX" "-DOS_LINUX" "-fno-builtin-memcmp" "-Wsign-compare" "-Wshadow" "-Wno-unused-parameter" "-Wno-unused-variable" "-Woverloaded-virtual" "-Wnon-virtual-dtor" "-Wno-missing-field-initializers" "-Wno-strict-aliasing" "-Wno-invalid-offsetof" "-DSNAPPY=1" "-DNDEBUG=1" "-DNIOSTATS_CONTEXT" "-DNPERF_CONTEXT" "-o" "/opt/rustwide/target/debug/build/ckb-librocksdb-sys-6af533bd54b983ed/out/rocksdb/cache/lru_cache.o" "-c" "rocksdb/cache/lru_cache.cc"
[INFO] [stderr]   running: "c++" "-O0" "-ffunction-sections" "-fdata-sections" "-fPIC" "-gdwarf-4" "-fno-omit-frame-pointer" "-m64" "-I" "rocksdb/include/" "-I" "rocksdb/" "-I" "rocksdb/third-party/gtest-1.8.1/fused-src/" "-I" "./" "-I" "snappy/" "-I" "." "-Wall" "-Wextra" "-std=c++17" "-DROCKSDB_PLATFORM_POSIX" "-DROCKSDB_LIB_IO_POSIX" "-DOS_LINUX" "-fno-builtin-memcmp" "-Wsign-compare" "-Wshadow" "-Wno-unused-parameter" "-Wno-unused-variable" "-Woverloaded-virtual" "-Wnon-virtual-dtor" "-Wno-missing-field-initializers" "-Wno-strict-aliasing" "-Wno-invalid-offsetof" "-DSNAPPY=1" "-DNDEBUG=1" "-DNIOSTATS_CONTEXT" "-DNPERF_CONTEXT" "-o" "/opt/rustwide/target/debug/build/ckb-librocksdb-sys-6af533bd54b983ed/out/rocksdb/cache/compressed_secondary_cache.o" "-c" "rocksdb/cache/compressed_secondary_cache.cc"
[INFO] [stderr]   running: "c++" "-O0" "-ffunction-sections" "-fdata-sections" "-fPIC" "-gdwarf-4" "-fno-omit-frame-pointer" "-m64" "-I" "rocksdb/include/" "-I" "rocksdb/" "-I" "rocksdb/third-party/gtest-1.8.1/fused-src/" "-I" "./" "-I" "snappy/" "-I" "." "-Wall" "-Wextra" "-std=c++17" "-DROCKSDB_PLATFORM_POSIX" "-DROCKSDB_LIB_IO_POSIX" "-DOS_LINUX" "-fno-builtin-memcmp" "-Wsign-compare" "-Wshadow" "-Wno-unused-parameter" "-Wno-unused-variable" "-Woverloaded-virtual" "-Wnon-virtual-dtor" "-Wno-missing-field-initializers" "-Wno-strict-aliasing" "-Wno-invalid-offsetof" "-DSNAPPY=1" "-DNDEBUG=1" "-DNIOSTATS_CONTEXT" "-DNPERF_CONTEXT" "-o" "/opt/rustwide/target/debug/build/ckb-librocksdb-sys-6af533bd54b983ed/out/rocksdb/db/arena_wrapped_db_iter.o" "-c" "rocksdb/db/arena_wrapped_db_iter.cc"
[INFO] [stderr]   running: "c++" "-O0" "-ffunction-sections" "-fdata-sections" "-fPIC" "-gdwarf-4" "-fno-omit-frame-pointer" "-m64" "-I" "rocksdb/include/" "-I" "rocksdb/" "-I" "rocksdb/third-party/gtest-1.8.1/fused-src/" "-I" "./" "-I" "snappy/" "-I" "." "-Wall" "-Wextra" "-std=c++17" "-DROCKSDB_PLATFORM_POSIX" "-DROCKSDB_LIB_IO_POSIX" "-DOS_LINUX" "-fno-builtin-memcmp" "-Wsign-compare" "-Wshadow" "-Wno-unused-parameter" "-Wno-unused-variable" "-Woverloaded-virtual" "-Wnon-virtual-dtor" "-Wno-missing-field-initializers" "-Wno-strict-aliasing" "-Wno-invalid-offsetof" "-DSNAPPY=1" "-DNDEBUG=1" "-DNIOSTATS_CONTEXT" "-DNPERF_CONTEXT" "-o" "/opt/rustwide/target/debug/build/ckb-librocksdb-sys-6af533bd54b983ed/out/rocksdb/db/blob/blob_fetcher.o" "-c" "rocksdb/db/blob/blob_fetcher.cc"
[INFO] [stderr]   running: "c++" "-O0" "-ffunction-sections" "-fdata-sections" "-fPIC" "-gdwarf-4" "-fno-omit-frame-pointer" "-m64" "-I" "rocksdb/include/" "-I" "rocksdb/" "-I" "rocksdb/third-party/gtest-1.8.1/fused-src/" "-I" "./" "-I" "snappy/" "-I" "." "-Wall" "-Wextra" "-std=c++17" "-DROCKSDB_PLATFORM_POSIX" "-DROCKSDB_LIB_IO_POSIX" "-DOS_LINUX" "-fno-builtin-memcmp" "-Wsign-compare" "-Wshadow" "-Wno-unused-parameter" "-Wno-unused-variable" "-Woverloaded-virtual" "-Wnon-virtual-dtor" "-Wno-missing-field-initializers" "-Wno-strict-aliasing" "-Wno-invalid-offsetof" "-DSNAPPY=1" "-DNDEBUG=1" "-DNIOSTATS_CONTEXT" "-DNPERF_CONTEXT" "-o" "/opt/rustwide/target/debug/build/ckb-librocksdb-sys-6af533bd54b983ed/out/rocksdb/db/blob/blob_contents.o" "-c" "rocksdb/db/blob/blob_contents.cc"
[INFO] [stderr]   running: "c++" "-O0" "-ffunction-sections" "-fdata-sections" "-fPIC" "-gdwarf-4" "-fno-omit-frame-pointer" "-m64" "-I" "rocksdb/include/" "-I" "rocksdb/" "-I" "rocksdb/third-party/gtest-1.8.1/fused-src/" "-I" "./" "-I" "snappy/" "-I" "." "-Wall" "-Wextra" "-std=c++17" "-DROCKSDB_PLATFORM_POSIX" "-DROCKSDB_LIB_IO_POSIX" "-DOS_LINUX" "-fno-builtin-memcmp" "-Wsign-compare" "-Wshadow" "-Wno-unused-parameter" "-Wno-unused-variable" "-Woverloaded-virtual" "-Wnon-virtual-dtor" "-Wno-missing-field-initializers" "-Wno-strict-aliasing" "-Wno-invalid-offsetof" "-DSNAPPY=1" "-DNDEBUG=1" "-DNIOSTATS_CONTEXT" "-DNPERF_CONTEXT" "-o" "/opt/rustwide/target/debug/build/ckb-librocksdb-sys-6af533bd54b983ed/out/rocksdb/db/blob/blob_file_addition.o" "-c" "rocksdb/db/blob/blob_file_addition.cc"
[INFO] [stderr]   running: "c++" "-O0" "-ffunction-sections" "-fdata-sections" "-fPIC" "-gdwarf-4" "-fno-omit-frame-pointer" "-m64" "-I" "rocksdb/include/" "-I" "rocksdb/" "-I" "rocksdb/third-party/gtest-1.8.1/fused-src/" "-I" "./" "-I" "snappy/" "-I" "." "-Wall" "-Wextra" "-std=c++17" "-DROCKSDB_PLATFORM_POSIX" "-DROCKSDB_LIB_IO_POSIX" "-DOS_LINUX" "-fno-builtin-memcmp" "-Wsign-compare" "-Wshadow" "-Wno-unused-parameter" "-Wno-unused-variable" "-Woverloaded-virtual" "-Wnon-virtual-dtor" "-Wno-missing-field-initializers" "-Wno-strict-aliasing" "-Wno-invalid-offsetof" "-DSNAPPY=1" "-DNDEBUG=1" "-DNIOSTATS_CONTEXT" "-DNPERF_CONTEXT" "-o" "/opt/rustwide/target/debug/build/ckb-librocksdb-sys-6af533bd54b983ed/out/rocksdb/db/blob/blob_file_builder.o" "-c" "rocksdb/db/blob/blob_file_builder.cc"
[INFO] [stderr]   running: "c++" "-O0" "-ffunction-sections" "-fdata-sections" "-fPIC" "-gdwarf-4" "-fno-omit-frame-pointer" "-m64" "-I" "rocksdb/include/" "-I" "rocksdb/" "-I" "rocksdb/third-party/gtest-1.8.1/fused-src/" "-I" "./" "-I" "snappy/" "-I" "." "-Wall" "-Wextra" "-std=c++17" "-DROCKSDB_PLATFORM_POSIX" "-DROCKSDB_LIB_IO_POSIX" "-DOS_LINUX" "-fno-builtin-memcmp" "-Wsign-compare" "-Wshadow" "-Wno-unused-parameter" "-Wno-unused-variable" "-Woverloaded-virtual" "-Wnon-virtual-dtor" "-Wno-missing-field-initializers" "-Wno-strict-aliasing" "-Wno-invalid-offsetof" "-DSNAPPY=1" "-DNDEBUG=1" "-DNIOSTATS_CONTEXT" "-DNPERF_CONTEXT" "-o" "/opt/rustwide/target/debug/build/ckb-librocksdb-sys-6af533bd54b983ed/out/rocksdb/db/blob/blob_file_cache.o" "-c" "rocksdb/db/blob/blob_file_cache.cc"
[INFO] [stderr]   exit status: 0
[INFO] [stderr]   running: "c++" "-O0" "-ffunction-sections" "-fdata-sections" "-fPIC" "-gdwarf-4" "-fno-omit-frame-pointer" "-m64" "-I" "rocksdb/include/" "-I" "rocksdb/" "-I" "rocksdb/third-party/gtest-1.8.1/fused-src/" "-I" "./" "-I" "snappy/" "-I" "." "-Wall" "-Wextra" "-std=c++17" "-DROCKSDB_PLATFORM_POSIX" "-DROCKSDB_LIB_IO_POSIX" "-DOS_LINUX" "-fno-builtin-memcmp" "-Wsign-compare" "-Wshadow" "-Wno-unused-parameter" "-Wno-unused-variable" "-Woverloaded-virtual" "-Wnon-virtual-dtor" "-Wno-missing-field-initializers" "-Wno-strict-aliasing" "-Wno-invalid-offsetof" "-DSNAPPY=1" "-DNDEBUG=1" "-DNIOSTATS_CONTEXT" "-DNPERF_CONTEXT" "-o" "/opt/rustwide/target/debug/build/ckb-librocksdb-sys-6af533bd54b983ed/out/rocksdb/db/blob/blob_file_garbage.o" "-c" "rocksdb/db/blob/blob_file_garbage.cc"
[INFO] [stderr]   exit status: 0
[INFO] [stderr]   running: "c++" "-O0" "-ffunction-sections" "-fdata-sections" "-fPIC" "-gdwarf-4" "-fno-omit-frame-pointer" "-m64" "-I" "rocksdb/include/" "-I" "rocksdb/" "-I" "rocksdb/third-party/gtest-1.8.1/fused-src/" "-I" "./" "-I" "snappy/" "-I" "." "-Wall" "-Wextra" "-std=c++17" "-DROCKSDB_PLATFORM_POSIX" "-DROCKSDB_LIB_IO_POSIX" "-DOS_LINUX" "-fno-builtin-memcmp" "-Wsign-compare" "-Wshadow" "-Wno-unused-parameter" "-Wno-unused-variable" "-Woverloaded-virtual" "-Wnon-virtual-dtor" "-Wno-missing-field-initializers" "-Wno-strict-aliasing" "-Wno-invalid-offsetof" "-DSNAPPY=1" "-DNDEBUG=1" "-DNIOSTATS_CONTEXT" "-DNPERF_CONTEXT" "-o" "/opt/rustwide/target/debug/build/ckb-librocksdb-sys-6af533bd54b983ed/out/rocksdb/db/blob/blob_file_meta.o" "-c" "rocksdb/db/blob/blob_file_meta.cc"
[INFO] [stderr]   cargo:warning=c++: fatal error: Killed signal terminated program cc1plus
[INFO] [stderr]   cargo:warning=compilation terminated.
[INFO] [stderr]   exit status: 1
[INFO] [stderr]   running: "c++" "-O0" "-ffunction-sections" "-fdata-sections" "-fPIC" "-gdwarf-4" "-fno-omit-frame-pointer" "-m64" "-I" "rocksdb/include/" "-I" "rocksdb/" "-I" "rocksdb/third-party/gtest-1.8.1/fused-src/" "-I" "./" "-I" "snappy/" "-I" "." "-Wall" "-Wextra" "-std=c++17" "-DROCKSDB_PLATFORM_POSIX" "-DROCKSDB_LIB_IO_POSIX" "-DOS_LINUX" "-fno-builtin-memcmp" "-Wsign-compare" "-Wshadow" "-Wno-unused-parameter" "-Wno-unused-variable" "-Woverloaded-virtual" "-Wnon-virtual-dtor" "-Wno-missing-field-initializers" "-Wno-strict-aliasing" "-Wno-invalid-offsetof" "-DSNAPPY=1" "-DNDEBUG=1" "-DNIOSTATS_CONTEXT" "-DNPERF_CONTEXT" "-o" "/opt/rustwide/target/debug/build/ckb-librocksdb-sys-6af533bd54b983ed/out/rocksdb/db/blob/blob_file_reader.o" "-c" "rocksdb/db/blob/blob_file_reader.cc"
[INFO] [stderr]   exit status: 0
[INFO] [stderr]   cargo:warning=c++: fatal error: Killed signal terminated program cc1plus
[INFO] [stderr]   cargo:warning=compilation terminated.
[INFO] [stderr]   exit status: 1
[INFO] [stderr]   cargo:warning=c++: fatal error: Killed signal terminated program cc1plus
[INFO] [stderr]   cargo:warning=compilation terminated.
[INFO] [stderr]   exit status: 1
[INFO] [stderr]   cargo:warning=c++: fatal error: Killed signal terminated program cc1plus
[INFO] [stderr]   cargo:warning=compilation terminated.
[INFO] [stderr]   exit status: 1
[INFO] [stderr]   exit status: 0
[INFO] [stderr]   cargo:warning=c++: fatal error: Killed signal terminated program cc1plus
[INFO] [stderr]   cargo:warning=compilation terminated.
[INFO] [stderr]   exit status: 1
[INFO] [stderr]   exit status: 0
[INFO] [stderr]   exit status: 0
[INFO] [stderr]   exit status: 0
[INFO] [stderr]   exit status: 0
[INFO] [stderr]   exit status: 0
[INFO] [stderr]   exit status: 0
[INFO] [stderr]   exit status: 0
[INFO] [stderr]   exit status: 0
[INFO] [stderr]   exit status: 0
[INFO] [stderr]   exit status: 0
[INFO] [stderr] 
[INFO] [stderr]   --- stderr
[INFO] [stderr]   error: 'rustfmt' is not installed for the toolchain '1.69.0-x86_64-unknown-linux-gnu'
[INFO] [stderr]   To install, run `rustup component add rustfmt --toolchain 1.69.0-x86_64-unknown-linux-gnu`
[INFO] [stderr]   Failed to run rustfmt: Internal rustfmt error (non-fatal, continuing)
[INFO] [stderr] 
[INFO] [stderr] 
[INFO] [stderr]   error occurred: Command "c++" "-O0" "-ffunction-sections" "-fdata-sections" "-fPIC" "-gdwarf-4" "-fno-omit-frame-pointer" "-m64" "-I" "rocksdb/include/" "-I" "rocksdb/" "-I" "rocksdb/third-party/gtest-1.8.1/fused-src/" "-I" "./" "-I" "snappy/" "-I" "." "-Wall" "-Wextra" "-std=c++17" "-DROCKSDB_PLATFORM_POSIX" "-DROCKSDB_LIB_IO_POSIX" "-DOS_LINUX" "-fno-builtin-memcmp" "-Wsign-compare" "-Wshadow" "-Wno-unused-parameter" "-Wno-unused-variable" "-Woverloaded-virtual" "-Wnon-virtual-dtor" "-Wno-missing-field-initializers" "-Wno-strict-aliasing" "-Wno-invalid-offsetof" "-DSNAPPY=1" "-DNDEBUG=1" "-DNIOSTATS_CONTEXT" "-DNPERF_CONTEXT" "-o" "/opt/rustwide/target/debug/build/ckb-librocksdb-sys-6af533bd54b983ed/out/rocksdb/cache/cache.o" "-c" "rocksdb/cache/cache.cc" with args "c++" did not execute successfully (status code exit status: 1).
[INFO] [stderr] 
[INFO] [stderr] 
[INFO] running `Command { std: "docker" "inspect" "d96aeba4eba5632f319ed259fee7c8cc8306003f139b8ffa0c733ee60c8dcf2e", kill_on_drop: false }`
[INFO] running `Command { std: "docker" "rm" "-f" "d96aeba4eba5632f319ed259fee7c8cc8306003f139b8ffa0c733ee60c8dcf2e", kill_on_drop: false }`
[INFO] [stdout] d96aeba4eba5632f319ed259fee7c8cc8306003f139b8ffa0c733ee60c8dcf2e
