[INFO] fetching crate bitcoin-serai 0.2.0...
[INFO] documenting bitcoin-serai-0.2.0 against 1.69.0 for beta-1.70-rustdoc-1
[INFO] extracting crate bitcoin-serai 0.2.0 into /workspace/builds/worker-5-tc1/source
[INFO] validating manifest of crates.io crate bitcoin-serai 0.2.0 on toolchain 1.69.0
[INFO] running `Command { std: CARGO_HOME="/workspace/cargo-home" RUSTUP_HOME="/workspace/rustup-home" "/workspace/cargo-home/bin/cargo" "+1.69.0" "metadata" "--manifest-path" "Cargo.toml" "--no-deps", kill_on_drop: false }`
[INFO] started tweaking crates.io crate bitcoin-serai 0.2.0
[INFO] finished tweaking crates.io crate bitcoin-serai 0.2.0
[INFO] tweaked toml for crates.io crate bitcoin-serai 0.2.0 written to /workspace/builds/worker-5-tc1/source/Cargo.toml
[INFO] running `Command { std: CARGO_HOME="/workspace/cargo-home" RUSTUP_HOME="/workspace/rustup-home" __CARGO_TEST_CHANNEL_OVERRIDE_DO_NOT_USE_THIS="nightly" "/workspace/cargo-home/bin/cargo" "+1.69.0" "generate-lockfile" "--manifest-path" "Cargo.toml" "-Zno-index-update", kill_on_drop: false }`
[INFO] running `Command { std: CARGO_HOME="/workspace/cargo-home" RUSTUP_HOME="/workspace/rustup-home" "/workspace/cargo-home/bin/cargo" "+1.69.0" "fetch" "--manifest-path" "Cargo.toml", kill_on_drop: false }`
[INFO] [stderr]  Downloading crates ...
[INFO] [stderr]   Downloaded ff v0.12.1
[INFO] [stderr]   Downloaded group v0.12.1
[INFO] [stderr]   Downloaded elliptic-curve v0.12.3
[INFO] [stderr]   Downloaded rfc6979 v0.3.1
[INFO] [stderr]   Downloaded chacha20 v0.9.1
[INFO] [stderr]   Downloaded k256 v0.12.0
[INFO] [stderr]   Downloaded modular-frost v0.7.0
[INFO] [stderr]   Downloaded ecdsa v0.15.1
[INFO] [stderr]   Downloaded crypto-bigint v0.4.9
[INFO] [stderr]   Downloaded sec1 v0.3.0
[INFO] [stderr]   Downloaded ciphersuite v0.3.0
[INFO] [stderr]   Downloaded flexible-transcript v0.3.1
[INFO] [stderr]   Downloaded multiexp v0.3.1
[INFO] [stderr]   Downloaded schnorr-signatures v0.4.0
[INFO] [stderr]   Downloaded dleq v0.3.1
[INFO] [stderr]   Downloaded dkg v0.4.0
[INFO] running `Command { std: "docker" "create" "-v" "/var/lib/crater-agent-workspace/builds/worker-5-tc1/target:/opt/rustwide/target:rw,Z" "-v" "/var/lib/crater-agent-workspace/builds/worker-5-tc1/source:/opt/rustwide/workdir:ro,Z" "-v" "/var/lib/crater-agent-workspace/cargo-home:/opt/rustwide/cargo-home:ro,Z" "-v" "/var/lib/crater-agent-workspace/rustup-home:/opt/rustwide/rustup-home:ro,Z" "-e" "SOURCE_DIR=/opt/rustwide/workdir" "-e" "CARGO_TARGET_DIR=/opt/rustwide/target" "-e" "CARGO_HOME=/opt/rustwide/cargo-home" "-e" "RUSTUP_HOME=/opt/rustwide/rustup-home" "-w" "/opt/rustwide/workdir" "-m" "1610612736" "--user" "0:0" "--network" "none" "ghcr.io/rust-lang/crates-build-env/linux@sha256:97d61d7686bf65f8ecb15491ab51835e82dc9176a96a831f143a431b191fc501" "/opt/rustwide/cargo-home/bin/cargo" "+1.69.0" "metadata" "--no-deps" "--format-version=1", kill_on_drop: false }`
[INFO] [stdout] 71879be03a57a2b60f13c41186428c25ca0b8e3f5a12791e162a7660a704ef3a
[INFO] running `Command { std: "docker" "start" "-a" "71879be03a57a2b60f13c41186428c25ca0b8e3f5a12791e162a7660a704ef3a", kill_on_drop: false }`
[INFO] running `Command { std: "docker" "inspect" "71879be03a57a2b60f13c41186428c25ca0b8e3f5a12791e162a7660a704ef3a", kill_on_drop: false }`
[INFO] running `Command { std: "docker" "rm" "-f" "71879be03a57a2b60f13c41186428c25ca0b8e3f5a12791e162a7660a704ef3a", kill_on_drop: false }`
[INFO] [stdout] 71879be03a57a2b60f13c41186428c25ca0b8e3f5a12791e162a7660a704ef3a
[INFO] running `Command { std: "docker" "create" "-v" "/var/lib/crater-agent-workspace/builds/worker-5-tc1/target:/opt/rustwide/target:rw,Z" "-v" "/var/lib/crater-agent-workspace/builds/worker-5-tc1/source:/opt/rustwide/workdir:ro,Z" "-v" "/var/lib/crater-agent-workspace/cargo-home:/opt/rustwide/cargo-home:ro,Z" "-v" "/var/lib/crater-agent-workspace/rustup-home:/opt/rustwide/rustup-home:ro,Z" "-e" "SOURCE_DIR=/opt/rustwide/workdir" "-e" "CARGO_TARGET_DIR=/opt/rustwide/target" "-e" "CARGO_INCREMENTAL=0" "-e" "RUST_BACKTRACE=full" "-e" "RUSTFLAGS=--cap-lints=warn" "-e" "RUSTDOCFLAGS=--cap-lints=warn" "-e" "CARGO_HOME=/opt/rustwide/cargo-home" "-e" "RUSTUP_HOME=/opt/rustwide/rustup-home" "-w" "/opt/rustwide/workdir" "-m" "1610612736" "--user" "0:0" "--network" "none" "ghcr.io/rust-lang/crates-build-env/linux@sha256:97d61d7686bf65f8ecb15491ab51835e82dc9176a96a831f143a431b191fc501" "/opt/rustwide/cargo-home/bin/cargo" "+1.69.0" "doc" "--frozen" "--no-deps" "--document-private-items" "--message-format=json", kill_on_drop: false }`
[INFO] [stdout] 2755b1f66f604ecf62c74a7236e50fc0f72d2d1c1278019c187c5153ea03148e
[INFO] running `Command { std: "docker" "start" "-a" "2755b1f66f604ecf62c74a7236e50fc0f72d2d1c1278019c187c5153ea03148e", kill_on_drop: false }`
[INFO] [stderr]     Checking cfg-if v1.0.0
[INFO] [stderr]    Compiling libc v0.2.142
[INFO] [stderr]    Compiling typenum v1.16.0
[INFO] [stderr]     Checking subtle v2.4.1
[INFO] [stderr]    Compiling cc v1.0.79
[INFO] [stderr]     Checking once_cell v1.17.1
[INFO] [stderr]    Compiling radium v0.7.0
[INFO] [stderr]     Checking tap v1.0.1
[INFO] [stderr]    Compiling log v0.4.17
[INFO] [stderr]     Checking funty v2.0.0
[INFO] [stderr]     Checking const-oid v0.9.2
[INFO] [stderr]    Compiling generic-array v0.14.7
[INFO] [stderr]    Compiling lock_api v0.4.9
[INFO] [stderr]    Compiling pkg-config v0.3.26
[INFO] [stderr]     Checking base64ct v1.6.0
[INFO] [stderr]    Compiling syn v2.0.15
[INFO] [stderr]     Checking pin-project-lite v0.2.9
[INFO] [stderr]     Checking wyz v0.5.1
[INFO] [stderr]    Compiling parking_lot_core v0.9.7
[INFO] [stderr]    Compiling futures-core v0.3.28
[INFO] [stderr]     Checking bytes v1.4.0
[INFO] [stderr]     Checking scopeguard v1.1.0
[INFO] [stderr]     Checking smallvec v1.10.0
[INFO] [stderr]    Compiling serde_derive v1.0.160
[INFO] [stderr]    Compiling tokio v1.28.0
[INFO] [stderr]    Compiling serde v1.0.160
[INFO] [stderr]     Checking base16ct v0.1.1
[INFO] [stderr]     Checking itoa v1.0.6
[INFO] [stderr]     Checking cpufeatures v0.2.7
[INFO] [stderr]    Compiling futures-task v0.3.28
[INFO] [stderr]     Checking tracing-core v0.1.30
[INFO] [stderr]    Compiling indexmap v1.9.3
[INFO] [stderr]    Compiling slab v0.4.8
[INFO] [stderr]     Checking fnv v1.0.7
[INFO] [stderr]    Compiling futures-util v0.3.28
[INFO] [stderr]     Checking bitvec v1.0.1
[INFO] [stderr]     Checking foreign-types-shared v0.1.1
[INFO] [stderr]    Compiling openssl v0.10.52
[INFO] [stderr]     Checking pin-utils v0.1.0
[INFO] [stderr]     Checking http v0.2.9
[INFO] [stderr]     Checking foreign-types v0.3.2
[INFO] [stderr]     Checking hashbrown v0.12.3
[INFO] [stderr]     Checking bitflags v1.3.2
[INFO] [stderr]     Checking tinyvec_macros v0.1.1
[INFO] [stderr]    Compiling futures-channel v0.3.28
[INFO] [stderr]    Compiling httparse v1.8.0
[INFO] [stderr]    Compiling native-tls v0.2.11
[INFO] [stderr]     Checking futures-sink v0.3.28
[INFO] [stderr]     Checking tinyvec v1.6.0
[INFO] [stderr]     Checking openssl-probe v0.1.5
[INFO] [stderr]     Checking percent-encoding v2.2.0
[INFO] [stderr]     Checking tracing v0.1.37
[INFO] [stderr]    Compiling thiserror v1.0.40
[INFO] [stderr]     Checking try-lock v0.2.4
[INFO] [stderr]     Checking form_urlencoded v1.1.0
[INFO] [stderr]     Checking tower-service v0.3.2
[INFO] [stderr]     Checking want v0.3.0
[INFO] [stderr]     Checking ryu v1.0.13
[INFO] [stderr]     Checking unicode-bidi v0.3.13
[INFO] [stderr]     Checking httpdate v1.0.2
[INFO] [stderr]    Compiling serde_json v1.0.96
[INFO] [stderr]     Checking ppv-lite86 v0.2.17
[INFO] [stderr]    Compiling openssl-sys v0.9.87
[INFO] [stderr]    Compiling secp256k1-sys v0.6.1
[INFO] [stderr]     Checking encoding_rs v0.8.32
[INFO] [stderr]     Checking bech32 v0.9.1
[INFO] [stderr]     Checking mime v0.3.17
[INFO] [stderr]     Checking ipnet v2.7.2
[INFO] [stderr]     Checking hex v0.4.3
[INFO] [stderr]     Checking http-body v0.4.5
[INFO] [stderr]     Checking base64 v0.21.0
[INFO] [stderr]     Checking lazy_static v1.4.0
[INFO] [stderr]     Checking unicode-normalization v0.1.22
[INFO] [stderr]     Checking getrandom v0.2.9
[INFO] [stderr]     Checking signal-hook-registry v1.4.1
[INFO] [stderr]     Checking num_cpus v1.15.0
[INFO] [stderr]     Checking mio v0.8.6
[INFO] [stderr]     Checking socket2 v0.4.9
[INFO] [stderr]     Checking crypto-common v0.1.6
[INFO] [stderr]     Checking block-buffer v0.10.4
[INFO] [stderr]     Checking inout v0.1.3
[INFO] [stderr]     Checking rand_core v0.6.4
[INFO] [stderr]     Checking parking_lot v0.12.1
[INFO] [stderr]     Checking digest v0.10.6
[INFO] [stderr]     Checking idna v0.3.0
[INFO] [stderr]     Checking rand_chacha v0.3.1
[INFO] [stderr]     Checking hmac v0.12.1
[INFO] [stderr]     Checking blake2 v0.10.6
[INFO] [stderr]     Checking signature v2.0.0
[INFO] [stderr]     Checking sha2 v0.10.6
[INFO] [stderr]     Checking flexible-transcript v0.3.1
[INFO] [stderr]     Checking url v2.3.1
[INFO] [stderr]     Checking ff v0.12.1
[INFO] [stderr]     Checking group v0.12.1
[INFO] [stderr]    Compiling zeroize_derive v1.4.2
[INFO] [stderr]    Compiling tokio-macros v2.1.0
[INFO] [stderr]    Compiling openssl-macros v0.1.1
[INFO] [stderr]    Compiling thiserror-impl v1.0.40
[INFO] [stderr]     Checking zeroize v1.6.0
[INFO] [stderr]     Checking der v0.6.1
[INFO] [stderr]     Checking crypto-bigint v0.4.9
[INFO] [stderr]     Checking multiexp v0.3.1
[INFO] [stderr]     Checking cipher v0.4.4
[INFO] [stderr]     Checking dleq v0.3.1
[INFO] [stdout] error[E0599]: the method `zeroize` exists for mutable reference `&mut <G as Group>::Scalar`, but its trait bounds were not satisfied
[INFO] [stdout]    --> /opt/rustwide/cargo-home/registry/src/github.com-1ecc6299db9ec823/dleq-0.3.1/src/lib.rs:107:45
[INFO] [stdout]     |
[INFO] [stdout] 107 | #[derive(Clone, Copy, PartialEq, Eq, Debug, Zeroize)]
[INFO] [stdout]     |                                             ^^^^^^^ method cannot be called on `&mut <G as Group>::Scalar` due to unsatisfied trait bounds
[INFO] [stdout]     |
[INFO] [stdout]     = note: the following trait bounds were not satisfied:
[INFO] [stdout]             `<G as Group>::Scalar: DefaultIsZeroes`
[INFO] [stdout]             which is required by `<G as Group>::Scalar: Zeroize`
[INFO] [stdout]             `&mut <G as Group>::Scalar: DefaultIsZeroes`
[INFO] [stdout]             which is required by `&mut <G as Group>::Scalar: Zeroize`
[INFO] [stdout]     = note: this error originates in the derive macro `Zeroize` (in Nightly builds, run with -Z macro-backtrace for more info)
[INFO] [stdout] 
[INFO] [stdout] 
[INFO] [stdout] error[E0599]: the method `zeroize` exists for mutable reference `&mut <G as Group>::Scalar`, but its trait bounds were not satisfied
[INFO] [stdout]    --> /opt/rustwide/cargo-home/registry/src/github.com-1ecc6299db9ec823/dleq-0.3.1/src/lib.rs:212:39
[INFO] [stdout]     |
[INFO] [stdout] 212 | #[derive(Clone, PartialEq, Eq, Debug, Zeroize)]
[INFO] [stdout]     |                                       ^^^^^^^ method cannot be called on `&mut <G as Group>::Scalar` due to unsatisfied trait bounds
[INFO] [stdout]     |
[INFO] [stdout]     = note: the following trait bounds were not satisfied:
[INFO] [stdout]             `<G as Group>::Scalar: DefaultIsZeroes`
[INFO] [stdout]             which is required by `<G as Group>::Scalar: Zeroize`
[INFO] [stdout]             `&mut <G as Group>::Scalar: DefaultIsZeroes`
[INFO] [stdout]             which is required by `&mut <G as Group>::Scalar: Zeroize`
[INFO] [stdout]     = note: this error originates in the derive macro `Zeroize` (in Nightly builds, run with -Z macro-backtrace for more info)
[INFO] [stdout] 
[INFO] [stdout] 
[INFO] [stdout] error[E0599]: the method `zeroize` exists for mutable reference `&mut Vec<<G as Group>::Scalar>`, but its trait bounds were not satisfied
[INFO] [stdout]    --> /opt/rustwide/cargo-home/registry/src/github.com-1ecc6299db9ec823/dleq-0.3.1/src/lib.rs:212:39
[INFO] [stdout]     |
[INFO] [stdout] 212 | #[derive(Clone, PartialEq, Eq, Debug, Zeroize)]
[INFO] [stdout]     |                                       ^^^^^^^ method cannot be called on `&mut Vec<<G as Group>::Scalar>` due to unsatisfied trait bounds
[INFO] [stdout]     |
[INFO] [stdout]     = note: the following trait bounds were not satisfied:
[INFO] [stdout]             `&mut Vec<<G as Group>::Scalar>: DefaultIsZeroes`
[INFO] [stdout]             which is required by `&mut Vec<<G as Group>::Scalar>: Zeroize`
[INFO] [stdout]     = note: this error originates in the derive macro `Zeroize` (in Nightly builds, run with -Z macro-backtrace for more info)
[INFO] [stdout] 
[INFO] [stdout] 
[INFO] [stdout] error: aborting due to 3 previous errors
[INFO] [stdout] 
[INFO] [stdout] 
[INFO] [stdout] For more information about this error, try `rustc --explain E0599`.
[INFO] [stdout] 
[INFO] [stderr] error: could not compile `dleq` due to 4 previous errors
[INFO] [stderr] warning: build failed, waiting for other jobs to finish...
[INFO] running `Command { std: "docker" "inspect" "2755b1f66f604ecf62c74a7236e50fc0f72d2d1c1278019c187c5153ea03148e", kill_on_drop: false }`
[INFO] running `Command { std: "docker" "rm" "-f" "2755b1f66f604ecf62c74a7236e50fc0f72d2d1c1278019c187c5153ea03148e", kill_on_drop: false }`
[INFO] [stdout] 2755b1f66f604ecf62c74a7236e50fc0f72d2d1c1278019c187c5153ea03148e
