[INFO] fetching crate ayaka-model 0.2.0...
[INFO] documenting ayaka-model-0.2.0 against 1.69.0 for beta-1.70-rustdoc-1
[INFO] extracting crate ayaka-model 0.2.0 into /workspace/builds/worker-7-tc1/source
[INFO] validating manifest of crates.io crate ayaka-model 0.2.0 on toolchain 1.69.0
[INFO] running `Command { std: CARGO_HOME="/workspace/cargo-home" RUSTUP_HOME="/workspace/rustup-home" "/workspace/cargo-home/bin/cargo" "+1.69.0" "metadata" "--manifest-path" "Cargo.toml" "--no-deps", kill_on_drop: false }`
[INFO] started tweaking crates.io crate ayaka-model 0.2.0
[INFO] finished tweaking crates.io crate ayaka-model 0.2.0
[INFO] tweaked toml for crates.io crate ayaka-model 0.2.0 written to /workspace/builds/worker-7-tc1/source/Cargo.toml
[INFO] running `Command { std: CARGO_HOME="/workspace/cargo-home" RUSTUP_HOME="/workspace/rustup-home" __CARGO_TEST_CHANNEL_OVERRIDE_DO_NOT_USE_THIS="nightly" "/workspace/cargo-home/bin/cargo" "+1.69.0" "generate-lockfile" "--manifest-path" "Cargo.toml" "-Zno-index-update", kill_on_drop: false }`
[INFO] [stderr]     Blocking waiting for file lock on package cache
[INFO] running `Command { std: CARGO_HOME="/workspace/cargo-home" RUSTUP_HOME="/workspace/rustup-home" "/workspace/cargo-home/bin/cargo" "+1.69.0" "fetch" "--manifest-path" "Cargo.toml", kill_on_drop: false }`
[INFO] [stderr]     Blocking waiting for file lock on package cache
[INFO] [stderr]  Downloading crates ...
[INFO] [stderr]   Downloaded fallback v0.1.2
[INFO] [stderr]   Downloaded ayaka-script v0.2.0
[INFO] [stderr]   Downloaded fallback-derive v0.1.1
[INFO] [stderr]   Downloaded vfs v0.9.0
[INFO] [stderr]   Downloaded term v0.7.0
[INFO] [stderr]   Downloaded ayaka-primitive v0.2.0
[INFO] [stderr]   Downloaded dirs-sys-next v0.1.2
[INFO] [stderr]   Downloaded litemap v0.7.0
[INFO] [stderr]   Downloaded darling_core v0.20.0
[INFO] [stderr]   Downloaded serde_with v2.3.3
[INFO] [stderr]   Downloaded tiny-keccak v2.0.2
[INFO] [stderr]   Downloaded dirs-next v2.0.0
[INFO] [stderr]   Downloaded wasmi v0.28.0
[INFO] [stderr]   Downloaded trylog v0.3.1
[INFO] [stderr]   Downloaded stream-future v0.3.1
[INFO] [stderr]   Downloaded darling v0.20.0
[INFO] [stderr]   Downloaded wasmparser-nostd v0.100.1
[INFO] [stderr]   Downloaded darling_macro v0.20.0
[INFO] [stderr]   Downloaded lalrpop v0.19.12
[INFO] [stderr]   Downloaded cobs v0.2.3
[INFO] [stderr]   Downloaded zerovec-derive v0.9.4
[INFO] [stderr]   Downloaded ayaka-plugin-nop v0.2.0
[INFO] [stderr]   Downloaded writeable v0.5.2
[INFO] [stderr]   Downloaded yoke-derive v0.7.1
[INFO] [stderr]   Downloaded icu_provider_blob v1.2.0
[INFO] [stderr]   Downloaded stream-future-impl v0.3.1
[INFO] [stderr]   Downloaded ayaka-bindings-types v0.2.0
[INFO] [stderr]   Downloaded sys-locale v0.2.4
[INFO] [stderr]   Downloaded indexmap-nostd v0.4.0
[INFO] [stderr]   Downloaded ayaka-plugin-wasmi v0.2.0
[INFO] [stderr]   Downloaded ascii-canvas v3.0.0
[INFO] [stderr]   Downloaded icu_locid_transform v1.2.1
[INFO] [stderr]   Downloaded ena v0.14.2
[INFO] [stderr]   Downloaded icu_provider_macros v1.2.0
[INFO] [stderr]   Downloaded serde_with_macros v2.3.3
[INFO] [stderr]   Downloaded ayaka-runtime v0.2.0
[INFO] [stderr]   Downloaded zerofrom-derive v0.1.2
[INFO] [stderr]   Downloaded wasmi_core v0.12.0
[INFO] [stderr]   Downloaded language-matcher v0.1.4
[INFO] [stderr]   Downloaded yoke v0.7.1
[INFO] [stderr]   Downloaded vfs-tar v0.3.2
[INFO] [stderr]   Downloaded zerofrom v0.1.2
[INFO] [stderr]   Downloaded postcard v1.0.4
[INFO] [stderr]   Downloaded tar-parser2 v0.9.1
[INFO] [stderr]   Downloaded quick-xml v0.27.1
[INFO] [stderr]   Downloaded lalrpop-util v0.19.12
[INFO] [stderr]   Downloaded icu_provider v1.2.0
[INFO] [stderr]   Downloaded wasmi_arena v0.4.0
[INFO] [stderr]   Downloaded icu_locid v1.2.0
[INFO] [stderr]   Downloaded zerovec v0.9.4
[INFO] running `Command { std: "docker" "create" "-v" "/var/lib/crater-agent-workspace/builds/worker-7-tc1/target:/opt/rustwide/target:rw,Z" "-v" "/var/lib/crater-agent-workspace/builds/worker-7-tc1/source:/opt/rustwide/workdir:ro,Z" "-v" "/var/lib/crater-agent-workspace/cargo-home:/opt/rustwide/cargo-home:ro,Z" "-v" "/var/lib/crater-agent-workspace/rustup-home:/opt/rustwide/rustup-home:ro,Z" "-e" "SOURCE_DIR=/opt/rustwide/workdir" "-e" "CARGO_TARGET_DIR=/opt/rustwide/target" "-e" "CARGO_HOME=/opt/rustwide/cargo-home" "-e" "RUSTUP_HOME=/opt/rustwide/rustup-home" "-w" "/opt/rustwide/workdir" "-m" "1610612736" "--user" "0:0" "--network" "none" "ghcr.io/rust-lang/crates-build-env/linux@sha256:5ff2268d62e97bff2cde7d5815dd6ed5b47097566f13b8d0ca110b04b60e07ed" "/opt/rustwide/cargo-home/bin/cargo" "+1.69.0" "metadata" "--no-deps" "--format-version=1", kill_on_drop: false }`
[INFO] [stdout] 00c1293ef81ba597658f2f14024679f1d8fefd05f98535295e2cbf6d140044f6
[INFO] running `Command { std: "docker" "start" "-a" "00c1293ef81ba597658f2f14024679f1d8fefd05f98535295e2cbf6d140044f6", kill_on_drop: false }`
[INFO] running `Command { std: "docker" "inspect" "00c1293ef81ba597658f2f14024679f1d8fefd05f98535295e2cbf6d140044f6", kill_on_drop: false }`
[INFO] running `Command { std: "docker" "rm" "-f" "00c1293ef81ba597658f2f14024679f1d8fefd05f98535295e2cbf6d140044f6", kill_on_drop: false }`
[INFO] [stdout] 00c1293ef81ba597658f2f14024679f1d8fefd05f98535295e2cbf6d140044f6
[INFO] running `Command { std: "docker" "create" "-v" "/var/lib/crater-agent-workspace/builds/worker-7-tc1/target:/opt/rustwide/target:rw,Z" "-v" "/var/lib/crater-agent-workspace/builds/worker-7-tc1/source:/opt/rustwide/workdir:ro,Z" "-v" "/var/lib/crater-agent-workspace/cargo-home:/opt/rustwide/cargo-home:ro,Z" "-v" "/var/lib/crater-agent-workspace/rustup-home:/opt/rustwide/rustup-home:ro,Z" "-e" "SOURCE_DIR=/opt/rustwide/workdir" "-e" "CARGO_TARGET_DIR=/opt/rustwide/target" "-e" "CARGO_INCREMENTAL=0" "-e" "RUST_BACKTRACE=full" "-e" "RUSTFLAGS=--cap-lints=warn" "-e" "RUSTDOCFLAGS=--cap-lints=warn" "-e" "CARGO_HOME=/opt/rustwide/cargo-home" "-e" "RUSTUP_HOME=/opt/rustwide/rustup-home" "-w" "/opt/rustwide/workdir" "-m" "1610612736" "--user" "0:0" "--network" "none" "ghcr.io/rust-lang/crates-build-env/linux@sha256:5ff2268d62e97bff2cde7d5815dd6ed5b47097566f13b8d0ca110b04b60e07ed" "/opt/rustwide/cargo-home/bin/cargo" "+1.69.0" "doc" "--frozen" "--no-deps" "--document-private-items" "--message-format=json", kill_on_drop: false }`
[INFO] [stdout] d6b69633f9152daaefe7650f8b160432ab92e9590ee76af9d5cdff3978aa7f5f
[INFO] running `Command { std: "docker" "start" "-a" "d6b69633f9152daaefe7650f8b160432ab92e9590ee76af9d5cdff3978aa7f5f", kill_on_drop: false }`
[INFO] [stderr]    Compiling serde v1.0.160
[INFO] [stderr]    Compiling syn v1.0.109
[INFO] [stderr]     Checking stable_deref_trait v1.2.0
[INFO] [stderr]    Compiling libc v0.2.142
[INFO] [stderr]    Compiling lock_api v0.4.9
[INFO] [stderr]    Compiling io-lifetimes v1.0.10
[INFO] [stderr]    Compiling parking_lot_core v0.9.7
[INFO] [stderr]    Compiling rustix v0.37.18
[INFO] [stderr]    Compiling crunchy v0.2.2
[INFO] [stderr]    Compiling syn v2.0.15
[INFO] [stderr]    Compiling smallvec v1.10.0
[INFO] [stderr]    Compiling scopeguard v1.1.0
[INFO] [stderr]    Compiling aho-corasick v1.0.1
[INFO] [stderr]    Compiling log v0.4.17
[INFO] [stderr]    Compiling tiny-keccak v2.0.2
[INFO] [stderr]    Compiling linux-raw-sys v0.3.6
[INFO] [stderr]    Compiling regex-syntax v0.7.1
[INFO] [stderr]    Compiling siphasher v0.3.10
[INFO] [stderr]    Compiling anyhow v1.0.71
[INFO] [stderr]    Compiling indexmap v1.9.3
[INFO] [stderr]    Compiling phf_shared v0.10.0
[INFO] [stderr]    Compiling new_debug_unreachable v1.0.4
[INFO] [stderr]    Compiling bit-vec v0.6.3
[INFO] [stderr]    Compiling libm v0.2.6
[INFO] [stderr]    Compiling precomputed-hash v0.1.1
[INFO] [stderr]     Checking litemap v0.7.0
[INFO] [stderr]    Compiling fixedbitset v0.4.2
[INFO] [stderr]     Checking writeable v0.5.2
[INFO] [stderr]    Compiling either v1.8.1
[INFO] [stderr]     Checking cobs v0.2.3
[INFO] [stderr]    Compiling bit-set v0.5.3
[INFO] [stderr]    Compiling ena v0.14.2
[INFO] [stderr]     Checking rmp v0.8.11
[INFO] [stderr]    Compiling regex-syntax v0.6.29
[INFO] [stderr]    Compiling petgraph v0.6.3
[INFO] [stderr]    Compiling itertools v0.10.5
[INFO] [stderr]    Compiling diff v0.1.13
[INFO] [stderr]     Checking getrandom v0.2.9
[INFO] [stderr]     Checking indexmap-nostd v0.4.0
[INFO] [stderr]    Compiling futures-task v0.3.28
[INFO] [stderr]     Checking downcast-rs v1.2.0
[INFO] [stderr]     Checking rand_core v0.6.4
[INFO] [stderr]    Compiling futures-util v0.3.28
[INFO] [stderr]     Checking vfs v0.9.0
[INFO] [stderr]     Checking spin v0.9.8
[INFO] [stderr]     Checking wasmparser-nostd v0.100.1
[INFO] [stderr]     Checking wasmi_arena v0.4.0
[INFO] [stderr]     Checking rand_chacha v0.3.1
[INFO] [stderr]     Checking lalrpop-util v0.19.12
[INFO] [stderr]    Compiling dirs-sys-next v0.1.2
[INFO] [stderr]     Checking wasmi_core v0.12.0
[INFO] [stderr]     Checking tar-parser2 v0.9.1
[INFO] [stderr]     Checking memmap2 v0.5.10
[INFO] [stderr]    Compiling dirs-next v2.0.0
[INFO] [stderr]    Compiling term v0.7.0
[INFO] [stderr]    Compiling parking_lot v0.12.1
[INFO] [stderr]     Checking unsafe-libyaml v0.2.8
[INFO] [stderr]     Checking vfs-tar v0.3.2
[INFO] [stderr]     Checking rand v0.8.5
[INFO] [stderr]     Checking sys-locale v0.2.4
[INFO] [stderr]    Compiling regex v1.8.1
[INFO] [stderr]    Compiling ascii-canvas v3.0.0
[INFO] [stderr]    Compiling string_cache v0.8.7
[INFO] [stderr]    Compiling is-terminal v0.4.7
[INFO] [stderr]    Compiling darling_core v0.20.0
[INFO] [stderr]    Compiling lalrpop v0.19.12
[INFO] [stderr]    Compiling serde_derive v1.0.160
[INFO] [stderr]    Compiling fallback-derive v0.1.1
[INFO] [stderr]    Compiling futures-macro v0.3.28
[INFO] [stderr]     Checking wasmi v0.28.0
[INFO] [stderr]     Checking fallback v0.1.2
[INFO] [stderr]    Compiling synstructure v0.12.6
[INFO] [stderr]    Compiling darling_macro v0.20.0
[INFO] [stderr]    Compiling darling v0.20.0
[INFO] [stderr]    Compiling serde_with_macros v2.3.3
[INFO] [stderr]    Compiling zerofrom-derive v0.1.2
[INFO] [stderr]    Compiling yoke-derive v0.7.1
[INFO] [stderr]    Compiling zerovec-derive v0.9.4
[INFO] [stderr]    Compiling displaydoc v0.2.3
[INFO] [stderr]    Compiling icu_provider_macros v1.2.0
[INFO] [stderr]    Compiling pin-project-internal v1.0.12
[INFO] [stderr]    Compiling stream-future-impl v0.3.1
[INFO] [stderr]     Checking pin-project v1.0.12
[INFO] [stderr]     Checking zerofrom v0.1.2
[INFO] [stderr]     Checking stream-future v0.3.1
[INFO] [stdout] error[E0554]: `#![feature]` may not be used on the stable release channel
[INFO] [stdout]   --> /opt/rustwide/cargo-home/registry/src/github.com-1ecc6299db9ec823/stream-future-0.3.1/src/lib.rs:97:1
[INFO] [stdout]    |
[INFO] [stdout] 97 | #![feature(associated_type_bounds)]
[INFO] [stdout]    | ^^^^^^^^^^^^^^^^^^^^^^^^^^^^^^^^^^^
[INFO] [stdout] 
[INFO] [stdout] 
[INFO] [stdout] error[E0554]: `#![feature]` may not be used on the stable release channel
[INFO] [stdout]   --> /opt/rustwide/cargo-home/registry/src/github.com-1ecc6299db9ec823/stream-future-0.3.1/src/lib.rs:98:1
[INFO] [stdout]    |
[INFO] [stdout] 98 | #![feature(generator_trait)]
[INFO] [stdout]    | ^^^^^^^^^^^^^^^^^^^^^^^^^^^^
[INFO] [stdout] 
[INFO] [stdout] 
[INFO] [stdout] error[E0554]: `#![feature]` may not be used on the stable release channel
[INFO] [stdout]   --> /opt/rustwide/cargo-home/registry/src/github.com-1ecc6299db9ec823/stream-future-0.3.1/src/lib.rs:99:1
[INFO] [stdout]    |
[INFO] [stdout] 99 | #![feature(trait_alias)]
[INFO] [stdout]    | ^^^^^^^^^^^^^^^^^^^^^^^^
[INFO] [stdout] 
[INFO] [stdout] 
[INFO] [stdout] error[E0554]: `#![feature]` may not be used on the stable release channel
[INFO] [stdout]    --> /opt/rustwide/cargo-home/registry/src/github.com-1ecc6299db9ec823/stream-future-0.3.1/src/lib.rs:100:1
[INFO] [stdout]     |
[INFO] [stdout] 100 | #![feature(try_trait_v2, try_trait_v2_residual)]
[INFO] [stdout]     | ^^^^^^^^^^^^^^^^^^^^^^^^^^^^^^^^^^^^^^^^^^^^^^^^
[INFO] [stdout] 
[INFO] [stdout] 
[INFO] [stdout] error[E0554]: `#![feature]` may not be used on the stable release channel
[INFO] [stdout]   --> /opt/rustwide/cargo-home/registry/src/github.com-1ecc6299db9ec823/stream-future-0.3.1/src/lib.rs:98:12
[INFO] [stdout]    |
[INFO] [stdout] 98 | #![feature(generator_trait)]
[INFO] [stdout]    |            ^^^^^^^^^^^^^^^
[INFO] [stdout] 
[INFO] [stdout] 
[INFO] [stdout] error[E0554]: `#![feature]` may not be used on the stable release channel
[INFO] [stdout]    --> /opt/rustwide/cargo-home/registry/src/github.com-1ecc6299db9ec823/stream-future-0.3.1/src/lib.rs:100:12
[INFO] [stdout]     |
[INFO] [stdout] 100 | #![feature(try_trait_v2, try_trait_v2_residual)]
[INFO] [stdout]     |            ^^^^^^^^^^^^
[INFO] [stdout] 
[INFO] [stdout] 
[INFO] [stdout] error[E0554]: `#![feature]` may not be used on the stable release channel
[INFO] [stdout]    --> /opt/rustwide/cargo-home/registry/src/github.com-1ecc6299db9ec823/stream-future-0.3.1/src/lib.rs:100:26
[INFO] [stdout]     |
[INFO] [stdout] 100 | #![feature(try_trait_v2, try_trait_v2_residual)]
[INFO] [stdout]     |                          ^^^^^^^^^^^^^^^^^^^^^
[INFO] [stdout] 
[INFO] [stdout] 
[INFO] [stdout] error: aborting due to 7 previous errors
[INFO] [stdout] 
[INFO] [stdout] 
[INFO] [stdout] For more information about this error, try `rustc --explain E0554`.
[INFO] [stdout] 
[INFO] [stderr] error: could not compile `stream-future` due to 8 previous errors
[INFO] [stderr] warning: build failed, waiting for other jobs to finish...
[INFO] running `Command { std: "docker" "inspect" "d6b69633f9152daaefe7650f8b160432ab92e9590ee76af9d5cdff3978aa7f5f", kill_on_drop: false }`
[INFO] running `Command { std: "docker" "rm" "-f" "d6b69633f9152daaefe7650f8b160432ab92e9590ee76af9d5cdff3978aa7f5f", kill_on_drop: false }`
[INFO] [stdout] d6b69633f9152daaefe7650f8b160432ab92e9590ee76af9d5cdff3978aa7f5f
