[INFO] fetching crate avalanchego 0.0.0...
[INFO] documenting avalanchego-0.0.0 against 1.69.0 for beta-1.70-rustdoc-1
[INFO] extracting crate avalanchego 0.0.0 into /workspace/builds/worker-3-tc1/source
[INFO] validating manifest of crates.io crate avalanchego 0.0.0 on toolchain 1.69.0
[INFO] running `Command { std: CARGO_HOME="/workspace/cargo-home" RUSTUP_HOME="/workspace/rustup-home" "/workspace/cargo-home/bin/cargo" "+1.69.0" "metadata" "--manifest-path" "Cargo.toml" "--no-deps", kill_on_drop: false }`
[INFO] started tweaking crates.io crate avalanchego 0.0.0
[INFO] finished tweaking crates.io crate avalanchego 0.0.0
[INFO] tweaked toml for crates.io crate avalanchego 0.0.0 written to /workspace/builds/worker-3-tc1/source/Cargo.toml
[INFO] running `Command { std: CARGO_HOME="/workspace/cargo-home" RUSTUP_HOME="/workspace/rustup-home" __CARGO_TEST_CHANNEL_OVERRIDE_DO_NOT_USE_THIS="nightly" "/workspace/cargo-home/bin/cargo" "+1.69.0" "generate-lockfile" "--manifest-path" "Cargo.toml" "-Zno-index-update", kill_on_drop: false }`
[INFO] running `Command { std: CARGO_HOME="/workspace/cargo-home" RUSTUP_HOME="/workspace/rustup-home" "/workspace/cargo-home/bin/cargo" "+1.69.0" "fetch" "--manifest-path" "Cargo.toml", kill_on_drop: false }`
[INFO] [stderr]     Blocking waiting for file lock on package cache
[INFO] [stderr]  Downloading crates ...
[INFO] [stderr]   Downloaded rust-embed-impl v6.5.0
[INFO] [stderr]   Downloaded matchit v0.5.0
[INFO] [stderr]   Downloaded linked-hash-map v0.5.6
[INFO] [stderr]   Downloaded tonic-health v0.6.0
[INFO] [stderr]   Downloaded axum-core v0.2.9
[INFO] [stderr]   Downloaded serde_yaml v0.8.26
[INFO] [stderr]   Downloaded crypto-bigint v0.3.2
[INFO] [stderr]   Downloaded prefix-manager v0.0.2
[INFO] [stderr]   Downloaded yasna v0.5.2
[INFO] [stderr]   Downloaded spki v0.5.4
[INFO] [stderr]   Downloaded wyz v0.5.1
[INFO] [stderr]   Downloaded der v0.5.1
[INFO] [stderr]   Downloaded rfc6979 v0.3.1
[INFO] [stderr]   Downloaded bip32 v0.4.0
[INFO] [stderr]   Downloaded impl-rlp v0.3.0
[INFO] [stderr]   Downloaded uint v0.9.5
[INFO] [stderr]   Downloaded ripemd v0.1.3
[INFO] [stderr]   Downloaded rcgen v0.9.3
[INFO] [stderr]   Downloaded pem-rfc7468 v0.3.1
[INFO] [stderr]   Downloaded byte-slice-cast v1.2.2
[INFO] [stderr]   Downloaded primitive-types v0.11.1
[INFO] [stderr]   Downloaded prost-derive v0.11.9
[INFO] [stderr]   Downloaded rsa v0.6.1
[INFO] [stderr]   Downloaded rustc-hex v2.1.0
[INFO] [stderr]   Downloaded rfc-manager v0.0.1
[INFO] [stderr]   Downloaded pkcs8 v0.8.0
[INFO] [stderr]   Downloaded const-oid v0.7.1
[INFO] [stderr]   Downloaded prost-build v0.11.9
[INFO] [stderr]   Downloaded base16ct v0.1.1
[INFO] [stderr]   Downloaded pkcs1 v0.3.3
[INFO] [stderr]   Downloaded impl-codec v0.6.0
[INFO] [stderr]   Downloaded random-manager v0.0.1
[INFO] [stderr]   Downloaded human-readable v0.0.1
[INFO] [stderr]   Downloaded ethereum-types v0.13.1
[INFO] [stderr]   Downloaded bech32 v0.9.1
[INFO] [stderr]   Downloaded impl-trait-for-tuples v0.2.2
[INFO] [stderr]   Downloaded ethbloom v0.12.1
[INFO] [stderr]   Downloaded bech32 v0.8.1
[INFO] [stderr]   Downloaded prost v0.11.9
[INFO] [stderr]   Downloaded sec1 v0.3.0
[INFO] [stderr]   Downloaded prost v0.10.4
[INFO] [stderr]   Downloaded parity-scale-codec-derive v3.1.4
[INFO] [stderr]   Downloaded ff v0.12.1
[INFO] [stderr]   Downloaded group v0.12.1
[INFO] [stderr]   Downloaded hyper-timeout v0.4.1
[INFO] [stderr]   Downloaded fixed-hash v0.7.0
[INFO] [stderr]   Downloaded rust-embed-utils v7.5.0
[INFO] [stderr]   Downloaded sync_wrapper v0.1.2
[INFO] [stderr]   Downloaded cmake v0.1.50
[INFO] [stderr]   Downloaded axum-core v0.3.4
[INFO] [stderr]   Downloaded rlp v0.5.2
[INFO] [stderr]   Downloaded protoc-gen-tonic v0.2.2
[INFO] [stderr]   Downloaded funty v2.0.0
[INFO] [stderr]   Downloaded pbkdf2 v0.11.0
[INFO] [stderr]   Downloaded cmp-manager v0.0.1
[INFO] [stderr]   Downloaded parity-scale-codec v3.4.0
[INFO] [stderr]   Downloaded http-range-header v0.3.0
[INFO] [stderr]   Downloaded radium v0.7.0
[INFO] [stderr]   Downloaded tonic-build v0.7.2
[INFO] [stderr]   Downloaded tower-layer v0.3.2
[INFO] [stderr]   Downloaded bitcoin_hashes v0.10.0
[INFO] [stderr]   Downloaded ecdsa v0.14.8
[INFO] [stderr]   Downloaded env_logger v0.9.3
[INFO] [stderr]   Downloaded tonic-build v0.8.4
[INFO] [stderr]   Downloaded tokio-io-timeout v1.2.0
[INFO] [stderr]   Downloaded prost-types v0.10.1
[INFO] [stderr]   Downloaded matchit v0.7.0
[INFO] [stderr]   Downloaded elliptic-curve v0.12.3
[INFO] [stderr]   Downloaded tonic-reflection v0.4.0
[INFO] [stderr]   Downloaded prost-derive v0.10.1
[INFO] [stderr]   Downloaded protoc-gen-prost v0.2.2
[INFO] [stderr]   Downloaded zerocopy v0.6.1
[INFO] [stderr]   Downloaded crypto-bigint v0.4.9
[INFO] [stderr]   Downloaded fixedbitset v0.4.2
[INFO] [stderr]   Downloaded prettyplease v0.1.25
[INFO] [stderr]   Downloaded tonic v0.8.3
[INFO] [stderr]   Downloaded hmac v0.12.1
[INFO] [stderr]   Downloaded secp256k1 v0.22.2
[INFO] [stderr]   Downloaded prost-types v0.11.9
[INFO] [stderr]   Downloaded impl-serde v0.3.2
[INFO] [stderr]   Downloaded num-bigint-dig v0.8.2
[INFO] [stderr]   Downloaded k256 v0.11.6
[INFO] [stderr]   Downloaded tower-http v0.3.5
[INFO] [stderr]   Downloaded tonic v0.7.2
[INFO] [stderr]   Downloaded axum v0.5.17
[INFO] [stderr]   Downloaded tower v0.4.13
[INFO] [stderr]   Downloaded axum v0.6.18
[INFO] [stderr]   Downloaded petgraph v0.6.3
[INFO] [stderr]   Downloaded bitvec v1.0.1
[INFO] [stderr]   Downloaded zerocopy-derive v0.3.2
[INFO] [stderr]   Downloaded rust-embed v6.6.1
[INFO] [stderr]   Downloaded bitcoin v0.28.2
[INFO] [stderr]   Downloaded prometheus-manager v0.0.1
[INFO] [stderr]   Downloaded big-num-manager v0.0.1
[INFO] [stderr]   Downloaded secp256k1-sys v0.5.2
[INFO] [stderr]   Downloaded prost-build v0.10.4
[INFO] [stderr]   Downloaded avalanche-proto v0.15.6
[INFO] [stderr]   Downloaded avalanche-types v0.0.23
[INFO] running `Command { std: "docker" "create" "-v" "/var/lib/crater-agent-workspace/builds/worker-3-tc1/target:/opt/rustwide/target:rw,Z" "-v" "/var/lib/crater-agent-workspace/builds/worker-3-tc1/source:/opt/rustwide/workdir:ro,Z" "-v" "/var/lib/crater-agent-workspace/cargo-home:/opt/rustwide/cargo-home:ro,Z" "-v" "/var/lib/crater-agent-workspace/rustup-home:/opt/rustwide/rustup-home:ro,Z" "-e" "SOURCE_DIR=/opt/rustwide/workdir" "-e" "CARGO_TARGET_DIR=/opt/rustwide/target" "-e" "CARGO_HOME=/opt/rustwide/cargo-home" "-e" "RUSTUP_HOME=/opt/rustwide/rustup-home" "-w" "/opt/rustwide/workdir" "-m" "1610612736" "--user" "0:0" "--network" "none" "ghcr.io/rust-lang/crates-build-env/linux@sha256:5ff2268d62e97bff2cde7d5815dd6ed5b47097566f13b8d0ca110b04b60e07ed" "/opt/rustwide/cargo-home/bin/cargo" "+1.69.0" "metadata" "--no-deps" "--format-version=1", kill_on_drop: false }`
[INFO] [stdout] 901c8cc4b99a27ffe782b5812d7709801d3262dfee6c6485d94e02b0d32ab51a
[INFO] running `Command { std: "docker" "start" "-a" "901c8cc4b99a27ffe782b5812d7709801d3262dfee6c6485d94e02b0d32ab51a", kill_on_drop: false }`
[INFO] running `Command { std: "docker" "inspect" "901c8cc4b99a27ffe782b5812d7709801d3262dfee6c6485d94e02b0d32ab51a", kill_on_drop: false }`
[INFO] running `Command { std: "docker" "rm" "-f" "901c8cc4b99a27ffe782b5812d7709801d3262dfee6c6485d94e02b0d32ab51a", kill_on_drop: false }`
[INFO] [stdout] 901c8cc4b99a27ffe782b5812d7709801d3262dfee6c6485d94e02b0d32ab51a
[INFO] running `Command { std: "docker" "create" "-v" "/var/lib/crater-agent-workspace/builds/worker-3-tc1/target:/opt/rustwide/target:rw,Z" "-v" "/var/lib/crater-agent-workspace/builds/worker-3-tc1/source:/opt/rustwide/workdir:ro,Z" "-v" "/var/lib/crater-agent-workspace/cargo-home:/opt/rustwide/cargo-home:ro,Z" "-v" "/var/lib/crater-agent-workspace/rustup-home:/opt/rustwide/rustup-home:ro,Z" "-e" "SOURCE_DIR=/opt/rustwide/workdir" "-e" "CARGO_TARGET_DIR=/opt/rustwide/target" "-e" "CARGO_INCREMENTAL=0" "-e" "RUST_BACKTRACE=full" "-e" "RUSTFLAGS=--cap-lints=warn" "-e" "RUSTDOCFLAGS=--cap-lints=warn" "-e" "CARGO_HOME=/opt/rustwide/cargo-home" "-e" "RUSTUP_HOME=/opt/rustwide/rustup-home" "-w" "/opt/rustwide/workdir" "-m" "1610612736" "--user" "0:0" "--network" "none" "ghcr.io/rust-lang/crates-build-env/linux@sha256:5ff2268d62e97bff2cde7d5815dd6ed5b47097566f13b8d0ca110b04b60e07ed" "/opt/rustwide/cargo-home/bin/cargo" "+1.69.0" "doc" "--frozen" "--no-deps" "--document-private-items" "--message-format=json", kill_on_drop: false }`
[INFO] [stdout] b3f9ec87217ed0b4d3181b0105f7c2e158fe3864f70cfba37302a1950e0986c0
[INFO] running `Command { std: "docker" "start" "-a" "b3f9ec87217ed0b4d3181b0105f7c2e158fe3864f70cfba37302a1950e0986c0", kill_on_drop: false }`
[INFO] [stderr]    Compiling syn v1.0.109
[INFO] [stderr]    Compiling indexmap v1.9.3
[INFO] [stderr]     Checking bytes v1.4.0
[INFO] [stderr]     Checking subtle v2.4.1
[INFO] [stderr]    Compiling either v1.8.1
[INFO] [stderr]    Compiling generic-array v0.14.7
[INFO] [stderr]    Compiling futures-core v0.3.28
[INFO] [stderr]    Compiling anyhow v1.0.71
[INFO] [stderr]    Compiling serde v1.0.160
[INFO] [stderr]    Compiling tokio v1.28.0
[INFO] [stderr]    Compiling hashbrown v0.12.3
[INFO] [stderr]     Checking getrandom v0.2.9
[INFO] [stderr]    Compiling futures-task v0.3.28
[INFO] [stderr]     Checking ppv-lite86 v0.2.17
[INFO] [stderr]     Checking mio v0.8.6
[INFO] [stderr]    Compiling syn v2.0.15
[INFO] [stderr]     Checking rand_core v0.6.4
[INFO] [stderr]     Checking socket2 v0.4.9
[INFO] [stderr]    Compiling itertools v0.10.5
[INFO] [stderr]     Checking num_cpus v1.15.0
[INFO] [stderr]    Compiling futures-util v0.3.28
[INFO] [stderr]    Compiling libc v0.2.142
[INFO] [stderr]     Checking tracing-core v0.1.30
[INFO] [stderr]     Checking http v0.2.9
[INFO] [stderr]     Checking rand_chacha v0.3.1
[INFO] [stderr]     Checking futures-sink v0.3.28
[INFO] [stderr]     Checking tower-service v0.3.2
[INFO] [stderr]    Compiling libm v0.2.6
[INFO] [stderr]    Compiling num-traits v0.2.15
[INFO] [stderr]    Compiling io-lifetimes v1.0.10
[INFO] [stderr]     Checking rand v0.8.5
[INFO] [stderr]    Compiling num-integer v0.1.45
[INFO] [stderr]     Checking block-buffer v0.10.4
[INFO] [stderr]     Checking crypto-common v0.1.6
[INFO] [stderr]     Checking tower-layer v0.3.2
[INFO] [stderr]    Compiling async-trait v0.1.68
[INFO] [stderr]    Compiling rustix v0.37.18
[INFO] [stderr]     Checking digest v0.10.6
[INFO] [stderr]    Compiling futures-channel v0.3.28
[INFO] [stderr]     Checking zeroize v1.6.0
[INFO] [stderr]    Compiling cmake v0.1.50
[INFO] [stderr]     Checking http-body v0.4.5
[INFO] [stderr]    Compiling rustversion v1.0.12
[INFO] [stderr]    Compiling linux-raw-sys v0.3.6
[INFO] [stderr]    Compiling bitflags v1.3.2
[INFO] [stderr]     Checking want v0.3.0
[INFO] [stderr]    Compiling fixedbitset v0.4.2
[INFO] [stderr]     Checking httpdate v1.0.2
[INFO] [stderr]    Compiling regex-syntax v0.7.1
[INFO] [stderr]     Checking spin v0.5.2
[INFO] [stderr]    Compiling fastrand v1.9.0
[INFO] [stderr]    Compiling prettyplease v0.1.25
[INFO] [stderr]    Compiling petgraph v0.6.3
[INFO] [stderr]    Compiling typenum v1.16.0
[INFO] [stderr]    Compiling multimap v0.8.3
[INFO] [stderr]     Checking byteorder v1.4.3
[INFO] [stderr]    Compiling lazy_static v1.4.0
[INFO] [stderr]     Checking rand_core v0.3.1
[INFO] [stderr]    Compiling ring v0.16.20
[INFO] [stderr]     Checking cpufeatures v0.2.7
[INFO] [stderr]    Compiling winnow v0.4.4
[INFO] [stderr]    Compiling crunchy v0.2.2
[INFO] [stderr]    Compiling toml_datetime v0.6.1
[INFO] [stderr]     Checking sync_wrapper v0.1.2
[INFO] [stderr]    Compiling which v4.4.0
[INFO] [stderr]     Checking base64ct v1.6.0
[INFO] [stderr]     Checking rustc-hex v2.1.0
[INFO] [stderr]     Checking const-oid v0.9.2
[INFO] [stderr]    Compiling once_cell v1.17.1
[INFO] [stderr]     Checking flate2 v1.0.26
[INFO] [stderr]    Compiling prost-build v0.10.4
[INFO] [stderr]     Checking crypto-bigint v0.4.9
[INFO] [stderr]     Checking der v0.6.1
[INFO] [stderr]    Compiling axum-core v0.3.4
[INFO] [stderr]     Checking crypto-bigint v0.3.2
[INFO] [stderr]     Checking pem-rfc7468 v0.3.1
[INFO] [stderr]    Compiling regex v1.8.1
[INFO] [stderr]     Checking ff v0.12.1
[INFO] [stderr]     Checking const-oid v0.7.1
[INFO] [stderr]     Checking untrusted v0.7.1
[INFO] [stderr]     Checking base16ct v0.1.1
[INFO] [stderr]     Checking http-range-header v0.3.0
[INFO] [stderr]     Checking static_assertions v1.1.0
[INFO] [stderr]     Checking group v0.12.1
[INFO] [stderr]    Compiling axum v0.6.18
[INFO] [stderr]     Checking rlp v0.5.2
[INFO] [stderr]     Checking sha2 v0.10.6
[INFO] [stderr]     Checking hmac v0.12.1
[INFO] [stderr]    Compiling rand v0.6.5
[INFO] [stderr]    Compiling secp256k1-sys v0.5.2
[INFO] [stderr]    Compiling num-iter v0.1.43
[INFO] [stderr]     Checking der v0.5.1
[INFO] [stderr]     Checking byte-slice-cast v1.2.2
[INFO] [stderr]     Checking sec1 v0.3.0
[INFO] [stderr]     Checking arrayvec v0.7.2
[INFO] [stderr]     Checking matchit v0.5.0
[INFO] [stderr]    Compiling same-file v1.0.6
[INFO] [stderr]    Compiling tiny-keccak v2.0.2
[INFO] [stderr]     Checking elliptic-curve v0.12.3
[INFO] [stderr]     Checking chrono v0.4.24
[INFO] [stderr]    Compiling toml_edit v0.19.8
[INFO] [stderr]    Compiling walkdir v2.3.3
[INFO] [stderr]     Checking impl-rlp v0.3.0
[INFO] [stderr]     Checking rfc6979 v0.3.1
[INFO] [stderr]     Checking fixed-hash v0.7.0
[INFO] [stderr]     Checking rand_chacha v0.1.1
[INFO] [stderr]     Checking rand_xorshift v0.1.1
[INFO] [stderr]     Checking rand_isaac v0.1.1
[INFO] [stderr]     Checking rand_hc v0.1.0
[INFO] [stderr]     Checking rand_os v0.1.3
[INFO] [stderr]     Checking signature v1.6.4
[INFO] [stderr]     Checking digest v0.9.0
[INFO] [stderr]     Checking spki v0.5.4
[INFO] [stderr]     Checking block-buffer v0.9.0
[INFO] [stderr]    Compiling num-bigint v0.4.3
[INFO] [stderr]    Compiling num-bigint-dig v0.8.2
[INFO] [stderr]     Checking opaque-debug v0.3.0
[INFO] [stderr]     Checking keccak v0.1.3
[INFO] [stderr]     Checking matchit v0.7.0
[INFO] [stderr]     Checking time-core v0.1.0
[INFO] [stderr]     Checking sha2 v0.9.9
[INFO] [stderr]     Checking pkcs8 v0.8.0
[INFO] [stderr]     Checking time v0.3.20
[INFO] [stderr]     Checking uint v0.9.5
[INFO] [stderr]     Checking sha3 v0.10.7
[INFO] [stderr]    Compiling tempfile v3.5.0
[INFO] [stderr]     Checking ecdsa v0.14.8
[INFO] [stderr]    Compiling rust-embed-utils v7.5.0
[INFO] [stderr]     Checking aho-corasick v1.0.1
[INFO] [stderr]    Compiling thiserror v1.0.40
[INFO] [stderr]     Checking linked-hash-map v0.5.6
[INFO] [stderr]    Compiling rustls v0.20.8
[INFO] [stderr]    Compiling semver v1.0.17
[INFO] [stderr]     Checking yasna v0.5.2
[INFO] [stderr]     Checking yaml-rust v0.4.5
[INFO] [stderr]     Checking k256 v0.11.6
[INFO] [stderr]     Checking bs58 v0.4.0
[INFO] [stderr]     Checking pkcs1 v0.3.3
[INFO] [stderr]    Compiling proc-macro-crate v1.3.1
[INFO] [stderr]     Checking pem v1.1.1
[INFO] [stderr]     Checking pbkdf2 v0.11.0
[INFO] [stderr]     Checking ripemd v0.1.3
[INFO] [stderr]     Checking human-readable v0.0.1
[INFO] [stderr]     Checking bitcoin_hashes v0.10.0
[INFO] [stderr]     Checking base64 v0.21.0
[INFO] [stderr]     Checking bech32 v0.8.1
[INFO] [stderr]     Checking webpki v0.22.0
[INFO] [stderr]     Checking sct v0.7.0
[INFO] [stderr]     Checking rcgen v0.9.3
[INFO] [stderr]     Checking prefix-manager v0.0.2
[INFO] [stderr]     Checking rustls-pemfile v1.0.2
[INFO] [stderr]     Checking rsa v0.6.1
[INFO] [stderr]     Checking cmp-manager v0.0.1
[INFO] [stderr]     Checking bech32 v0.9.1
[INFO] [stderr]     Checking bip32 v0.4.0
[INFO] [stderr]    Compiling serde_derive v1.0.160
[INFO] [stderr]    Compiling tokio-macros v2.1.0
[INFO] [stderr]    Compiling tracing-attributes v0.1.24
[INFO] [stderr]    Compiling async-stream-impl v0.3.5
[INFO] [stderr]    Compiling thiserror-impl v1.0.40
[INFO] [stderr]     Checking secp256k1 v0.22.2
[INFO] [stderr]    Compiling prost-derive v0.10.1
[INFO] [stderr]    Compiling pin-project-internal v1.0.12
[INFO] [stderr]    Compiling impl-trait-for-tuples v0.2.2
[INFO] [stderr]    Compiling parity-scale-codec-derive v3.1.4
[INFO] [stderr]    Compiling prost-derive v0.11.9
[INFO] [stderr]    Compiling zerocopy-derive v0.3.2
[INFO] [stderr]     Checking async-stream v0.3.5
[INFO] [stderr]    Compiling rust-embed-impl v6.5.0
[INFO] [stderr]     Checking prometheus-manager v0.0.1
[INFO] [stderr]     Checking axum-core v0.2.9
[INFO] [stderr]    Compiling num-derive v0.3.3
[INFO] [stderr]     Checking tracing v0.1.37
[INFO] [stderr]     Checking zerocopy v0.6.1
[INFO] [stderr]     Checking rust-embed v6.6.1
[INFO] [stderr]     Checking pin-project v1.0.12
[INFO] [stderr]     Checking tracing-futures v0.2.5
[INFO] [stderr]     Checking prost v0.11.9
[INFO] [stderr]    Compiling prost v0.10.4
[INFO] [stderr]     Checking bitcoin v0.28.2
[INFO] [stderr]     Checking prost-types v0.10.1
[INFO] [stderr]     Checking tokio-util v0.7.8
[INFO] [stderr]     Checking tokio-io-timeout v1.2.0
[INFO] [stderr]     Checking tokio-stream v0.1.14
[INFO] [stderr]    Compiling tonic-build v0.7.2
[INFO] [stderr]     Checking h2 v0.3.18
[INFO] [stderr]     Checking tower v0.4.13
[INFO] [stderr]    Compiling tonic-reflection v0.4.0
[INFO] [stderr]    Compiling tonic-health v0.6.0
[INFO] [stderr]     Checking tower-http v0.3.5
[INFO] [stderr]     Checking impl-serde v0.3.2
[INFO] [stderr]     Checking parity-scale-codec v3.4.0
[INFO] [stderr]     Checking rfc-manager v0.0.1
[INFO] [stderr]     Checking serde_json v1.0.96
[INFO] [stderr]     Checking serde_yaml v0.8.26
[INFO] [stderr]     Checking big-num-manager v0.0.1
[INFO] [stderr]     Checking ethbloom v0.12.1
[INFO] [stderr]     Checking impl-codec v0.6.0
[INFO] [stderr]     Checking primitive-types v0.11.1
[INFO] [stderr]     Checking ethereum-types v0.13.1
[INFO] [stderr]     Checking hyper v0.14.26
[INFO] [stderr]     Checking hyper-timeout v0.4.1
[INFO] [stderr]     Checking axum v0.5.17
[INFO] [stderr]     Checking tonic v0.7.2
[INFO] [stdout] error[E0308]: arguments to this method are incorrect
[INFO] [stdout]    --> /opt/rustwide/target/debug/build/tonic-health-1a4e85b4e24128b7/out/grpc.health.v1.rs:262:30
[INFO] [stdout]     |
[INFO] [stdout] 262 | ...                   .apply_compression_config(
[INFO] [stdout]     |                        ^^^^^^^^^^^^^^^^^^^^^^^^
[INFO] [stdout] 263 | ...                       accept_compression_encodings,
[INFO] [stdout]     |                           ---------------------------- expected `EnabledCompressionEncodings`, found `()`
[INFO] [stdout] 264 | ...                       send_compression_encodings,
[INFO] [stdout]     |                           -------------------------- expected `EnabledCompressionEncodings`, found `()`
[INFO] [stdout]     |
[INFO] [stdout] note: method defined here
[INFO] [stdout]    --> /opt/rustwide/cargo-home/registry/src/github.com-1ecc6299db9ec823/tonic-0.7.2/src/server/grpc.rs:140:12
[INFO] [stdout]     |
[INFO] [stdout] 140 |     pub fn apply_compression_config(
[INFO] [stdout]     |            ^^^^^^^^^^^^^^^^^^^^^^^^
[INFO] [stdout] 
[INFO] [stdout] 
[INFO] [stdout] error[E0308]: arguments to this method are incorrect
[INFO] [stdout]    --> /opt/rustwide/target/debug/build/tonic-health-1a4e85b4e24128b7/out/grpc.health.v1.rs:301:30
[INFO] [stdout]     |
[INFO] [stdout] 301 | ...                   .apply_compression_config(
[INFO] [stdout]     |                        ^^^^^^^^^^^^^^^^^^^^^^^^
[INFO] [stdout] 302 | ...                       accept_compression_encodings,
[INFO] [stdout]     |                           ---------------------------- expected `EnabledCompressionEncodings`, found `()`
[INFO] [stdout] 303 | ...                       send_compression_encodings,
[INFO] [stdout]     |                           -------------------------- expected `EnabledCompressionEncodings`, found `()`
[INFO] [stdout]     |
[INFO] [stdout] note: method defined here
[INFO] [stdout]    --> /opt/rustwide/cargo-home/registry/src/github.com-1ecc6299db9ec823/tonic-0.7.2/src/server/grpc.rs:140:12
[INFO] [stdout]     |
[INFO] [stdout] 140 |     pub fn apply_compression_config(
[INFO] [stdout]     |            ^^^^^^^^^^^^^^^^^^^^^^^^
[INFO] [stdout] 
[INFO] [stdout] 
[INFO] [stdout] error[E0308]: arguments to this method are incorrect
[INFO] [stdout]    --> /opt/rustwide/target/debug/build/tonic-reflection-8d005ec6c4b0b84b/out/grpc.reflection.v1alpha.rs:336:30
[INFO] [stdout]     |
[INFO] [stdout] 336 | ...                   .apply_compression_config(
[INFO] [stdout]     |                        ^^^^^^^^^^^^^^^^^^^^^^^^
[INFO] [stdout] 337 | ...                       accept_compression_encodings,
[INFO] [stdout]     |                           ---------------------------- expected `EnabledCompressionEncodings`, found `()`
[INFO] [stdout] 338 | ...                       send_compression_encodings,
[INFO] [stdout]     |                           -------------------------- expected `EnabledCompressionEncodings`, found `()`
[INFO] [stdout]     |
[INFO] [stdout] note: method defined here
[INFO] [stdout]    --> /opt/rustwide/cargo-home/registry/src/github.com-1ecc6299db9ec823/tonic-0.7.2/src/server/grpc.rs:140:12
[INFO] [stdout]     |
[INFO] [stdout] 140 |     pub fn apply_compression_config(
[INFO] [stdout]     |            ^^^^^^^^^^^^^^^^^^^^^^^^
[INFO] [stdout] 
[INFO] [stdout] 
[INFO] [stdout] error: aborting due to 2 previous errors
[INFO] [stdout] 
[INFO] [stdout] 
[INFO] [stdout] For more information about this error, try `rustc --explain E0308`.
[INFO] [stdout] 
[INFO] [stderr] error: could not compile `tonic-health` due to 3 previous errors
[INFO] [stderr] warning: build failed, waiting for other jobs to finish...
[INFO] [stdout] error: aborting due to previous error
[INFO] [stdout] 
[INFO] [stdout] 
[INFO] [stdout] For more information about this error, try `rustc --explain E0308`.
[INFO] [stdout] 
[INFO] [stderr] error: could not compile `tonic-reflection` due to 2 previous errors
[INFO] running `Command { std: "docker" "inspect" "b3f9ec87217ed0b4d3181b0105f7c2e158fe3864f70cfba37302a1950e0986c0", kill_on_drop: false }`
[INFO] running `Command { std: "docker" "rm" "-f" "b3f9ec87217ed0b4d3181b0105f7c2e158fe3864f70cfba37302a1950e0986c0", kill_on_drop: false }`
[INFO] [stdout] b3f9ec87217ed0b4d3181b0105f7c2e158fe3864f70cfba37302a1950e0986c0
