[INFO] fetching crate autd3-link-debug 2.3.1...
[INFO] documenting autd3-link-debug-2.3.1 against 1.69.0 for beta-1.70-rustdoc-1
[INFO] extracting crate autd3-link-debug 2.3.1 into /workspace/builds/worker-4-tc1/source
[INFO] validating manifest of crates.io crate autd3-link-debug 2.3.1 on toolchain 1.69.0
[INFO] running `Command { std: CARGO_HOME="/workspace/cargo-home" RUSTUP_HOME="/workspace/rustup-home" "/workspace/cargo-home/bin/cargo" "+1.69.0" "metadata" "--manifest-path" "Cargo.toml" "--no-deps", kill_on_drop: false }`
[INFO] started tweaking crates.io crate autd3-link-debug 2.3.1
[INFO] finished tweaking crates.io crate autd3-link-debug 2.3.1
[INFO] tweaked toml for crates.io crate autd3-link-debug 2.3.1 written to /workspace/builds/worker-4-tc1/source/Cargo.toml
[INFO] running `Command { std: CARGO_HOME="/workspace/cargo-home" RUSTUP_HOME="/workspace/rustup-home" __CARGO_TEST_CHANNEL_OVERRIDE_DO_NOT_USE_THIS="nightly" "/workspace/cargo-home/bin/cargo" "+1.69.0" "generate-lockfile" "--manifest-path" "Cargo.toml" "-Zno-index-update", kill_on_drop: false }`
[INFO] running `Command { std: CARGO_HOME="/workspace/cargo-home" RUSTUP_HOME="/workspace/rustup-home" "/workspace/cargo-home/bin/cargo" "+1.69.0" "fetch" "--manifest-path" "Cargo.toml", kill_on_drop: false }`
[INFO] [stderr]  Downloading crates ...
[INFO] [stderr]   Downloaded simba v0.7.3
[INFO] [stderr]   Downloaded autd3-core v2.8.0
[INFO] [stderr]   Downloaded autd3-driver v2.8.0
[INFO] [stderr]   Downloaded nalgebra v0.31.4
[INFO] [stderr]   Downloaded autd3-firmware-emulator v2.3.1
[INFO] running `Command { std: "docker" "create" "-v" "/var/lib/crater-agent-workspace/builds/worker-4-tc1/target:/opt/rustwide/target:rw,Z" "-v" "/var/lib/crater-agent-workspace/builds/worker-4-tc1/source:/opt/rustwide/workdir:ro,Z" "-v" "/var/lib/crater-agent-workspace/cargo-home:/opt/rustwide/cargo-home:ro,Z" "-v" "/var/lib/crater-agent-workspace/rustup-home:/opt/rustwide/rustup-home:ro,Z" "-e" "SOURCE_DIR=/opt/rustwide/workdir" "-e" "CARGO_TARGET_DIR=/opt/rustwide/target" "-e" "CARGO_HOME=/opt/rustwide/cargo-home" "-e" "RUSTUP_HOME=/opt/rustwide/rustup-home" "-w" "/opt/rustwide/workdir" "-m" "1610612736" "--user" "0:0" "--network" "none" "ghcr.io/rust-lang/crates-build-env/linux@sha256:5ff2268d62e97bff2cde7d5815dd6ed5b47097566f13b8d0ca110b04b60e07ed" "/opt/rustwide/cargo-home/bin/cargo" "+1.69.0" "metadata" "--no-deps" "--format-version=1", kill_on_drop: false }`
[INFO] [stdout] 703ea45ee511c8cfa893784ea9312bc6b9d3eba3649d96039c15f3ce598b0dcb
[INFO] running `Command { std: "docker" "start" "-a" "703ea45ee511c8cfa893784ea9312bc6b9d3eba3649d96039c15f3ce598b0dcb", kill_on_drop: false }`
[INFO] running `Command { std: "docker" "inspect" "703ea45ee511c8cfa893784ea9312bc6b9d3eba3649d96039c15f3ce598b0dcb", kill_on_drop: false }`
[INFO] running `Command { std: "docker" "rm" "-f" "703ea45ee511c8cfa893784ea9312bc6b9d3eba3649d96039c15f3ce598b0dcb", kill_on_drop: false }`
[INFO] [stdout] 703ea45ee511c8cfa893784ea9312bc6b9d3eba3649d96039c15f3ce598b0dcb
[INFO] running `Command { std: "docker" "create" "-v" "/var/lib/crater-agent-workspace/builds/worker-4-tc1/target:/opt/rustwide/target:rw,Z" "-v" "/var/lib/crater-agent-workspace/builds/worker-4-tc1/source:/opt/rustwide/workdir:ro,Z" "-v" "/var/lib/crater-agent-workspace/cargo-home:/opt/rustwide/cargo-home:ro,Z" "-v" "/var/lib/crater-agent-workspace/rustup-home:/opt/rustwide/rustup-home:ro,Z" "-e" "SOURCE_DIR=/opt/rustwide/workdir" "-e" "CARGO_TARGET_DIR=/opt/rustwide/target" "-e" "CARGO_INCREMENTAL=0" "-e" "RUST_BACKTRACE=full" "-e" "RUSTFLAGS=--cap-lints=warn" "-e" "RUSTDOCFLAGS=--cap-lints=warn" "-e" "CARGO_HOME=/opt/rustwide/cargo-home" "-e" "RUSTUP_HOME=/opt/rustwide/rustup-home" "-w" "/opt/rustwide/workdir" "-m" "1610612736" "--user" "0:0" "--network" "none" "ghcr.io/rust-lang/crates-build-env/linux@sha256:5ff2268d62e97bff2cde7d5815dd6ed5b47097566f13b8d0ca110b04b60e07ed" "/opt/rustwide/cargo-home/bin/cargo" "+1.69.0" "doc" "--frozen" "--no-deps" "--document-private-items" "--message-format=json", kill_on_drop: false }`
[INFO] [stdout] 4490d4b21a506fb8fb236449525b5c219cf4a215e838b6ba127502f42ac13c77
[INFO] running `Command { std: "docker" "start" "-a" "4490d4b21a506fb8fb236449525b5c219cf4a215e838b6ba127502f42ac13c77", kill_on_drop: false }`
[INFO] [stderr]    Compiling num-traits v0.2.15
[INFO] [stderr]    Compiling num-rational v0.4.1
[INFO] [stderr]    Compiling num-iter v0.1.43
[INFO] [stderr]    Compiling num-bigint v0.4.3
[INFO] [stderr]     Checking bytemuck v1.13.1
[INFO] [stderr]    Compiling anyhow v1.0.71
[INFO] [stderr]    Compiling syn v1.0.109
[INFO] [stderr]    Compiling matrixmultiply v0.3.5
[INFO] [stderr]     Checking safe_arch v0.6.0
[INFO] [stderr]     Checking rawpointer v0.2.1
[INFO] [stderr]     Checking either v1.8.1
[INFO] [stderr]     Checking wide v0.7.8
[INFO] [stderr]     Checking itertools v0.10.5
[INFO] [stderr]     Checking num-integer v0.1.45
[INFO] [stderr]     Checking num-complex v0.4.3
[INFO] [stderr]     Checking approx v0.5.1
[INFO] [stderr]     Checking simba v0.7.3
[INFO] [stderr]    Compiling nalgebra-macros v0.1.0
[INFO] [stderr]     Checking num v0.4.0
[INFO] [stderr]     Checking autd3-driver v2.8.0
[INFO] [stderr]     Checking autd3-firmware-emulator v2.3.1
[INFO] [stdout] error[E0432]: unresolved import `autd3_driver::NUM_TRANS_IN_UNIT`
[INFO] [stdout]   --> /opt/rustwide/cargo-home/registry/src/github.com-1ecc6299db9ec823/autd3-firmware-emulator-2.3.1/src/cpu/emulator.rs:16:48
[INFO] [stdout]    |
[INFO] [stdout] 16 |     MSG_RD_FPGA_FUNCTION, MSG_RD_FPGA_VERSION, NUM_TRANS_IN_UNIT,
[INFO] [stdout]    |                                                ^^^^^^^^^^^^^^^^^ no `NUM_TRANS_IN_UNIT` in the root
[INFO] [stdout] 
[INFO] [stdout] 
[INFO] [stdout] error[E0432]: unresolved import `autd3_driver::NUM_TRANS_IN_UNIT`
[INFO] [stdout]   --> /opt/rustwide/cargo-home/registry/src/github.com-1ecc6299db9ec823/autd3-firmware-emulator-2.3.1/src/fpga/emulator.rs:16:33
[INFO] [stdout]    |
[INFO] [stdout] 16 | use autd3_driver::{Duty, Phase, NUM_TRANS_IN_UNIT};
[INFO] [stdout]    |                                 ^^^^^^^^^^^^^^^^^ no `NUM_TRANS_IN_UNIT` in the root
[INFO] [stdout] 
[INFO] [stdout] 
[INFO] [stdout] error[E0107]: missing generics for struct `Body`
[INFO] [stdout]    --> /opt/rustwide/cargo-home/registry/src/github.com-1ecc6299db9ec823/autd3-firmware-emulator-2.3.1/src/cpu/emulator.rs:62:58
[INFO] [stdout]     |
[INFO] [stdout] 62  |     pub fn send(&mut self, header: &GlobalHeader, body: &Body) {
[INFO] [stdout]     |                                                          ^^^^ expected 1 generic argument
[INFO] [stdout]     |
[INFO] [stdout] note: struct defined here, with 1 generic parameter: `T`
[INFO] [stdout]    --> /opt/rustwide/cargo-home/registry/src/github.com-1ecc6299db9ec823/autd3-driver-2.8.0/src/cpu/body.rs:235:12
[INFO] [stdout]     |
[INFO] [stdout] 235 | pub struct Body<T: ?Sized> {
[INFO] [stdout]     |            ^^^^ -
[INFO] [stdout] help: add missing generic argument
[INFO] [stdout]     |
[INFO] [stdout] 62  |     pub fn send(&mut self, header: &GlobalHeader, body: &Body<T>) {
[INFO] [stdout]     |                                                              +++
[INFO] [stdout] 
[INFO] [stdout] 
[INFO] [stdout] error[E0107]: missing generics for struct `Body`
[INFO] [stdout]    --> /opt/rustwide/cargo-home/registry/src/github.com-1ecc6299db9ec823/autd3-firmware-emulator-2.3.1/src/cpu/emulator.rs:106:38
[INFO] [stdout]     |
[INFO] [stdout] 106 |     fn synchronize(&mut self, body: &Body) {
[INFO] [stdout]     |                                      ^^^^ expected 1 generic argument
[INFO] [stdout]     |
[INFO] [stdout] note: struct defined here, with 1 generic parameter: `T`
[INFO] [stdout]    --> /opt/rustwide/cargo-home/registry/src/github.com-1ecc6299db9ec823/autd3-driver-2.8.0/src/cpu/body.rs:235:12
[INFO] [stdout]     |
[INFO] [stdout] 235 | pub struct Body<T: ?Sized> {
[INFO] [stdout]     |            ^^^^ -
[INFO] [stdout] help: add missing generic argument
[INFO] [stdout]     |
[INFO] [stdout] 106 |     fn synchronize(&mut self, body: &Body<T>) {
[INFO] [stdout]     |                                          +++
[INFO] [stdout] 
[INFO] [stdout] 
[INFO] [stdout] error[E0107]: missing generics for struct `Body`
[INFO] [stdout]    --> /opt/rustwide/cargo-home/registry/src/github.com-1ecc6299db9ec823/autd3-firmware-emulator-2.3.1/src/cpu/emulator.rs:190:40
[INFO] [stdout]     |
[INFO] [stdout] 190 |     fn set_mod_delay(&mut self, body: &Body) {
[INFO] [stdout]     |                                        ^^^^ expected 1 generic argument
[INFO] [stdout]     |
[INFO] [stdout] note: struct defined here, with 1 generic parameter: `T`
[INFO] [stdout]    --> /opt/rustwide/cargo-home/registry/src/github.com-1ecc6299db9ec823/autd3-driver-2.8.0/src/cpu/body.rs:235:12
[INFO] [stdout]     |
[INFO] [stdout] 235 | pub struct Body<T: ?Sized> {
[INFO] [stdout]     |            ^^^^ -
[INFO] [stdout] help: add missing generic argument
[INFO] [stdout]     |
[INFO] [stdout] 190 |     fn set_mod_delay(&mut self, body: &Body<T>) {
[INFO] [stdout]     |                                            +++
[INFO] [stdout] 
[INFO] [stdout] 
[INFO] [stdout] error[E0107]: missing generics for struct `Body`
[INFO] [stdout]    --> /opt/rustwide/cargo-home/registry/src/github.com-1ecc6299db9ec823/autd3-firmware-emulator-2.3.1/src/cpu/emulator.rs:199:65
[INFO] [stdout]     |
[INFO] [stdout] 199 |     fn write_normal_op(&mut self, header: &GlobalHeader, body: &Body) {
[INFO] [stdout]     |                                                                 ^^^^ expected 1 generic argument
[INFO] [stdout]     |
[INFO] [stdout] note: struct defined here, with 1 generic parameter: `T`
[INFO] [stdout]    --> /opt/rustwide/cargo-home/registry/src/github.com-1ecc6299db9ec823/autd3-driver-2.8.0/src/cpu/body.rs:235:12
[INFO] [stdout]     |
[INFO] [stdout] 235 | pub struct Body<T: ?Sized> {
[INFO] [stdout]     |            ^^^^ -
[INFO] [stdout] help: add missing generic argument
[INFO] [stdout]     |
[INFO] [stdout] 199 |     fn write_normal_op(&mut self, header: &GlobalHeader, body: &Body<T>) {
[INFO] [stdout]     |                                                                     +++
[INFO] [stdout] 
[INFO] [stdout] 
[INFO] [stdout] error[E0107]: missing generics for struct `Body`
[INFO] [stdout]    --> /opt/rustwide/cargo-home/registry/src/github.com-1ecc6299db9ec823/autd3-firmware-emulator-2.3.1/src/cpu/emulator.rs:213:65
[INFO] [stdout]     |
[INFO] [stdout] 213 |     fn write_point_stm(&mut self, header: &GlobalHeader, body: &Body) {
[INFO] [stdout]     |                                                                 ^^^^ expected 1 generic argument
[INFO] [stdout]     |
[INFO] [stdout] note: struct defined here, with 1 generic parameter: `T`
[INFO] [stdout]    --> /opt/rustwide/cargo-home/registry/src/github.com-1ecc6299db9ec823/autd3-driver-2.8.0/src/cpu/body.rs:235:12
[INFO] [stdout]     |
[INFO] [stdout] 235 | pub struct Body<T: ?Sized> {
[INFO] [stdout]     |            ^^^^ -
[INFO] [stdout] help: add missing generic argument
[INFO] [stdout]     |
[INFO] [stdout] 213 |     fn write_point_stm(&mut self, header: &GlobalHeader, body: &Body<T>) {
[INFO] [stdout]     |                                                                     +++
[INFO] [stdout] 
[INFO] [stdout] 
[INFO] [stdout] error[E0107]: missing generics for struct `Body`
[INFO] [stdout]    --> /opt/rustwide/cargo-home/registry/src/github.com-1ecc6299db9ec823/autd3-firmware-emulator-2.3.1/src/cpu/emulator.rs:319:64
[INFO] [stdout]     |
[INFO] [stdout] 319 |     fn write_gain_stm(&mut self, header: &GlobalHeader, body: &Body) {
[INFO] [stdout]     |                                                                ^^^^ expected 1 generic argument
[INFO] [stdout]     |
[INFO] [stdout] note: struct defined here, with 1 generic parameter: `T`
[INFO] [stdout]    --> /opt/rustwide/cargo-home/registry/src/github.com-1ecc6299db9ec823/autd3-driver-2.8.0/src/cpu/body.rs:235:12
[INFO] [stdout]     |
[INFO] [stdout] 235 | pub struct Body<T: ?Sized> {
[INFO] [stdout]     |            ^^^^ -
[INFO] [stdout] help: add missing generic argument
[INFO] [stdout]     |
[INFO] [stdout] 319 |     fn write_gain_stm(&mut self, header: &GlobalHeader, body: &Body<T>) {
[INFO] [stdout]     |                                                                    +++
[INFO] [stdout] 
[INFO] [stdout] 
[INFO] [stdout] error[E0107]: missing generics for struct `Body`
[INFO] [stdout]    --> /opt/rustwide/cargo-home/registry/src/github.com-1ecc6299db9ec823/autd3-firmware-emulator-2.3.1/src/cpu/emulator.rs:502:59
[INFO] [stdout]     |
[INFO] [stdout] 502 |     fn ecat_recv(&mut self, header: &GlobalHeader, body: &Body) {
[INFO] [stdout]     |                                                           ^^^^ expected 1 generic argument
[INFO] [stdout]     |
[INFO] [stdout] note: struct defined here, with 1 generic parameter: `T`
[INFO] [stdout]    --> /opt/rustwide/cargo-home/registry/src/github.com-1ecc6299db9ec823/autd3-driver-2.8.0/src/cpu/body.rs:235:12
[INFO] [stdout]     |
[INFO] [stdout] 235 | pub struct Body<T: ?Sized> {
[INFO] [stdout]     |            ^^^^ -
[INFO] [stdout] help: add missing generic argument
[INFO] [stdout]     |
[INFO] [stdout] 502 |     fn ecat_recv(&mut self, header: &GlobalHeader, body: &Body<T>) {
[INFO] [stdout]     |                                                               +++
[INFO] [stdout] 
[INFO] [stdout] 
[INFO] [stdout] error: aborting due to 9 previous errors
[INFO] [stdout] 
[INFO] [stdout] 
[INFO] [stdout] Some errors have detailed explanations: E0107, E0432.
[INFO] [stdout] 
[INFO] [stdout] For more information about an error, try `rustc --explain E0107`.
[INFO] [stdout] 
[INFO] [stderr] error: could not compile `autd3-firmware-emulator` due to 10 previous errors
[INFO] [stderr] warning: build failed, waiting for other jobs to finish...
[INFO] running `Command { std: "docker" "inspect" "4490d4b21a506fb8fb236449525b5c219cf4a215e838b6ba127502f42ac13c77", kill_on_drop: false }`
[INFO] running `Command { std: "docker" "rm" "-f" "4490d4b21a506fb8fb236449525b5c219cf4a215e838b6ba127502f42ac13c77", kill_on_drop: false }`
[INFO] [stdout] 4490d4b21a506fb8fb236449525b5c219cf4a215e838b6ba127502f42ac13c77
