[INFO] fetching crate aspiesolutions_forms 0.1.12...
[INFO] documenting aspiesolutions_forms-0.1.12 against 1.69.0 for beta-1.70-rustdoc-1
[INFO] extracting crate aspiesolutions_forms 0.1.12 into /workspace/builds/worker-0-tc1/source
[INFO] validating manifest of crates.io crate aspiesolutions_forms 0.1.12 on toolchain 1.69.0
[INFO] running `Command { std: CARGO_HOME="/workspace/cargo-home" RUSTUP_HOME="/workspace/rustup-home" "/workspace/cargo-home/bin/cargo" "+1.69.0" "metadata" "--manifest-path" "Cargo.toml" "--no-deps", kill_on_drop: false }`
[INFO] started tweaking crates.io crate aspiesolutions_forms 0.1.12
[INFO] finished tweaking crates.io crate aspiesolutions_forms 0.1.12
[INFO] tweaked toml for crates.io crate aspiesolutions_forms 0.1.12 written to /workspace/builds/worker-0-tc1/source/Cargo.toml
[INFO] running `Command { std: CARGO_HOME="/workspace/cargo-home" RUSTUP_HOME="/workspace/rustup-home" __CARGO_TEST_CHANNEL_OVERRIDE_DO_NOT_USE_THIS="nightly" "/workspace/cargo-home/bin/cargo" "+1.69.0" "generate-lockfile" "--manifest-path" "Cargo.toml" "-Zno-index-update", kill_on_drop: false }`
[INFO] running `Command { std: CARGO_HOME="/workspace/cargo-home" RUSTUP_HOME="/workspace/rustup-home" "/workspace/cargo-home/bin/cargo" "+1.69.0" "fetch" "--manifest-path" "Cargo.toml", kill_on_drop: false }`
[INFO] [stderr]  Downloading crates ...
[INFO] [stderr]   Downloaded ubyte v0.10.3
[INFO] [stderr]   Downloaded devise_core v0.4.1
[INFO] [stderr]   Downloaded figment v0.10.8
[INFO] [stderr]   Downloaded atomic v0.5.1
[INFO] [stderr]   Downloaded binascii v0.1.4
[INFO] [stderr]   Downloaded simdutf8 v0.1.4
[INFO] [stderr]   Downloaded borsh-schema-derive-internal v0.10.3
[INFO] [stderr]   Downloaded borsh-derive-internal v0.10.3
[INFO] [stderr]   Downloaded nu-ansi-term v0.46.0
[INFO] [stderr]   Downloaded ptr_meta_derive v0.1.4
[INFO] [stderr]   Downloaded devise v0.4.1
[INFO] [stderr]   Downloaded overload v0.1.1
[INFO] [stderr]   Downloaded rkyv_derive v0.7.41
[INFO] [stderr]   Downloaded borsh v0.10.3
[INFO] [stderr]   Downloaded bytecheck_derive v0.6.10
[INFO] [stderr]   Downloaded stable-pattern v0.1.0
[INFO] [stderr]   Downloaded is-terminal v0.4.7
[INFO] [stderr]   Downloaded rust_decimal v1.29.1
[INFO] [stderr]   Downloaded ptr_meta v0.1.4
[INFO] [stderr]   Downloaded borsh-derive v0.10.3
[INFO] [stderr]   Downloaded bytecheck v0.6.10
[INFO] [stderr]   Downloaded matchers v0.1.0
[INFO] [stderr]   Downloaded devise_codegen v0.4.1
[INFO] [stderr]   Downloaded seahash v4.1.0
[INFO] [stderr]   Downloaded multer v2.1.0
[INFO] [stderr]   Downloaded bitflags v2.2.1
[INFO] [stderr]   Downloaded rocket_http v0.5.0-rc.3
[INFO] [stderr]   Downloaded ref-cast-impl v1.0.16
[INFO] [stderr]   Downloaded pear_codegen v0.2.4
[INFO] [stderr]   Downloaded cookie v0.17.0
[INFO] [stderr]   Downloaded rend v0.4.0
[INFO] [stderr]   Downloaded uncased v0.9.7
[INFO] [stderr]   Downloaded pear v0.2.4
[INFO] [stderr]   Downloaded ref-cast v1.0.16
[INFO] [stderr]   Downloaded tracing-log v0.1.3
[INFO] [stderr]   Downloaded inlinable_string v0.1.15
[INFO] [stderr]   Downloaded proc-macro2-diagnostics v0.10.0
[INFO] [stderr]   Downloaded generator v0.7.4
[INFO] [stderr]   Downloaded spin v0.9.8
[INFO] [stderr]   Downloaded state v0.5.3
[INFO] [stderr]   Downloaded loom v0.5.6
[INFO] [stderr]   Downloaded rkyv v0.7.41
[INFO] [stderr]   Downloaded rocket_codegen v0.5.0-rc.3
[INFO] [stderr]   Downloaded rocket v0.5.0-rc.3
[INFO] [stderr]   Downloaded regex-syntax v0.6.29
[INFO] [stderr]   Downloaded tracing-subscriber v0.3.17
[INFO] [stderr]   Downloaded aspiesolutions_entity v0.2.22
[INFO] running `Command { std: "docker" "create" "-v" "/var/lib/crater-agent-workspace/builds/worker-0-tc1/target:/opt/rustwide/target:rw,Z" "-v" "/var/lib/crater-agent-workspace/builds/worker-0-tc1/source:/opt/rustwide/workdir:ro,Z" "-v" "/var/lib/crater-agent-workspace/cargo-home:/opt/rustwide/cargo-home:ro,Z" "-v" "/var/lib/crater-agent-workspace/rustup-home:/opt/rustwide/rustup-home:ro,Z" "-e" "SOURCE_DIR=/opt/rustwide/workdir" "-e" "CARGO_TARGET_DIR=/opt/rustwide/target" "-e" "CARGO_HOME=/opt/rustwide/cargo-home" "-e" "RUSTUP_HOME=/opt/rustwide/rustup-home" "-w" "/opt/rustwide/workdir" "-m" "1610612736" "--user" "0:0" "--network" "none" "ghcr.io/rust-lang/crates-build-env/linux@sha256:5ff2268d62e97bff2cde7d5815dd6ed5b47097566f13b8d0ca110b04b60e07ed" "/opt/rustwide/cargo-home/bin/cargo" "+1.69.0" "metadata" "--no-deps" "--format-version=1", kill_on_drop: false }`
[INFO] [stdout] b34120fc21e4cd8088cac57905f816b72a6abf22c4b4f66e4dd97ff7ddbec056
[INFO] running `Command { std: "docker" "start" "-a" "b34120fc21e4cd8088cac57905f816b72a6abf22c4b4f66e4dd97ff7ddbec056", kill_on_drop: false }`
[INFO] running `Command { std: "docker" "inspect" "b34120fc21e4cd8088cac57905f816b72a6abf22c4b4f66e4dd97ff7ddbec056", kill_on_drop: false }`
[INFO] running `Command { std: "docker" "rm" "-f" "b34120fc21e4cd8088cac57905f816b72a6abf22c4b4f66e4dd97ff7ddbec056", kill_on_drop: false }`
[INFO] [stdout] b34120fc21e4cd8088cac57905f816b72a6abf22c4b4f66e4dd97ff7ddbec056
[INFO] running `Command { std: "docker" "create" "-v" "/var/lib/crater-agent-workspace/builds/worker-0-tc1/target:/opt/rustwide/target:rw,Z" "-v" "/var/lib/crater-agent-workspace/builds/worker-0-tc1/source:/opt/rustwide/workdir:ro,Z" "-v" "/var/lib/crater-agent-workspace/cargo-home:/opt/rustwide/cargo-home:ro,Z" "-v" "/var/lib/crater-agent-workspace/rustup-home:/opt/rustwide/rustup-home:ro,Z" "-e" "SOURCE_DIR=/opt/rustwide/workdir" "-e" "CARGO_TARGET_DIR=/opt/rustwide/target" "-e" "CARGO_INCREMENTAL=0" "-e" "RUST_BACKTRACE=full" "-e" "RUSTFLAGS=--cap-lints=warn" "-e" "RUSTDOCFLAGS=--cap-lints=warn" "-e" "CARGO_HOME=/opt/rustwide/cargo-home" "-e" "RUSTUP_HOME=/opt/rustwide/rustup-home" "-w" "/opt/rustwide/workdir" "-m" "1610612736" "--user" "0:0" "--network" "none" "ghcr.io/rust-lang/crates-build-env/linux@sha256:5ff2268d62e97bff2cde7d5815dd6ed5b47097566f13b8d0ca110b04b60e07ed" "/opt/rustwide/cargo-home/bin/cargo" "+1.69.0" "doc" "--frozen" "--no-deps" "--document-private-items" "--message-format=json", kill_on_drop: false }`
[INFO] [stdout] f75eb3a8e5da36d2e4c63116394ebe76e2319a516faef79c3b7b443f0aae90ae
[INFO] running `Command { std: "docker" "start" "-a" "f75eb3a8e5da36d2e4c63116394ebe76e2319a516faef79c3b7b443f0aae90ae", kill_on_drop: false }`
[INFO] [stderr]    Compiling proc-macro2 v1.0.56
[INFO] [stderr]    Compiling unicode-ident v1.0.8
[INFO] [stderr]    Compiling quote v1.0.26
[INFO] [stderr]    Compiling autocfg v1.1.0
[INFO] [stderr]    Compiling serde_derive v1.0.160
[INFO] [stderr]    Compiling libc v0.2.142
[INFO] [stderr]    Compiling serde v1.0.160
[INFO] [stderr]    Compiling thiserror v1.0.40
[INFO] [stderr]    Compiling rust_decimal v1.29.1
[INFO] [stderr]     Checking arrayvec v0.7.2
[INFO] [stderr]     Checking iana-time-zone v0.1.56
[INFO] [stderr]    Compiling num-traits v0.2.15
[INFO] [stderr]    Compiling num-integer v0.1.45
[INFO] [stderr]     Checking time v0.1.45
[INFO] [stderr]    Compiling syn v2.0.15
[INFO] [stderr]    Compiling thiserror-impl v1.0.40
[INFO] [stderr]     Checking chrono v0.4.24
[INFO] [stderr]     Checking aspiesolutions_entity v0.2.22
[INFO] [stdout] error[E0405]: cannot find trait `Related` in this scope
[INFO] [stdout]   --> /opt/rustwide/cargo-home/registry/src/github.com-1ecc6299db9ec823/aspiesolutions_entity-0.2.22/src/user_passwords.rs:23:6
[INFO] [stdout]    |
[INFO] [stdout] 23 | impl Related<crate::user::Entity> for self::Entity {
[INFO] [stdout]    |      ^^^^^^^ not found in this scope
[INFO] [stdout] 
[INFO] [stdout] 
[INFO] [stdout] error[E0412]: cannot find type `Entity` in module `crate::user`
[INFO] [stdout]   --> /opt/rustwide/cargo-home/registry/src/github.com-1ecc6299db9ec823/aspiesolutions_entity-0.2.22/src/user_passwords.rs:23:27
[INFO] [stdout]    |
[INFO] [stdout] 23 | impl Related<crate::user::Entity> for self::Entity {
[INFO] [stdout]    |                           ^^^^^^ not found in `crate::user`
[INFO] [stdout] 
[INFO] [stdout] 
[INFO] [stdout] error[E0412]: cannot find type `Entity` in module `self`
[INFO] [stdout]   --> /opt/rustwide/cargo-home/registry/src/github.com-1ecc6299db9ec823/aspiesolutions_entity-0.2.22/src/user_passwords.rs:23:45
[INFO] [stdout]    |
[INFO] [stdout] 23 | impl Related<crate::user::Entity> for self::Entity {
[INFO] [stdout]    |                                             ^^^^^^ not found in `self`
[INFO] [stdout] 
[INFO] [stdout] 
[INFO] [stdout] error[E0412]: cannot find type `RelationDef` in this scope
[INFO] [stdout]   --> /opt/rustwide/cargo-home/registry/src/github.com-1ecc6299db9ec823/aspiesolutions_entity-0.2.22/src/user_passwords.rs:24:16
[INFO] [stdout]    |
[INFO] [stdout] 17 | pub enum Relation {
[INFO] [stdout]    | ----------------- similarly named enum `Relation` defined here
[INFO] [stdout] ...
[INFO] [stdout] 24 |     fn to() -> RelationDef {
[INFO] [stdout]    |                ^^^^^^^^^^^ help: an enum with a similar name exists: `Relation`
[INFO] [stdout] 
[INFO] [stdout] 
[INFO] [stdout] error[E0405]: cannot find trait `ActiveModelBehavior` in this scope
[INFO] [stdout]   --> /opt/rustwide/cargo-home/registry/src/github.com-1ecc6299db9ec823/aspiesolutions_entity-0.2.22/src/user_passwords.rs:30:6
[INFO] [stdout]    |
[INFO] [stdout] 30 | impl ActiveModelBehavior for ActiveModel {}
[INFO] [stdout]    |      ^^^^^^^^^^^^^^^^^^^ not found in this scope
[INFO] [stdout] 
[INFO] [stdout] 
[INFO] [stdout] error[E0412]: cannot find type `ActiveModel` in this scope
[INFO] [stdout]   --> /opt/rustwide/cargo-home/registry/src/github.com-1ecc6299db9ec823/aspiesolutions_entity-0.2.22/src/user_passwords.rs:30:30
[INFO] [stdout]    |
[INFO] [stdout] 30 | impl ActiveModelBehavior for ActiveModel {}
[INFO] [stdout]    |                              ^^^^^^^^^^^ not found in this scope
[INFO] [stdout] 
[INFO] [stdout] 
[INFO] [stdout] error: aborting due to 6 previous errors
[INFO] [stdout] 
[INFO] [stdout] 
[INFO] [stdout] Some errors have detailed explanations: E0405, E0412.
[INFO] [stdout] 
[INFO] [stdout] For more information about an error, try `rustc --explain E0405`.
[INFO] [stdout] 
[INFO] [stderr] error: could not compile `aspiesolutions_entity` due to 7 previous errors
[INFO] running `Command { std: "docker" "inspect" "f75eb3a8e5da36d2e4c63116394ebe76e2319a516faef79c3b7b443f0aae90ae", kill_on_drop: false }`
[INFO] running `Command { std: "docker" "rm" "-f" "f75eb3a8e5da36d2e4c63116394ebe76e2319a516faef79c3b7b443f0aae90ae", kill_on_drop: false }`
[INFO] [stdout] f75eb3a8e5da36d2e4c63116394ebe76e2319a516faef79c3b7b443f0aae90ae
