[INFO] fetching crate armv6k 1.0.0...
[INFO] documenting armv6k-1.0.0 against 1.69.0 for beta-1.70-rustdoc-1
[INFO] extracting crate armv6k 1.0.0 into /workspace/builds/worker-7-tc1/source
[INFO] validating manifest of crates.io crate armv6k 1.0.0 on toolchain 1.69.0
[INFO] running `Command { std: CARGO_HOME="/workspace/cargo-home" RUSTUP_HOME="/workspace/rustup-home" "/workspace/cargo-home/bin/cargo" "+1.69.0" "metadata" "--manifest-path" "Cargo.toml" "--no-deps", kill_on_drop: false }`
[INFO] started tweaking crates.io crate armv6k 1.0.0
[INFO] finished tweaking crates.io crate armv6k 1.0.0
[INFO] tweaked toml for crates.io crate armv6k 1.0.0 written to /workspace/builds/worker-7-tc1/source/Cargo.toml
[INFO] running `Command { std: CARGO_HOME="/workspace/cargo-home" RUSTUP_HOME="/workspace/rustup-home" __CARGO_TEST_CHANNEL_OVERRIDE_DO_NOT_USE_THIS="nightly" "/workspace/cargo-home/bin/cargo" "+1.69.0" "generate-lockfile" "--manifest-path" "Cargo.toml" "-Zno-index-update", kill_on_drop: false }`
[INFO] running `Command { std: CARGO_HOME="/workspace/cargo-home" RUSTUP_HOME="/workspace/rustup-home" "/workspace/cargo-home/bin/cargo" "+1.69.0" "fetch" "--manifest-path" "Cargo.toml", kill_on_drop: false }`
[INFO] [stderr] warning: only one of `license` or `license-file` is necessary
[INFO] [stderr] `license` should be used if the package license can be expressed with a standard SPDX expression.
[INFO] [stderr] `license-file` should be used if the package uses a non-standard license.
[INFO] [stderr] See https://doc.rust-lang.org/cargo/reference/manifest.html#the-license-and-license-file-fields for more information.
[INFO] [stderr]  Downloading crates ...
[INFO] [stderr]   Downloaded cmake v0.1.50
[INFO] running `Command { std: "docker" "create" "-v" "/var/lib/crater-agent-workspace/builds/worker-7-tc1/target:/opt/rustwide/target:rw,Z" "-v" "/var/lib/crater-agent-workspace/builds/worker-7-tc1/source:/opt/rustwide/workdir:ro,Z" "-v" "/var/lib/crater-agent-workspace/cargo-home:/opt/rustwide/cargo-home:ro,Z" "-v" "/var/lib/crater-agent-workspace/rustup-home:/opt/rustwide/rustup-home:ro,Z" "-e" "SOURCE_DIR=/opt/rustwide/workdir" "-e" "CARGO_TARGET_DIR=/opt/rustwide/target" "-e" "CARGO_HOME=/opt/rustwide/cargo-home" "-e" "RUSTUP_HOME=/opt/rustwide/rustup-home" "-w" "/opt/rustwide/workdir" "-m" "1610612736" "--user" "0:0" "--network" "none" "ghcr.io/rust-lang/crates-build-env/linux@sha256:5ff2268d62e97bff2cde7d5815dd6ed5b47097566f13b8d0ca110b04b60e07ed" "/opt/rustwide/cargo-home/bin/cargo" "+1.69.0" "metadata" "--no-deps" "--format-version=1", kill_on_drop: false }`
[INFO] [stdout] accfddbdf7b1ba04330b855dba5f2c01ec3ef92c189a69df3748fac4df77e280
[INFO] running `Command { std: "docker" "start" "-a" "accfddbdf7b1ba04330b855dba5f2c01ec3ef92c189a69df3748fac4df77e280", kill_on_drop: false }`
[INFO] running `Command { std: "docker" "inspect" "accfddbdf7b1ba04330b855dba5f2c01ec3ef92c189a69df3748fac4df77e280", kill_on_drop: false }`
[INFO] running `Command { std: "docker" "rm" "-f" "accfddbdf7b1ba04330b855dba5f2c01ec3ef92c189a69df3748fac4df77e280", kill_on_drop: false }`
[INFO] [stdout] accfddbdf7b1ba04330b855dba5f2c01ec3ef92c189a69df3748fac4df77e280
[INFO] running `Command { std: "docker" "create" "-v" "/var/lib/crater-agent-workspace/builds/worker-7-tc1/target:/opt/rustwide/target:rw,Z" "-v" "/var/lib/crater-agent-workspace/builds/worker-7-tc1/source:/opt/rustwide/workdir:ro,Z" "-v" "/var/lib/crater-agent-workspace/cargo-home:/opt/rustwide/cargo-home:ro,Z" "-v" "/var/lib/crater-agent-workspace/rustup-home:/opt/rustwide/rustup-home:ro,Z" "-e" "SOURCE_DIR=/opt/rustwide/workdir" "-e" "CARGO_TARGET_DIR=/opt/rustwide/target" "-e" "CARGO_INCREMENTAL=0" "-e" "RUST_BACKTRACE=full" "-e" "RUSTFLAGS=--cap-lints=warn" "-e" "RUSTDOCFLAGS=--cap-lints=warn" "-e" "CARGO_HOME=/opt/rustwide/cargo-home" "-e" "RUSTUP_HOME=/opt/rustwide/rustup-home" "-w" "/opt/rustwide/workdir" "-m" "1610612736" "--user" "0:0" "--network" "none" "ghcr.io/rust-lang/crates-build-env/linux@sha256:5ff2268d62e97bff2cde7d5815dd6ed5b47097566f13b8d0ca110b04b60e07ed" "/opt/rustwide/cargo-home/bin/cargo" "+1.69.0" "doc" "--frozen" "--no-deps" "--document-private-items" "--message-format=json", kill_on_drop: false }`
[INFO] [stdout] 1af2324e2a054943a4e9d857531388f9cffc86687323ad20f151ca1fec28c357
[INFO] running `Command { std: "docker" "start" "-a" "1af2324e2a054943a4e9d857531388f9cffc86687323ad20f151ca1fec28c357", kill_on_drop: false }`
[INFO] [stderr] warning: only one of `license` or `license-file` is necessary
[INFO] [stderr] `license` should be used if the package license can be expressed with a standard SPDX expression.
[INFO] [stderr] `license-file` should be used if the package uses a non-standard license.
[INFO] [stderr] See https://doc.rust-lang.org/cargo/reference/manifest.html#the-license-and-license-file-fields for more information.
[INFO] [stderr]    Compiling cmake v0.1.50
[INFO] [stderr]    Compiling armv6k v1.0.0 (/opt/rustwide/workdir)
[INFO] [stderr] error: failed to run custom build command for `armv6k v1.0.0 (/opt/rustwide/workdir)`
[INFO] [stderr] note: To improve backtraces for build dependencies, set the CARGO_PROFILE_DEV_BUILD_OVERRIDE_DEBUG=true environment variable to enable debug information generation.
[INFO] [stderr] 
[INFO] [stderr] Caused by:
[INFO] [stderr]   process didn't exit successfully: `/opt/rustwide/target/debug/build/armv6k-07cf576209489305/build-script-build` (exit status: 101)
[INFO] [stderr]   --- stdout
[INFO] [stderr]   CMAKE_TOOLCHAIN_FILE_x86_64-unknown-linux-gnu = None
[INFO] [stderr]   CMAKE_TOOLCHAIN_FILE_x86_64_unknown_linux_gnu = None
[INFO] [stderr]   HOST_CMAKE_TOOLCHAIN_FILE = None
[INFO] [stderr]   CMAKE_TOOLCHAIN_FILE = None
[INFO] [stderr]   CMAKE_GENERATOR_x86_64-unknown-linux-gnu = None
[INFO] [stderr]   CMAKE_GENERATOR_x86_64_unknown_linux_gnu = None
[INFO] [stderr]   HOST_CMAKE_GENERATOR = None
[INFO] [stderr]   CMAKE_GENERATOR = None
[INFO] [stderr]   CMAKE_PREFIX_PATH_x86_64-unknown-linux-gnu = None
[INFO] [stderr]   CMAKE_PREFIX_PATH_x86_64_unknown_linux_gnu = None
[INFO] [stderr]   HOST_CMAKE_PREFIX_PATH = None
[INFO] [stderr]   CMAKE_PREFIX_PATH = None
[INFO] [stderr]   CMAKE_x86_64-unknown-linux-gnu = None
[INFO] [stderr]   CMAKE_x86_64_unknown_linux_gnu = None
[INFO] [stderr]   HOST_CMAKE = None
[INFO] [stderr]   CMAKE = None
[INFO] [stderr]   running: cd "/opt/rustwide/target/debug/build/armv6k-0c6544e273e8360c/out/build" && CMAKE_PREFIX_PATH="" "cmake" "/opt/rustwide/workdir/." "-DCMAKE_INSTALL_PREFIX=/opt/rustwide/target/debug/build/armv6k-0c6544e273e8360c/out" "-DCMAKE_C_FLAGS= -ffunction-sections -fdata-sections -fPIC -m64" "-DCMAKE_C_COMPILER=/usr/bin/cc" "-DCMAKE_CXX_FLAGS= -ffunction-sections -fdata-sections -fPIC -m64" "-DCMAKE_CXX_COMPILER=/usr/bin/c++" "-DCMAKE_ASM_FLAGS= -ffunction-sections -fdata-sections -fPIC -m64" "-DCMAKE_ASM_COMPILER=/usr/bin/cc" "-DCMAKE_BUILD_TYPE=Debug"
[INFO] [stderr]   -- The C compiler identification is GNU 11.3.0
[INFO] [stderr]   -- The CXX compiler identification is GNU 11.3.0
[INFO] [stderr]   -- Detecting C compiler ABI info
[INFO] [stderr]   -- Detecting C compiler ABI info - done
[INFO] [stderr]   -- Check for working C compiler: /usr/bin/cc - skipped
[INFO] [stderr]   -- Detecting C compile features
[INFO] [stderr]   -- Detecting C compile features - done
[INFO] [stderr]   -- Detecting CXX compiler ABI info
[INFO] [stderr]   -- Detecting CXX compiler ABI info - done
[INFO] [stderr]   -- Check for working CXX compiler: /usr/bin/c++ - skipped
[INFO] [stderr]   -- Detecting CXX compile features
[INFO] [stderr]   -- Detecting CXX compile features - done
[INFO] [stderr]   -- Target architecture: x86_64
[INFO] [stderr]   -- Found Boost: /usr/lib/x86_64-linux-gnu/cmake/Boost-1.74.0/BoostConfig.cmake (found suitable version "1.74.0", minimum required is "1.57.0")  
[INFO] [stderr]   -- Version: 5.2.1
[INFO] [stderr]   -- Build type: Debug
[INFO] [stderr]   -- CXX_STANDARD: 17
[INFO] [stderr]   -- Performing Test has_std_17_flag
[INFO] [stderr]   -- Performing Test has_std_17_flag - Success
[INFO] [stderr]   -- Performing Test has_std_1z_flag
[INFO] [stderr]   -- Performing Test has_std_1z_flag - Success
[INFO] [stderr]   -- Performing Test SUPPORTS_VARIADIC_TEMPLATES
[INFO] [stderr]   -- Performing Test SUPPORTS_VARIADIC_TEMPLATES - Success
[INFO] [stderr]   -- Performing Test SUPPORTS_INITIALIZER_LIST
[INFO] [stderr]   -- Performing Test SUPPORTS_INITIALIZER_LIST - Success
[INFO] [stderr]   -- Performing Test SUPPORTS_ENUM_BASE
[INFO] [stderr]   -- Performing Test SUPPORTS_ENUM_BASE - Success
[INFO] [stderr]   -- Performing Test SUPPORTS_TYPE_TRAITS
[INFO] [stderr]   -- Performing Test SUPPORTS_TYPE_TRAITS - Success
[INFO] [stderr]   -- Performing Test SUPPORTS_USER_DEFINED_LITERALS
[INFO] [stderr]   -- Performing Test SUPPORTS_USER_DEFINED_LITERALS - Success
[INFO] [stderr]   -- Looking for open
[INFO] [stderr]   -- Looking for open - found
[INFO] [stderr]   -- Configuring done
[INFO] [stderr]   -- Generating done
[INFO] [stderr]   -- Build files have been written to: /opt/rustwide/target/debug/build/armv6k-0c6544e273e8360c/out/build
[INFO] [stderr]   running: cd "/opt/rustwide/target/debug/build/armv6k-0c6544e273e8360c/out/build" && MAKEFLAGS="-j --jobserver-fds=7,8 --jobserver-auth=7,8" "cmake" "--build" "." "--target" "install" "--config" "Debug" "--" "-j1"
[INFO] [stderr]   [  1%] Building CXX object dynarmic/externals/fmt/CMakeFiles/fmt.dir/src/format.cc.o
[INFO] [stderr]   [  2%] Building CXX object dynarmic/externals/fmt/CMakeFiles/fmt.dir/src/posix.cc.o
[INFO] [stderr]   [  3%] Linking CXX static library libfmtd.a
[INFO] [stderr]   [  3%] Built target fmt
[INFO] [stderr]   [  4%] Building CXX object dynarmic/src/CMakeFiles/dynarmic.dir/common/crypto/aes.cpp.o
[INFO] [stderr]   [  4%] Building CXX object dynarmic/src/CMakeFiles/dynarmic.dir/common/crypto/crc32.cpp.o
[INFO] [stderr]   [  5%] Building CXX object dynarmic/src/CMakeFiles/dynarmic.dir/common/crypto/sm4.cpp.o
[INFO] [stderr]   [  6%] Building CXX object dynarmic/src/CMakeFiles/dynarmic.dir/common/fp/fused.cpp.o
[INFO] [stderr] 
[INFO] [stderr]   --- stderr
[INFO] [stderr]   CMake Warning (dev) in CMakeLists.txt:
[INFO] [stderr]     No project() command is present.  The top-level CMakeLists.txt file must
[INFO] [stderr]     contain a literal, direct call to the project() command.  Add a line of
[INFO] [stderr]     code such as
[INFO] [stderr] 
[INFO] [stderr]       project(ProjectName)
[INFO] [stderr] 
[INFO] [stderr]     near the top of the file, but after cmake_minimum_required().
[INFO] [stderr] 
[INFO] [stderr]     CMake is pretending there is a "project(Project)" command on the first
[INFO] [stderr]     line.
[INFO] [stderr]   This warning is for project developers.  Use -Wno-dev to suppress it.
[INFO] [stderr] 
[INFO] [stderr]   CMake Warning:
[INFO] [stderr]     Manually-specified variables were not used by the project:
[INFO] [stderr] 
[INFO] [stderr]       CMAKE_ASM_COMPILER
[INFO] [stderr]       CMAKE_ASM_FLAGS
[INFO] [stderr] 
[INFO] [stderr] 
[INFO] [stderr]   gmake: warning: -j1 forced in submake: resetting jobserver mode.
[INFO] [stderr]   In file included from /opt/rustwide/workdir/dynarmic/src/./common/assert.h:9,
[INFO] [stderr]                    from /opt/rustwide/workdir/dynarmic/src/common/fp/fused.cpp:7:
[INFO] [stderr]   /opt/rustwide/workdir/dynarmic/externals/fmt/include/fmt/format.h:3642:55: error: ISO C++ did not adopt string literal operator templates taking an argument pack of characters [-Wpedantic]
[INFO] [stderr]    3642 | FMT_CONSTEXPR internal::udl_formatter<Char, CHARS...> operator""_format() {
[INFO] [stderr]         |                                                       ^~~~~~~~
[INFO] [stderr]   compilation terminated due to -Wfatal-errors.
[INFO] [stderr]   gmake[2]: *** [dynarmic/src/CMakeFiles/dynarmic.dir/build.make:118: dynarmic/src/CMakeFiles/dynarmic.dir/common/fp/fused.cpp.o] Error 1
[INFO] [stderr]   gmake[1]: *** [CMakeFiles/Makefile2:201: dynarmic/src/CMakeFiles/dynarmic.dir/all] Error 2
[INFO] [stderr]   gmake: *** [Makefile:136: all] Error 2
[INFO] [stderr]   thread 'main' panicked at '
[INFO] [stderr]   command did not execute successfully, got: exit status: 2
[INFO] [stderr] 
[INFO] [stderr]   build script failed, must exit now', /opt/rustwide/cargo-home/registry/src/github.com-1ecc6299db9ec823/cmake-0.1.50/src/lib.rs:1098:5
[INFO] [stderr]   stack backtrace:
[INFO] [stderr]      0:     0x564e615934da - std::backtrace_rs::backtrace::libunwind::trace::ha9053a9a07ca49cb
[INFO] [stderr]                                  at /rustc/84c898d65adf2f39a5a98507f1fe0ce10a2b8dbc/library/std/src/../../backtrace/src/backtrace/libunwind.rs:93:5
[INFO] [stderr]      1:     0x564e615934da - std::backtrace_rs::backtrace::trace_unsynchronized::h9c2852a457ad564e
[INFO] [stderr]                                  at /rustc/84c898d65adf2f39a5a98507f1fe0ce10a2b8dbc/library/std/src/../../backtrace/src/backtrace/mod.rs:66:5
[INFO] [stderr]      2:     0x564e615934da - std::sys_common::backtrace::_print_fmt::h457936fbfaa0070f
[INFO] [stderr]                                  at /rustc/84c898d65adf2f39a5a98507f1fe0ce10a2b8dbc/library/std/src/sys_common/backtrace.rs:65:5
[INFO] [stderr]      3:     0x564e615934da - <std::sys_common::backtrace::_print::DisplayBacktrace as core::fmt::Display>::fmt::h5779d7bf7f70cb0c
[INFO] [stderr]                                  at /rustc/84c898d65adf2f39a5a98507f1fe0ce10a2b8dbc/library/std/src/sys_common/backtrace.rs:44:22
[INFO] [stderr]      4:     0x564e615b37ee - core::fmt::write::h5a4baaff1bcd3eb5
[INFO] [stderr]                                  at /rustc/84c898d65adf2f39a5a98507f1fe0ce10a2b8dbc/library/core/src/fmt/mod.rs:1232:17
[INFO] [stderr]      5:     0x564e61590595 - std::io::Write::write_fmt::h4bc1f301cb9e9cce
[INFO] [stderr]                                  at /rustc/84c898d65adf2f39a5a98507f1fe0ce10a2b8dbc/library/std/src/io/mod.rs:1684:15
[INFO] [stderr]      6:     0x564e615932a5 - std::sys_common::backtrace::_print::h5fcdc36060f177e8
[INFO] [stderr]                                  at /rustc/84c898d65adf2f39a5a98507f1fe0ce10a2b8dbc/library/std/src/sys_common/backtrace.rs:47:5
[INFO] [stderr]      7:     0x564e615932a5 - std::sys_common::backtrace::print::h54ca9458b876c8bf
[INFO] [stderr]                                  at /rustc/84c898d65adf2f39a5a98507f1fe0ce10a2b8dbc/library/std/src/sys_common/backtrace.rs:34:9
[INFO] [stderr]      8:     0x564e61594c7f - std::panicking::default_hook::{{closure}}::hbe471161c7664ed6
[INFO] [stderr]                                  at /rustc/84c898d65adf2f39a5a98507f1fe0ce10a2b8dbc/library/std/src/panicking.rs:271:22
[INFO] [stderr]      9:     0x564e615949bb - std::panicking::default_hook::ha3500da57aa4ac4f
[INFO] [stderr]                                  at /rustc/84c898d65adf2f39a5a98507f1fe0ce10a2b8dbc/library/std/src/panicking.rs:290:9
[INFO] [stderr]     10:     0x564e61595228 - std::panicking::rust_panic_with_hook::h50c09d000dc561d2
[INFO] [stderr]                                  at /rustc/84c898d65adf2f39a5a98507f1fe0ce10a2b8dbc/library/std/src/panicking.rs:692:13
[INFO] [stderr]     11:     0x564e61595129 - std::panicking::begin_panic_handler::{{closure}}::h9e2b2176e00e0d9c
[INFO] [stderr]                                  at /rustc/84c898d65adf2f39a5a98507f1fe0ce10a2b8dbc/library/std/src/panicking.rs:583:13
[INFO] [stderr]     12:     0x564e61593946 - std::sys_common::backtrace::__rust_end_short_backtrace::h5739b8e512c09d02
[INFO] [stderr]                                  at /rustc/84c898d65adf2f39a5a98507f1fe0ce10a2b8dbc/library/std/src/sys_common/backtrace.rs:150:18
[INFO] [stderr]     13:     0x564e61594e32 - rust_begin_unwind
[INFO] [stderr]                                  at /rustc/84c898d65adf2f39a5a98507f1fe0ce10a2b8dbc/library/std/src/panicking.rs:579:5
[INFO] [stderr]     14:     0x564e615177a3 - core::panicking::panic_fmt::hf33a1475b4dc5c3e
[INFO] [stderr]                                  at /rustc/84c898d65adf2f39a5a98507f1fe0ce10a2b8dbc/library/core/src/panicking.rs:64:14
[INFO] [stderr]     15:     0x564e6152222f - cmake::fail::he523feb31d426beb
[INFO] [stderr]     16:     0x564e61521d23 - cmake::run::h28b9026df7e93e8d
[INFO] [stderr]     17:     0x564e6151e853 - cmake::Config::build::h36ec1f0187cbfcd5
[INFO] [stderr]     18:     0x564e615189e4 - build_script_build::main::h05f9fce4e3a22942
[INFO] [stderr]     19:     0x564e61517fc3 - core::ops::function::FnOnce::call_once::h659b0f18dcb3cfd2
[INFO] [stderr]     20:     0x564e61517f69 - std::sys_common::backtrace::__rust_begin_short_backtrace::h79e3ae48f1c5790f
[INFO] [stderr]     21:     0x564e61518e29 - std::rt::lang_start::{{closure}}::h4f559c22ee3e7afb
[INFO] [stderr]     22:     0x564e6158c65c - core::ops::function::impls::<impl core::ops::function::FnOnce<A> for &F>::call_once::hd6efcd3bec896f2c
[INFO] [stderr]                                  at /rustc/84c898d65adf2f39a5a98507f1fe0ce10a2b8dbc/library/core/src/ops/function.rs:287:13
[INFO] [stderr]     23:     0x564e6158c65c - std::panicking::try::do_call::hce04e543bb1f4cbb
[INFO] [stderr]                                  at /rustc/84c898d65adf2f39a5a98507f1fe0ce10a2b8dbc/library/std/src/panicking.rs:487:40
[INFO] [stderr]     24:     0x564e6158c65c - std::panicking::try::h3342dd4e1f680968
[INFO] [stderr]                                  at /rustc/84c898d65adf2f39a5a98507f1fe0ce10a2b8dbc/library/std/src/panicking.rs:451:19
[INFO] [stderr]     25:     0x564e6158c65c - std::panic::catch_unwind::h148ce1e59ac0cee7
[INFO] [stderr]                                  at /rustc/84c898d65adf2f39a5a98507f1fe0ce10a2b8dbc/library/std/src/panic.rs:140:14
[INFO] [stderr]     26:     0x564e6158c65c - std::rt::lang_start_internal::{{closure}}::h25f9dda2057a67fe
[INFO] [stderr]                                  at /rustc/84c898d65adf2f39a5a98507f1fe0ce10a2b8dbc/library/std/src/rt.rs:148:48
[INFO] [stderr]     27:     0x564e6158c65c - std::panicking::try::do_call::h7caaaeaf9401650b
[INFO] [stderr]                                  at /rustc/84c898d65adf2f39a5a98507f1fe0ce10a2b8dbc/library/std/src/panicking.rs:487:40
[INFO] [stderr]     28:     0x564e6158c65c - std::panicking::try::he7d15285746cbbc2
[INFO] [stderr]                                  at /rustc/84c898d65adf2f39a5a98507f1fe0ce10a2b8dbc/library/std/src/panicking.rs:451:19
[INFO] [stderr]     29:     0x564e6158c65c - std::panic::catch_unwind::h89fb4f50c0301fe0
[INFO] [stderr]                                  at /rustc/84c898d65adf2f39a5a98507f1fe0ce10a2b8dbc/library/std/src/panic.rs:140:14
[INFO] [stderr]     30:     0x564e6158c65c - std::rt::lang_start_internal::h078acd489417d3c1
[INFO] [stderr]                                  at /rustc/84c898d65adf2f39a5a98507f1fe0ce10a2b8dbc/library/std/src/rt.rs:148:20
[INFO] [stderr]     31:     0x564e61518e07 - std::rt::lang_start::hcec3639e24ad0377
[INFO] [stderr]     32:     0x564e61518b95 - main
[INFO] [stderr]     33:     0x7f41555d2d90 - <unknown>
[INFO] [stderr]     34:     0x7f41555d2e40 - __libc_start_main
[INFO] [stderr]     35:     0x564e61517d25 - _start
[INFO] [stderr]     36:                0x0 - <unknown>
[INFO] running `Command { std: "docker" "inspect" "1af2324e2a054943a4e9d857531388f9cffc86687323ad20f151ca1fec28c357", kill_on_drop: false }`
[INFO] running `Command { std: "docker" "rm" "-f" "1af2324e2a054943a4e9d857531388f9cffc86687323ad20f151ca1fec28c357", kill_on_drop: false }`
[INFO] [stdout] 1af2324e2a054943a4e9d857531388f9cffc86687323ad20f151ca1fec28c357
