[INFO] fetching crate applesauce 0.2.0...
[INFO] documenting applesauce-0.2.0 against 1.69.0 for beta-1.70-rustdoc-1
[INFO] extracting crate applesauce 0.2.0 into /workspace/builds/worker-4-tc1/source
[INFO] validating manifest of crates.io crate applesauce 0.2.0 on toolchain 1.69.0
[INFO] running `Command { std: CARGO_HOME="/workspace/cargo-home" RUSTUP_HOME="/workspace/rustup-home" "/workspace/cargo-home/bin/cargo" "+1.69.0" "metadata" "--manifest-path" "Cargo.toml" "--no-deps", kill_on_drop: false }`
[INFO] started tweaking crates.io crate applesauce 0.2.0
[INFO] finished tweaking crates.io crate applesauce 0.2.0
[INFO] tweaked toml for crates.io crate applesauce 0.2.0 written to /workspace/builds/worker-4-tc1/source/Cargo.toml
[INFO] running `Command { std: CARGO_HOME="/workspace/cargo-home" RUSTUP_HOME="/workspace/rustup-home" __CARGO_TEST_CHANNEL_OVERRIDE_DO_NOT_USE_THIS="nightly" "/workspace/cargo-home/bin/cargo" "+1.69.0" "generate-lockfile" "--manifest-path" "Cargo.toml" "-Zno-index-update", kill_on_drop: false }`
[INFO] running `Command { std: CARGO_HOME="/workspace/cargo-home" RUSTUP_HOME="/workspace/rustup-home" "/workspace/cargo-home/bin/cargo" "+1.69.0" "fetch" "--manifest-path" "Cargo.toml", kill_on_drop: false }`
[INFO] [stderr]  Downloading crates ...
[INFO] [stderr]   Downloaded applesauce-core v0.1.0
[INFO] [stderr]   Downloaded ignore v0.4.20
[INFO] [stderr]   Downloaded lzfse-sys v1.0.0
[INFO] [stderr]   Downloaded resource-fork v0.1.0
[INFO] running `Command { std: "docker" "create" "-v" "/var/lib/crater-agent-workspace/builds/worker-4-tc1/target:/opt/rustwide/target:rw,Z" "-v" "/var/lib/crater-agent-workspace/builds/worker-4-tc1/source:/opt/rustwide/workdir:ro,Z" "-v" "/var/lib/crater-agent-workspace/cargo-home:/opt/rustwide/cargo-home:ro,Z" "-v" "/var/lib/crater-agent-workspace/rustup-home:/opt/rustwide/rustup-home:ro,Z" "-e" "SOURCE_DIR=/opt/rustwide/workdir" "-e" "CARGO_TARGET_DIR=/opt/rustwide/target" "-e" "CARGO_HOME=/opt/rustwide/cargo-home" "-e" "RUSTUP_HOME=/opt/rustwide/rustup-home" "-w" "/opt/rustwide/workdir" "-m" "1610612736" "--user" "0:0" "--network" "none" "ghcr.io/rust-lang/crates-build-env/linux@sha256:5ff2268d62e97bff2cde7d5815dd6ed5b47097566f13b8d0ca110b04b60e07ed" "/opt/rustwide/cargo-home/bin/cargo" "+1.69.0" "metadata" "--no-deps" "--format-version=1", kill_on_drop: false }`
[INFO] [stdout] 7f6538c034b234bb87f46ce96f7a0506a6f2e6c66a1c9d3ee74c2e1d9b2a7aac
[INFO] running `Command { std: "docker" "start" "-a" "7f6538c034b234bb87f46ce96f7a0506a6f2e6c66a1c9d3ee74c2e1d9b2a7aac", kill_on_drop: false }`
[INFO] running `Command { std: "docker" "inspect" "7f6538c034b234bb87f46ce96f7a0506a6f2e6c66a1c9d3ee74c2e1d9b2a7aac", kill_on_drop: false }`
[INFO] running `Command { std: "docker" "rm" "-f" "7f6538c034b234bb87f46ce96f7a0506a6f2e6c66a1c9d3ee74c2e1d9b2a7aac", kill_on_drop: false }`
[INFO] [stdout] 7f6538c034b234bb87f46ce96f7a0506a6f2e6c66a1c9d3ee74c2e1d9b2a7aac
[INFO] running `Command { std: "docker" "create" "-v" "/var/lib/crater-agent-workspace/builds/worker-4-tc1/target:/opt/rustwide/target:rw,Z" "-v" "/var/lib/crater-agent-workspace/builds/worker-4-tc1/source:/opt/rustwide/workdir:ro,Z" "-v" "/var/lib/crater-agent-workspace/cargo-home:/opt/rustwide/cargo-home:ro,Z" "-v" "/var/lib/crater-agent-workspace/rustup-home:/opt/rustwide/rustup-home:ro,Z" "-e" "SOURCE_DIR=/opt/rustwide/workdir" "-e" "CARGO_TARGET_DIR=/opt/rustwide/target" "-e" "CARGO_INCREMENTAL=0" "-e" "RUST_BACKTRACE=full" "-e" "RUSTFLAGS=--cap-lints=warn" "-e" "RUSTDOCFLAGS=--cap-lints=warn" "-e" "CARGO_HOME=/opt/rustwide/cargo-home" "-e" "RUSTUP_HOME=/opt/rustwide/rustup-home" "-w" "/opt/rustwide/workdir" "-m" "1610612736" "--user" "0:0" "--network" "none" "ghcr.io/rust-lang/crates-build-env/linux@sha256:5ff2268d62e97bff2cde7d5815dd6ed5b47097566f13b8d0ca110b04b60e07ed" "/opt/rustwide/cargo-home/bin/cargo" "+1.69.0" "doc" "--frozen" "--no-deps" "--document-private-items" "--message-format=json", kill_on_drop: false }`
[INFO] [stdout] 9231fe46ea7435c2f19d9b1c7798f2a2a715b41dd3121b77706555729f3212a8
[INFO] running `Command { std: "docker" "start" "-a" "9231fe46ea7435c2f19d9b1c7798f2a2a715b41dd3121b77706555729f3212a8", kill_on_drop: false }`
[INFO] [stderr]     Checking cfg-if v1.0.0
[INFO] [stderr]    Compiling memchr v2.5.0
[INFO] [stderr]    Compiling libc v0.2.142
[INFO] [stderr]     Checking once_cell v1.17.1
[INFO] [stderr]    Compiling crc32fast v1.3.2
[INFO] [stderr]    Compiling log v0.4.17
[INFO] [stderr]    Compiling io-lifetimes v1.0.10
[INFO] [stderr]    Compiling cc v1.0.79
[INFO] [stderr]     Checking adler v1.0.2
[INFO] [stderr]    Compiling crossbeam-utils v0.8.15
[INFO] [stderr]    Compiling rustix v0.37.18
[INFO] [stderr]     Checking regex-syntax v0.7.1
[INFO] [stderr]     Checking fnv v1.0.7
[INFO] [stderr]     Checking same-file v1.0.6
[INFO] [stderr]     Checking linux-raw-sys v0.3.6
[INFO] [stderr]    Compiling syn v2.0.15
[INFO] [stderr]     Checking pin-project-lite v0.2.9
[INFO] [stderr]     Checking miniz_oxide v0.7.1
[INFO] [stderr]     Checking bitflags v1.3.2
[INFO] [stderr]     Checking walkdir v2.3.3
[INFO] [stderr]     Checking lazy_static v1.4.0
[INFO] [stderr]     Checking tracing-core v0.1.30
[INFO] [stderr]     Checking thread_local v1.1.7
[INFO] [stderr]     Checking fastrand v1.9.0
[INFO] [stderr]     Checking flate2 v1.0.26
[INFO] [stderr]     Checking crossbeam-channel v0.5.8
[INFO] [stderr]    Compiling lzfse-sys v1.0.0
[INFO] [stderr]     Checking aho-corasick v1.0.1
[INFO] [stderr]     Checking aho-corasick v0.7.20
[INFO] [stderr]     Checking bstr v1.4.0
[INFO] [stderr]     Checking resource-fork v0.1.0
[INFO] [stdout] error[E0432]: unresolved import `libc::XATTR_SHOWCOMPRESSION`
[INFO] [stdout]  --> /opt/rustwide/cargo-home/registry/src/github.com-1ecc6299db9ec823/resource-fork-0.1.0/src/lib.rs:1:5
[INFO] [stdout]   |
[INFO] [stdout] 1 | use libc::XATTR_SHOWCOMPRESSION;
[INFO] [stdout]   |     ^^^^^^^^^^^^^^^^^^^^^^^^^^^ no `XATTR_SHOWCOMPRESSION` in the root
[INFO] [stdout] 
[INFO] [stdout] 
[INFO] [stdout] error[E0061]: this function takes 5 arguments but 6 arguments were supplied
[INFO] [stdout]     --> /opt/rustwide/cargo-home/registry/src/github.com-1ecc6299db9ec823/resource-fork-0.1.0/src/lib.rs:42:13
[INFO] [stdout]      |
[INFO] [stdout] 42   |             libc::fsetxattr(
[INFO] [stdout]      |             ^^^^^^^^^^^^^^^
[INFO] [stdout] ...
[INFO] [stdout] 47   |                 self.offset,
[INFO] [stdout]      |                 ----------- expected `i32`, found `u32`
[INFO] [stdout] 48   |                 XATTR_SHOWCOMPRESSION,
[INFO] [stdout]      |                 --------------------- unexpected argument
[INFO] [stdout]      |
[INFO] [stdout] note: function defined here
[INFO] [stdout]     --> /opt/rustwide/cargo-home/registry/src/github.com-1ecc6299db9ec823/libc-0.2.142/src/unix/linux_like/linux/mod.rs:4320:12
[INFO] [stdout]      |
[INFO] [stdout] 4320 |     pub fn fsetxattr(
[INFO] [stdout]      |            ^^^^^^^^^
[INFO] [stdout] help: you can convert a `u32` to an `i32` and panic if the converted value doesn't fit
[INFO] [stdout]      |
[INFO] [stdout] 47   |                 self.offset.try_into().unwrap(),
[INFO] [stdout]      |                            ++++++++++++++++++++
[INFO] [stdout] help: remove the extra argument
[INFO] [stdout]      |
[INFO] [stdout] 47   -                 self.offset,
[INFO] [stdout] 47   +                 /* i32 */,
[INFO] [stdout]      |
[INFO] [stdout] 
[INFO] [stdout] 
[INFO] [stdout] error[E0061]: this function takes 4 arguments but 6 arguments were supplied
[INFO] [stdout]     --> /opt/rustwide/cargo-home/registry/src/github.com-1ecc6299db9ec823/resource-fork-0.1.0/src/lib.rs:74:13
[INFO] [stdout]      |
[INFO] [stdout] 74   |             libc::fgetxattr(
[INFO] [stdout]      |             ^^^^^^^^^^^^^^^
[INFO] [stdout] ...
[INFO] [stdout] 79   |                 self.offset,
[INFO] [stdout]      |                 ----------- unexpected argument of type `u32`
[INFO] [stdout] 80   |                 XATTR_SHOWCOMPRESSION,
[INFO] [stdout]      |                 --------------------- unexpected argument
[INFO] [stdout]      |
[INFO] [stdout] note: function defined here
[INFO] [stdout]     --> /opt/rustwide/cargo-home/registry/src/github.com-1ecc6299db9ec823/libc-0.2.142/src/unix/linux_like/linux/mod.rs:4300:12
[INFO] [stdout]      |
[INFO] [stdout] 4300 |     pub fn fgetxattr(
[INFO] [stdout]      |            ^^^^^^^^^
[INFO] [stdout] help: remove the extra arguments
[INFO] [stdout]      |
[INFO] [stdout] 78   -                 buf.len(),
[INFO] [stdout] 79   -                 self.offset,
[INFO] [stdout] 78   +                 buf.len(),
[INFO] [stdout]      |
[INFO] [stdout] 
[INFO] [stdout] 
[INFO] [stdout] error[E0061]: this function takes 4 arguments but 6 arguments were supplied
[INFO] [stdout]     --> /opt/rustwide/cargo-home/registry/src/github.com-1ecc6299db9ec823/resource-fork-0.1.0/src/lib.rs:109:21
[INFO] [stdout]      |
[INFO] [stdout] 109  |                     libc::fgetxattr(
[INFO] [stdout]      |                     ^^^^^^^^^^^^^^^
[INFO] [stdout] ...
[INFO] [stdout] 114  |                         0,
[INFO] [stdout]      |                         - unexpected argument of type `{integer}`
[INFO] [stdout] 115  |                         XATTR_SHOWCOMPRESSION,
[INFO] [stdout]      |                         --------------------- unexpected argument
[INFO] [stdout]      |
[INFO] [stdout] note: function defined here
[INFO] [stdout]     --> /opt/rustwide/cargo-home/registry/src/github.com-1ecc6299db9ec823/libc-0.2.142/src/unix/linux_like/linux/mod.rs:4300:12
[INFO] [stdout]      |
[INFO] [stdout] 4300 |     pub fn fgetxattr(
[INFO] [stdout]      |            ^^^^^^^^^
[INFO] [stdout] help: remove the extra arguments
[INFO] [stdout]      |
[INFO] [stdout] 113  -                         0,
[INFO] [stdout]      |
[INFO] [stdout] 
[INFO] [stdout] 
[INFO] [stdout] error: aborting due to 4 previous errors
[INFO] [stdout] 
[INFO] [stdout] 
[INFO] [stdout] Some errors have detailed explanations: E0061, E0432.
[INFO] [stdout] 
[INFO] [stdout] For more information about an error, try `rustc --explain E0061`.
[INFO] [stdout] 
[INFO] [stderr] error: could not compile `resource-fork` due to 5 previous errors
[INFO] [stderr] warning: build failed, waiting for other jobs to finish...
[INFO] running `Command { std: "docker" "inspect" "9231fe46ea7435c2f19d9b1c7798f2a2a715b41dd3121b77706555729f3212a8", kill_on_drop: false }`
[INFO] running `Command { std: "docker" "rm" "-f" "9231fe46ea7435c2f19d9b1c7798f2a2a715b41dd3121b77706555729f3212a8", kill_on_drop: false }`
[INFO] [stdout] 9231fe46ea7435c2f19d9b1c7798f2a2a715b41dd3121b77706555729f3212a8
