[INFO] fetching crate agbrs_flash 0.2.1...
[INFO] documenting agbrs_flash-0.2.1 against 1.69.0 for beta-1.70-rustdoc-1
[INFO] extracting crate agbrs_flash 0.2.1 into /workspace/builds/worker-2-tc1/source
[INFO] validating manifest of crates.io crate agbrs_flash 0.2.1 on toolchain 1.69.0
[INFO] running `Command { std: CARGO_HOME="/workspace/cargo-home" RUSTUP_HOME="/workspace/rustup-home" "/workspace/cargo-home/bin/cargo" "+1.69.0" "metadata" "--manifest-path" "Cargo.toml" "--no-deps", kill_on_drop: false }`
[INFO] removed /workspace/builds/worker-2-tc1/source/.cargo/config.toml
[INFO] removed /workspace/builds/worker-2-tc1/source/rust-toolchain.toml
[INFO] started tweaking crates.io crate agbrs_flash 0.2.1
[INFO] finished tweaking crates.io crate agbrs_flash 0.2.1
[INFO] tweaked toml for crates.io crate agbrs_flash 0.2.1 written to /workspace/builds/worker-2-tc1/source/Cargo.toml
[INFO] running `Command { std: CARGO_HOME="/workspace/cargo-home" RUSTUP_HOME="/workspace/rustup-home" __CARGO_TEST_CHANNEL_OVERRIDE_DO_NOT_USE_THIS="nightly" "/workspace/cargo-home/bin/cargo" "+1.69.0" "generate-lockfile" "--manifest-path" "Cargo.toml" "-Zno-index-update", kill_on_drop: false }`
[INFO] running `Command { std: CARGO_HOME="/workspace/cargo-home" RUSTUP_HOME="/workspace/rustup-home" "/workspace/cargo-home/bin/cargo" "+1.69.0" "fetch" "--manifest-path" "Cargo.toml", kill_on_drop: false }`
[INFO] [stderr]  Downloading crates ...
[INFO] [stderr]   Downloaded cobs v0.2.3
[INFO] [stderr]   Downloaded png v0.16.8
[INFO] [stderr]   Downloaded num-rational v0.3.2
[INFO] [stderr]   Downloaded asefile v0.3.5
[INFO] [stderr]   Downloaded agb_image_converter v0.11.1
[INFO] [stderr]   Downloaded agb_fixnum v0.11.1
[INFO] [stderr]   Downloaded nohash v0.2.0
[INFO] [stderr]   Downloaded agb_sound_converter v0.11.1
[INFO] [stderr]   Downloaded agb_macros v0.11.1
[INFO] [stderr]   Downloaded adler32 v1.2.0
[INFO] [stderr]   Downloaded modular-bitfield-impl v0.11.2
[INFO] [stderr]   Downloaded modular-bitfield v0.11.2
[INFO] [stderr]   Downloaded hound v3.5.0
[INFO] [stderr]   Downloaded postcard v1.0.4
[INFO] [stderr]   Downloaded deflate v0.8.6
[INFO] [stderr]   Downloaded ttf-parser v0.15.2
[INFO] [stderr]   Downloaded fontdue v0.7.3
[INFO] [stderr]   Downloaded image v0.23.14
[INFO] [stderr]   Downloaded agb v0.11.1
[INFO] running `Command { std: "docker" "create" "-v" "/var/lib/crater-agent-workspace/builds/worker-2-tc1/target:/opt/rustwide/target:rw,Z" "-v" "/var/lib/crater-agent-workspace/builds/worker-2-tc1/source:/opt/rustwide/workdir:ro,Z" "-v" "/var/lib/crater-agent-workspace/cargo-home:/opt/rustwide/cargo-home:ro,Z" "-v" "/var/lib/crater-agent-workspace/rustup-home:/opt/rustwide/rustup-home:ro,Z" "-e" "SOURCE_DIR=/opt/rustwide/workdir" "-e" "CARGO_TARGET_DIR=/opt/rustwide/target" "-e" "CARGO_HOME=/opt/rustwide/cargo-home" "-e" "RUSTUP_HOME=/opt/rustwide/rustup-home" "-w" "/opt/rustwide/workdir" "-m" "1610612736" "--user" "0:0" "--network" "none" "ghcr.io/rust-lang/crates-build-env/linux@sha256:5ff2268d62e97bff2cde7d5815dd6ed5b47097566f13b8d0ca110b04b60e07ed" "/opt/rustwide/cargo-home/bin/cargo" "+1.69.0" "metadata" "--no-deps" "--format-version=1", kill_on_drop: false }`
[INFO] [stdout] 558f13f73794bd068e652818481f4042163ab71fcba38fcc33f6ca7c8149b8b9
[INFO] running `Command { std: "docker" "start" "-a" "558f13f73794bd068e652818481f4042163ab71fcba38fcc33f6ca7c8149b8b9", kill_on_drop: false }`
[INFO] running `Command { std: "docker" "inspect" "558f13f73794bd068e652818481f4042163ab71fcba38fcc33f6ca7c8149b8b9", kill_on_drop: false }`
[INFO] running `Command { std: "docker" "rm" "-f" "558f13f73794bd068e652818481f4042163ab71fcba38fcc33f6ca7c8149b8b9", kill_on_drop: false }`
[INFO] [stdout] 558f13f73794bd068e652818481f4042163ab71fcba38fcc33f6ca7c8149b8b9
[INFO] running `Command { std: "docker" "create" "-v" "/var/lib/crater-agent-workspace/builds/worker-2-tc1/target:/opt/rustwide/target:rw,Z" "-v" "/var/lib/crater-agent-workspace/builds/worker-2-tc1/source:/opt/rustwide/workdir:ro,Z" "-v" "/var/lib/crater-agent-workspace/cargo-home:/opt/rustwide/cargo-home:ro,Z" "-v" "/var/lib/crater-agent-workspace/rustup-home:/opt/rustwide/rustup-home:ro,Z" "-e" "SOURCE_DIR=/opt/rustwide/workdir" "-e" "CARGO_TARGET_DIR=/opt/rustwide/target" "-e" "CARGO_INCREMENTAL=0" "-e" "RUST_BACKTRACE=full" "-e" "RUSTFLAGS=--cap-lints=warn" "-e" "RUSTDOCFLAGS=--cap-lints=warn" "-e" "CARGO_HOME=/opt/rustwide/cargo-home" "-e" "RUSTUP_HOME=/opt/rustwide/rustup-home" "-w" "/opt/rustwide/workdir" "-m" "1610612736" "--user" "0:0" "--network" "none" "ghcr.io/rust-lang/crates-build-env/linux@sha256:5ff2268d62e97bff2cde7d5815dd6ed5b47097566f13b8d0ca110b04b60e07ed" "/opt/rustwide/cargo-home/bin/cargo" "+1.69.0" "doc" "--frozen" "--no-deps" "--document-private-items" "--message-format=json", kill_on_drop: false }`
[INFO] [stdout] d8e4852111366f656b924cf5df55a92ff851b45451fd9e3815f297676b16e80d
[INFO] running `Command { std: "docker" "start" "-a" "d8e4852111366f656b924cf5df55a92ff851b45451fd9e3815f297676b16e80d", kill_on_drop: false }`
[INFO] [stderr]     Blocking waiting for file lock on package cache
[INFO] [stderr]    Compiling adler32 v1.2.0
[INFO] [stderr]    Compiling byteorder v1.4.3
[INFO] [stderr]    Compiling bitflags v1.3.2
[INFO] [stderr]    Compiling once_cell v1.17.1
[INFO] [stderr]    Compiling adler v1.0.2
[INFO] [stderr]    Compiling num-traits v0.2.15
[INFO] [stderr]    Compiling num-integer v0.1.45
[INFO] [stderr]    Compiling crc32fast v1.3.2
[INFO] [stderr]    Compiling num-iter v0.1.43
[INFO] [stderr]    Compiling ahash v0.8.3
[INFO] [stderr]    Compiling num-rational v0.3.2
[INFO] [stderr]    Compiling log v0.4.17
[INFO] [stderr]    Compiling serde v1.0.160
[INFO] [stderr]    Compiling color_quant v1.1.0
[INFO] [stderr]    Compiling bytemuck v1.13.1
[INFO] [stderr]    Compiling ttf-parser v0.15.2
[INFO] [stderr]    Compiling miniz_oxide v0.3.7
[INFO] [stderr]    Compiling miniz_oxide v0.7.1
[INFO] [stderr]    Compiling nohash v0.2.0
[INFO] [stderr]    Compiling agb_macros v0.11.1
[INFO] [stderr]    Compiling modular-bitfield-impl v0.11.2
[INFO] [stderr]    Compiling deflate v0.8.6
[INFO] [stderr]     Checking static_assertions v1.1.0
[INFO] [stderr]    Compiling hound v3.5.0
[INFO] [stderr]    Compiling agb v0.11.1
[INFO] [stderr]     Checking cobs v0.2.3
[INFO] [stderr]     Checking rustc-hash v1.1.0
[INFO] [stderr]     Checking bare-metal v1.0.0
[INFO] [stderr]    Compiling hashbrown v0.13.2
[INFO] [stderr]    Compiling agb_sound_converter v0.11.1
[INFO] [stderr]    Compiling flate2 v1.0.26
[INFO] [stderr]    Compiling png v0.16.8
[INFO] [stderr]     Checking agb_fixnum v0.11.1
[INFO] [stderr]    Compiling fontdue v0.7.3
[INFO] [stderr]     Checking modular-bitfield v0.11.2
[INFO] [stderr]    Compiling image v0.23.14
[INFO] [stderr]     Checking postcard v1.0.4
[INFO] [stderr]    Compiling toml v0.5.11
[INFO] [stderr]    Compiling asefile v0.3.5
[INFO] [stderr]    Compiling agb_image_converter v0.11.1
[INFO] [stdout] error[E0554]: `#![feature]` may not be used on the stable release channel
[INFO] [stdout]   --> /opt/rustwide/cargo-home/registry/src/github.com-1ecc6299db9ec823/agb-0.11.1/src/lib.rs:13:1
[INFO] [stdout]    |
[INFO] [stdout] 13 | #![feature(alloc_error_handler)]
[INFO] [stdout]    | ^^^^^^^^^^^^^^^^^^^^^^^^^^^^^^^^
[INFO] [stdout] 
[INFO] [stdout] 
[INFO] [stdout] error[E0554]: `#![feature]` may not be used on the stable release channel
[INFO] [stdout]   --> /opt/rustwide/cargo-home/registry/src/github.com-1ecc6299db9ec823/agb-0.11.1/src/lib.rs:14:1
[INFO] [stdout]    |
[INFO] [stdout] 14 | #![feature(allocator_api)]
[INFO] [stdout]    | ^^^^^^^^^^^^^^^^^^^^^^^^^^
[INFO] [stdout] 
[INFO] [stdout] 
[INFO] [stdout] error[E0554]: `#![feature]` may not be used on the stable release channel
[INFO] [stdout]   --> /opt/rustwide/cargo-home/registry/src/github.com-1ecc6299db9ec823/agb-0.11.1/src/lib.rs:15:1
[INFO] [stdout]    |
[INFO] [stdout] 15 | #![feature(asm_const)]
[INFO] [stdout]    | ^^^^^^^^^^^^^^^^^^^^^^
[INFO] [stdout] 
[INFO] [stdout] 
[INFO] [stdout] error: invalid register `r0`: unknown register
[INFO] [stdout]   --> /opt/rustwide/cargo-home/registry/src/github.com-1ecc6299db9ec823/agb-0.11.1/src/syscall.rs:20:13
[INFO] [stdout]    |
[INFO] [stdout] 20 |             lateout("r0") _,
[INFO] [stdout]    |             ^^^^^^^^^^^^^^^
[INFO] [stdout] 
[INFO] [stdout] 
[INFO] [stdout] error: invalid register `r1`: unknown register
[INFO] [stdout]   --> /opt/rustwide/cargo-home/registry/src/github.com-1ecc6299db9ec823/agb-0.11.1/src/syscall.rs:21:13
[INFO] [stdout]    |
[INFO] [stdout] 21 |             lateout("r1") _,
[INFO] [stdout]    |             ^^^^^^^^^^^^^^^
[INFO] [stdout] 
[INFO] [stdout] 
[INFO] [stdout] error: invalid register `r2`: unknown register
[INFO] [stdout]   --> /opt/rustwide/cargo-home/registry/src/github.com-1ecc6299db9ec823/agb-0.11.1/src/syscall.rs:22:13
[INFO] [stdout]    |
[INFO] [stdout] 22 |             lateout("r2") _,
[INFO] [stdout]    |             ^^^^^^^^^^^^^^^
[INFO] [stdout] 
[INFO] [stdout] 
[INFO] [stdout] error: invalid register `r3`: unknown register
[INFO] [stdout]   --> /opt/rustwide/cargo-home/registry/src/github.com-1ecc6299db9ec823/agb-0.11.1/src/syscall.rs:23:13
[INFO] [stdout]    |
[INFO] [stdout] 23 |             lateout("r3") _
[INFO] [stdout]    |             ^^^^^^^^^^^^^^^
[INFO] [stdout] 
[INFO] [stdout] 
[INFO] [stdout] error: invalid register `r0`: unknown register
[INFO] [stdout]   --> /opt/rustwide/cargo-home/registry/src/github.com-1ecc6299db9ec823/agb-0.11.1/src/syscall.rs:33:13
[INFO] [stdout]    |
[INFO] [stdout] 33 |             lateout("r0") _,
[INFO] [stdout]    |             ^^^^^^^^^^^^^^^
[INFO] [stdout] 
[INFO] [stdout] 
[INFO] [stdout] error: invalid register `r1`: unknown register
[INFO] [stdout]   --> /opt/rustwide/cargo-home/registry/src/github.com-1ecc6299db9ec823/agb-0.11.1/src/syscall.rs:34:13
[INFO] [stdout]    |
[INFO] [stdout] 34 |             lateout("r1") _,
[INFO] [stdout]    |             ^^^^^^^^^^^^^^^
[INFO] [stdout] 
[INFO] [stdout] 
[INFO] [stdout] error: invalid register `r2`: unknown register
[INFO] [stdout]   --> /opt/rustwide/cargo-home/registry/src/github.com-1ecc6299db9ec823/agb-0.11.1/src/syscall.rs:35:13
[INFO] [stdout]    |
[INFO] [stdout] 35 |             lateout("r2") _,
[INFO] [stdout]    |             ^^^^^^^^^^^^^^^
[INFO] [stdout] 
[INFO] [stdout] 
[INFO] [stdout] error: invalid register `r3`: unknown register
[INFO] [stdout]   --> /opt/rustwide/cargo-home/registry/src/github.com-1ecc6299db9ec823/agb-0.11.1/src/syscall.rs:36:13
[INFO] [stdout]    |
[INFO] [stdout] 36 |             lateout("r3") _
[INFO] [stdout]    |             ^^^^^^^^^^^^^^^
[INFO] [stdout] 
[INFO] [stdout] 
[INFO] [stdout] error: invalid register `r0`: unknown register
[INFO] [stdout]   --> /opt/rustwide/cargo-home/registry/src/github.com-1ecc6299db9ec823/agb-0.11.1/src/syscall.rs:46:13
[INFO] [stdout]    |
[INFO] [stdout] 46 |             lateout("r0") _,
[INFO] [stdout]    |             ^^^^^^^^^^^^^^^
[INFO] [stdout] 
[INFO] [stdout] 
[INFO] [stdout] error: invalid register `r1`: unknown register
[INFO] [stdout]   --> /opt/rustwide/cargo-home/registry/src/github.com-1ecc6299db9ec823/agb-0.11.1/src/syscall.rs:47:13
[INFO] [stdout]    |
[INFO] [stdout] 47 |             lateout("r1") _,
[INFO] [stdout]    |             ^^^^^^^^^^^^^^^
[INFO] [stdout] 
[INFO] [stdout] 
[INFO] [stdout] error: invalid register `r2`: unknown register
[INFO] [stdout]   --> /opt/rustwide/cargo-home/registry/src/github.com-1ecc6299db9ec823/agb-0.11.1/src/syscall.rs:48:13
[INFO] [stdout]    |
[INFO] [stdout] 48 |             lateout("r2") _,
[INFO] [stdout]    |             ^^^^^^^^^^^^^^^
[INFO] [stdout] 
[INFO] [stdout] 
[INFO] [stdout] error: invalid register `r3`: unknown register
[INFO] [stdout]   --> /opt/rustwide/cargo-home/registry/src/github.com-1ecc6299db9ec823/agb-0.11.1/src/syscall.rs:49:13
[INFO] [stdout]    |
[INFO] [stdout] 49 |             lateout("r3") _
[INFO] [stdout]    |             ^^^^^^^^^^^^^^^
[INFO] [stdout] 
[INFO] [stdout] 
[INFO] [stdout] error: invalid register `r0`: unknown register
[INFO] [stdout]   --> /opt/rustwide/cargo-home/registry/src/github.com-1ecc6299db9ec823/agb-0.11.1/src/syscall.rs:61:13
[INFO] [stdout]    |
[INFO] [stdout] 61 |             lateout("r0") _,
[INFO] [stdout]    |             ^^^^^^^^^^^^^^^
[INFO] [stdout] 
[INFO] [stdout] 
[INFO] [stdout] error: invalid register `r1`: unknown register
[INFO] [stdout]   --> /opt/rustwide/cargo-home/registry/src/github.com-1ecc6299db9ec823/agb-0.11.1/src/syscall.rs:62:13
[INFO] [stdout]    |
[INFO] [stdout] 62 |             lateout("r1") _,
[INFO] [stdout]    |             ^^^^^^^^^^^^^^^
[INFO] [stdout] 
[INFO] [stdout] 
[INFO] [stdout] error: invalid register `r2`: unknown register
[INFO] [stdout]   --> /opt/rustwide/cargo-home/registry/src/github.com-1ecc6299db9ec823/agb-0.11.1/src/syscall.rs:63:13
[INFO] [stdout]    |
[INFO] [stdout] 63 |             lateout("r2") _,
[INFO] [stdout]    |             ^^^^^^^^^^^^^^^
[INFO] [stdout] 
[INFO] [stdout] 
[INFO] [stdout] error: invalid register `r3`: unknown register
[INFO] [stdout]   --> /opt/rustwide/cargo-home/registry/src/github.com-1ecc6299db9ec823/agb-0.11.1/src/syscall.rs:64:13
[INFO] [stdout]    |
[INFO] [stdout] 64 |             lateout("r3") _
[INFO] [stdout]    |             ^^^^^^^^^^^^^^^
[INFO] [stdout] 
[INFO] [stdout] 
[INFO] [stdout] error: invalid register `r0`: unknown register
[INFO] [stdout]   --> /opt/rustwide/cargo-home/registry/src/github.com-1ecc6299db9ec823/agb-0.11.1/src/syscall.rs:78:13
[INFO] [stdout]    |
[INFO] [stdout] 78 |             in("r0") numerator,
[INFO] [stdout]    |             ^^^^^^^^^^^^^^^^^^
[INFO] [stdout] 
[INFO] [stdout] 
[INFO] [stdout] error: invalid register `r1`: unknown register
[INFO] [stdout]   --> /opt/rustwide/cargo-home/registry/src/github.com-1ecc6299db9ec823/agb-0.11.1/src/syscall.rs:79:13
[INFO] [stdout]    |
[INFO] [stdout] 79 |             in("r1") denominator,
[INFO] [stdout]    |             ^^^^^^^^^^^^^^^^^^^^
[INFO] [stdout] 
[INFO] [stdout] 
[INFO] [stdout] error: invalid register `r0`: unknown register
[INFO] [stdout]   --> /opt/rustwide/cargo-home/registry/src/github.com-1ecc6299db9ec823/agb-0.11.1/src/syscall.rs:80:13
[INFO] [stdout]    |
[INFO] [stdout] 80 |             lateout("r0") divide,
[INFO] [stdout]    |             ^^^^^^^^^^^^^^^^^^^^
[INFO] [stdout] 
[INFO] [stdout] 
[INFO] [stdout] error: invalid register `r1`: unknown register
[INFO] [stdout]   --> /opt/rustwide/cargo-home/registry/src/github.com-1ecc6299db9ec823/agb-0.11.1/src/syscall.rs:81:13
[INFO] [stdout]    |
[INFO] [stdout] 81 |             lateout("r1") modulo,
[INFO] [stdout]    |             ^^^^^^^^^^^^^^^^^^^^
[INFO] [stdout] 
[INFO] [stdout] 
[INFO] [stdout] error: invalid register `r3`: unknown register
[INFO] [stdout]   --> /opt/rustwide/cargo-home/registry/src/github.com-1ecc6299db9ec823/agb-0.11.1/src/syscall.rs:82:13
[INFO] [stdout]    |
[INFO] [stdout] 82 |             lateout("r3") abs_divide,
[INFO] [stdout]    |             ^^^^^^^^^^^^^^^^^^^^^^^^
[INFO] [stdout] 
[INFO] [stdout] 
[INFO] [stdout] error: invalid register `r0`: unknown register
[INFO] [stdout]   --> /opt/rustwide/cargo-home/registry/src/github.com-1ecc6299db9ec823/agb-0.11.1/src/syscall.rs:95:13
[INFO] [stdout]    |
[INFO] [stdout] 95 |             in("r0") n,
[INFO] [stdout]    |             ^^^^^^^^^^
[INFO] [stdout] 
[INFO] [stdout] 
[INFO] [stdout] error: invalid register `r0`: unknown register
[INFO] [stdout]   --> /opt/rustwide/cargo-home/registry/src/github.com-1ecc6299db9ec823/agb-0.11.1/src/syscall.rs:96:13
[INFO] [stdout]    |
[INFO] [stdout] 96 |             lateout("r0") result,
[INFO] [stdout]    |             ^^^^^^^^^^^^^^^^^^^^
[INFO] [stdout] 
[INFO] [stdout] 
[INFO] [stdout] error: invalid register `r1`: unknown register
[INFO] [stdout]   --> /opt/rustwide/cargo-home/registry/src/github.com-1ecc6299db9ec823/agb-0.11.1/src/syscall.rs:97:13
[INFO] [stdout]    |
[INFO] [stdout] 97 |             lateout("r1") _,
[INFO] [stdout]    |             ^^^^^^^^^^^^^^^
[INFO] [stdout] 
[INFO] [stdout] 
[INFO] [stdout] error: invalid register `r2`: unknown register
[INFO] [stdout]   --> /opt/rustwide/cargo-home/registry/src/github.com-1ecc6299db9ec823/agb-0.11.1/src/syscall.rs:98:13
[INFO] [stdout]    |
[INFO] [stdout] 98 |             lateout("r2") _,
[INFO] [stdout]    |             ^^^^^^^^^^^^^^^
[INFO] [stdout] 
[INFO] [stdout] 
[INFO] [stdout] error: invalid register `r3`: unknown register
[INFO] [stdout]   --> /opt/rustwide/cargo-home/registry/src/github.com-1ecc6299db9ec823/agb-0.11.1/src/syscall.rs:99:13
[INFO] [stdout]    |
[INFO] [stdout] 99 |             lateout("r3") _
[INFO] [stdout]    |             ^^^^^^^^^^^^^^^
[INFO] [stdout] 
[INFO] [stdout] 
[INFO] [stdout] error: invalid register `r0`: unknown register
[INFO] [stdout]    --> /opt/rustwide/cargo-home/registry/src/github.com-1ecc6299db9ec823/agb-0.11.1/src/syscall.rs:112:13
[INFO] [stdout]     |
[INFO] [stdout] 112 |             in("r0") n,
[INFO] [stdout]     |             ^^^^^^^^^^
[INFO] [stdout] 
[INFO] [stdout] 
[INFO] [stdout] error: invalid register `r0`: unknown register
[INFO] [stdout]    --> /opt/rustwide/cargo-home/registry/src/github.com-1ecc6299db9ec823/agb-0.11.1/src/syscall.rs:113:13
[INFO] [stdout]     |
[INFO] [stdout] 113 |             lateout("r0") result,
[INFO] [stdout]     |             ^^^^^^^^^^^^^^^^^^^^
[INFO] [stdout] 
[INFO] [stdout] 
[INFO] [stdout] error: invalid register `r1`: unknown register
[INFO] [stdout]    --> /opt/rustwide/cargo-home/registry/src/github.com-1ecc6299db9ec823/agb-0.11.1/src/syscall.rs:114:13
[INFO] [stdout]     |
[INFO] [stdout] 114 |             lateout("r1") _,
[INFO] [stdout]     |             ^^^^^^^^^^^^^^^
[INFO] [stdout] 
[INFO] [stdout] 
[INFO] [stdout] error: invalid register `r2`: unknown register
[INFO] [stdout]    --> /opt/rustwide/cargo-home/registry/src/github.com-1ecc6299db9ec823/agb-0.11.1/src/syscall.rs:115:13
[INFO] [stdout]     |
[INFO] [stdout] 115 |             lateout("r2") _,
[INFO] [stdout]     |             ^^^^^^^^^^^^^^^
[INFO] [stdout] 
[INFO] [stdout] 
[INFO] [stdout] error: invalid register `r3`: unknown register
[INFO] [stdout]    --> /opt/rustwide/cargo-home/registry/src/github.com-1ecc6299db9ec823/agb-0.11.1/src/syscall.rs:116:13
[INFO] [stdout]     |
[INFO] [stdout] 116 |             lateout("r3") _
[INFO] [stdout]     |             ^^^^^^^^^^^^^^^
[INFO] [stdout] 
[INFO] [stdout] 
[INFO] [stdout] error: invalid register `r0`: unknown register
[INFO] [stdout]    --> /opt/rustwide/cargo-home/registry/src/github.com-1ecc6299db9ec823/agb-0.11.1/src/syscall.rs:129:13
[INFO] [stdout]     |
[INFO] [stdout] 129 |             in("r0") x,
[INFO] [stdout]     |             ^^^^^^^^^^
[INFO] [stdout] 
[INFO] [stdout] 
[INFO] [stdout] error: invalid register `r1`: unknown register
[INFO] [stdout]    --> /opt/rustwide/cargo-home/registry/src/github.com-1ecc6299db9ec823/agb-0.11.1/src/syscall.rs:130:13
[INFO] [stdout]     |
[INFO] [stdout] 130 |             in("r1") y,
[INFO] [stdout]     |             ^^^^^^^^^^
[INFO] [stdout] 
[INFO] [stdout] 
[INFO] [stdout] error: invalid register `r0`: unknown register
[INFO] [stdout]    --> /opt/rustwide/cargo-home/registry/src/github.com-1ecc6299db9ec823/agb-0.11.1/src/syscall.rs:131:13
[INFO] [stdout]     |
[INFO] [stdout] 131 |             lateout("r0") result,
[INFO] [stdout]     |             ^^^^^^^^^^^^^^^^^^^^
[INFO] [stdout] 
[INFO] [stdout] 
[INFO] [stdout] error: invalid register `r2`: unknown register
[INFO] [stdout]    --> /opt/rustwide/cargo-home/registry/src/github.com-1ecc6299db9ec823/agb-0.11.1/src/syscall.rs:132:13
[INFO] [stdout]     |
[INFO] [stdout] 132 |             lateout("r2") _,
[INFO] [stdout]     |             ^^^^^^^^^^^^^^^
[INFO] [stdout] 
[INFO] [stdout] 
[INFO] [stdout] error: invalid register `r3`: unknown register
[INFO] [stdout]    --> /opt/rustwide/cargo-home/registry/src/github.com-1ecc6299db9ec823/agb-0.11.1/src/syscall.rs:133:13
[INFO] [stdout]     |
[INFO] [stdout] 133 |             lateout("r3") _
[INFO] [stdout]     |             ^^^^^^^^^^^^^^^
[INFO] [stdout] 
[INFO] [stdout] 
[INFO] [stdout] error[E0554]: `#![feature]` may not be used on the stable release channel
[INFO] [stdout]   --> /opt/rustwide/cargo-home/registry/src/github.com-1ecc6299db9ec823/agb-0.11.1/src/lib.rs:14:12
[INFO] [stdout]    |
[INFO] [stdout] 14 | #![feature(allocator_api)]
[INFO] [stdout]    |            ^^^^^^^^^^^^^
[INFO] [stdout] 
[INFO] [stdout] 
[INFO] [stdout] error: aborting due to 40 previous errors
[INFO] [stdout] 
[INFO] [stdout] 
[INFO] [stdout] For more information about this error, try `rustc --explain E0554`.
[INFO] [stdout] 
[INFO] [stderr] error: could not compile `agb` due to 41 previous errors
[INFO] running `Command { std: "docker" "inspect" "d8e4852111366f656b924cf5df55a92ff851b45451fd9e3815f297676b16e80d", kill_on_drop: false }`
[INFO] running `Command { std: "docker" "rm" "-f" "d8e4852111366f656b924cf5df55a92ff851b45451fd9e3815f297676b16e80d", kill_on_drop: false }`
[INFO] [stdout] d8e4852111366f656b924cf5df55a92ff851b45451fd9e3815f297676b16e80d
