[INFO] fetching crate addr-spec 0.7.1...
[INFO] documenting addr-spec-0.7.1 against 1.69.0 for beta-1.70-rustdoc-1
[INFO] extracting crate addr-spec 0.7.1 into /workspace/builds/worker-3-tc1/source
[INFO] validating manifest of crates.io crate addr-spec 0.7.1 on toolchain 1.69.0
[INFO] running `Command { std: CARGO_HOME="/workspace/cargo-home" RUSTUP_HOME="/workspace/rustup-home" "/workspace/cargo-home/bin/cargo" "+1.69.0" "metadata" "--manifest-path" "Cargo.toml" "--no-deps", kill_on_drop: false }`
[INFO] started tweaking crates.io crate addr-spec 0.7.1
[INFO] finished tweaking crates.io crate addr-spec 0.7.1
[INFO] tweaked toml for crates.io crate addr-spec 0.7.1 written to /workspace/builds/worker-3-tc1/source/Cargo.toml
[INFO] running `Command { std: CARGO_HOME="/workspace/cargo-home" RUSTUP_HOME="/workspace/rustup-home" __CARGO_TEST_CHANNEL_OVERRIDE_DO_NOT_USE_THIS="nightly" "/workspace/cargo-home/bin/cargo" "+1.69.0" "generate-lockfile" "--manifest-path" "Cargo.toml" "-Zno-index-update", kill_on_drop: false }`
[INFO] [stderr]     Blocking waiting for file lock on package cache
[INFO] running `Command { std: CARGO_HOME="/workspace/cargo-home" RUSTUP_HOME="/workspace/rustup-home" "/workspace/cargo-home/bin/cargo" "+1.69.0" "fetch" "--manifest-path" "Cargo.toml", kill_on_drop: false }`
[INFO] [stderr]     Blocking waiting for file lock on package cache
[INFO] [stderr]  Downloading crates ...
[INFO] [stderr]   Downloaded tinystr v0.7.1
[INFO] [stderr]   Downloaded bincode v1.3.3
[INFO] [stderr]   Downloaded zerovec-derive v0.9.4
[INFO] [stderr]   Downloaded icu_provider_macros v1.2.0
[INFO] [stderr]   Downloaded postcard v1.0.4
[INFO] [stderr]   Downloaded writeable v0.5.2
[INFO] [stderr]   Downloaded utf16_iter v1.0.4
[INFO] [stderr]   Downloaded hmac v0.12.1
[INFO] [stderr]   Downloaded crypto-common v0.1.6
[INFO] [stderr]   Downloaded ahash v0.7.6
[INFO] [stderr]   Downloaded wasmer v2.3.0
[INFO] [stderr]   Downloaded time v0.3.20
[INFO] [stderr]   Downloaded bzip2 v0.4.4
[INFO] [stderr]   Downloaded cobs v0.2.3
[INFO] [stderr]   Downloaded rend v0.4.0
[INFO] [stderr]   Downloaded cipher v0.3.0
[INFO] [stderr]   Downloaded seahash v4.1.0
[INFO] [stderr]   Downloaded getrandom v0.2.9
[INFO] [stderr]   Downloaded generic-array v0.14.7
[INFO] [stderr]   Downloaded rustversion v1.0.12
[INFO] [stderr]   Downloaded rustc_version v0.4.0
[INFO] [stderr]   Downloaded wasmer-artifact v2.3.0
[INFO] [stderr]   Downloaded wasmer-wasi-types v2.3.0
[INFO] [stderr]   Downloaded write16 v1.0.0
[INFO] [stderr]   Downloaded ptr_meta_derive v0.1.4
[INFO] [stderr]   Downloaded zerofrom v0.1.2
[INFO] [stderr]   Downloaded more-asserts v0.2.2
[INFO] [stderr]   Downloaded sha2 v0.10.6
[INFO] [stderr]   Downloaded jobserver v0.1.26
[INFO] [stderr]   Downloaded bytecheck_derive v0.6.10
[INFO] [stderr]   Downloaded zerofrom-derive v0.1.2
[INFO] [stderr]   Downloaded memoffset v0.6.5
[INFO] [stderr]   Downloaded toml v0.5.11
[INFO] [stderr]   Downloaded serde-json-core v0.4.0
[INFO] [stderr]   Downloaded rkyv_derive v0.7.41
[INFO] [stderr]   Downloaded block-buffer v0.10.4
[INFO] [stderr]   Downloaded wasmer-engine-universal-artifact v2.3.0
[INFO] [stderr]   Downloaded cpufeatures v0.2.7
[INFO] [stderr]   Downloaded wasmer-vfs v2.3.0
[INFO] [stderr]   Downloaded icu_provider v1.2.0
[INFO] [stderr]   Downloaded wasmer-vm v2.3.0
[INFO] [stderr]   Downloaded subtle v2.4.1
[INFO] [stderr]   Downloaded windows_x86_64_gnullvm v0.48.0
[INFO] [stderr]   Downloaded mach v0.3.2
[INFO] [stderr]   Downloaded unicode-xid v0.2.4
[INFO] [stderr]   Downloaded loupe v0.1.3
[INFO] [stderr]   Downloaded displaydoc v0.2.3
[INFO] [stderr]   Downloaded enum-iterator-derive v0.7.0
[INFO] [stderr]   Downloaded ptr_meta v0.1.4
[INFO] [stderr]   Downloaded enum-iterator v0.7.0
[INFO] [stderr]   Downloaded darling_macro v0.14.4
[INFO] [stderr]   Downloaded rawpointer v0.2.1
[INFO] [stderr]   Downloaded windows_aarch64_gnullvm v0.48.0
[INFO] [stderr]   Downloaded databake-derive v0.1.5
[INFO] [stderr]   Downloaded enumset_derive v0.6.1
[INFO] [stderr]   Downloaded bytecheck v0.6.10
[INFO] [stderr]   Downloaded sha1 v0.10.5
[INFO] [stderr]   Downloaded wasmer-compiler v2.3.0
[INFO] [stderr]   Downloaded pbkdf2 v0.11.0
[INFO] [stderr]   Downloaded yoke-derive v0.7.1
[INFO] [stderr]   Downloaded yoke v0.7.1
[INFO] [stderr]   Downloaded num-complex v0.4.3
[INFO] [stderr]   Downloaded password-hash v0.4.2
[INFO] [stderr]   Downloaded rustc-demangle v0.1.23
[INFO] [stderr]   Downloaded region v3.0.0
[INFO] [stderr]   Downloaded target-lexicon v0.12.7
[INFO] [stderr]   Downloaded leb128 v0.2.5
[INFO] [stderr]   Downloaded wasmer-engine-dylib v2.3.0
[INFO] [stderr]   Downloaded erased-serde v0.3.25
[INFO] [stderr]   Downloaded darling v0.14.4
[INFO] [stderr]   Downloaded utf8_iter v1.0.3
[INFO] [stderr]   Downloaded wasi v0.11.0+wasi-snapshot-preview1
[INFO] [stderr]   Downloaded corosensei v0.1.3
[INFO] [stderr]   Downloaded rkyv v0.7.41
[INFO] [stderr]   Downloaded icu_properties v1.2.0
[INFO] [stderr]   Downloaded tracing-attributes v0.1.24
[INFO] [stderr]   Downloaded simdutf8 v0.1.4
[INFO] [stderr]   Downloaded icu_provider_blob v1.2.0
[INFO] [stderr]   Downloaded synstructure v0.12.6
[INFO] [stderr]   Downloaded zstd v0.11.2+zstd.1.5.2
[INFO] [stderr]   Downloaded time-core v0.1.0
[INFO] [stderr]   Downloaded constant_time_eq v0.1.5
[INFO] [stderr]   Downloaded redox_syscall v0.3.5
[INFO] [stderr]   Downloaded icu_normalizer v1.2.0
[INFO] [stderr]   Downloaded windows_aarch64_msvc v0.48.0
[INFO] [stderr]   Downloaded windows_x86_64_msvc v0.48.0
[INFO] [stderr]   Downloaded icu_locid v1.2.0
[INFO] [stderr]   Downloaded icu_plurals v1.2.0
[INFO] [stderr]   Downloaded zip v0.6.4
[INFO] [stderr]   Downloaded semver v1.0.17
[INFO] [stderr]   Downloaded darling_core v0.14.4
[INFO] [stderr]   Downloaded windows_x86_64_gnu v0.48.0
[INFO] [stderr]   Downloaded aes v0.7.5
[INFO] [stderr]   Downloaded core-foundation-sys v0.8.4
[INFO] [stderr]   Downloaded icu_locid_transform v1.2.1
[INFO] [stderr]   Downloaded tokio-native-tls v0.3.1
[INFO] [stderr]   Downloaded crlify v1.0.2
[INFO] [stderr]   Downloaded icu_collections v1.2.0
[INFO] [stderr]   Downloaded windows_i686_msvc v0.42.2
[INFO] [stderr]   Downloaded winreg v0.10.1
[INFO] [stderr]   Downloaded zstd-safe v5.0.2+zstd.1.5.2
[INFO] [stderr]   Downloaded httpdate v1.0.2
[INFO] [stderr]   Downloaded icu_displaynames v0.10.0
[INFO] [stderr]   Downloaded core-foundation v0.9.3
[INFO] [stderr]   Downloaded typenum v1.16.0
[INFO] [stderr]   Downloaded icu_provider_adapters v1.2.0
[INFO] [stderr]   Downloaded deduplicating_array v0.1.4
[INFO] [stderr]   Downloaded wasmparser v0.83.0
[INFO] [stderr]   Downloaded wasmer-derive v2.3.0
[INFO] [stderr]   Downloaded clap_derive v4.2.0
[INFO] [stderr]   Downloaded cached-path v0.6.1
[INFO] [stderr]   Downloaded indenter v0.3.3
[INFO] [stderr]   Downloaded dynasmrt v1.2.3
[INFO] [stderr]   Downloaded icu_decimal v1.2.0
[INFO] [stderr]   Downloaded wasmer-object v2.3.0
[INFO] [stderr]   Downloaded which v4.4.0
[INFO] [stderr]   Downloaded libm v0.2.6
[INFO] [stderr]   Downloaded instant v0.1.12
[INFO] [stderr]   Downloaded loupe-derive v0.1.3
[INFO] [stderr]   Downloaded rand_core v0.6.4
[INFO] [stderr]   Downloaded socket2 v0.4.9
[INFO] [stderr]   Downloaded litemap v0.7.0
[INFO] [stderr]   Downloaded security-framework-sys v2.8.0
[INFO] [stderr]   Downloaded icu_compactdecimal v0.2.0
[INFO] [stderr]   Downloaded databake v0.1.5
[INFO] [stderr]   Downloaded schannel v0.1.21
[INFO] [stderr]   Downloaded anstyle-parse v0.2.0
[INFO] [stderr]   Downloaded serde_bytes v0.11.9
[INFO] [stderr]   Downloaded icu_codepointtrie_builder v0.3.5
[INFO] [stderr]   Downloaded aho-corasick v1.0.1
[INFO] [stderr]   Downloaded libloading v0.7.4
[INFO] [stderr]   Downloaded icu_calendar v1.2.0
[INFO] [stderr]   Downloaded utf8parse v0.2.1
[INFO] [stderr]   Downloaded errno v0.3.1
[INFO] [stderr]   Downloaded serde-aux v4.2.0
[INFO] [stderr]   Downloaded number_prefix v0.4.0
[INFO] [stderr]   Downloaded http-body v0.4.5
[INFO] [stderr]   Downloaded object v0.28.4
[INFO] [stderr]   Downloaded hyper-tls v0.5.0
[INFO] [stderr]   Downloaded is-terminal v0.4.7
[INFO] [stderr]   Downloaded dynasm v1.2.3
[INFO] [stderr]   Downloaded windows-targets v0.42.2
[INFO] [stderr]   Downloaded icu_casemapping v0.7.2
[INFO] [stderr]   Downloaded generational-arena v0.2.8
[INFO] [stderr]   Downloaded icu_list v1.2.0
[INFO] [stderr]   Downloaded rand_chacha v0.3.1
[INFO] [stderr]   Downloaded colorchoice v1.0.0
[INFO] [stderr]   Downloaded icu_provider_fs v1.2.1
[INFO] [stderr]   Downloaded regex-syntax v0.6.29
[INFO] [stderr]   Downloaded clap_lex v0.4.1
[INFO] [stderr]   Downloaded errno-dragonfly v0.1.2
[INFO] [stderr]   Downloaded anstyle-query v1.0.0
[INFO] [stderr]   Downloaded windows-targets v0.48.0
[INFO] [stderr]   Downloaded wasm-bindgen-futures v0.4.34
[INFO] [stderr]   Downloaded hyper v0.14.26
[INFO] [stderr]   Downloaded hermit-abi v0.3.1
[INFO] [stderr]   Downloaded icu_relativetime v0.1.1
[INFO] [stderr]   Downloaded anstyle-wincon v1.0.1
[INFO] [stderr]   Downloaded icu_timezone v1.2.0
[INFO] [stderr]   Downloaded opaque-debug v0.3.0
[INFO] [stderr]   Downloaded elsa v1.8.1
[INFO] [stderr]   Downloaded eyre v0.6.8
[INFO] [stderr]   Downloaded wasmer-engine v2.3.0
[INFO] [stderr]   Downloaded enumset v1.0.12
[INFO] [stderr]   Downloaded digest v0.10.6
[INFO] [stderr]   Downloaded encode_unicode v0.3.6
[INFO] [stderr]   Downloaded redox_syscall v0.2.16
[INFO] [stderr]   Downloaded anstream v0.3.1
[INFO] [stderr]   Downloaded base64 v0.21.0
[INFO] [stderr]   Downloaded num-integer v0.1.45
[INFO] [stderr]   Downloaded fs2 v0.4.3
[INFO] [stderr]   Downloaded glob v0.3.1
[INFO] [stderr]   Downloaded anstyle v1.0.0
[INFO] [stderr]   Downloaded ppv-lite86 v0.2.17
[INFO] [stderr]   Downloaded console v0.15.5
[INFO] [stderr]   Downloaded security-framework v2.8.2
[INFO] [stderr]   Downloaded simple_logger v4.1.0
[INFO] [stderr]   Downloaded wasmer-engine-universal v2.3.0
[INFO] [stderr]   Downloaded clap v4.2.5
[INFO] [stderr]   Downloaded windows_aarch64_gnullvm v0.42.2
[INFO] [stderr]   Downloaded indicatif v0.16.2
[INFO] [stderr]   Downloaded wasmer-types v2.3.0
[INFO] [stderr]   Downloaded base64ct v1.6.0
[INFO] [stderr]   Downloaded fixed_decimal v0.5.3
[INFO] [stderr]   Downloaded email_address v0.2.4
[INFO] [stderr]   Downloaded ndarray v0.15.6
[INFO] [stderr]   Downloaded windows_x86_64_gnullvm v0.42.2
[INFO] [stderr]   Downloaded hashbrown v0.11.2
[INFO] [stderr]   Downloaded vcpkg v0.2.15
[INFO] [stderr]   Downloaded reqwest v0.11.17
[INFO] [stderr]   Downloaded matrixmultiply v0.3.5
[INFO] [stderr]   Downloaded wasmer-compiler-singlepass v2.3.0
[INFO] [stderr]   Downloaded rand v0.8.5
[INFO] [stderr]   Downloaded tokio-util v0.7.8
[INFO] [stderr]   Downloaded icu_datetime v1.2.1
[INFO] [stderr]   Downloaded clap_builder v4.2.5
[INFO] [stderr]   Downloaded mio v0.8.6
[INFO] [stderr]   Downloaded h2 v0.3.18
[INFO] [stderr]   Downloaded regex-automata v0.2.0
[INFO] [stderr]   Downloaded bzip2-sys v0.1.11+1.0.8
[INFO] [stderr]   Downloaded windows_x86_64_msvc v0.33.0
[INFO] [stderr]   Downloaded windows_aarch64_msvc v0.33.0
[INFO] [stderr]   Downloaded windows_i686_gnu v0.33.0
[INFO] [stderr]   Downloaded windows_i686_gnu v0.42.2
[INFO] [stderr]   Downloaded windows_i686_msvc v0.33.0
[INFO] [stderr]   Downloaded windows_x86_64_gnu v0.33.0
[INFO] [stderr]   Downloaded windows-sys v0.48.0
[INFO] [stderr]   Downloaded windows_x86_64_msvc v0.42.2
[INFO] [stderr]   Downloaded wasmer-wasi v2.3.0
[INFO] [stderr]   Downloaded windows_x86_64_gnu v0.42.2
[INFO] [stderr]   Downloaded windows_i686_gnu v0.48.0
[INFO] [stderr]   Downloaded windows_aarch64_msvc v0.42.2
[INFO] [stderr]   Downloaded gimli v0.26.2
[INFO] [stderr]   Downloaded windows_i686_msvc v0.48.0
[INFO] [stderr]   Downloaded tokio v1.28.0
[INFO] [stderr]   Downloaded icu_collator v1.2.0
[INFO] [stderr]   Downloaded zstd-sys v2.0.8+zstd.1.5.5
[INFO] [stderr]   Downloaded icu_segmenter v1.2.1
[INFO] [stderr]   Downloaded windows-sys v0.42.0
[INFO] [stderr]   Downloaded zerovec v0.9.4
[INFO] [stderr]   Downloaded windows-sys v0.45.0
[INFO] [stderr]   Downloaded windows-sys v0.33.0
[INFO] [stderr]   Downloaded icu_datagen v1.2.5
[INFO] running `Command { std: "docker" "create" "-v" "/var/lib/crater-agent-workspace/builds/worker-3-tc1/target:/opt/rustwide/target:rw,Z" "-v" "/var/lib/crater-agent-workspace/builds/worker-3-tc1/source:/opt/rustwide/workdir:ro,Z" "-v" "/var/lib/crater-agent-workspace/cargo-home:/opt/rustwide/cargo-home:ro,Z" "-v" "/var/lib/crater-agent-workspace/rustup-home:/opt/rustwide/rustup-home:ro,Z" "-e" "SOURCE_DIR=/opt/rustwide/workdir" "-e" "CARGO_TARGET_DIR=/opt/rustwide/target" "-e" "CARGO_HOME=/opt/rustwide/cargo-home" "-e" "RUSTUP_HOME=/opt/rustwide/rustup-home" "-w" "/opt/rustwide/workdir" "-m" "1610612736" "--user" "0:0" "--network" "none" "ghcr.io/rust-lang/crates-build-env/linux@sha256:5ff2268d62e97bff2cde7d5815dd6ed5b47097566f13b8d0ca110b04b60e07ed" "/opt/rustwide/cargo-home/bin/cargo" "+1.69.0" "metadata" "--no-deps" "--format-version=1", kill_on_drop: false }`
[INFO] [stdout] 459f6d8f687ac372df31c3cd242b356be959764ff8cb90816ed3c0d4d2fbbf8c
[INFO] running `Command { std: "docker" "start" "-a" "459f6d8f687ac372df31c3cd242b356be959764ff8cb90816ed3c0d4d2fbbf8c", kill_on_drop: false }`
[INFO] running `Command { std: "docker" "inspect" "459f6d8f687ac372df31c3cd242b356be959764ff8cb90816ed3c0d4d2fbbf8c", kill_on_drop: false }`
[INFO] running `Command { std: "docker" "rm" "-f" "459f6d8f687ac372df31c3cd242b356be959764ff8cb90816ed3c0d4d2fbbf8c", kill_on_drop: false }`
[INFO] [stdout] 459f6d8f687ac372df31c3cd242b356be959764ff8cb90816ed3c0d4d2fbbf8c
[INFO] running `Command { std: "docker" "create" "-v" "/var/lib/crater-agent-workspace/builds/worker-3-tc1/target:/opt/rustwide/target:rw,Z" "-v" "/var/lib/crater-agent-workspace/builds/worker-3-tc1/source:/opt/rustwide/workdir:ro,Z" "-v" "/var/lib/crater-agent-workspace/cargo-home:/opt/rustwide/cargo-home:ro,Z" "-v" "/var/lib/crater-agent-workspace/rustup-home:/opt/rustwide/rustup-home:ro,Z" "-e" "SOURCE_DIR=/opt/rustwide/workdir" "-e" "CARGO_TARGET_DIR=/opt/rustwide/target" "-e" "CARGO_INCREMENTAL=0" "-e" "RUST_BACKTRACE=full" "-e" "RUSTFLAGS=--cap-lints=warn" "-e" "RUSTDOCFLAGS=--cap-lints=warn" "-e" "CARGO_HOME=/opt/rustwide/cargo-home" "-e" "RUSTUP_HOME=/opt/rustwide/rustup-home" "-w" "/opt/rustwide/workdir" "-m" "1610612736" "--user" "0:0" "--network" "none" "ghcr.io/rust-lang/crates-build-env/linux@sha256:5ff2268d62e97bff2cde7d5815dd6ed5b47097566f13b8d0ca110b04b60e07ed" "/opt/rustwide/cargo-home/bin/cargo" "+1.69.0" "doc" "--frozen" "--no-deps" "--document-private-items" "--message-format=json", kill_on_drop: false }`
[INFO] [stdout] d537f781bfa00bc5f5d29b6ee4e80cb07f462aafa60b69a029163db005653ecb
[INFO] running `Command { std: "docker" "start" "-a" "d537f781bfa00bc5f5d29b6ee4e80cb07f462aafa60b69a029163db005653ecb", kill_on_drop: false }`
[INFO] [stderr]    Compiling proc-macro2 v1.0.56
[INFO] [stderr]    Compiling quote v1.0.26
[INFO] [stderr]    Compiling unicode-ident v1.0.8
[INFO] [stderr]    Compiling libc v0.2.142
[INFO] [stderr]    Compiling syn v1.0.109
[INFO] [stderr]    Compiling cfg-if v1.0.0
[INFO] [stderr]    Compiling serde_derive v1.0.160
[INFO] [stderr]    Compiling serde v1.0.160
[INFO] [stderr]    Compiling autocfg v1.1.0
[INFO] [stderr]    Compiling version_check v0.9.4
[INFO] [stderr]    Compiling unicode-xid v0.2.4
[INFO] [stderr]    Compiling log v0.4.17
[INFO] [stderr]    Compiling once_cell v1.17.1
[INFO] [stderr]    Compiling stable_deref_trait v1.2.0
[INFO] [stderr]    Compiling itoa v1.0.6
[INFO] [stderr]    Compiling ahash v0.7.6
[INFO] [stderr]    Compiling memchr v2.5.0
[INFO] [stderr]    Compiling ryu v1.0.13
[INFO] [stderr]    Compiling indexmap v1.9.3
[INFO] [stderr]    Compiling fnv v1.0.7
[INFO] [stderr]    Compiling serde_json v1.0.96
[INFO] [stderr]    Compiling bitflags v1.3.2
[INFO] [stderr]    Compiling pkg-config v0.3.26
[INFO] [stderr]    Compiling erased-serde v0.3.25
[INFO] [stderr]    Compiling writeable v0.5.2
[INFO] [stderr]    Compiling syn v2.0.15
[INFO] [stderr]    Compiling adler v1.0.2
[INFO] [stderr]    Compiling cobs v0.2.3
[INFO] [stderr]    Compiling thiserror v1.0.40
[INFO] [stderr]    Compiling bytecheck v0.6.10
[INFO] [stderr]    Compiling rustversion v1.0.12
[INFO] [stderr]    Compiling jobserver v0.1.26
[INFO] [stderr]    Compiling getrandom v0.2.9
[INFO] [stderr]    Compiling ident_case v1.0.1
[INFO] [stderr]    Compiling cc v1.0.79
[INFO] [stderr]    Compiling rend v0.4.0
[INFO] [stderr]    Compiling simdutf8 v0.1.4
[INFO] [stderr]    Compiling pin-project-lite v0.2.9
[INFO] [stderr]    Compiling rkyv v0.7.41
[INFO] [stderr]    Compiling hashbrown v0.12.3
[INFO] [stderr]    Compiling gimli v0.27.2
[INFO] [stderr]    Compiling miniz_oxide v0.6.2
[INFO] [stderr]    Compiling object v0.30.3
[INFO] [stderr]    Compiling seahash v4.1.0
[INFO] [stderr]    Compiling rustc-demangle v0.1.23
[INFO] [stderr]    Compiling num_cpus v1.15.0
[INFO] [stderr]    Compiling backtrace v0.3.67
[INFO] [stderr]    Compiling target-lexicon v0.12.7
[INFO] [stderr]    Compiling typenum v1.16.0
[INFO] [stderr]    Compiling more-asserts v0.2.2
[INFO] [stderr]    Compiling generic-array v0.14.7
[INFO] [stderr]    Compiling scopeguard v1.1.0
[INFO] [stderr]    Compiling lazy_static v1.4.0
[INFO] [stderr]    Compiling io-lifetimes v1.0.10
[INFO] [stderr]    Compiling addr2line v0.19.0
[INFO] [stderr]    Compiling tracing-core v0.1.30
[INFO] [stderr]    Compiling wasmparser v0.83.0
[INFO] [stderr]    Compiling rustix v0.37.18
[INFO] [stderr]    Compiling slab v0.4.8
[INFO] [stderr]    Compiling synstructure v0.12.6
[INFO] [stderr]    Compiling darling_core v0.14.4
[INFO] [stderr]    Compiling crc32fast v1.3.2
[INFO] [stderr]    Compiling crossbeam-utils v0.8.15
[INFO] [stderr]    Compiling linux-raw-sys v0.3.6
[INFO] [stderr]    Compiling openssl-sys v0.9.87
[INFO] [stderr]    Compiling memoffset v0.8.0
[INFO] [stderr]    Compiling proc-macro-error-attr v1.0.4
[INFO] [stderr]    Compiling futures-core v0.3.28
[INFO] [stderr]    Compiling bytes v1.4.0
[INFO] [stderr]    Compiling tokio v1.28.0
[INFO] [stderr]    Compiling memoffset v0.6.5
[INFO] [stderr]    Compiling thiserror-impl v1.0.40
[INFO] [stderr]    Compiling tracing-attributes v0.1.24
[INFO] [stderr]    Compiling corosensei v0.1.3
[INFO] [stderr]    Compiling crossbeam-epoch v0.9.14
[INFO] [stderr]    Compiling zerofrom-derive v0.1.2
[INFO] [stderr]    Compiling yoke-derive v0.7.1
[INFO] [stderr]    Compiling zerovec-derive v0.9.4
[INFO] [stderr]    Compiling displaydoc v0.2.3
[INFO] [stderr]    Compiling databake-derive v0.1.5
[INFO] [stderr]    Compiling icu_provider_macros v1.2.0
[INFO] [stderr]    Compiling ptr_meta_derive v0.1.4
[INFO] [stderr]    Compiling bytecheck_derive v0.6.10
[INFO] [stderr]    Compiling databake v0.1.5
[INFO] [stderr]    Compiling darling_macro v0.14.4
[INFO] [stderr]    Compiling ptr_meta v0.1.4
[INFO] [stderr]    Compiling loupe-derive v0.1.3
[INFO] [stderr]    Compiling rkyv_derive v0.7.41
[INFO] [stderr]    Compiling enum-iterator-derive v0.7.0
[INFO] [stderr]    Compiling zerofrom v0.1.2
[INFO] [stderr]    Compiling darling v0.14.4
[INFO] [stderr]    Compiling tracing v0.1.37
[INFO] [stderr]    Compiling enumset_derive v0.6.1
[INFO] [stderr]    Compiling proc-macro-error v1.0.4
[INFO] [stderr]    Compiling byteorder v1.4.3
[INFO] [stderr]    Compiling enum-iterator v0.7.0
[INFO] [stderr]    Compiling either v1.8.1
[INFO] [stderr]    Compiling socket2 v0.4.9
[INFO] [stderr]    Compiling mio v0.8.6
[INFO] [stderr]    Compiling memmap2 v0.5.10
[INFO] [stderr]    Compiling standback v0.2.17
[INFO] [stderr]    Compiling futures-task v0.3.28
[INFO] [stderr]    Compiling subtle v2.4.1
[INFO] [stderr]    Compiling enumset v1.0.12
[INFO] [stderr]    Compiling proc-macro-hack v0.5.20+deprecated
[INFO] [stderr]    Compiling block-buffer v0.10.4
[INFO] [stderr]    Compiling crypto-common v0.1.6
[INFO] [stderr]    Compiling zstd-sys v2.0.8+zstd.1.5.5
[INFO] [stderr]    Compiling region v3.0.0
[INFO] [stderr]    Compiling libm v0.2.6
[INFO] [stderr]    Compiling openssl v0.10.52
[INFO] [stderr]    Compiling foreign-types-shared v0.1.1
[INFO] [stderr]    Compiling rayon-core v1.11.0
[INFO] [stderr]    Compiling futures-util v0.3.28
[INFO] [stderr]    Compiling foreign-types v0.3.2
[INFO] [stderr]    Compiling digest v0.10.6
[INFO] [stderr]    Compiling crossbeam-deque v0.8.3
[INFO] [stderr]    Compiling crossbeam-channel v0.5.8
[INFO] [stderr]    Compiling openssl-macros v0.1.1
[INFO] [stderr]    Compiling http v0.2.9
[INFO] [stderr]    Compiling hashbrown v0.11.2
[INFO] [stderr]    Compiling rand_core v0.6.4
[INFO] [stderr]    Compiling num-traits v0.2.15
[INFO] [stderr]    Compiling httparse v1.8.0
[INFO] [stderr]    Compiling const_fn v0.4.9
[INFO] [stderr]    Compiling futures-io v0.3.28
[INFO] [stderr]    Compiling pin-utils v0.1.0
[INFO] [stderr]    Compiling cpufeatures v0.2.7
[INFO] [stderr]    Compiling tinyvec_macros v0.1.1
[INFO] [stderr]    Compiling fastrand v1.9.0
[INFO] [stderr]    Compiling futures-channel v0.3.28
[INFO] [stderr]    Compiling futures-sink v0.3.28
[INFO] [stderr]    Compiling native-tls v0.2.11
[INFO] [stderr]    Compiling tinyvec v1.6.0
[INFO] [stderr]    Compiling tempfile v3.5.0
[INFO] [stderr]    Compiling time-macros-impl v0.1.2
[INFO] [stderr]    Compiling yoke v0.7.1
[INFO] [stderr]    Compiling zerovec v0.9.4
[INFO] [stderr]    Compiling litemap v0.7.0
[INFO] [stderr]    Compiling smallvec v1.10.0
[INFO] [stderr]    Compiling postcard v1.0.4
[INFO] [stderr]    Compiling bincode v1.3.3
[INFO] [stderr]    Compiling loupe v0.1.3
[INFO] [stderr]    Compiling serde_bytes v0.11.9
[INFO] [stderr]    Compiling fixed_decimal v0.5.3
[INFO] [stderr]    Compiling tinystr v0.7.1
[INFO] [stderr]    Compiling wasmer-types v2.3.0
[INFO] [stderr]    Compiling icu_collections v1.2.0
[INFO] [stderr]    Compiling object v0.28.4
[INFO] [stderr]    Compiling tokio-util v0.7.8
[INFO] [stderr]    Compiling icu_locid v1.2.0
[INFO] [stderr]    Compiling dynasm v1.2.3
[INFO] [stderr]    Compiling icu_provider v1.2.0
[INFO] [stderr]    Compiling bzip2-sys v0.1.11+1.0.8
[INFO] [stderr]    Compiling time v0.2.27
[INFO] [stderr]    Compiling zstd-safe v5.0.2+zstd.1.5.2
[INFO] [stderr]    Compiling leb128 v0.2.5
[INFO] [stderr]    Compiling percent-encoding v2.2.0
[INFO] [stderr]    Compiling fallible-iterator v0.2.0
[INFO] [stderr]    Compiling try-lock v0.2.4
[INFO] [stderr]    Compiling openssl-probe v0.1.5
[INFO] [stderr]    Compiling want v0.3.0
[INFO] [stderr]    Compiling form_urlencoded v1.1.0
[INFO] [stderr]    Compiling wasmer-compiler v2.3.0
[INFO] [stderr]    Compiling gimli v0.26.2
[INFO] [stderr]    Compiling h2 v0.3.18
[INFO] [stderr]    Compiling rayon v1.7.0
[INFO] [stderr]    Compiling time-macros v0.1.1
[INFO] [stderr]    Compiling unicode-normalization v0.1.22
[INFO] [stderr]    Compiling wasmer-artifact v2.3.0
[INFO] [stderr]    Compiling wasmer-object v2.3.0
[INFO] [stderr]    Compiling wasmer-vm v2.3.0
[INFO] [stderr]    Compiling wasmer-engine-universal-artifact v2.3.0
[INFO] [stderr]    Compiling http-body v0.4.5
[INFO] [stderr]    Compiling which v4.4.0
[INFO] [stderr]    Compiling wasmer-engine v2.3.0
[INFO] [stderr]    Compiling libloading v0.7.4
[INFO] [stderr]    Compiling unicode-bidi v0.3.13
[INFO] [stderr]    Compiling base64ct v1.6.0
[INFO] [stderr]    Compiling utf8parse v0.2.1
[INFO] [stderr]    Compiling httpdate v1.0.2
[INFO] [stderr]    Compiling tower-service v0.3.2
[INFO] [stderr]    Compiling password-hash v0.4.2
[INFO] [stderr]    Compiling anstyle-parse v0.2.0
[INFO] [stderr]    Compiling idna v0.3.0
[INFO] [stderr]    Compiling wasmer-engine-universal v2.3.0
[INFO] [stderr]    Compiling wasmer-engine-dylib v2.3.0
[INFO] [stderr]    Compiling tokio-native-tls v0.3.1
[INFO] [stderr]    Compiling icu_plurals v1.2.0
[INFO] [stderr]    Compiling icu_decimal v1.2.0
[INFO] [stderr]    Compiling sha2 v0.10.6
[INFO] [stderr]    Compiling hyper v0.14.26
[INFO] [stderr]    Compiling hmac v0.12.1
[INFO] [stderr]    Compiling wasmer-derive v2.3.0
[INFO] [stderr]    Compiling is-terminal v0.4.7
[INFO] [stderr]    Compiling cipher v0.3.0
[INFO] [stderr]    Compiling miniz_oxide v0.7.1
[INFO] [stderr]    Compiling num-integer v0.1.45
[INFO] [stderr]    Compiling matrixmultiply v0.3.5
[INFO] [stderr]    Compiling time-core v0.1.0
[INFO] [stderr]    Compiling ppv-lite86 v0.2.17
[INFO] [stderr]    Compiling utf8_iter v1.0.3
[INFO] [stderr]    Compiling anstyle v1.0.0
[INFO] [stderr]    Compiling anstyle-query v1.0.0
[INFO] [stderr]    Compiling opaque-debug v0.3.0
[INFO] [stderr]    Compiling regex-syntax v0.7.1
[INFO] [stderr]    Compiling colorchoice v1.0.0
[INFO] [stderr]    Compiling cfg-if v0.1.10
[INFO] [stderr]    Compiling aes v0.7.5
[INFO] [stderr]    Compiling anstream v0.3.1
[INFO] [stderr]    Compiling rand_chacha v0.3.1
[INFO] [stderr]    Compiling generational-arena v0.2.8
[INFO] [stderr]    Compiling flate2 v1.0.26
[INFO] [stderr]    Compiling dynasmrt v1.2.3
[INFO] [stderr]    Compiling time v0.3.20
[INFO] [stderr]    Compiling pbkdf2 v0.11.0
[INFO] [stderr]    Compiling wasmer-wasi-types v2.3.0
[INFO] [stderr]    Compiling wasmer-compiler-singlepass v2.3.0
[INFO] [stderr]    Compiling url v2.3.1
[INFO] [stderr]    Compiling serde_urlencoded v0.7.1
[INFO] [stderr]    Compiling icu_calendar v1.2.0
[INFO] [stderr]    Compiling regex v1.8.1
[INFO] [stderr]    Compiling icu_properties v1.2.0
[INFO] [stderr]    Compiling sha1 v0.10.5
[INFO] [stderr]    Compiling wasmer-vfs v2.3.0
[INFO] [stderr]    Compiling console v0.15.5
[INFO] [stderr]    Compiling hyper-tls v0.5.0
[INFO] [stderr]    Compiling xattr v0.2.3
[INFO] [stderr]    Compiling filetime v0.2.21
[INFO] [stderr]    Compiling encoding_rs v0.8.32
[INFO] [stderr]    Compiling semver v1.0.17
[INFO] [stderr]    Compiling write16 v1.0.0
[INFO] [stderr]    Compiling number_prefix v0.4.0
[INFO] [stderr]    Compiling clap_lex v0.4.1
[INFO] [stderr]    Compiling eyre v0.6.8
[INFO] [stderr]    Compiling ipnet v2.7.2
[INFO] [stderr]    Compiling strsim v0.10.0
[INFO] [stderr]    Compiling rawpointer v0.2.1
[INFO] [stderr]    Compiling constant_time_eq v0.1.5
[INFO] [stderr]    Compiling heck v0.4.1
[INFO] [stderr]    Compiling mime v0.3.17
[INFO] [stderr]    Compiling regex-syntax v0.6.29
[INFO] [stderr]    Compiling base64 v0.21.0
[INFO] [stderr]    Compiling utf16_iter v1.0.4
[INFO] [stderr]    Compiling icu_normalizer v1.2.0
[INFO] [stderr]    Compiling clap_derive v4.2.0
[INFO] [stderr]    Compiling clap_builder v4.2.5
[INFO] [stdout] error[E0433]: failed to resolve: use of undeclared crate or module `std`
[INFO] [stdout]   --> /opt/rustwide/cargo-home/registry/src/github.com-1ecc6299db9ec823/matrixmultiply-0.3.5/src/cgemm_common.rs:10:5
[INFO] [stdout]    |
[INFO] [stdout] 10 | use std::ptr::copy_nonoverlapping;
[INFO] [stdout]    |     ^^^ use of undeclared crate or module `std`
[INFO] [stdout] 
[INFO] [stdout] 
[INFO] [stdout] error[E0432]: unresolved import `std`
[INFO] [stdout]  --> /opt/rustwide/cargo-home/registry/src/github.com-1ecc6299db9ec823/matrixmultiply-0.3.5/src/cgemm_common.rs:9:5
[INFO] [stdout]   |
[INFO] [stdout] 9 | use std::mem;
[INFO] [stdout]   |     ^^^ use of undeclared crate or module `std`
[INFO] [stdout] 
[INFO] [stdout] 
[INFO] [stderr]    Compiling indicatif v0.16.2
[INFO] [stdout] error[E0599]: no method named `mul_add` found for type `f32` in the current scope
[INFO] [stdout]    --> /opt/rustwide/cargo-home/registry/src/github.com-1ecc6299db9ec823/matrixmultiply-0.3.5/src/cgemm_common.rs:21:23
[INFO] [stdout]     |
[INFO] [stdout] 21  |               $dst = $a.mul_add($b, $dst);
[INFO] [stdout]     |                         ^^^^^^^ method not found in `f32`
[INFO] [stdout]     |
[INFO] [stdout]    ::: /opt/rustwide/cargo-home/registry/src/github.com-1ecc6299db9ec823/matrixmultiply-0.3.5/src/cgemm_kernel.rs:199:1
[INFO] [stdout]     |
[INFO] [stdout] 199 | / kernel_fallback_impl_complex! {
[INFO] [stdout] 200 | |     // instantiate separately
[INFO] [stdout] 201 | |     [inline target_feature(enable="avx2") target_feature(enable="fma")] [fma_yes]
[INFO] [stdout] 202 | |     kernel_target_avx2, T, TReal, KernelAvx2::MR, KernelAvx2::NR, 4
[INFO] [stdout] 203 | | }
[INFO] [stdout]     | |_- in this macro invocation
[INFO] [stdout]     |
[INFO] [stdout]     = note: this error originates in the macro `fmuladd` which comes from the expansion of the macro `kernel_fallback_impl_complex` (in Nightly builds, run with -Z macro-backtrace for more info)
[INFO] [stdout] 
[INFO] [stdout] 
[INFO] [stdout] error[E0599]: no method named `mul_add` found for type `f32` in the current scope
[INFO] [stdout]    --> /opt/rustwide/cargo-home/registry/src/github.com-1ecc6299db9ec823/matrixmultiply-0.3.5/src/cgemm_common.rs:21:23
[INFO] [stdout]     |
[INFO] [stdout] 21  |               $dst = $a.mul_add($b, $dst);
[INFO] [stdout]     |                         ^^^^^^^ method not found in `f32`
[INFO] [stdout]     |
[INFO] [stdout]    ::: /opt/rustwide/cargo-home/registry/src/github.com-1ecc6299db9ec823/matrixmultiply-0.3.5/src/cgemm_kernel.rs:199:1
[INFO] [stdout]     |
[INFO] [stdout] 199 | / kernel_fallback_impl_complex! {
[INFO] [stdout] 200 | |     // instantiate separately
[INFO] [stdout] 201 | |     [inline target_feature(enable="avx2") target_feature(enable="fma")] [fma_yes]
[INFO] [stdout] 202 | |     kernel_target_avx2, T, TReal, KernelAvx2::MR, KernelAvx2::NR, 4
[INFO] [stdout] 203 | | }
[INFO] [stdout]     | |_- in this macro invocation
[INFO] [stdout]     |
[INFO] [stdout]     = note: this error originates in the macro `fmuladd` which comes from the expansion of the macro `kernel_fallback_impl_complex` (in Nightly builds, run with -Z macro-backtrace for more info)
[INFO] [stdout] 
[INFO] [stdout] 
[INFO] [stdout] error[E0599]: no method named `mul_add` found for type `f32` in the current scope
[INFO] [stdout]    --> /opt/rustwide/cargo-home/registry/src/github.com-1ecc6299db9ec823/matrixmultiply-0.3.5/src/cgemm_common.rs:21:23
[INFO] [stdout]     |
[INFO] [stdout] 21  |               $dst = $a.mul_add($b, $dst);
[INFO] [stdout]     |                         ^^^^^^^ method not found in `f32`
[INFO] [stdout]     |
[INFO] [stdout]    ::: /opt/rustwide/cargo-home/registry/src/github.com-1ecc6299db9ec823/matrixmultiply-0.3.5/src/cgemm_kernel.rs:199:1
[INFO] [stdout]     |
[INFO] [stdout] 199 | / kernel_fallback_impl_complex! {
[INFO] [stdout] 200 | |     // instantiate separately
[INFO] [stdout] 201 | |     [inline target_feature(enable="avx2") target_feature(enable="fma")] [fma_yes]
[INFO] [stdout] 202 | |     kernel_target_avx2, T, TReal, KernelAvx2::MR, KernelAvx2::NR, 4
[INFO] [stdout] 203 | | }
[INFO] [stdout]     | |_- in this macro invocation
[INFO] [stdout]     |
[INFO] [stdout]     = note: this error originates in the macro `fmuladd` which comes from the expansion of the macro `kernel_fallback_impl_complex` (in Nightly builds, run with -Z macro-backtrace for more info)
[INFO] [stdout] 
[INFO] [stdout] 
[INFO] [stdout] error[E0599]: no method named `mul_add` found for type `f32` in the current scope
[INFO] [stdout]    --> /opt/rustwide/cargo-home/registry/src/github.com-1ecc6299db9ec823/matrixmultiply-0.3.5/src/cgemm_common.rs:21:23
[INFO] [stdout]     |
[INFO] [stdout] 21  |               $dst = $a.mul_add($b, $dst);
[INFO] [stdout]     |                         ^^^^^^^ method not found in `f32`
[INFO] [stdout]     |
[INFO] [stdout]    ::: /opt/rustwide/cargo-home/registry/src/github.com-1ecc6299db9ec823/matrixmultiply-0.3.5/src/cgemm_kernel.rs:199:1
[INFO] [stdout]     |
[INFO] [stdout] 199 | / kernel_fallback_impl_complex! {
[INFO] [stdout] 200 | |     // instantiate separately
[INFO] [stdout] 201 | |     [inline target_feature(enable="avx2") target_feature(enable="fma")] [fma_yes]
[INFO] [stdout] 202 | |     kernel_target_avx2, T, TReal, KernelAvx2::MR, KernelAvx2::NR, 4
[INFO] [stdout] 203 | | }
[INFO] [stdout]     | |_- in this macro invocation
[INFO] [stdout]     |
[INFO] [stdout]     = note: this error originates in the macro `fmuladd` which comes from the expansion of the macro `kernel_fallback_impl_complex` (in Nightly builds, run with -Z macro-backtrace for more info)
[INFO] [stdout] 
[INFO] [stdout] 
[INFO] [stdout] error[E0599]: no method named `mul_add` found for type `f64` in the current scope
[INFO] [stdout]    --> /opt/rustwide/cargo-home/registry/src/github.com-1ecc6299db9ec823/matrixmultiply-0.3.5/src/cgemm_common.rs:21:23
[INFO] [stdout]     |
[INFO] [stdout] 21  |               $dst = $a.mul_add($b, $dst);
[INFO] [stdout]     |                         ^^^^^^^ method not found in `f64`
[INFO] [stdout]     |
[INFO] [stdout]    ::: /opt/rustwide/cargo-home/registry/src/github.com-1ecc6299db9ec823/matrixmultiply-0.3.5/src/zgemm_kernel.rs:196:1
[INFO] [stdout]     |
[INFO] [stdout] 196 | / kernel_fallback_impl_complex! {
[INFO] [stdout] 197 | |     // instantiate fma separately
[INFO] [stdout] 198 | |     [inline target_feature(enable="fma") target_feature(enable="avx2")] [fma_yes]
[INFO] [stdout] 199 | |     kernel_target_avx2, T, TReal, KernelAvx2::MR, KernelAvx2::NR, 4
[INFO] [stdout] 200 | | }
[INFO] [stdout]     | |_- in this macro invocation
[INFO] [stdout]     |
[INFO] [stdout]     = note: this error originates in the macro `fmuladd` which comes from the expansion of the macro `kernel_fallback_impl_complex` (in Nightly builds, run with -Z macro-backtrace for more info)
[INFO] [stdout] 
[INFO] [stdout] 
[INFO] [stdout] error[E0599]: no method named `mul_add` found for type `f64` in the current scope
[INFO] [stdout]    --> /opt/rustwide/cargo-home/registry/src/github.com-1ecc6299db9ec823/matrixmultiply-0.3.5/src/cgemm_common.rs:21:23
[INFO] [stdout]     |
[INFO] [stdout] 21  |               $dst = $a.mul_add($b, $dst);
[INFO] [stdout]     |                         ^^^^^^^ method not found in `f64`
[INFO] [stdout]     |
[INFO] [stdout]    ::: /opt/rustwide/cargo-home/registry/src/github.com-1ecc6299db9ec823/matrixmultiply-0.3.5/src/zgemm_kernel.rs:196:1
[INFO] [stdout]     |
[INFO] [stdout] 196 | / kernel_fallback_impl_complex! {
[INFO] [stdout] 197 | |     // instantiate fma separately
[INFO] [stdout] 198 | |     [inline target_feature(enable="fma") target_feature(enable="avx2")] [fma_yes]
[INFO] [stdout] 199 | |     kernel_target_avx2, T, TReal, KernelAvx2::MR, KernelAvx2::NR, 4
[INFO] [stdout] 200 | | }
[INFO] [stdout]     | |_- in this macro invocation
[INFO] [stdout]     |
[INFO] [stdout]     = note: this error originates in the macro `fmuladd` which comes from the expansion of the macro `kernel_fallback_impl_complex` (in Nightly builds, run with -Z macro-backtrace for more info)
[INFO] [stdout] 
[INFO] [stdout] 
[INFO] [stdout] error[E0599]: no method named `mul_add` found for type `f64` in the current scope
[INFO] [stdout]    --> /opt/rustwide/cargo-home/registry/src/github.com-1ecc6299db9ec823/matrixmultiply-0.3.5/src/cgemm_common.rs:21:23
[INFO] [stdout]     |
[INFO] [stdout] 21  |               $dst = $a.mul_add($b, $dst);
[INFO] [stdout]     |                         ^^^^^^^ method not found in `f64`
[INFO] [stdout]     |
[INFO] [stdout]    ::: /opt/rustwide/cargo-home/registry/src/github.com-1ecc6299db9ec823/matrixmultiply-0.3.5/src/zgemm_kernel.rs:196:1
[INFO] [stdout]     |
[INFO] [stdout] 196 | / kernel_fallback_impl_complex! {
[INFO] [stdout] 197 | |     // instantiate fma separately
[INFO] [stdout] 198 | |     [inline target_feature(enable="fma") target_feature(enable="avx2")] [fma_yes]
[INFO] [stdout] 199 | |     kernel_target_avx2, T, TReal, KernelAvx2::MR, KernelAvx2::NR, 4
[INFO] [stdout] 200 | | }
[INFO] [stdout]     | |_- in this macro invocation
[INFO] [stdout]     |
[INFO] [stdout]     = note: this error originates in the macro `fmuladd` which comes from the expansion of the macro `kernel_fallback_impl_complex` (in Nightly builds, run with -Z macro-backtrace for more info)
[INFO] [stdout] 
[INFO] [stdout] 
[INFO] [stdout] error[E0599]: no method named `mul_add` found for type `f64` in the current scope
[INFO] [stdout]    --> /opt/rustwide/cargo-home/registry/src/github.com-1ecc6299db9ec823/matrixmultiply-0.3.5/src/cgemm_common.rs:21:23
[INFO] [stdout]     |
[INFO] [stdout] 21  |               $dst = $a.mul_add($b, $dst);
[INFO] [stdout]     |                         ^^^^^^^ method not found in `f64`
[INFO] [stdout]     |
[INFO] [stdout]    ::: /opt/rustwide/cargo-home/registry/src/github.com-1ecc6299db9ec823/matrixmultiply-0.3.5/src/zgemm_kernel.rs:196:1
[INFO] [stdout]     |
[INFO] [stdout] 196 | / kernel_fallback_impl_complex! {
[INFO] [stdout] 197 | |     // instantiate fma separately
[INFO] [stdout] 198 | |     [inline target_feature(enable="fma") target_feature(enable="avx2")] [fma_yes]
[INFO] [stdout] 199 | |     kernel_target_avx2, T, TReal, KernelAvx2::MR, KernelAvx2::NR, 4
[INFO] [stdout] 200 | | }
[INFO] [stdout]     | |_- in this macro invocation
[INFO] [stdout]     |
[INFO] [stdout]     = note: this error originates in the macro `fmuladd` which comes from the expansion of the macro `kernel_fallback_impl_complex` (in Nightly builds, run with -Z macro-backtrace for more info)
[INFO] [stdout] 
[INFO] [stdout] 
[INFO] [stdout] error[E0599]: no method named `mul_add` found for type `f64` in the current scope
[INFO] [stdout]    --> /opt/rustwide/cargo-home/registry/src/github.com-1ecc6299db9ec823/matrixmultiply-0.3.5/src/cgemm_common.rs:21:23
[INFO] [stdout]     |
[INFO] [stdout] 21  |               $dst = $a.mul_add($b, $dst);
[INFO] [stdout]     |                         ^^^^^^^ method not found in `f64`
[INFO] [stdout]     |
[INFO] [stdout]    ::: /opt/rustwide/cargo-home/registry/src/github.com-1ecc6299db9ec823/matrixmultiply-0.3.5/src/zgemm_kernel.rs:196:1
[INFO] [stdout]     |
[INFO] [stdout] 196 | / kernel_fallback_impl_complex! {
[INFO] [stdout] 197 | |     // instantiate fma separately
[INFO] [stdout] 198 | |     [inline target_feature(enable="fma") target_feature(enable="avx2")] [fma_yes]
[INFO] [stdout] 199 | |     kernel_target_avx2, T, TReal, KernelAvx2::MR, KernelAvx2::NR, 4
[INFO] [stdout] 200 | | }
[INFO] [stdout]     | |_- in this macro invocation
[INFO] [stdout]     |
[INFO] [stdout]     = note: this error originates in the macro `fmuladd` which comes from the expansion of the macro `kernel_fallback_impl_complex` (in Nightly builds, run with -Z macro-backtrace for more info)
[INFO] [stdout] 
[INFO] [stdout] 
[INFO] [stdout] error[E0599]: no method named `mul_add` found for type `f64` in the current scope
[INFO] [stdout]    --> /opt/rustwide/cargo-home/registry/src/github.com-1ecc6299db9ec823/matrixmultiply-0.3.5/src/cgemm_common.rs:21:23
[INFO] [stdout]     |
[INFO] [stdout] 21  |               $dst = $a.mul_add($b, $dst);
[INFO] [stdout]     |                         ^^^^^^^ method not found in `f64`
[INFO] [stdout]     |
[INFO] [stdout]    ::: /opt/rustwide/cargo-home/registry/src/github.com-1ecc6299db9ec823/matrixmultiply-0.3.5/src/zgemm_kernel.rs:196:1
[INFO] [stdout]     |
[INFO] [stdout] 196 | / kernel_fallback_impl_complex! {
[INFO] [stdout] 197 | |     // instantiate fma separately
[INFO] [stdout] 198 | |     [inline target_feature(enable="fma") target_feature(enable="avx2")] [fma_yes]
[INFO] [stdout] 199 | |     kernel_target_avx2, T, TReal, KernelAvx2::MR, KernelAvx2::NR, 4
[INFO] [stdout] 200 | | }
[INFO] [stdout]     | |_- in this macro invocation
[INFO] [stdout]     |
[INFO] [stdout]     = note: this error originates in the macro `fmuladd` which comes from the expansion of the macro `kernel_fallback_impl_complex` (in Nightly builds, run with -Z macro-backtrace for more info)
[INFO] [stdout] 
[INFO] [stdout] 
[INFO] [stdout] error[E0599]: no method named `mul_add` found for type `f64` in the current scope
[INFO] [stdout]    --> /opt/rustwide/cargo-home/registry/src/github.com-1ecc6299db9ec823/matrixmultiply-0.3.5/src/cgemm_common.rs:21:23
[INFO] [stdout]     |
[INFO] [stdout] 21  |               $dst = $a.mul_add($b, $dst);
[INFO] [stdout]     |                         ^^^^^^^ method not found in `f64`
[INFO] [stdout]     |
[INFO] [stdout]    ::: /opt/rustwide/cargo-home/registry/src/github.com-1ecc6299db9ec823/matrixmultiply-0.3.5/src/zgemm_kernel.rs:196:1
[INFO] [stdout]     |
[INFO] [stdout] 196 | / kernel_fallback_impl_complex! {
[INFO] [stdout] 197 | |     // instantiate fma separately
[INFO] [stdout] 198 | |     [inline target_feature(enable="fma") target_feature(enable="avx2")] [fma_yes]
[INFO] [stdout] 199 | |     kernel_target_avx2, T, TReal, KernelAvx2::MR, KernelAvx2::NR, 4
[INFO] [stdout] 200 | | }
[INFO] [stdout]     | |_- in this macro invocation
[INFO] [stdout]     |
[INFO] [stdout]     = note: this error originates in the macro `fmuladd` which comes from the expansion of the macro `kernel_fallback_impl_complex` (in Nightly builds, run with -Z macro-backtrace for more info)
[INFO] [stdout] 
[INFO] [stdout] 
[INFO] [stdout] error[E0599]: no method named `mul_add` found for type `f64` in the current scope
[INFO] [stdout]    --> /opt/rustwide/cargo-home/registry/src/github.com-1ecc6299db9ec823/matrixmultiply-0.3.5/src/cgemm_common.rs:21:23
[INFO] [stdout]     |
[INFO] [stdout] 21  |               $dst = $a.mul_add($b, $dst);
[INFO] [stdout]     |                         ^^^^^^^ method not found in `f64`
[INFO] [stdout]     |
[INFO] [stdout]    ::: /opt/rustwide/cargo-home/registry/src/github.com-1ecc6299db9ec823/matrixmultiply-0.3.5/src/zgemm_kernel.rs:196:1
[INFO] [stdout]     |
[INFO] [stdout] 196 | / kernel_fallback_impl_complex! {
[INFO] [stdout] 197 | |     // instantiate fma separately
[INFO] [stdout] 198 | |     [inline target_feature(enable="fma") target_feature(enable="avx2")] [fma_yes]
[INFO] [stdout] 199 | |     kernel_target_avx2, T, TReal, KernelAvx2::MR, KernelAvx2::NR, 4
[INFO] [stdout] 200 | | }
[INFO] [stdout]     | |_- in this macro invocation
[INFO] [stdout]     |
[INFO] [stdout]     = note: this error originates in the macro `fmuladd` which comes from the expansion of the macro `kernel_fallback_impl_complex` (in Nightly builds, run with -Z macro-backtrace for more info)
[INFO] [stdout] 
[INFO] [stdout] 
[INFO] [stdout] error: aborting due to 14 previous errors
[INFO] [stdout] 
[INFO] [stdout] 
[INFO] [stdout] Some errors have detailed explanations: E0432, E0433, E0599.
[INFO] [stdout] 
[INFO] [stdout] For more information about an error, try `rustc --explain E0432`.
[INFO] [stdout] 
[INFO] [stderr] error: could not compile `matrixmultiply` due to 15 previous errors
[INFO] [stderr] warning: build failed, waiting for other jobs to finish...
[INFO] running `Command { std: "docker" "inspect" "d537f781bfa00bc5f5d29b6ee4e80cb07f462aafa60b69a029163db005653ecb", kill_on_drop: false }`
[INFO] running `Command { std: "docker" "rm" "-f" "d537f781bfa00bc5f5d29b6ee4e80cb07f462aafa60b69a029163db005653ecb", kill_on_drop: false }`
[INFO] [stdout] d537f781bfa00bc5f5d29b6ee4e80cb07f462aafa60b69a029163db005653ecb
