[INFO] cloning repository https://github.com/youth95/que
[INFO] running `Command { std: "git" "-c" "credential.helper=" "-c" "credential.helper=/workspace/cargo-home/bin/git-credential-null" "clone" "--bare" "https://github.com/youth95/que" "/workspace/cache/git-repos/https%3A%2F%2Fgithub.com%2Fyouth95%2Fque", kill_on_drop: false }`
[INFO] [stderr] Cloning into bare repository '/workspace/cache/git-repos/https%3A%2F%2Fgithub.com%2Fyouth95%2Fque'...
[INFO] running `Command { std: "git" "rev-parse" "HEAD", kill_on_drop: false }`
[INFO] [stdout] 0c987a820cbe32b0ae3021a1b5ed31255d0af35f
[INFO] documenting youth95/que against 1.69.0 for beta-1.70-rustdoc-1
[INFO] running `Command { std: "git" "clone" "/workspace/cache/git-repos/https%3A%2F%2Fgithub.com%2Fyouth95%2Fque" "/workspace/builds/worker-0-tc1/source", kill_on_drop: false }`
[INFO] [stderr] Cloning into '/workspace/builds/worker-0-tc1/source'...
[INFO] [stderr] done.
[INFO] validating manifest of git repo https://github.com/youth95/que on toolchain 1.69.0
[INFO] running `Command { std: CARGO_HOME="/workspace/cargo-home" RUSTUP_HOME="/workspace/rustup-home" "/workspace/cargo-home/bin/cargo" "+1.69.0" "metadata" "--manifest-path" "Cargo.toml" "--no-deps", kill_on_drop: false }`
[INFO] started tweaking git repo https://github.com/youth95/que
[INFO] finished tweaking git repo https://github.com/youth95/que
[INFO] tweaked toml for git repo https://github.com/youth95/que written to /workspace/builds/worker-0-tc1/source/Cargo.toml
[INFO] running `Command { std: CARGO_HOME="/workspace/cargo-home" RUSTUP_HOME="/workspace/rustup-home" __CARGO_TEST_CHANNEL_OVERRIDE_DO_NOT_USE_THIS="nightly" "/workspace/cargo-home/bin/cargo" "+1.69.0" "generate-lockfile" "--manifest-path" "Cargo.toml" "-Zno-index-update", kill_on_drop: false }`
[INFO] running `Command { std: CARGO_HOME="/workspace/cargo-home" RUSTUP_HOME="/workspace/rustup-home" "/workspace/cargo-home/bin/cargo" "+1.69.0" "fetch" "--manifest-path" "Cargo.toml", kill_on_drop: false }`
[INFO] [stderr]  Downloading crates ...
[INFO] [stderr]   Downloaded bevy_gltf v0.9.1
[INFO] [stderr]   Downloaded kira v0.7.3
[INFO] [stderr]   Downloaded bevy-web-resizer v4.0.1
[INFO] [stderr]   Downloaded better-bae v0.1.9
[INFO] [stderr]   Downloaded bevy_text v0.9.1
[INFO] [stderr]   Downloaded bevy_ui v0.9.1
[INFO] [stderr]   Downloaded symphonia-format-wav v0.5.2
[INFO] [stderr]   Downloaded better-bae-macros v0.1.9
[INFO] [stderr]   Downloaded ringbuf v0.3.3
[INFO] [stderr]   Downloaded symphonia-codec-pcm v0.5.2
[INFO] [stderr]   Downloaded bevy_ninepatch v0.9.1
[INFO] [stderr]   Downloaded bevy_winit v0.9.1
[INFO] [stderr]   Downloaded atomic-arena v0.1.1
[INFO] [stderr]   Downloaded bevy_prototype_lyon v0.7.2
[INFO] [stderr]   Downloaded bevy_sprite v0.9.1
[INFO] [stderr]   Downloaded const_panic v0.2.8
[INFO] [stderr]   Downloaded lyon_tessellation v1.0.10
[INFO] [stderr]   Downloaded bevy_kira_audio v0.13.0
[INFO] [stderr]   Downloaded bevy_embedded_assets v0.6.2
[INFO] [stderr]   Downloaded bevy_console v0.4.0
[INFO] [stderr]   Downloaded bevy_console_parser v0.3.0
[INFO] [stderr]   Downloaded bevy_mod_debugdump v0.6.0
[INFO] [stderr]   Downloaded bevy_console_derive v0.3.0
[INFO] [stderr]   Downloaded bevy_asset_loader_derive v0.14.0
[INFO] [stderr]   Downloaded bevy_egui v0.15.1
[INFO] [stderr]   Downloaded bevy_asset_loader v0.14.1
[INFO] running `Command { std: "docker" "create" "-v" "/var/lib/crater-agent-workspace/builds/worker-0-tc1/target:/opt/rustwide/target:rw,Z" "-v" "/var/lib/crater-agent-workspace/builds/worker-0-tc1/source:/opt/rustwide/workdir:ro,Z" "-v" "/var/lib/crater-agent-workspace/cargo-home:/opt/rustwide/cargo-home:ro,Z" "-v" "/var/lib/crater-agent-workspace/rustup-home:/opt/rustwide/rustup-home:ro,Z" "-e" "SOURCE_DIR=/opt/rustwide/workdir" "-e" "CARGO_TARGET_DIR=/opt/rustwide/target" "-e" "CARGO_HOME=/opt/rustwide/cargo-home" "-e" "RUSTUP_HOME=/opt/rustwide/rustup-home" "-w" "/opt/rustwide/workdir" "-m" "1610612736" "--user" "0:0" "--network" "none" "ghcr.io/rust-lang/crates-build-env/linux@sha256:5ff2268d62e97bff2cde7d5815dd6ed5b47097566f13b8d0ca110b04b60e07ed" "/opt/rustwide/cargo-home/bin/cargo" "+1.69.0" "metadata" "--no-deps" "--format-version=1", kill_on_drop: false }`
[INFO] [stdout] 94316336dcd206aacc4e3e7fba0fbeb856ce34bb55e63994c080d7e090782cec
[INFO] running `Command { std: "docker" "start" "-a" "94316336dcd206aacc4e3e7fba0fbeb856ce34bb55e63994c080d7e090782cec", kill_on_drop: false }`
[INFO] running `Command { std: "docker" "inspect" "94316336dcd206aacc4e3e7fba0fbeb856ce34bb55e63994c080d7e090782cec", kill_on_drop: false }`
[INFO] running `Command { std: "docker" "rm" "-f" "94316336dcd206aacc4e3e7fba0fbeb856ce34bb55e63994c080d7e090782cec", kill_on_drop: false }`
[INFO] [stdout] 94316336dcd206aacc4e3e7fba0fbeb856ce34bb55e63994c080d7e090782cec
[INFO] running `Command { std: "docker" "create" "-v" "/var/lib/crater-agent-workspace/builds/worker-0-tc1/target:/opt/rustwide/target:rw,Z" "-v" "/var/lib/crater-agent-workspace/builds/worker-0-tc1/source:/opt/rustwide/workdir:ro,Z" "-v" "/var/lib/crater-agent-workspace/cargo-home:/opt/rustwide/cargo-home:ro,Z" "-v" "/var/lib/crater-agent-workspace/rustup-home:/opt/rustwide/rustup-home:ro,Z" "-e" "SOURCE_DIR=/opt/rustwide/workdir" "-e" "CARGO_TARGET_DIR=/opt/rustwide/target" "-e" "CARGO_INCREMENTAL=0" "-e" "RUST_BACKTRACE=full" "-e" "RUSTFLAGS=--cap-lints=warn" "-e" "RUSTDOCFLAGS=--cap-lints=warn" "-e" "CARGO_HOME=/opt/rustwide/cargo-home" "-e" "RUSTUP_HOME=/opt/rustwide/rustup-home" "-w" "/opt/rustwide/workdir" "-m" "1610612736" "--user" "0:0" "--network" "none" "ghcr.io/rust-lang/crates-build-env/linux@sha256:5ff2268d62e97bff2cde7d5815dd6ed5b47097566f13b8d0ca110b04b60e07ed" "/opt/rustwide/cargo-home/bin/cargo" "+1.69.0" "doc" "--frozen" "--no-deps" "--document-private-items" "--message-format=json", kill_on_drop: false }`
[INFO] [stdout] 5ae9059b57a0f783e87b35a9f221239e2d85a2ccaad22ea83d769a9a98975771
[INFO] running `Command { std: "docker" "start" "-a" "5ae9059b57a0f783e87b35a9f221239e2d85a2ccaad22ea83d769a9a98975771", kill_on_drop: false }`
[INFO] [stderr]    Compiling proc-macro2 v1.0.56
[INFO] [stderr]    Compiling unicode-ident v1.0.8
[INFO] [stderr]    Compiling quote v1.0.26
[INFO] [stderr]     Checking cfg-if v1.0.0
[INFO] [stderr]    Compiling autocfg v1.1.0
[INFO] [stderr]    Compiling libc v0.2.142
[INFO] [stderr]    Compiling serde_derive v1.0.160
[INFO] [stderr]    Compiling serde v1.0.160
[INFO] [stderr]    Compiling syn v1.0.109
[INFO] [stderr]     Checking once_cell v1.17.1
[INFO] [stderr]    Compiling version_check v0.9.4
[INFO] [stderr]     Checking bitflags v1.3.2
[INFO] [stderr]     Checking scopeguard v1.1.0
[INFO] [stderr]     Checking byteorder v1.4.3
[INFO] [stderr]    Compiling thiserror v1.0.40
[INFO] [stderr]    Compiling parking_lot_core v0.9.7
[INFO] [stderr]    Compiling memchr v2.5.0
[INFO] [stderr]    Compiling log v0.4.17
[INFO] [stderr]    Compiling crossbeam-utils v0.8.15
[INFO] [stderr]     Checking instant v0.1.12
[INFO] [stderr]     Checking pin-project-lite v0.2.9
[INFO] [stderr]     Checking fixedbitset v0.4.2
[INFO] [stderr]     Checking tracing-core v0.1.30
[INFO] [stderr]    Compiling futures-core v0.3.28
[INFO] [stderr]     Checking fxhash v0.2.1
[INFO] [stderr]     Checking event-listener v2.5.3
[INFO] [stderr]     Checking futures-io v0.3.28
[INFO] [stderr]    Compiling erased-serde v0.3.25
[INFO] [stderr]     Checking waker-fn v1.1.0
[INFO] [stderr]     Checking parking v2.1.0
[INFO] [stderr]     Checking fastrand v1.9.0
[INFO] [stderr]    Compiling libm v0.2.6
[INFO] [stderr]     Checking async-lock v2.7.0
[INFO] [stderr]     Checking async-task v4.4.0
[INFO] [stderr]     Checking downcast-rs v1.2.0
[INFO] [stderr]     Checking thread_local v1.1.7
[INFO] [stderr]     Checking tracing v0.1.37
[INFO] [stderr]     Checking lazy_static v1.4.0
[INFO] [stderr]     Checking arrayvec v0.7.2
[INFO] [stderr]     Checking regex-syntax v0.6.29
[INFO] [stderr]     Checking regex-syntax v0.7.1
[INFO] [stderr]     Checking overload v0.1.1
[INFO] [stderr]     Checking concurrent-queue v2.2.0
[INFO] [stderr]     Checking sharded-slab v0.1.4
[INFO] [stderr]     Checking tracing-log v0.1.3
[INFO] [stderr]     Checking futures-lite v1.13.0
[INFO] [stderr]     Checking aho-corasick v1.0.1
[INFO] [stderr]     Checking nu-ansi-term v0.46.0
[INFO] [stderr]     Checking async-channel v1.8.0
[INFO] [stderr]    Compiling ahash v0.7.6
[INFO] [stderr]     Checking crossbeam-channel v0.5.8
[INFO] [stderr]     Checking bit-vec v0.6.3
[INFO] [stderr]    Compiling lock_api v0.4.9
[INFO] [stderr]    Compiling slab v0.4.8
[INFO] [stderr]    Compiling num-traits v0.2.15
[INFO] [stderr]    Compiling syn v2.0.15
[INFO] [stderr]    Compiling indexmap v1.9.3
[INFO] [stderr]     Checking unicode-xid v0.2.4
[INFO] [stderr]     Checking termcolor v1.2.0
[INFO] [stderr]     Checking unicode-width v0.1.10
[INFO] [stderr]     Checking pp-rs v0.2.1
[INFO] [stderr]     Checking bit-set v0.5.3
[INFO] [stderr]    Compiling getrandom v0.2.9
[INFO] [stderr]    Compiling num-integer v0.1.45
[INFO] [stderr]     Checking async-executor v1.5.1
[INFO] [stderr]     Checking codespan-reporting v0.11.1
[INFO] [stderr]    Compiling uuid v1.3.2
[INFO] [stderr]     Checking libloading v0.7.4
[INFO] [stderr]    Compiling crc32fast v1.3.2
[INFO] [stderr]    Compiling cfg_aliases v0.1.1
[INFO] [stderr]    Compiling ash v0.37.2+1.3.238
[INFO] [stderr]     Checking rustc-hash v1.1.0
[INFO] [stderr]     Checking hexf-parse v0.2.1
[INFO] [stderr]    Compiling khronos-egl v4.1.0
[INFO] [stderr]     Checking gpu-alloc-types v0.2.0
[INFO] [stderr]     Checking gpu-descriptor-types v0.1.1
[INFO] [stderr]     Checking profiling v1.0.8
[INFO] [stderr]    Compiling anyhow v1.0.71
[INFO] [stderr]     Checking glow v0.11.2
[INFO] [stderr]     Checking renderdoc-sys v0.7.1
[INFO] [stderr]     Checking gpu-alloc v0.5.3
[INFO] [stderr]     Checking simd-adler32 v0.3.5
[INFO] [stderr]     Checking regex v1.8.1
[INFO] [stderr]     Checking adler v1.0.2
[INFO] [stderr]     Checking regex-automata v0.1.10
[INFO] [stderr]    Compiling num-rational v0.4.1
[INFO] [stderr]     Checking miniz_oxide v0.7.1
[INFO] [stderr]     Checking color_quant v1.1.0
[INFO] [stderr]     Checking fdeflate v0.3.0
[INFO] [stderr]     Checking const_panic v0.2.8
[INFO] [stderr]     Checking spirv v0.2.0+1.5.4
[INFO] [stderr]     Checking flate2 v1.0.26
[INFO] [stderr]     Checking cache-padded v1.2.0
[INFO] [stderr]     Checking bevy_ptr v0.9.1
[INFO] [stderr]     Checking num_cpus v1.15.0
[INFO] [stderr]     Checking concurrent-queue v1.2.4
[INFO] [stderr]     Checking cty v0.2.2
[INFO] [stderr]     Checking bevy_ptr v0.8.1
[INFO] [stderr]     Checking matchers v0.1.0
[INFO] [stderr]     Checking hex v0.4.3
[INFO] [stderr]     Checking raw-window-handle v0.4.3
[INFO] [stderr]    Compiling pkg-config v0.3.26
[INFO] [stderr]     Checking bevy_tasks v0.8.1
[INFO] [stderr]     Checking radsort v0.1.0
[INFO] [stderr]     Checking raw-window-handle v0.5.2
[INFO] [stderr]     Checking bevy_tasks v0.9.1
[INFO] [stderr]     Checking euclid v0.22.9
[INFO] [stderr]     Checking png v0.17.8
[INFO] [stderr]     Checking ttf-parser v0.19.0
[INFO] [stderr]    Compiling wgpu-core v0.14.2
[INFO] [stderr]     Checking wgpu-types v0.14.1
[INFO] [stderr]     Checking ab_glyph_rasterizer v0.1.8
[INFO] [stderr]     Checking approx v0.5.1
[INFO] [stderr]     Checking mio v0.8.6
[INFO] [stderr]     Checking percent-encoding v2.2.0
[INFO] [stderr]     Checking svg_fmt v0.4.1
[INFO] [stderr]     Checking inotify-sys v0.1.5
[INFO] [stderr]     Checking same-file v1.0.6
[INFO] [stderr]    Compiling toml v0.5.11
[INFO] [stderr]     Checking rectangle-pack v0.4.2
[INFO] [stderr]     Checking glam v0.23.0
[INFO] [stderr]     Checking static_assertions v1.1.0
[INFO] [stderr]     Checking base64 v0.13.1
[INFO] [stderr]    Compiling serde_json v1.0.96
[INFO] [stderr]     Checking walkdir v2.3.3
[INFO] [stderr]     Checking inotify v0.9.6
[INFO] [stderr]     Checking filetime v0.2.21
[INFO] [stderr]    Compiling inflections v1.1.1
[INFO] [stderr]     Checking ryu v1.0.13
[INFO] [stderr]    Compiling typenum v1.16.0
[INFO] [stderr]     Checking guillotiere v0.6.2
[INFO] [stderr]     Checking itoa v1.0.6
[INFO] [stderr]     Checking xi-unicode v0.3.0
[INFO] [stderr]    Compiling wgpu-core v0.13.2
[INFO] [stderr]     Checking notify v5.0.0-pre.15
[INFO] [stderr]     Checking wgpu-types v0.13.2
[INFO] [stderr]     Checking inplace_it v0.3.5
[INFO] [stderr]    Compiling memoffset v0.6.5
[INFO] [stderr]     Checking hash32 v0.2.1
[INFO] [stderr]     Checking copyless v0.1.5
[INFO] [stderr]     Checking urlencoding v2.1.2
[INFO] [stderr]    Compiling parking_lot_core v0.8.6
[INFO] [stderr]     Checking tinyvec_macros v0.1.1
[INFO] [stderr]     Checking nix v0.24.3
[INFO] [stderr]     Checking tinyvec v1.6.0
[INFO] [stderr]     Checking winit v0.27.5
[INFO] [stdout] error: Please select a feature to build for unix: `x11`, `wayland`
[INFO] [stdout]   --> /opt/rustwide/cargo-home/registry/src/github.com-1ecc6299db9ec823/winit-0.27.5/src/platform_impl/linux/mod.rs:10:1
[INFO] [stdout]    |
[INFO] [stdout] 10 | compile_error!("Please select a feature to build for unix: `x11`, `wayland`");
[INFO] [stdout]    | ^^^^^^^^^^^^^^^^^^^^^^^^^^^^^^^^^^^^^^^^^^^^^^^^^^^^^^^^^^^^^^^^^^^^^^^^^^^^^
[INFO] [stdout] 
[INFO] [stdout] 
[INFO] [stdout] error[E0392]: parameter `T` is never used
[INFO] [stdout]   --> /opt/rustwide/cargo-home/registry/src/github.com-1ecc6299db9ec823/winit-0.27.5/src/event_loop.rs:35:22
[INFO] [stdout]    |
[INFO] [stdout] 35 | pub struct EventLoop<T: 'static> {
[INFO] [stdout]    |                      ^ unused parameter
[INFO] [stdout]    |
[INFO] [stdout]    = help: consider removing `T`, referring to it in a field, or using a marker such as `PhantomData`
[INFO] [stdout] 
[INFO] [stdout] 
[INFO] [stdout] error[E0392]: parameter `T` is never used
[INFO] [stdout]   --> /opt/rustwide/cargo-home/registry/src/github.com-1ecc6299db9ec823/winit-0.27.5/src/event_loop.rs:46:34
[INFO] [stdout]    |
[INFO] [stdout] 46 | pub struct EventLoopWindowTarget<T: 'static> {
[INFO] [stdout]    |                                  ^ unused parameter
[INFO] [stdout]    |
[INFO] [stdout]    = help: consider removing `T`, referring to it in a field, or using a marker such as `PhantomData`
[INFO] [stdout] 
[INFO] [stdout] 
[INFO] [stdout] error[E0392]: parameter `T` is never used
[INFO] [stdout]    --> /opt/rustwide/cargo-home/registry/src/github.com-1ecc6299db9ec823/winit-0.27.5/src/event_loop.rs:350:27
[INFO] [stdout]     |
[INFO] [stdout] 350 | pub struct EventLoopProxy<T: 'static> {
[INFO] [stdout]     |                           ^ unused parameter
[INFO] [stdout]     |
[INFO] [stdout]     = help: consider removing `T`, referring to it in a field, or using a marker such as `PhantomData`
[INFO] [stdout] 
[INFO] [stdout] 
[INFO] [stdout] error[E0392]: parameter `T` is never used
[INFO] [stdout]    --> /opt/rustwide/cargo-home/registry/src/github.com-1ecc6299db9ec823/winit-0.27.5/src/platform_impl/linux/mod.rs:635:20
[INFO] [stdout]     |
[INFO] [stdout] 635 | pub enum EventLoop<T: 'static> {
[INFO] [stdout]     |                    ^ unused parameter
[INFO] [stdout]     |
[INFO] [stdout]     = help: consider removing `T`, referring to it in a field, or using a marker such as `PhantomData`
[INFO] [stdout] 
[INFO] [stdout] 
[INFO] [stdout] error[E0392]: parameter `T` is never used
[INFO] [stdout]    --> /opt/rustwide/cargo-home/registry/src/github.com-1ecc6299db9ec823/winit-0.27.5/src/platform_impl/linux/mod.rs:642:25
[INFO] [stdout]     |
[INFO] [stdout] 642 | pub enum EventLoopProxy<T: 'static> {
[INFO] [stdout]     |                         ^ unused parameter
[INFO] [stdout]     |
[INFO] [stdout]     = help: consider removing `T`, referring to it in a field, or using a marker such as `PhantomData`
[INFO] [stdout] 
[INFO] [stdout] 
[INFO] [stdout] error[E0392]: parameter `T` is never used
[INFO] [stdout]    --> /opt/rustwide/cargo-home/registry/src/github.com-1ecc6299db9ec823/winit-0.27.5/src/platform_impl/linux/mod.rs:769:32
[INFO] [stdout]     |
[INFO] [stdout] 769 | pub enum EventLoopWindowTarget<T> {
[INFO] [stdout]     |                                ^ unused parameter
[INFO] [stdout]     |
[INFO] [stdout]     = help: consider removing `T`, referring to it in a field, or using a marker such as `PhantomData`
[INFO] [stdout]     = help: if you intended `T` to be a const parameter, use `const T: usize` instead
[INFO] [stdout] 
[INFO] [stdout] 
[INFO] [stdout] error: aborting due to 7 previous errors
[INFO] [stdout] 
[INFO] [stdout] 
[INFO] [stderr]    Compiling wasm-bindgen-shared v0.2.84
[INFO] [stdout] For more information about this error, try `rustc --explain E0392`.
[INFO] [stdout] 
[INFO] [stderr] error: could not compile `winit` due to 8 previous errors
[INFO] [stderr] warning: build failed, waiting for other jobs to finish...
[INFO] running `Command { std: "docker" "inspect" "5ae9059b57a0f783e87b35a9f221239e2d85a2ccaad22ea83d769a9a98975771", kill_on_drop: false }`
[INFO] running `Command { std: "docker" "rm" "-f" "5ae9059b57a0f783e87b35a9f221239e2d85a2ccaad22ea83d769a9a98975771", kill_on_drop: false }`
[INFO] [stdout] 5ae9059b57a0f783e87b35a9f221239e2d85a2ccaad22ea83d769a9a98975771
