[INFO] cloning repository https://github.com/yious/hyperust
[INFO] running `Command { std: "git" "-c" "credential.helper=" "-c" "credential.helper=/workspace/cargo-home/bin/git-credential-null" "clone" "--bare" "https://github.com/yious/hyperust" "/workspace/cache/git-repos/https%3A%2F%2Fgithub.com%2Fyious%2Fhyperust", kill_on_drop: false }`
[INFO] [stderr] Cloning into bare repository '/workspace/cache/git-repos/https%3A%2F%2Fgithub.com%2Fyious%2Fhyperust'...
[INFO] running `Command { std: "git" "rev-parse" "HEAD", kill_on_drop: false }`
[INFO] [stdout] 86c44609741f67d9dcecd166ac6f8ed0b71c39bb
[INFO] documenting yious/hyperust against 1.69.0 for beta-1.70-rustdoc-1
[INFO] running `Command { std: "git" "clone" "/workspace/cache/git-repos/https%3A%2F%2Fgithub.com%2Fyious%2Fhyperust" "/workspace/builds/worker-1-tc1/source", kill_on_drop: false }`
[INFO] [stderr] Cloning into '/workspace/builds/worker-1-tc1/source'...
[INFO] [stderr] done.
[INFO] validating manifest of git repo https://github.com/yious/hyperust on toolchain 1.69.0
[INFO] running `Command { std: CARGO_HOME="/workspace/cargo-home" RUSTUP_HOME="/workspace/rustup-home" "/workspace/cargo-home/bin/cargo" "+1.69.0" "metadata" "--manifest-path" "Cargo.toml" "--no-deps", kill_on_drop: false }`
[INFO] removed /workspace/builds/worker-1-tc1/source/.cargo/config.toml
[INFO] removed /workspace/builds/worker-1-tc1/source/rust-toolchain
[INFO] started tweaking git repo https://github.com/yious/hyperust
[INFO] finished tweaking git repo https://github.com/yious/hyperust
[INFO] tweaked toml for git repo https://github.com/yious/hyperust written to /workspace/builds/worker-1-tc1/source/Cargo.toml
[INFO] running `Command { std: CARGO_HOME="/workspace/cargo-home" RUSTUP_HOME="/workspace/rustup-home" __CARGO_TEST_CHANNEL_OVERRIDE_DO_NOT_USE_THIS="nightly" "/workspace/cargo-home/bin/cargo" "+1.69.0" "generate-lockfile" "--manifest-path" "Cargo.toml" "-Zno-index-update", kill_on_drop: false }`
[INFO] [stderr]     Updating git repository `https://github.com/woodgear/win-kmd-alloc.git`
[INFO] [stderr]     Updating git repository `https://github.com/yious/winapi-rs.git`
[INFO] running `Command { std: CARGO_HOME="/workspace/cargo-home" RUSTUP_HOME="/workspace/rustup-home" "/workspace/cargo-home/bin/cargo" "+1.69.0" "fetch" "--manifest-path" "Cargo.toml", kill_on_drop: false }`
[INFO] [stderr]  Downloading crates ...
[INFO] [stderr]   Downloaded obfstr-impl v0.1.1
[INFO] [stderr]   Downloaded obfstr v0.1.1
[INFO] running `Command { std: "docker" "create" "-v" "/var/lib/crater-agent-workspace/builds/worker-1-tc1/target:/opt/rustwide/target:rw,Z" "-v" "/var/lib/crater-agent-workspace/builds/worker-1-tc1/source:/opt/rustwide/workdir:ro,Z" "-v" "/var/lib/crater-agent-workspace/cargo-home:/opt/rustwide/cargo-home:ro,Z" "-v" "/var/lib/crater-agent-workspace/rustup-home:/opt/rustwide/rustup-home:ro,Z" "-e" "SOURCE_DIR=/opt/rustwide/workdir" "-e" "CARGO_TARGET_DIR=/opt/rustwide/target" "-e" "CARGO_HOME=/opt/rustwide/cargo-home" "-e" "RUSTUP_HOME=/opt/rustwide/rustup-home" "-w" "/opt/rustwide/workdir" "-m" "1610612736" "--user" "0:0" "--network" "none" "ghcr.io/rust-lang/crates-build-env/linux@sha256:5ff2268d62e97bff2cde7d5815dd6ed5b47097566f13b8d0ca110b04b60e07ed" "/opt/rustwide/cargo-home/bin/cargo" "+1.69.0" "metadata" "--no-deps" "--format-version=1", kill_on_drop: false }`
[INFO] [stdout] 96a19bcd835d9e4dadf5aec6ef1e6fd0761b6418639f8136c45d781fde3f83b7
[INFO] running `Command { std: "docker" "start" "-a" "96a19bcd835d9e4dadf5aec6ef1e6fd0761b6418639f8136c45d781fde3f83b7", kill_on_drop: false }`
[INFO] running `Command { std: "docker" "inspect" "96a19bcd835d9e4dadf5aec6ef1e6fd0761b6418639f8136c45d781fde3f83b7", kill_on_drop: false }`
[INFO] running `Command { std: "docker" "rm" "-f" "96a19bcd835d9e4dadf5aec6ef1e6fd0761b6418639f8136c45d781fde3f83b7", kill_on_drop: false }`
[INFO] [stdout] 96a19bcd835d9e4dadf5aec6ef1e6fd0761b6418639f8136c45d781fde3f83b7
[INFO] running `Command { std: "docker" "create" "-v" "/var/lib/crater-agent-workspace/builds/worker-1-tc1/target:/opt/rustwide/target:rw,Z" "-v" "/var/lib/crater-agent-workspace/builds/worker-1-tc1/source:/opt/rustwide/workdir:ro,Z" "-v" "/var/lib/crater-agent-workspace/cargo-home:/opt/rustwide/cargo-home:ro,Z" "-v" "/var/lib/crater-agent-workspace/rustup-home:/opt/rustwide/rustup-home:ro,Z" "-e" "SOURCE_DIR=/opt/rustwide/workdir" "-e" "CARGO_TARGET_DIR=/opt/rustwide/target" "-e" "CARGO_INCREMENTAL=0" "-e" "RUST_BACKTRACE=full" "-e" "RUSTFLAGS=--cap-lints=warn" "-e" "RUSTDOCFLAGS=--cap-lints=warn" "-e" "CARGO_HOME=/opt/rustwide/cargo-home" "-e" "RUSTUP_HOME=/opt/rustwide/rustup-home" "-w" "/opt/rustwide/workdir" "-m" "1610612736" "--user" "0:0" "--network" "none" "ghcr.io/rust-lang/crates-build-env/linux@sha256:5ff2268d62e97bff2cde7d5815dd6ed5b47097566f13b8d0ca110b04b60e07ed" "/opt/rustwide/cargo-home/bin/cargo" "+1.69.0" "doc" "--frozen" "--no-deps" "--document-private-items" "--message-format=json", kill_on_drop: false }`
[INFO] [stdout] 67a38eb65271e01bd3e03f51818de071d79baf046d9b98d6df0cb66d34a16503
[INFO] running `Command { std: "docker" "start" "-a" "67a38eb65271e01bd3e03f51818de071d79baf046d9b98d6df0cb66d34a16503", kill_on_drop: false }`
[INFO] [stderr]    Compiling libc v0.2.142
[INFO] [stderr]    Compiling autocfg v1.1.0
[INFO] [stderr]    Compiling proc-macro2 v1.0.56
[INFO] [stderr]    Compiling quote v1.0.26
[INFO] [stderr]    Compiling unicode-ident v1.0.8
[INFO] [stderr]    Compiling rand_core v0.4.2
[INFO] [stderr]    Compiling memchr v2.5.0
[INFO] [stderr]    Compiling syn v1.0.109
[INFO] [stderr]    Compiling winapi v0.3.9
[INFO] [stderr]    Compiling cc v1.0.79
[INFO] [stderr]    Compiling gimli v0.27.2
[INFO] [stderr]    Compiling unicode-xid v0.2.4
[INFO] [stderr]    Compiling failure_derive v0.1.8
[INFO] [stderr]    Compiling adler v1.0.2
[INFO] [stderr]    Compiling rustc-demangle v0.1.23
[INFO] [stderr]    Compiling cfg-if v1.0.0
[INFO] [stderr]    Compiling winapi v0.3.7 (https://github.com/yious/winapi-rs.git?branch=feature/km#43b2352c)
[INFO] [stderr]    Compiling rand_core v0.3.1
[INFO] [stderr]    Compiling rand_jitter v0.1.4
[INFO] [stderr]    Compiling autocfg v0.1.8
[INFO] [stderr]    Compiling miniz_oxide v0.6.2
[INFO] [stderr]    Compiling rand_isaac v0.1.1
[INFO] [stderr]    Compiling rand_xorshift v0.1.1
[INFO] [stderr]    Compiling rand_pcg v0.1.2
[INFO] [stderr]    Compiling rand_chacha v0.1.1
[INFO] [stderr]    Compiling rand v0.6.5
[INFO] [stderr]    Compiling rand_hc v0.1.0
[INFO] [stderr]    Compiling obfstr v0.1.1
[INFO] [stderr]    Compiling winreg v0.5.1
[INFO] [stderr]    Compiling winreg v0.7.0
[INFO] [stderr]    Compiling object v0.30.3
[INFO] [stdout] error[E0433]: failed to resolve: could not find `windows` in `os`
[INFO] [stdout]    --> /opt/rustwide/cargo-home/registry/src/github.com-1ecc6299db9ec823/winreg-0.7.0/src/lib.rs:121:14
[INFO] [stdout]     |
[INFO] [stdout] 121 | use std::os::windows::ffi::OsStrExt;
[INFO] [stdout]     |              ^^^^^^^ could not find `windows` in `os`
[INFO] [stdout] 
[INFO] [stdout] 
[INFO] [stdout] error[E0433]: failed to resolve: could not find `shared` in `winapi`
[INFO] [stdout]    --> /opt/rustwide/cargo-home/registry/src/github.com-1ecc6299db9ec823/winreg-0.7.0/src/lib.rs:127:17
[INFO] [stdout]     |
[INFO] [stdout] 127 | pub use winapi::shared::minwindef::HKEY;
[INFO] [stdout]     |                 ^^^^^^ could not find `shared` in `winapi`
[INFO] [stdout] 
[INFO] [stdout] 
[INFO] [stdout] error[E0433]: failed to resolve: could not find `shared` in `winapi`
[INFO] [stdout]    --> /opt/rustwide/cargo-home/registry/src/github.com-1ecc6299db9ec823/winreg-0.7.0/src/lib.rs:128:13
[INFO] [stdout]     |
[INFO] [stdout] 128 | use winapi::shared::minwindef::{BYTE, DWORD, FILETIME, LPBYTE};
[INFO] [stdout]     |             ^^^^^^ could not find `shared` in `winapi`
[INFO] [stdout] 
[INFO] [stdout] 
[INFO] [stdout] error[E0433]: failed to resolve: could not find `um` in `winapi`
[INFO] [stdout]    --> /opt/rustwide/cargo-home/registry/src/github.com-1ecc6299db9ec823/winreg-0.7.0/src/lib.rs:130:13
[INFO] [stdout]     |
[INFO] [stdout] 130 | use winapi::um::minwinbase::SYSTEMTIME;
[INFO] [stdout]     |             ^^ could not find `um` in `winapi`
[INFO] [stdout] 
[INFO] [stdout] 
[INFO] [stdout] error[E0433]: failed to resolve: could not find `um` in `winapi`
[INFO] [stdout]    --> /opt/rustwide/cargo-home/registry/src/github.com-1ecc6299db9ec823/winreg-0.7.0/src/lib.rs:131:13
[INFO] [stdout]     |
[INFO] [stdout] 131 | use winapi::um::timezoneapi::FileTimeToSystemTime;
[INFO] [stdout]     |             ^^ could not find `um` in `winapi`
[INFO] [stdout] 
[INFO] [stdout] 
[INFO] [stdout] error[E0432]: unresolved import `winapi::shared`
[INFO] [stdout]    --> /opt/rustwide/cargo-home/registry/src/github.com-1ecc6299db9ec823/winreg-0.7.0/src/lib.rs:129:13
[INFO] [stdout]     |
[INFO] [stdout] 129 | use winapi::shared::winerror;
[INFO] [stdout]     |             ^^^^^^ could not find `shared` in `winapi`
[INFO] [stdout] 
[INFO] [stdout] 
[INFO] [stdout] error[E0433]: failed to resolve: could not find `um` in `winapi`
[INFO] [stdout]    --> /opt/rustwide/cargo-home/registry/src/github.com-1ecc6299db9ec823/winreg-0.7.0/src/lib.rs:132:13
[INFO] [stdout]     |
[INFO] [stdout] 132 | use winapi::um::winnt::{self, WCHAR};
[INFO] [stdout]     |             ^^ could not find `um` in `winapi`
[INFO] [stdout] 
[INFO] [stdout] 
[INFO] [stdout] error[E0433]: failed to resolve: could not find `windows` in `os`
[INFO] [stdout]    --> /opt/rustwide/cargo-home/registry/src/github.com-1ecc6299db9ec823/winreg-0.5.1/src/lib.rs:103:14
[INFO] [stdout]     |
[INFO] [stdout] 103 | use std::os::windows::ffi::OsStrExt;
[INFO] [stdout]     |              ^^^^^^^ could not find `windows` in `os`
[INFO] [stdout] 
[INFO] [stdout] 
[INFO] [stdout] error[E0433]: failed to resolve: could not find `shared` in `winapi`
[INFO] [stdout]    --> /opt/rustwide/cargo-home/registry/src/github.com-1ecc6299db9ec823/winreg-0.5.1/src/lib.rs:107:17
[INFO] [stdout]     |
[INFO] [stdout] 107 | pub use winapi::shared::minwindef::HKEY;
[INFO] [stdout]     |                 ^^^^^^ could not find `shared` in `winapi`
[INFO] [stdout] 
[INFO] [stdout] 
[INFO] [stdout] error[E0433]: failed to resolve: could not find `shared` in `winapi`
[INFO] [stdout]    --> /opt/rustwide/cargo-home/registry/src/github.com-1ecc6299db9ec823/winreg-0.5.1/src/lib.rs:108:13
[INFO] [stdout]     |
[INFO] [stdout] 108 | use winapi::shared::minwindef::{DWORD, BYTE, LPBYTE};
[INFO] [stdout]     |             ^^^^^^ could not find `shared` in `winapi`
[INFO] [stdout] 
[INFO] [stdout] 
[INFO] [stdout] error[E0432]: unresolved import `winapi::shared`
[INFO] [stdout]    --> /opt/rustwide/cargo-home/registry/src/github.com-1ecc6299db9ec823/winreg-0.5.1/src/lib.rs:106:13
[INFO] [stdout]     |
[INFO] [stdout] 106 | use winapi::shared::winerror;
[INFO] [stdout]     |             ^^^^^^ could not find `shared` in `winapi`
[INFO] [stdout] 
[INFO] [stdout] 
[INFO] [stdout] error[E0432]: unresolved import `winapi::um`
[INFO] [stdout]    --> /opt/rustwide/cargo-home/registry/src/github.com-1ecc6299db9ec823/winreg-0.7.0/src/lib.rs:132:13
[INFO] [stdout]     |
[INFO] [stdout] 132 | use winapi::um::winnt::{self, WCHAR};
[INFO] [stdout]     |             ^^ could not find `um` in `winapi`
[INFO] [stdout] 
[INFO] [stdout] 
[INFO] [stdout] error[E0433]: failed to resolve: could not find `um` in `winapi`
[INFO] [stdout]    --> /opt/rustwide/cargo-home/registry/src/github.com-1ecc6299db9ec823/winreg-0.5.1/src/lib.rs:109:13
[INFO] [stdout]     |
[INFO] [stdout] 109 | use winapi::um::winnt::{self, WCHAR};
[INFO] [stdout]     |             ^^ could not find `um` in `winapi`
[INFO] [stdout] 
[INFO] [stdout] 
[INFO] [stdout] error[E0433]: failed to resolve: could not find `um` in `winapi`
[INFO] [stdout]  --> /opt/rustwide/cargo-home/registry/src/github.com-1ecc6299db9ec823/winreg-0.7.0/src/enums.rs:9:17
[INFO] [stdout]   |
[INFO] [stdout] 9 | pub use winapi::um::winnt::{
[INFO] [stdout]   |                 ^^ could not find `um` in `winapi`
[INFO] [stdout] 
[INFO] [stdout] 
[INFO] [stdout] error[E0432]: unresolved import `winapi::um`
[INFO] [stdout]    --> /opt/rustwide/cargo-home/registry/src/github.com-1ecc6299db9ec823/winreg-0.5.1/src/lib.rs:109:13
[INFO] [stdout]     |
[INFO] [stdout] 109 | use winapi::um::winnt::{self, WCHAR};
[INFO] [stdout]     |             ^^ could not find `um` in `winapi`
[INFO] [stdout] 
[INFO] [stdout] 
[INFO] [stdout] error[E0433]: failed to resolve: could not find `um` in `winapi`
[INFO] [stdout]   --> /opt/rustwide/cargo-home/registry/src/github.com-1ecc6299db9ec823/winreg-0.7.0/src/enums.rs:14:17
[INFO] [stdout]    |
[INFO] [stdout] 14 | pub use winapi::um::winreg::{
[INFO] [stdout]    |                 ^^ could not find `um` in `winapi`
[INFO] [stdout] 
[INFO] [stdout] 
[INFO] [stdout] error[E0433]: failed to resolve: could not find `um` in `winapi`
[INFO] [stdout]  --> /opt/rustwide/cargo-home/registry/src/github.com-1ecc6299db9ec823/winreg-0.5.1/src/enums.rs:9:17
[INFO] [stdout]   |
[INFO] [stdout] 9 | pub use winapi::um::winreg::{HKEY_CLASSES_ROOT,
[INFO] [stdout]   |                 ^^ could not find `um` in `winapi`
[INFO] [stdout] 
[INFO] [stdout] 
[INFO] [stdout] error[E0432]: unresolved import `winapi::um`
[INFO] [stdout]    --> /opt/rustwide/cargo-home/registry/src/github.com-1ecc6299db9ec823/winreg-0.7.0/src/lib.rs:133:13
[INFO] [stdout]     |
[INFO] [stdout] 133 | use winapi::um::winreg as winapi_reg;
[INFO] [stdout]     |             ^^ could not find `um` in `winapi`
[INFO] [stdout] 
[INFO] [stdout] 
[INFO] [stdout] error[E0433]: failed to resolve: could not find `um` in `winapi`
[INFO] [stdout]   --> /opt/rustwide/cargo-home/registry/src/github.com-1ecc6299db9ec823/winreg-0.5.1/src/enums.rs:19:17
[INFO] [stdout]    |
[INFO] [stdout] 19 | pub use winapi::um::winnt::{KEY_QUERY_VALUE,
[INFO] [stdout]    |                 ^^ could not find `um` in `winapi`
[INFO] [stdout] 
[INFO] [stdout] 
[INFO] [stdout] error[E0433]: failed to resolve: could not find `windows` in `os`
[INFO] [stdout]   --> /opt/rustwide/cargo-home/registry/src/github.com-1ecc6299db9ec823/winreg-0.7.0/src/types.rs:14:14
[INFO] [stdout]    |
[INFO] [stdout] 14 | use std::os::windows::ffi::{OsStrExt, OsStringExt};
[INFO] [stdout]    |              ^^^^^^^ could not find `windows` in `os`
[INFO] [stdout] 
[INFO] [stdout] 
[INFO] [stdout] error[E0433]: failed to resolve: could not find `windows` in `os`
[INFO] [stdout]   --> /opt/rustwide/cargo-home/registry/src/github.com-1ecc6299db9ec823/winreg-0.5.1/src/types.rs:11:14
[INFO] [stdout]    |
[INFO] [stdout] 11 | use std::os::windows::ffi::{OsStrExt,OsStringExt};
[INFO] [stdout]    |              ^^^^^^^ could not find `windows` in `os`
[INFO] [stdout] 
[INFO] [stdout] 
[INFO] [stdout] error[E0432]: unresolved import `super::winapi::shared`
[INFO] [stdout]  --> /opt/rustwide/cargo-home/registry/src/github.com-1ecc6299db9ec823/winreg-0.7.0/src/types.rs:9:20
[INFO] [stdout]   |
[INFO] [stdout] 9 | use super::winapi::shared::winerror;
[INFO] [stdout]   |                    ^^^^^^ could not find `shared` in `winapi`
[INFO] [stdout] 
[INFO] [stdout] 
[INFO] [stdout] error[E0433]: failed to resolve: could not find `um` in `winapi`
[INFO] [stdout]   --> /opt/rustwide/cargo-home/registry/src/github.com-1ecc6299db9ec823/winreg-0.7.0/src/enums.rs:26:29
[INFO] [stdout]    |
[INFO] [stdout] 26 |               $( $v = winapi::um::winnt::$v as isize ),*
[INFO] [stdout]    |                               ^^ could not find `um` in `winapi`
[INFO] [stdout] ...
[INFO] [stdout] 31 | / winapi_enum!(RegType, "Enumeration of possible registry value types" => [
[INFO] [stdout] 32 | | REG_NONE,
[INFO] [stdout] 33 | | REG_SZ,
[INFO] [stdout] 34 | | REG_EXPAND_SZ,
[INFO] [stdout] ...  |
[INFO] [stdout] 43 | | REG_QWORD
[INFO] [stdout] 44 | | ]);
[INFO] [stdout]    | |__- in this macro invocation
[INFO] [stdout]    |
[INFO] [stdout]    = note: this error originates in the macro `winapi_enum` (in Nightly builds, run with -Z macro-backtrace for more info)
[INFO] [stdout] 
[INFO] [stdout] 
[INFO] [stdout] error[E0433]: failed to resolve: could not find `um` in `winapi`
[INFO] [stdout]   --> /opt/rustwide/cargo-home/registry/src/github.com-1ecc6299db9ec823/winreg-0.7.0/src/enums.rs:26:29
[INFO] [stdout]    |
[INFO] [stdout] 26 |               $( $v = winapi::um::winnt::$v as isize ),*
[INFO] [stdout]    |                               ^^ could not find `um` in `winapi`
[INFO] [stdout] ...
[INFO] [stdout] 47 | / winapi_enum!(RegDisposition, "Enumeration of possible disposition values" => [
[INFO] [stdout] 48 | | REG_CREATED_NEW_KEY,
[INFO] [stdout] 49 | | REG_OPENED_EXISTING_KEY
[INFO] [stdout] 50 | | ]);
[INFO] [stdout]    | |__- in this macro invocation
[INFO] [stdout]    |
[INFO] [stdout]    = note: this error originates in the macro `winapi_enum` (in Nightly builds, run with -Z macro-backtrace for more info)
[INFO] [stdout] 
[INFO] [stdout] 
[INFO] [stdout] error[E0432]: unresolved import `winapi::um`
[INFO] [stdout]    --> /opt/rustwide/cargo-home/registry/src/github.com-1ecc6299db9ec823/winreg-0.5.1/src/lib.rs:110:13
[INFO] [stdout]     |
[INFO] [stdout] 110 | use winapi::um::winreg as winapi_reg;
[INFO] [stdout]     |             ^^ could not find `um` in `winapi`
[INFO] [stdout] 
[INFO] [stdout] 
[INFO] [stdout] error[E0432]: unresolved import `super::winapi::shared`
[INFO] [stdout]   --> /opt/rustwide/cargo-home/registry/src/github.com-1ecc6299db9ec823/winreg-0.5.1/src/types.rs:12:20
[INFO] [stdout]    |
[INFO] [stdout] 12 | use super::winapi::shared::winerror;
[INFO] [stdout]    |                    ^^^^^^ could not find `shared` in `winapi`
[INFO] [stdout] 
[INFO] [stdout] 
[INFO] [stdout] error[E0433]: failed to resolve: could not find `um` in `winapi`
[INFO] [stdout]   --> /opt/rustwide/cargo-home/registry/src/github.com-1ecc6299db9ec823/winreg-0.5.1/src/enums.rs:39:29
[INFO] [stdout]    |
[INFO] [stdout] 39 |               $( $v = winapi::um::winnt::$v as isize ),*
[INFO] [stdout]    |                               ^^ could not find `um` in `winapi`
[INFO] [stdout] ...
[INFO] [stdout] 44 | / winapi_enum!(RegType, "Enumeration of possible registry value types" => [
[INFO] [stdout] 45 | | REG_NONE,
[INFO] [stdout] 46 | | REG_SZ,
[INFO] [stdout] 47 | | REG_EXPAND_SZ,
[INFO] [stdout] ...  |
[INFO] [stdout] 56 | | REG_QWORD
[INFO] [stdout] 57 | | ]);
[INFO] [stdout]    | |__- in this macro invocation
[INFO] [stdout]    |
[INFO] [stdout]    = note: this error originates in the macro `winapi_enum` (in Nightly builds, run with -Z macro-backtrace for more info)
[INFO] [stdout] 
[INFO] [stdout] 
[INFO] [stderr] error: Cannot set `RUSTC_BOOTSTRAP=1` from build script of `obfstr v0.1.1`.
[INFO] [stderr] note: Crates cannot set `RUSTC_BOOTSTRAP` themselves, as doing so would subvert the stability guarantees of Rust for your project.
[INFO] [stderr] help: If you're sure you want to do this in your project, set the environment variable `RUSTC_BOOTSTRAP=obfstr` before running cargo instead.
[INFO] [stderr] warning: build failed, waiting for other jobs to finish...
[INFO] [stdout] error[E0599]: no function or associated item named `from_wide` found for struct `OsString` in the current scope
[INFO] [stdout]   --> /opt/rustwide/cargo-home/registry/src/github.com-1ecc6299db9ec823/winreg-0.7.0/src/types.rs:58:35
[INFO] [stdout]    |
[INFO] [stdout] 58 |                 let s = OsString::from_wide(words);
[INFO] [stdout]    |                                   ^^^^^^^^^ function or associated item not found in `OsString`
[INFO] [stdout] 
[INFO] [stdout] 
[INFO] [stdout] error[E0599]: no function or associated item named `from_wide` found for struct `OsString` in the current scope
[INFO] [stdout]   --> /opt/rustwide/cargo-home/registry/src/github.com-1ecc6299db9ec823/winreg-0.5.1/src/types.rs:54:35
[INFO] [stdout]    |
[INFO] [stdout] 54 |                 let s = OsString::from_wide(words);
[INFO] [stdout]    |                                   ^^^^^^^^^ function or associated item not found in `OsString`
[INFO] [stdout] 
[INFO] [stdout] 
[INFO] [stdout] error[E0599]: no method named `encode_wide` found for reference `&&'a OsStr` in the current scope
[INFO] [stdout]    --> /opt/rustwide/cargo-home/registry/src/github.com-1ecc6299db9ec823/winreg-0.7.0/src/types.rs:115:37
[INFO] [stdout]     |
[INFO] [stdout] 115 |             bytes: v16_to_v8(&(self.encode_wide().collect::<Vec<_>>())),
[INFO] [stdout]     |                                     ^^^^^^^^^^^ method not found in `&&'a OsStr`
[INFO] [stdout] 
[INFO] [stdout] 
[INFO] [stdout] error[E0599]: no method named `encode_wide` found for reference `&&'a OsStr` in the current scope
[INFO] [stdout]    --> /opt/rustwide/cargo-home/registry/src/github.com-1ecc6299db9ec823/winreg-0.5.1/src/types.rs:113:37
[INFO] [stdout]     |
[INFO] [stdout] 113 |             bytes: v16_to_v8(&(self.encode_wide().collect::<Vec<_>>())),
[INFO] [stdout]     |                                     ^^^^^^^^^^^ method not found in `&&'a OsStr`
[INFO] [stdout] 
[INFO] [stdout] 
[INFO] [stdout] error[E0599]: no method named `encode_wide` found for reference `&OsStr` in the current scope
[INFO] [stdout]     --> /opt/rustwide/cargo-home/registry/src/github.com-1ecc6299db9ec823/winreg-0.7.0/src/lib.rs:1068:10
[INFO] [stdout]      |
[INFO] [stdout] 1067 | /     s.as_ref()
[INFO] [stdout] 1068 | |         .encode_wide()
[INFO] [stdout]      | |         -^^^^^^^^^^^ method not found in `&OsStr`
[INFO] [stdout]      | |_________|
[INFO] [stdout]      | 
[INFO] [stdout] 
[INFO] [stdout] 
[INFO] [stdout] error[E0599]: no method named `encode_wide` found for reference `&OsStr` in the current scope
[INFO] [stdout]    --> /opt/rustwide/cargo-home/registry/src/github.com-1ecc6299db9ec823/winreg-0.5.1/src/lib.rs:904:16
[INFO] [stdout]     |
[INFO] [stdout] 904 |     s.as_ref().encode_wide().chain(Some(0).into_iter()).collect()
[INFO] [stdout]     |                ^^^^^^^^^^^ method not found in `&OsStr`
[INFO] [stdout] 
[INFO] [stdout] 
[INFO] [stdout] error: aborting due to 18 previous errors
[INFO] [stdout] 
[INFO] [stdout] 
[INFO] [stdout] Some errors have detailed explanations: E0432, E0433, E0599.
[INFO] [stdout] 
[INFO] [stdout] For more information about an error, try `rustc --explain E0432`.
[INFO] [stdout] 
[INFO] [stdout] error: aborting due to 15 previous errors
[INFO] [stdout] 
[INFO] [stdout] 
[INFO] [stdout] Some errors have detailed explanations: E0432, E0433, E0599.
[INFO] [stdout] 
[INFO] [stdout] For more information about an error, try `rustc --explain E0432`.
[INFO] [stdout] 
[INFO] [stderr] error: could not compile `winreg` due to 16 previous errors
[INFO] [stderr] error: could not compile `winreg` due to 19 previous errors
[INFO] running `Command { std: "docker" "inspect" "67a38eb65271e01bd3e03f51818de071d79baf046d9b98d6df0cb66d34a16503", kill_on_drop: false }`
[INFO] running `Command { std: "docker" "rm" "-f" "67a38eb65271e01bd3e03f51818de071d79baf046d9b98d6df0cb66d34a16503", kill_on_drop: false }`
[INFO] [stdout] 67a38eb65271e01bd3e03f51818de071d79baf046d9b98d6df0cb66d34a16503
