[INFO] cloning repository https://github.com/tetcoin/wasm-gc
[INFO] running `Command { std: "git" "-c" "credential.helper=" "-c" "credential.helper=/workspace/cargo-home/bin/git-credential-null" "clone" "--bare" "https://github.com/tetcoin/wasm-gc" "/workspace/cache/git-repos/https%3A%2F%2Fgithub.com%2Ftetcoin%2Fwasm-gc", kill_on_drop: false }`
[INFO] [stderr] Cloning into bare repository '/workspace/cache/git-repos/https%3A%2F%2Fgithub.com%2Ftetcoin%2Fwasm-gc'...
[INFO] running `Command { std: "git" "rev-parse" "HEAD", kill_on_drop: false }`
[INFO] [stdout] b373d8e0b74eaa9f55a896446d4e52995c18cc0e
[INFO] documenting tetcoin/wasm-gc against 1.69.0 for beta-1.70-rustdoc-1
[INFO] running `Command { std: "git" "clone" "/workspace/cache/git-repos/https%3A%2F%2Fgithub.com%2Ftetcoin%2Fwasm-gc" "/workspace/builds/worker-0-tc1/source", kill_on_drop: false }`
[INFO] [stderr] Cloning into '/workspace/builds/worker-0-tc1/source'...
[INFO] [stderr] done.
[INFO] validating manifest of git repo https://github.com/tetcoin/wasm-gc on toolchain 1.69.0
[INFO] running `Command { std: CARGO_HOME="/workspace/cargo-home" RUSTUP_HOME="/workspace/rustup-home" "/workspace/cargo-home/bin/cargo" "+1.69.0" "metadata" "--manifest-path" "Cargo.toml" "--no-deps", kill_on_drop: false }`
[INFO] started tweaking git repo https://github.com/tetcoin/wasm-gc
[INFO] finished tweaking git repo https://github.com/tetcoin/wasm-gc
[INFO] tweaked toml for git repo https://github.com/tetcoin/wasm-gc written to /workspace/builds/worker-0-tc1/source/Cargo.toml
[INFO] running `Command { std: CARGO_HOME="/workspace/cargo-home" RUSTUP_HOME="/workspace/rustup-home" __CARGO_TEST_CHANNEL_OVERRIDE_DO_NOT_USE_THIS="nightly" "/workspace/cargo-home/bin/cargo" "+1.69.0" "generate-lockfile" "--manifest-path" "Cargo.toml" "-Zno-index-update", kill_on_drop: false }`
[INFO] running `Command { std: CARGO_HOME="/workspace/cargo-home" RUSTUP_HOME="/workspace/rustup-home" "/workspace/cargo-home/bin/cargo" "+1.69.0" "fetch" "--manifest-path" "Cargo.toml", kill_on_drop: false }`
[INFO] running `Command { std: "docker" "create" "-v" "/var/lib/crater-agent-workspace/builds/worker-0-tc1/target:/opt/rustwide/target:rw,Z" "-v" "/var/lib/crater-agent-workspace/builds/worker-0-tc1/source:/opt/rustwide/workdir:ro,Z" "-v" "/var/lib/crater-agent-workspace/cargo-home:/opt/rustwide/cargo-home:ro,Z" "-v" "/var/lib/crater-agent-workspace/rustup-home:/opt/rustwide/rustup-home:ro,Z" "-e" "SOURCE_DIR=/opt/rustwide/workdir" "-e" "CARGO_TARGET_DIR=/opt/rustwide/target" "-e" "CARGO_HOME=/opt/rustwide/cargo-home" "-e" "RUSTUP_HOME=/opt/rustwide/rustup-home" "-w" "/opt/rustwide/workdir" "-m" "1610612736" "--user" "0:0" "--network" "none" "ghcr.io/rust-lang/crates-build-env/linux@sha256:5ff2268d62e97bff2cde7d5815dd6ed5b47097566f13b8d0ca110b04b60e07ed" "/opt/rustwide/cargo-home/bin/cargo" "+1.69.0" "metadata" "--no-deps" "--format-version=1", kill_on_drop: false }`
[INFO] [stdout] f6daf032ed47d06389ba7c0f7db4eca6b9e1b518309ecd7d9594df913ce9dabe
[INFO] running `Command { std: "docker" "start" "-a" "f6daf032ed47d06389ba7c0f7db4eca6b9e1b518309ecd7d9594df913ce9dabe", kill_on_drop: false }`
[INFO] running `Command { std: "docker" "inspect" "f6daf032ed47d06389ba7c0f7db4eca6b9e1b518309ecd7d9594df913ce9dabe", kill_on_drop: false }`
[INFO] running `Command { std: "docker" "rm" "-f" "f6daf032ed47d06389ba7c0f7db4eca6b9e1b518309ecd7d9594df913ce9dabe", kill_on_drop: false }`
[INFO] [stdout] f6daf032ed47d06389ba7c0f7db4eca6b9e1b518309ecd7d9594df913ce9dabe
[INFO] running `Command { std: "docker" "create" "-v" "/var/lib/crater-agent-workspace/builds/worker-0-tc1/target:/opt/rustwide/target:rw,Z" "-v" "/var/lib/crater-agent-workspace/builds/worker-0-tc1/source:/opt/rustwide/workdir:ro,Z" "-v" "/var/lib/crater-agent-workspace/cargo-home:/opt/rustwide/cargo-home:ro,Z" "-v" "/var/lib/crater-agent-workspace/rustup-home:/opt/rustwide/rustup-home:ro,Z" "-e" "SOURCE_DIR=/opt/rustwide/workdir" "-e" "CARGO_TARGET_DIR=/opt/rustwide/target" "-e" "CARGO_INCREMENTAL=0" "-e" "RUST_BACKTRACE=full" "-e" "RUSTFLAGS=--cap-lints=warn" "-e" "RUSTDOCFLAGS=--cap-lints=warn" "-e" "CARGO_HOME=/opt/rustwide/cargo-home" "-e" "RUSTUP_HOME=/opt/rustwide/rustup-home" "-w" "/opt/rustwide/workdir" "-m" "1610612736" "--user" "0:0" "--network" "none" "ghcr.io/rust-lang/crates-build-env/linux@sha256:5ff2268d62e97bff2cde7d5815dd6ed5b47097566f13b8d0ca110b04b60e07ed" "/opt/rustwide/cargo-home/bin/cargo" "+1.69.0" "doc" "--frozen" "--no-deps" "--document-private-items" "--message-format=json", kill_on_drop: false }`
[INFO] [stdout] d543a8edd226aca10db2bb2e48d4d1c403e6f6b59f719e22acbc7f3d607c1b23
[INFO] running `Command { std: "docker" "start" "-a" "d543a8edd226aca10db2bb2e48d4d1c403e6f6b59f719e22acbc7f3d607c1b23", kill_on_drop: false }`
[INFO] [stderr]    Compiling log v0.4.17
[INFO] [stderr]    Compiling libc v0.2.142
[INFO] [stderr]     Checking cfg-if v1.0.0
[INFO] [stderr]     Checking quick-error v1.2.3
[INFO] [stderr]     Checking unicode-width v0.1.10
[INFO] [stderr]     Checking tetsy-wasm v0.41.0
[INFO] [stderr]     Checking rustc-demangle v0.1.23
[INFO] [stderr]     Checking termcolor v1.2.0
[INFO] [stderr]     Checking humantime v1.3.0
[INFO] [stderr]     Checking getopts v0.2.21
[INFO] [stderr]     Checking atty v0.2.14
[INFO] [stderr]     Checking tetsy-wasm-gc-api v0.1.12 (/opt/rustwide/workdir/wasm-gc-api)
[INFO] [stderr]     Checking env_logger v0.5.13
[INFO] [stdout] error[E0308]: mismatched types
[INFO] [stdout]    --> wasm-gc-api/src/gc.rs:459:28
[INFO] [stdout]     |
[INFO] [stdout] 459 |         self.add_init_expr(data.offset());
[INFO] [stdout]     |              ------------- ^^^^^^^^^^^^^ expected `&InitExpr`, found `&Option<InitExpr>`
[INFO] [stdout]     |              |
[INFO] [stdout]     |              arguments to this method are incorrect
[INFO] [stdout]     |
[INFO] [stdout]     = note: expected reference `&tetsy_wasm::elements::InitExpr`
[INFO] [stdout]                found reference `&Option<tetsy_wasm::elements::InitExpr>`
[INFO] [stdout] note: method defined here
[INFO] [stdout]    --> wasm-gc-api/src/gc.rs:367:8
[INFO] [stdout]     |
[INFO] [stdout] 367 |     fn add_init_expr(&mut self, t: &InitExpr) {
[INFO] [stdout]     |        ^^^^^^^^^^^^^            ------------
[INFO] [stdout] 
[INFO] [stdout] 
[INFO] [stdout] error[E0308]: mismatched types
[INFO] [stdout]    --> wasm-gc-api/src/gc.rs:467:28
[INFO] [stdout]     |
[INFO] [stdout] 467 |         self.add_init_expr(seg.offset());
[INFO] [stdout]     |              ------------- ^^^^^^^^^^^^ expected `&InitExpr`, found `&Option<InitExpr>`
[INFO] [stdout]     |              |
[INFO] [stdout]     |              arguments to this method are incorrect
[INFO] [stdout]     |
[INFO] [stdout]     = note: expected reference `&tetsy_wasm::elements::InitExpr`
[INFO] [stdout]                found reference `&Option<tetsy_wasm::elements::InitExpr>`
[INFO] [stdout] note: method defined here
[INFO] [stdout]    --> wasm-gc-api/src/gc.rs:367:8
[INFO] [stdout]     |
[INFO] [stdout] 367 |     fn add_init_expr(&mut self, t: &InitExpr) {
[INFO] [stdout]     |        ^^^^^^^^^^^^^            ------------
[INFO] [stdout] 
[INFO] [stdout] 
[INFO] [stdout] error[E0308]: mismatched types
[INFO] [stdout]    --> wasm-gc-api/src/gc.rs:714:30
[INFO] [stdout]     |
[INFO] [stdout] 714 |         self.remap_init_expr(s.offset_mut());
[INFO] [stdout]     |              --------------- ^^^^^^^^^^^^^^ expected `&mut InitExpr`, found `&mut Option<InitExpr>`
[INFO] [stdout]     |              |
[INFO] [stdout]     |              arguments to this method are incorrect
[INFO] [stdout]     |
[INFO] [stdout]     = note: expected mutable reference `&mut tetsy_wasm::elements::InitExpr`
[INFO] [stdout]                found mutable reference `&mut Option<tetsy_wasm::elements::InitExpr>`
[INFO] [stdout] note: method defined here
[INFO] [stdout]    --> wasm-gc-api/src/gc.rs:677:8
[INFO] [stdout]     |
[INFO] [stdout] 677 |     fn remap_init_expr(&self, s: &mut InitExpr) {
[INFO] [stdout]     |        ^^^^^^^^^^^^^^^        ----------------
[INFO] [stdout] 
[INFO] [stdout] 
[INFO] [stdout] error[E0308]: mismatched types
[INFO] [stdout]    --> wasm-gc-api/src/gc.rs:766:30
[INFO] [stdout]     |
[INFO] [stdout] 766 |         self.remap_init_expr(segment.offset_mut());
[INFO] [stdout]     |              --------------- ^^^^^^^^^^^^^^^^^^^^ expected `&mut InitExpr`, found `&mut Option<InitExpr>`
[INFO] [stdout]     |              |
[INFO] [stdout]     |              arguments to this method are incorrect
[INFO] [stdout]     |
[INFO] [stdout]     = note: expected mutable reference `&mut tetsy_wasm::elements::InitExpr`
[INFO] [stdout]                found mutable reference `&mut Option<tetsy_wasm::elements::InitExpr>`
[INFO] [stdout] note: method defined here
[INFO] [stdout]    --> wasm-gc-api/src/gc.rs:677:8
[INFO] [stdout]     |
[INFO] [stdout] 677 |     fn remap_init_expr(&self, s: &mut InitExpr) {
[INFO] [stdout]     |        ^^^^^^^^^^^^^^^        ----------------
[INFO] [stdout] 
[INFO] [stdout] 
[INFO] [stdout] error[E0599]: no associated item named `Module` found for struct `tetsy_wasm::elements::NameSection` in the current scope
[INFO] [stdout]    --> wasm-gc-api/src/gc.rs:797:26
[INFO] [stdout]     |
[INFO] [stdout] 797 |             NameSection::Module(_) => {}
[INFO] [stdout]     |                          ^^^^^^
[INFO] [stdout]     |                          |
[INFO] [stdout]     |                          associated item not found in `NameSection`
[INFO] [stdout]     |                          help: there is a method with a similar name: `module`
[INFO] [stdout] 
[INFO] [stdout] 
[INFO] [stdout] error[E0599]: no associated item named `Function` found for struct `tetsy_wasm::elements::NameSection` in the current scope
[INFO] [stdout]    --> wasm-gc-api/src/gc.rs:798:26
[INFO] [stdout]     |
[INFO] [stdout] 798 |             NameSection::Function(ref mut f) => {
[INFO] [stdout]     |                          ^^^^^^^^
[INFO] [stdout]     |                          |
[INFO] [stdout]     |                          associated item not found in `NameSection`
[INFO] [stdout]     |                          help: there is a method with a similar name: `functions`
[INFO] [stdout] 
[INFO] [stdout] 
[INFO] [stdout] error[E0599]: no associated item named `Local` found for struct `tetsy_wasm::elements::NameSection` in the current scope
[INFO] [stdout]    --> wasm-gc-api/src/gc.rs:813:26
[INFO] [stdout]     |
[INFO] [stdout] 813 |             NameSection::Local(ref mut l) => {
[INFO] [stdout]     |                          ^^^^^ associated item not found in `NameSection`
[INFO] [stdout] 
[INFO] [stdout] 
[INFO] [stdout] error[E0223]: ambiguous associated type
[INFO] [stdout]    --> wasm-gc-api/src/gc.rs:823:13
[INFO] [stdout]     |
[INFO] [stdout] 823 |             NameSection::Unparsed { .. } => {}
[INFO] [stdout]     |             ^^^^^^^^^^^^^^^^^^^^^
[INFO] [stdout]     |
[INFO] [stdout] help: if there were a trait named `Example` with associated type `Unparsed` implemented for `tetsy_wasm::elements::NameSection`, you could use the fully-qualified path
[INFO] [stdout]     |
[INFO] [stdout] 823 |             <tetsy_wasm::elements::NameSection as Example>::Unparsed { .. } => {}
[INFO] [stdout]     |             ~~~~~~~~~~~~~~~~~~~~~~~~~~~~~~~~~~~~~~~~~~~~~~~~~~~~~~~~
[INFO] [stdout] 
[INFO] [stdout] 
[INFO] [stdout] error[E0277]: the size for values of type `str` cannot be known at compilation time
[INFO] [stdout]    --> wasm-gc-api/src/gc.rs:801:27
[INFO] [stdout]     |
[INFO] [stdout] 801 |                 for (idx, name) in mem::replace(map, new) {
[INFO] [stdout]     |                           ^^^^ doesn't have a size known at compile-time
[INFO] [stdout]     |
[INFO] [stdout]     = help: the trait `Sized` is not implemented for `str`
[INFO] [stdout]     = note: all local variables must have a statically known size
[INFO] [stdout]     = help: unsized locals are gated as an unstable feature
[INFO] [stdout] 
[INFO] [stdout] 
[INFO] [stdout] error[E0277]: the size for values of type `str` cannot be known at compilation time
[INFO] [stdout]    --> wasm-gc-api/src/gc.rs:801:36
[INFO] [stdout]     |
[INFO] [stdout] 801 |                 for (idx, name) in mem::replace(map, new) {
[INFO] [stdout]     |                                    ^^^^^^^^^^^^ doesn't have a size known at compile-time
[INFO] [stdout]     |
[INFO] [stdout]     = help: the trait `Sized` is not implemented for `str`
[INFO] [stdout] note: required by a bound in `tetsy_wasm::elements::IndexMap`
[INFO] [stdout]    --> /opt/rustwide/cargo-home/registry/src/github.com-1ecc6299db9ec823/tetsy-wasm-0.41.0/src/elements/index_map.rs:22:21
[INFO] [stdout]     |
[INFO] [stdout] 22  | pub struct IndexMap<T> {
[INFO] [stdout]     |                     ^ required by this bound in `IndexMap`
[INFO] [stdout] 
[INFO] [stdout] 
[INFO] [stdout] error[E0277]: the size for values of type `str` cannot be known at compilation time
[INFO] [stdout]    --> wasm-gc-api/src/gc.rs:800:27
[INFO] [stdout]     |
[INFO] [stdout] 800 |                 let new = IndexMap::with_capacity(map.len());
[INFO] [stdout]     |                           ^^^^^^^^^^^^^^^^^^^^^^^ doesn't have a size known at compile-time
[INFO] [stdout]     |
[INFO] [stdout]     = help: the trait `Sized` is not implemented for `str`
[INFO] [stdout] note: required by a bound in `tetsy_wasm::elements::IndexMap::<T>::with_capacity`
[INFO] [stdout]    --> /opt/rustwide/cargo-home/registry/src/github.com-1ecc6299db9ec823/tetsy-wasm-0.41.0/src/elements/index_map.rs:30:6
[INFO] [stdout]     |
[INFO] [stdout] 30  | impl<T> IndexMap<T> {
[INFO] [stdout]     |      ^ required by this bound in `IndexMap::<T>::with_capacity`
[INFO] [stdout] 
[INFO] [stdout] 
[INFO] [stdout] error[E0277]: the size for values of type `str` cannot be known at compilation time
[INFO] [stdout]    --> wasm-gc-api/src/gc.rs:800:27
[INFO] [stdout]     |
[INFO] [stdout] 800 |                 let new = IndexMap::with_capacity(map.len());
[INFO] [stdout]     |                           ^^^^^^^^ doesn't have a size known at compile-time
[INFO] [stdout]     |
[INFO] [stdout]     = help: the trait `Sized` is not implemented for `str`
[INFO] [stdout] note: required by a bound in `tetsy_wasm::elements::IndexMap`
[INFO] [stdout]    --> /opt/rustwide/cargo-home/registry/src/github.com-1ecc6299db9ec823/tetsy-wasm-0.41.0/src/elements/index_map.rs:22:21
[INFO] [stdout]     |
[INFO] [stdout] 22  | pub struct IndexMap<T> {
[INFO] [stdout]     |                     ^ required by this bound in `IndexMap`
[INFO] [stdout] 
[INFO] [stdout] 
[INFO] [stdout] error[E0277]: the size for values of type `str` cannot be known at compilation time
[INFO] [stdout]    --> wasm-gc-api/src/gc.rs:801:17
[INFO] [stdout]     |
[INFO] [stdout] 801 | /                 for (idx, name) in mem::replace(map, new) {
[INFO] [stdout] 802 | |                     let new_idx = self.functions[idx as usize];
[INFO] [stdout] 803 | |                     let name = if self.config.demangle {
[INFO] [stdout] 804 | |                         rustc_demangle::demangle(&name).to_string()
[INFO] [stdout] ...   |
[INFO] [stdout] 810 | |                     }
[INFO] [stdout] 811 | |                 }
[INFO] [stdout]     | |_________________^ doesn't have a size known at compile-time
[INFO] [stdout]     |
[INFO] [stdout]     = help: within `(u32, str)`, the trait `Sized` is not implemented for `str`
[INFO] [stdout]     = note: required because it appears within the type `(u32, str)`
[INFO] [stdout] note: required by a bound in `None`
[INFO] [stdout]    --> /rustc/84c898d65adf2f39a5a98507f1fe0ce10a2b8dbc/library/core/src/option.rs:567:5
[INFO] [stdout] 
[INFO] [stdout] 
[INFO] [stdout] error[E0277]: the size for values of type `str` cannot be known at compilation time
[INFO] [stdout]    --> wasm-gc-api/src/gc.rs:801:36
[INFO] [stdout]     |
[INFO] [stdout] 801 |                 for (idx, name) in mem::replace(map, new) {
[INFO] [stdout]     |                                    ^^^^^^^^^^^^^^^^^^^^^^ doesn't have a size known at compile-time
[INFO] [stdout]     |
[INFO] [stdout]     = help: the trait `Sized` is not implemented for `str`
[INFO] [stdout]     = help: the trait `Iterator` is implemented for `elements::index_map::IntoIter<T>`
[INFO] [stdout]     = note: required for `elements::index_map::IntoIter<str>` to implement `Iterator`
[INFO] [stdout] 
[INFO] [stdout] 
[INFO] [stdout] error[E0308]: `if` and `else` have incompatible types
[INFO] [stdout]    --> wasm-gc-api/src/gc.rs:806:25
[INFO] [stdout]     |
[INFO] [stdout] 803 |                       let name = if self.config.demangle {
[INFO] [stdout]     |  ________________________________-
[INFO] [stdout] 804 | |                         rustc_demangle::demangle(&name).to_string()
[INFO] [stdout]     | |                         ------------------------------------------- expected because of this
[INFO] [stdout] 805 | |                     } else {
[INFO] [stdout] 806 | |                         name
[INFO] [stdout]     | |                         ^^^^- help: try using a conversion method: `.to_string()`
[INFO] [stdout]     | |                         |
[INFO] [stdout]     | |                         expected `String`, found `str`
[INFO] [stdout] 807 | |                     };
[INFO] [stdout]     | |_____________________- `if` and `else` have incompatible types
[INFO] [stdout] 
[INFO] [stdout] 
[INFO] [stdout] warning: trait objects without an explicit `dyn` are deprecated
[INFO] [stdout]   --> wasm-gc-api/src/lib.rs:63:52
[INFO] [stdout]    |
[INFO] [stdout] 63 |         if let Some(module) = (&mut module as &mut Any).downcast_mut() {
[INFO] [stdout]    |                                                    ^^^
[INFO] [stdout]    |
[INFO] [stdout]    = warning: this is accepted in the current edition (Rust 2015) but is a hard error in Rust 2021!
[INFO] [stdout]    = note: for more information, see <https://doc.rust-lang.org/nightly/edition-guide/rust-2021/warnings-promoted-to-error.html>
[INFO] [stdout]    = note: `#[warn(bare_trait_objects)]` on by default
[INFO] [stdout] help: use `dyn`
[INFO] [stdout]    |
[INFO] [stdout] 63 |         if let Some(module) = (&mut module as &mut dyn Any).downcast_mut() {
[INFO] [stdout]    |                                                    +++
[INFO] [stdout] 
[INFO] [stdout] 
[INFO] [stdout] warning: trait objects without an explicit `dyn` are deprecated
[INFO] [stdout]   --> wasm-gc-api/src/lib.rs:91:36
[INFO] [stdout]    |
[INFO] [stdout] 91 |         let module = self.0 as Box<Any>;
[INFO] [stdout]    |                                    ^^^
[INFO] [stdout]    |
[INFO] [stdout]    = warning: this is accepted in the current edition (Rust 2015) but is a hard error in Rust 2021!
[INFO] [stdout]    = note: for more information, see <https://doc.rust-lang.org/nightly/edition-guide/rust-2021/warnings-promoted-to-error.html>
[INFO] [stdout] help: use `dyn`
[INFO] [stdout]    |
[INFO] [stdout] 91 |         let module = self.0 as Box<dyn Any>;
[INFO] [stdout]    |                                    +++
[INFO] [stdout] 
[INFO] [stdout] 
[INFO] [stdout] error: aborting due to 15 previous errors; 2 warnings emitted
[INFO] [stdout] 
[INFO] [stdout] 
[INFO] [stdout] Some errors have detailed explanations: E0223, E0277, E0308, E0599.
[INFO] [stdout] 
[INFO] [stdout] For more information about an error, try `rustc --explain E0223`.
[INFO] [stdout] 
[INFO] [stderr] error: could not compile `tetsy-wasm-gc-api` due to 16 previous errors; 2 warnings emitted
[INFO] [stderr] warning: build failed, waiting for other jobs to finish...
[INFO] running `Command { std: "docker" "inspect" "d543a8edd226aca10db2bb2e48d4d1c403e6f6b59f719e22acbc7f3d607c1b23", kill_on_drop: false }`
[INFO] running `Command { std: "docker" "rm" "-f" "d543a8edd226aca10db2bb2e48d4d1c403e6f6b59f719e22acbc7f3d607c1b23", kill_on_drop: false }`
[INFO] [stdout] d543a8edd226aca10db2bb2e48d4d1c403e6f6b59f719e22acbc7f3d607c1b23
