[INFO] cloning repository https://github.com/simdimdim/BB01
[INFO] running `Command { std: "git" "-c" "credential.helper=" "-c" "credential.helper=/workspace/cargo-home/bin/git-credential-null" "clone" "--bare" "https://github.com/simdimdim/BB01" "/workspace/cache/git-repos/https%3A%2F%2Fgithub.com%2Fsimdimdim%2FBB01", kill_on_drop: false }`
[INFO] [stderr] Cloning into bare repository '/workspace/cache/git-repos/https%3A%2F%2Fgithub.com%2Fsimdimdim%2FBB01'...
[INFO] running `Command { std: "git" "rev-parse" "HEAD", kill_on_drop: false }`
[INFO] [stdout] 8bf7b6c67513f3ae7d26993da91c711aaa6933ac
[INFO] documenting simdimdim/BB01 against 1.69.0 for beta-1.70-rustdoc-1
[INFO] running `Command { std: "git" "clone" "/workspace/cache/git-repos/https%3A%2F%2Fgithub.com%2Fsimdimdim%2FBB01" "/workspace/builds/worker-7-tc1/source", kill_on_drop: false }`
[INFO] [stderr] Cloning into '/workspace/builds/worker-7-tc1/source'...
[INFO] [stderr] done.
[INFO] validating manifest of git repo https://github.com/simdimdim/BB01 on toolchain 1.69.0
[INFO] running `Command { std: CARGO_HOME="/workspace/cargo-home" RUSTUP_HOME="/workspace/rustup-home" "/workspace/cargo-home/bin/cargo" "+1.69.0" "metadata" "--manifest-path" "Cargo.toml" "--no-deps", kill_on_drop: false }`
[INFO] started tweaking git repo https://github.com/simdimdim/BB01
[INFO] finished tweaking git repo https://github.com/simdimdim/BB01
[INFO] tweaked toml for git repo https://github.com/simdimdim/BB01 written to /workspace/builds/worker-7-tc1/source/Cargo.toml
[INFO] running `Command { std: CARGO_HOME="/workspace/cargo-home" RUSTUP_HOME="/workspace/rustup-home" __CARGO_TEST_CHANNEL_OVERRIDE_DO_NOT_USE_THIS="nightly" "/workspace/cargo-home/bin/cargo" "+1.69.0" "generate-lockfile" "--manifest-path" "Cargo.toml" "-Zno-index-update", kill_on_drop: false }`
[INFO] [stderr]     Updating git repository `https://github.com/simdimdim/conrod`
[INFO] [stderr]     Updating git repository `https://github.com/simdimdim/sdl2_window`
[INFO] running `Command { std: CARGO_HOME="/workspace/cargo-home" RUSTUP_HOME="/workspace/rustup-home" "/workspace/cargo-home/bin/cargo" "+1.69.0" "fetch" "--manifest-path" "Cargo.toml", kill_on_drop: false }`
[INFO] [stderr]  Downloading crates ...
[INFO] [stderr]   Downloaded piston_window v0.120.0
[INFO] [stderr]   Downloaded piston-viewport v1.0.2
[INFO] [stderr]   Downloaded piston2d-gfx_graphics v0.73.0
[INFO] [stderr]   Downloaded piston v0.53.2
[INFO] [stderr]   Downloaded piston2d-graphics v0.40.0
[INFO] [stderr]   Downloaded palaver v0.2.8
[INFO] [stderr]   Downloaded conrod v0.62.1
[INFO] [stderr]   Downloaded relative v0.2.2
[INFO] [stderr]   Downloaded metatype v0.2.1
[INFO] [stderr]   Downloaded build_id v0.2.1
[INFO] [stderr]   Downloaded serde_traitobject v0.2.8
[INFO] running `Command { std: "docker" "create" "-v" "/var/lib/crater-agent-workspace/builds/worker-7-tc1/target:/opt/rustwide/target:rw,Z" "-v" "/var/lib/crater-agent-workspace/builds/worker-7-tc1/source:/opt/rustwide/workdir:ro,Z" "-v" "/var/lib/crater-agent-workspace/cargo-home:/opt/rustwide/cargo-home:ro,Z" "-v" "/var/lib/crater-agent-workspace/rustup-home:/opt/rustwide/rustup-home:ro,Z" "-e" "SOURCE_DIR=/opt/rustwide/workdir" "-e" "CARGO_TARGET_DIR=/opt/rustwide/target" "-e" "CARGO_HOME=/opt/rustwide/cargo-home" "-e" "RUSTUP_HOME=/opt/rustwide/rustup-home" "-w" "/opt/rustwide/workdir" "-m" "1610612736" "--user" "0:0" "--network" "none" "ghcr.io/rust-lang/crates-build-env/linux@sha256:5ff2268d62e97bff2cde7d5815dd6ed5b47097566f13b8d0ca110b04b60e07ed" "/opt/rustwide/cargo-home/bin/cargo" "+1.69.0" "metadata" "--no-deps" "--format-version=1", kill_on_drop: false }`
[INFO] [stdout] f7b8a3b1af3cf4f12382dd84813cc8ecd7217a4c8e65efee8cd1f0f2dd612f94
[INFO] running `Command { std: "docker" "start" "-a" "f7b8a3b1af3cf4f12382dd84813cc8ecd7217a4c8e65efee8cd1f0f2dd612f94", kill_on_drop: false }`
[INFO] running `Command { std: "docker" "inspect" "f7b8a3b1af3cf4f12382dd84813cc8ecd7217a4c8e65efee8cd1f0f2dd612f94", kill_on_drop: false }`
[INFO] running `Command { std: "docker" "rm" "-f" "f7b8a3b1af3cf4f12382dd84813cc8ecd7217a4c8e65efee8cd1f0f2dd612f94", kill_on_drop: false }`
[INFO] [stdout] f7b8a3b1af3cf4f12382dd84813cc8ecd7217a4c8e65efee8cd1f0f2dd612f94
[INFO] running `Command { std: "docker" "create" "-v" "/var/lib/crater-agent-workspace/builds/worker-7-tc1/target:/opt/rustwide/target:rw,Z" "-v" "/var/lib/crater-agent-workspace/builds/worker-7-tc1/source:/opt/rustwide/workdir:ro,Z" "-v" "/var/lib/crater-agent-workspace/cargo-home:/opt/rustwide/cargo-home:ro,Z" "-v" "/var/lib/crater-agent-workspace/rustup-home:/opt/rustwide/rustup-home:ro,Z" "-e" "SOURCE_DIR=/opt/rustwide/workdir" "-e" "CARGO_TARGET_DIR=/opt/rustwide/target" "-e" "CARGO_INCREMENTAL=0" "-e" "RUST_BACKTRACE=full" "-e" "RUSTFLAGS=--cap-lints=warn" "-e" "RUSTDOCFLAGS=--cap-lints=warn" "-e" "CARGO_HOME=/opt/rustwide/cargo-home" "-e" "RUSTUP_HOME=/opt/rustwide/rustup-home" "-w" "/opt/rustwide/workdir" "-m" "1610612736" "--user" "0:0" "--network" "none" "ghcr.io/rust-lang/crates-build-env/linux@sha256:5ff2268d62e97bff2cde7d5815dd6ed5b47097566f13b8d0ca110b04b60e07ed" "/opt/rustwide/cargo-home/bin/cargo" "+1.69.0" "doc" "--frozen" "--no-deps" "--document-private-items" "--message-format=json", kill_on_drop: false }`
[INFO] [stdout] 280bc5e47f43788bd73c7f36d6b3bcfb89b0f8eeb97f271a0c53386fc87e3f24
[INFO] running `Command { std: "docker" "start" "-a" "280bc5e47f43788bd73c7f36d6b3bcfb89b0f8eeb97f271a0c53386fc87e3f24", kill_on_drop: false }`
[INFO] [stderr]    Compiling autocfg v1.1.0
[INFO] [stderr]    Compiling libc v0.2.142
[INFO] [stderr]     Checking cfg-if v1.0.0
[INFO] [stderr]    Compiling proc-macro2 v1.0.56
[INFO] [stderr]    Compiling quote v1.0.26
[INFO] [stderr]    Compiling unicode-ident v1.0.8
[INFO] [stderr]    Compiling log v0.4.17
[INFO] [stderr]     Checking bitflags v1.3.2
[INFO] [stderr]     Checking scopeguard v1.1.0
[INFO] [stderr]    Compiling serde_derive v1.0.160
[INFO] [stderr]    Compiling serde v1.0.160
[INFO] [stderr]    Compiling xml-rs v0.8.4
[INFO] [stderr]    Compiling num-traits v0.2.15
[INFO] [stderr]    Compiling memchr v2.5.0
[INFO] [stderr]     Checking lazy_static v1.4.0
[INFO] [stderr]     Checking byteorder v1.4.3
[INFO] [stderr]    Compiling proc-macro2 v0.4.30
[INFO] [stderr]     Checking cfg-if v0.1.10
[INFO] [stderr]    Compiling syn v1.0.109
[INFO] [stderr]     Checking once_cell v1.17.1
[INFO] [stderr]    Compiling unicode-xid v0.1.0
[INFO] [stderr]     Checking num_cpus v1.15.0
[INFO] [stderr]    Compiling syn v2.0.15
[INFO] [stderr]    Compiling num-integer v0.1.45
[INFO] [stderr]    Compiling getrandom v0.2.9
[INFO] [stderr]    Compiling memoffset v0.5.6
[INFO] [stderr]    Compiling crossbeam-utils v0.7.2
[INFO] [stderr]    Compiling crossbeam-utils v0.8.15
[INFO] [stderr]    Compiling quote v0.6.13
[INFO] [stderr]     Checking piston-float v1.0.1
[INFO] [stderr]     Checking fnv v1.0.7
[INFO] [stderr]    Compiling maybe-uninit v2.0.0
[INFO] [stderr]    Compiling wayland-scanner v0.23.6
[INFO] [stderr]    Compiling rand_core v0.6.4
[INFO] [stderr]    Compiling crossbeam-epoch v0.8.2
[INFO] [stderr]    Compiling memoffset v0.8.0
[INFO] [stderr]    Compiling ppv-lite86 v0.2.17
[INFO] [stderr]    Compiling khronos_api v3.1.0
[INFO] [stderr]     Checking pin-project-lite v0.2.9
[INFO] [stderr]     Checking piston-viewport v1.0.2
[INFO] [stderr]    Compiling crossbeam-epoch v0.9.14
[INFO] [stderr]    Compiling num-bigint v0.3.3
[INFO] [stderr]    Compiling rand_chacha v0.3.1
[INFO] [stderr]     Checking libloading v0.6.7
[INFO] [stderr]    Compiling futures-core v0.3.28
[INFO] [stderr]    Compiling nix v0.14.1
[INFO] [stderr]    Compiling siphasher v0.3.10
[INFO] [stderr]    Compiling phf_shared v0.10.0
[INFO] [stderr]    Compiling rand v0.8.5
[INFO] [stderr]     Checking dlib v0.4.2
[INFO] [stderr]    Compiling num-rational v0.3.2
[INFO] [stderr]    Compiling num-iter v0.1.43
[INFO] [stderr]    Compiling cc v1.0.79
[INFO] [stderr]     Checking bytes v1.4.0
[INFO] [stderr]    Compiling pkg-config v0.3.26
[INFO] [stderr]     Checking void v1.0.2
[INFO] [stderr]    Compiling phf_generator v0.10.0
[INFO] [stderr]    Compiling wayland-client v0.23.6
[INFO] [stderr]    Compiling gl_generator v0.14.0
[INFO] [stderr]     Checking crossbeam-deque v0.7.4
[INFO] [stderr]     Checking wayland-sys v0.23.6
[INFO] [stderr]    Compiling openssl-sys v0.9.87
[INFO] [stderr]     Checking approx v0.3.2
[INFO] [stderr]     Checking ordered-float v1.1.1
[INFO] [stderr]     Checking stb_truetype v0.3.1
[INFO] [stderr]    Compiling lock_api v0.4.9
[INFO] [stderr]    Compiling slab v0.4.8
[INFO] [stderr]     Checking rustc-hash v1.1.0
[INFO] [stderr]    Compiling rayon-core v1.11.0
[INFO] [stderr]    Compiling futures-channel v0.3.28
[INFO] [stderr]     Checking linked-hash-map v0.5.6
[INFO] [stderr]    Compiling parking_lot_core v0.9.7
[INFO] [stderr]     Checking futures-sink v0.3.28
[INFO] [stderr]    Compiling futures-task v0.3.28
[INFO] [stderr]     Checking rusttype v0.8.3
[INFO] [stderr]    Compiling quick-xml v0.22.0
[INFO] [stderr]     Checking wayland-commons v0.23.6
[INFO] [stderr]     Checking crossbeam-deque v0.8.3
[INFO] [stderr]    Compiling wayland-protocols v0.23.6
[INFO] [stderr]     Checking crossbeam-channel v0.5.8
[INFO] [stderr]    Compiling tokio v1.28.0
[INFO] [stderr]     Checking itoa v1.0.6
[INFO] [stderr]    Compiling futures-util v0.3.28
[INFO] [stderr]     Checking downcast-rs v1.2.0
[INFO] [stderr]     Checking smallvec v1.10.0
[INFO] [stderr]     Checking home v0.5.5
[INFO] [stderr]     Checking new_debug_unreachable v1.0.4
[INFO] [stderr]     Checking same-file v1.0.6
[INFO] [stderr]     Checking walkdir v2.3.3
[INFO] [stderr]     Checking xdg v2.5.0
[INFO] [stderr]    Compiling xcb v0.10.1
[INFO] [stderr]     Checking rusttype v0.7.9
[INFO] [stderr]    Compiling tokio-macros v2.1.0
[INFO] [stderr]    Compiling futures-macro v0.3.28
[INFO] [stderr]    Compiling phf_codegen v0.10.0
[INFO] [stderr]    Compiling string_cache_codegen v0.5.2
[INFO] [stderr]     Checking line_drawing v0.7.0
[INFO] [stderr]     Checking socket2 v0.4.9
[INFO] [stderr]     Checking mio v0.8.6
[INFO] [stderr]    Compiling miniz_oxide v0.4.4
[INFO] [stderr]     Checking piston-graphics_api_version v1.0.1
[INFO] [stderr]     Checking mac v0.1.1
[INFO] [stderr]     Checking either v1.8.1
[INFO] [stderr]     Checking adler32 v1.2.0
[INFO] [stderr]     Checking futures-io v0.3.28
[INFO] [stderr]    Compiling crc32fast v1.3.2
[INFO] [stderr]     Checking pin-utils v0.1.0
[INFO] [stderr]     Checking rayon v1.7.0
[INFO] [stderr]     Checking futf v0.1.5
[INFO] [stderr]     Checking andrew v0.2.1
[INFO] [stderr]    Compiling markup5ever v0.11.0
[INFO] [stderr]     Checking parking_lot v0.12.1
[INFO] [stderr]     Checking http v0.2.9
[INFO] [stderr]     Checking memmap v0.7.0
[INFO] [stderr]     Checking tracing-core v0.1.30
[INFO] [stderr]    Compiling indexmap v1.9.3
[INFO] [stderr]     Checking draw_state v0.8.0
[INFO] [stderr]    Compiling openssl v0.10.52
[INFO] [stderr]    Compiling version-compare v0.0.10
[INFO] [stderr]     Checking precomputed-hash v0.1.1
[INFO] [stderr]     Checking ttf-parser v0.15.2
[INFO] [stderr]     Checking foreign-types-shared v0.1.1
[INFO] [stderr]     Checking adler v1.0.2
[INFO] [stderr]     Checking utf-8 v0.7.6
[INFO] [stderr]     Checking weezl v0.1.7
[INFO] [stderr]     Checking tendril v0.4.3
[INFO] [stderr]    Compiling sdl2-sys v0.34.5
[INFO] [stderr]     Checking foreign-types v0.3.2
[INFO] [stderr]     Checking jpeg-decoder v0.1.22
[INFO] [stderr]     Checking gfx_core v0.9.2
[INFO] [stderr]     Checking tracing v0.1.37
[INFO] [stderr]     Checking deflate v0.8.6
[INFO] [stderr]     Checking miniz_oxide v0.3.7
[INFO] [stderr]     Checking phf v0.10.1
[INFO] [stderr]     Checking owned_ttf_parser v0.15.2
[INFO] [stderr]    Compiling openssl-macros v0.1.1
[INFO] [stderr]     Checking color_quant v1.1.0
[INFO] [stderr]    Compiling native-tls v0.2.11
[INFO] [stderr]    Compiling ident_case v1.0.1
[INFO] [stderr]     Checking fixedbitset v0.1.9
[INFO] [stderr]     Checking pistoncore-input v1.0.1
[INFO] [stderr]     Checking string_cache v0.8.7
[INFO] [stderr]     Checking tinyvec_macros v0.1.1
[INFO] [stderr]     Checking ab_glyph_rasterizer v0.1.8
[INFO] [stderr]     Checking piston-texture v0.8.0
[INFO] [stderr]     Checking hashbrown v0.12.3
[INFO] [stderr]    Compiling strsim v0.10.0
[INFO] [stderr]    Compiling httparse v1.8.0
[INFO] [stderr]     Checking rusttype v0.9.3
[INFO] [stderr]    Compiling darling_core v0.13.4
[INFO] [stderr]     Checking tinyvec v1.6.0
[INFO] [stderr]     Checking petgraph v0.4.13
[INFO] [stderr]     Checking pistoncore-window v0.47.1
[INFO] [stderr]     Checking x11-clipboard v0.5.3
[INFO] [stderr]     Checking tokio-util v0.7.8
[INFO] [stderr]     Checking png v0.16.8
[INFO] [stderr]     Checking gif v0.11.4
[INFO] [stderr]     Checking tiff v0.6.1
[INFO] [stderr]    Compiling html5ever v0.26.0
[INFO] [stderr]    Compiling gfx_gl v0.6.1
[INFO] [stderr]     Checking num-complex v0.3.1
[INFO] [stderr]     Checking vecmath v1.0.0
[INFO] [stderr]     Checking openssl-probe v0.1.5
[INFO] [stderr]     Checking bytemuck v1.13.1
[INFO] [stderr]     Checking interpolation v0.2.0
[INFO] [stderr]     Checking try-lock v0.2.4
[INFO] [stderr]     Checking read_color v1.0.0
[INFO] [stderr]     Checking percent-encoding v2.2.0
[INFO] [stderr]     Checking scoped_threadpool v0.1.9
[INFO] [stderr]     Checking piston2d-graphics v0.40.0
[INFO] [stderr]     Checking form_urlencoded v1.1.0
[INFO] [stderr]     Checking image v0.23.14
[INFO] [stderr]     Checking want v0.3.0
[INFO] [stderr]     Checking num v0.3.1
[INFO] [stderr]     Checking unicode-normalization v0.1.22
[INFO] [stderr]     Checking h2 v0.3.18
[INFO] [stderr]     Checking daggy v0.5.0
[INFO] [stderr]     Checking gfx v0.18.3
[INFO] [stderr]    Compiling darling_macro v0.13.4
[INFO] [stderr]     Checking http-body v0.4.5
[INFO] [stderr]     Checking shader_version v0.7.0
[INFO] [stderr]    Compiling conrod_derive v0.73.0 (https://github.com/simdimdim/conrod#40b919df)
[INFO] [stderr]    Compiling gl v0.14.0
[INFO] [stderr]     Checking instant v0.1.12
[INFO] [stderr]     Checking unicode-bidi v0.3.13
[INFO] [stderr]     Checking httpdate v1.0.2
[INFO] [stderr]     Checking spin_sleep v1.1.1
[INFO] [stderr]     Checking tower-service v0.3.2
[INFO] [stderr]    Compiling sdl2 v0.34.5
[INFO] [stderr]     Checking piston-gfx_texture v0.41.0
[INFO] [stderr]     Checking idna v0.3.0
[INFO] [stderr]     Checking pistoncore-event_loop v0.53.1
[INFO] [stderr]     Checking hyper v0.14.26
[INFO] [stderr]    Compiling darling v0.13.4
[INFO] [stderr]     Checking tokio-native-tls v0.3.1
[INFO] [stderr]     Checking xml5ever v0.17.0
[INFO] [stderr]     Checking piston-shaders_graphics2d v0.4.0
[INFO] [stderr]     Checking ryu v1.0.13
[INFO] [stderr]     Checking bit-vec v0.6.3
[INFO] [stderr]     Checking gfx_device_gl v0.16.2
[INFO] [stderr]     Checking markup5ever_rcdom v0.2.0
[INFO] [stderr]     Checking serde_urlencoded v0.7.1
[INFO] [stderr]     Checking bit-set v0.5.3
[INFO] [stderr]     Checking piston2d-gfx_graphics v0.73.0
[INFO] [stderr]     Checking url v2.3.1
[INFO] [stderr]    Compiling serde_with_macros v1.5.2
[INFO] [stderr]     Checking piston v0.53.2
[INFO] [stderr]     Checking futures-executor v0.3.28
[INFO] [stderr]     Checking dirs-sys-next v0.1.2
[INFO] [stderr]     Checking time v0.1.45
[INFO] [stderr]     Checking encoding_rs v0.8.32
[INFO] [stderr]     Checking base64 v0.21.0
[INFO] [stderr]     Checking iana-time-zone v0.1.56
[INFO] [stderr]     Checking mime v0.3.17
[INFO] [stderr]     Checking ipnet v2.7.2
[INFO] [stderr]     Checking hyper-tls v0.5.0
[INFO] [stderr]     Checking chrono v0.4.24
[INFO] [stderr]     Checking futures v0.3.28
[INFO] [stderr]     Checking directories-next v2.0.0
[INFO] [stderr]     Checking piston_window v0.120.0
[INFO] [stderr]     Checking serde_with v1.14.0
[INFO] [stderr]     Checking select v0.6.0
[INFO] [stderr]     Checking http-serde v1.1.2
[INFO] [stderr]     Checking conrod v0.62.1
[INFO] [stderr]     Checking pistoncore-sdl2_window v0.67.0 (https://github.com/simdimdim/sdl2_window#319a8963)
[INFO] [stderr]     Checking reqwest v0.11.17
[INFO] [stderr]     Checking smithay-client-toolkit v0.6.6
[INFO] [stderr]     Checking smithay-clipboard v0.4.0
[INFO] [stderr]     Checking copypasta v0.6.3
[INFO] [stderr]     Checking conrod_core v0.73.0 (https://github.com/simdimdim/conrod#40b919df)
[INFO] [stderr]     Checking conrod_piston v0.73.0 (https://github.com/simdimdim/conrod#40b919df)
[INFO] [stderr]     Checking conrod_example_shared v0.73.0 (https://github.com/simdimdim/conrod#40b919df)
[INFO] [stderr]  Documenting pagepal v0.1.2 (/opt/rustwide/workdir)
[INFO] [stderr]     Checking pagepal v0.1.2 (/opt/rustwide/workdir)
[INFO] [stdout] error[E0554]: `#![feature]` may not be used on the stable release channel
[INFO] [stdout]  --> src/lib.rs:1:12
[INFO] [stdout]   |
[INFO] [stdout] 1 | #![feature(with_options)]
[INFO] [stdout]   |            ^^^^^^^^^^^^
[INFO] [stdout] 
[INFO] [stdout] 
[INFO] [stdout] warning: the feature `with_options` has been stable since 1.58.0 and no longer requires an attribute to enable
[INFO] [stdout]  --> src/lib.rs:1:12
[INFO] [stdout]   |
[INFO] [stdout] 1 | #![feature(with_options)]
[INFO] [stdout]   |            ^^^^^^^^^^^^
[INFO] [stdout]   |
[INFO] [stdout]   = note: `#[warn(stable_features)]` on by default
[INFO] [stdout] 
[INFO] [stdout] 
[INFO] [stdout] error[E0554]: `#![feature]` may not be used on the stable release channel
[INFO] [stdout]  --> src/lib.rs:1:12
[INFO] [stdout]   |
[INFO] [stdout] 1 | #![feature(with_options)]
[INFO] [stdout]   |            ^^^^^^^^^^^^
[INFO] [stdout] 
[INFO] [stdout] 
[INFO] [stdout] warning: unclosed HTML tag `div`
[INFO] [stdout]    --> src/retriever/finder.rs:116:51
[INFO] [stdout]     |
[INFO] [stdout] 116 |     /// Returns the text from the children of the <div> with most <p> tags
[INFO] [stdout]     |                                                   ^^^^^
[INFO] [stdout]     |
[INFO] [stdout]     = note: `#[warn(rustdoc::invalid_html_tags)]` on by default
[INFO] [stdout] 
[INFO] [stdout] 
[INFO] [stdout] warning: unclosed HTML tag `p`
[INFO] [stdout]    --> src/retriever/finder.rs:116:67
[INFO] [stdout]     |
[INFO] [stdout] 116 |     /// Returns the text from the children of the <div> with most <p> tags
[INFO] [stdout]     |                                                                   ^^^
[INFO] [stdout] 
[INFO] [stdout] 
[INFO] [stdout] warning: unclosed HTML tag `T`
[INFO] [stdout]   --> src/retriever.rs:59:25
[INFO] [stdout]    |
[INFO] [stdout] 59 |     /// Generates a Book<T> from a page to either
[INFO] [stdout]    |                         ^^^
[INFO] [stdout]    |
[INFO] [stdout] help: try marking as source code
[INFO] [stdout]    |
[INFO] [stdout] 59 |     /// Generates a `Book<T>` from a page to either
[INFO] [stdout]    |                     +       +
[INFO] [stdout] 
[INFO] [stdout] 
[INFO] [stdout] error: aborting due to previous error; 3 warnings emitted
[INFO] [stdout] 
[INFO] [stdout] 
[INFO] [stdout] For more information about this error, try `rustc --explain E0554`.
[INFO] [stdout] 
[INFO] [stdout] error[E0599]: no method named `select` found for reference `&Document` in the current scope
[INFO] [stdout]   --> src/retriever/page.rs:88:15
[INFO] [stdout]    |
[INFO] [stdout] 88 |             a.select(Child(Name("a"), Text))
[INFO] [stdout]    |               ^^^^^^ method not found in `&Document`
[INFO] [stdout] 
[INFO] [stdout] 
[INFO] [stderr] error: could not document `pagepal`
[INFO] [stderr] 
[INFO] [stderr] Caused by:
[INFO] [stderr]   process didn't exit successfully: `rustdoc --edition=2018 --crate-type lib --crate-name pagepal src/lib.rs -o /opt/rustwide/target/doc --cfg 'feature="default"' --error-format=json --json=diagnostic-rendered-ansi,artifacts,future-incompat --document-private-items -C metadata=d7fd74a2782be7a2 -L dependency=/opt/rustwide/target/debug/deps --extern chrono=/opt/rustwide/target/debug/deps/libchrono-a60583c4381819f1.rmeta --extern conrod=/opt/rustwide/target/debug/deps/libconrod-7e193cc7296feaf4.rmeta --extern conrod_core=/opt/rustwide/target/debug/deps/libconrod_core-74a1d9fd3d7e0d06.rmeta --extern conrod_example_shared=/opt/rustwide/target/debug/deps/libconrod_example_shared-5f3519220679462f.rmeta --extern conrod_piston=/opt/rustwide/target/debug/deps/libconrod_piston-6ace275fb5cc7e6e.rmeta --extern directories_next=/opt/rustwide/target/debug/deps/libdirectories_next-8b98cd1d861135d4.rmeta --extern futures=/opt/rustwide/target/debug/deps/libfutures-ff30b1fd8859ce62.rmeta --extern http_serde=/opt/rustwide/target/debug/deps/libhttp_serde-4c4a8c02a79efa39.rmeta --extern piston_window=/opt/rustwide/target/debug/deps/libpiston_window-d9fb8ed8168160e9.rmeta --extern sdl2_window=/opt/rustwide/target/debug/deps/libsdl2_window-6cb78de5959e6068.rmeta --extern reqwest=/opt/rustwide/target/debug/deps/libreqwest-635302548f954efd.rmeta --extern sdl2=/opt/rustwide/target/debug/deps/libsdl2-b749066c6dd74003.rmeta --extern select=/opt/rustwide/target/debug/deps/libselect-a5c47955ce2ee8ac.rmeta --extern serde=/opt/rustwide/target/debug/deps/libserde-c328f1015fdb0e77.rmeta --extern serde_with=/opt/rustwide/target/debug/deps/libserde_with-70a2e0a474597702.rmeta --extern tokio=/opt/rustwide/target/debug/deps/libtokio-01680a87adf30012.rmeta --extern url=/opt/rustwide/target/debug/deps/liburl-59375e69e878fd68.rmeta --cap-lints=warn --crate-version 0.1.2` (exit status: 1)
[INFO] [stderr] warning: build failed, waiting for other jobs to finish...
[INFO] [stdout] error[E0599]: no function or associated item named `with_options` found for struct `std::fs::File` in the current scope
[INFO] [stdout]   --> src/library/content.rs:95:15
[INFO] [stdout]    |
[INFO] [stdout] 95 |         File::with_options()
[INFO] [stdout]    |               ^^^^^^^^^^^^
[INFO] [stdout]    |               |
[INFO] [stdout]    |               function or associated item not found in `File`
[INFO] [stdout]    |               help: there is an associated function with a similar name: `options`
[INFO] [stdout] 
[INFO] [stdout] 
[INFO] [stdout] error[E0599]: no method named `select` found for reference `&Document` in the current scope
[INFO] [stdout]    --> src/retriever/finder.rs:122:19
[INFO] [stdout]     |
[INFO] [stdout] 122 |                 a.select(Child(Name("div"), Name("p")))
[INFO] [stdout]     |                   ^^^^^^ method not found in `&Document`
[INFO] [stdout] 
[INFO] [stdout] 
[INFO] [stdout] error[E0599]: no method named `select` found for reference `&Document` in the current scope
[INFO] [stdout]    --> src/retriever/finder.rs:138:19
[INFO] [stdout]     |
[INFO] [stdout] 138 |                 a.select(Child(Name("div"), Name("img")))
[INFO] [stdout]     |                   ^^^^^^ method not found in `&Document`
[INFO] [stdout] 
[INFO] [stdout] 
[INFO] [stdout] error[E0599]: no method named `select` found for reference `&Document` in the current scope
[INFO] [stdout]    --> src/retriever/finder.rs:156:19
[INFO] [stdout]     |
[INFO] [stdout] 156 |                 a.select(Descendant(
[INFO] [stdout]     |                 --^^^^^^ method not found in `&Document`
[INFO] [stdout] 
[INFO] [stdout] 
[INFO] [stdout] error[E0599]: no method named `select` found for reference `&Document` in the current scope
[INFO] [stdout]    --> src/retriever/finder.rs:179:18
[INFO] [stdout]     |
[INFO] [stdout] 176 |               let title = doc
[INFO] [stdout]     |  _________________________-
[INFO] [stdout] 177 | |                 .as_ref()
[INFO] [stdout] 178 | |                 .expect("HTML not found.")
[INFO] [stdout] 179 | |                 .select(Name("title"))
[INFO] [stdout]     | |                 -^^^^^^ method not found in `&Document`
[INFO] [stdout]     | |_________________|
[INFO] [stdout]     | 
[INFO] [stdout] 
[INFO] [stdout] 
[INFO] [stdout] warning: unused import: `io::Write`
[INFO] [stdout]  --> src/library/content.rs:6:5
[INFO] [stdout]   |
[INFO] [stdout] 6 |     io::Write,
[INFO] [stdout]   |     ^^^^^^^^^
[INFO] [stdout]   |
[INFO] [stdout]   = note: `#[warn(unused_imports)]` on by default
[INFO] [stdout] 
[INFO] [stdout] 
[INFO] [stdout] error: aborting due to 7 previous errors; 2 warnings emitted
[INFO] [stdout] 
[INFO] [stdout] 
[INFO] [stdout] Some errors have detailed explanations: E0554, E0599.
[INFO] [stdout] 
[INFO] [stdout] For more information about an error, try `rustc --explain E0554`.
[INFO] [stdout] 
[INFO] [stderr] error: could not compile `pagepal` due to 8 previous errors; 2 warnings emitted
[INFO] running `Command { std: "docker" "inspect" "280bc5e47f43788bd73c7f36d6b3bcfb89b0f8eeb97f271a0c53386fc87e3f24", kill_on_drop: false }`
[INFO] running `Command { std: "docker" "rm" "-f" "280bc5e47f43788bd73c7f36d6b3bcfb89b0f8eeb97f271a0c53386fc87e3f24", kill_on_drop: false }`
[INFO] [stdout] 280bc5e47f43788bd73c7f36d6b3bcfb89b0f8eeb97f271a0c53386fc87e3f24
