[INFO] cloning repository https://github.com/saskenuba/SteamHelper-rs
[INFO] running `Command { std: "git" "-c" "credential.helper=" "-c" "credential.helper=/workspace/cargo-home/bin/git-credential-null" "clone" "--bare" "https://github.com/saskenuba/SteamHelper-rs" "/workspace/cache/git-repos/https%3A%2F%2Fgithub.com%2Fsaskenuba%2FSteamHelper-rs", kill_on_drop: false }`
[INFO] [stderr] Cloning into bare repository '/workspace/cache/git-repos/https%3A%2F%2Fgithub.com%2Fsaskenuba%2FSteamHelper-rs'...
[INFO] running `Command { std: "git" "rev-parse" "HEAD", kill_on_drop: false }`
[INFO] [stdout] 0f532dec00d961de6122295769aea6a5e9accd70
[INFO] documenting saskenuba/SteamHelper-rs against 1.69.0 for beta-1.70-rustdoc-1
[INFO] running `Command { std: "git" "clone" "/workspace/cache/git-repos/https%3A%2F%2Fgithub.com%2Fsaskenuba%2FSteamHelper-rs" "/workspace/builds/worker-4-tc1/source", kill_on_drop: false }`
[INFO] [stderr] Cloning into '/workspace/builds/worker-4-tc1/source'...
[INFO] [stderr] done.
[INFO] validating manifest of git repo https://github.com/saskenuba/SteamHelper-rs on toolchain 1.69.0
[INFO] running `Command { std: CARGO_HOME="/workspace/cargo-home" RUSTUP_HOME="/workspace/rustup-home" "/workspace/cargo-home/bin/cargo" "+1.69.0" "metadata" "--manifest-path" "Cargo.toml" "--no-deps", kill_on_drop: false }`
[INFO] started tweaking git repo https://github.com/saskenuba/SteamHelper-rs
[INFO] finished tweaking git repo https://github.com/saskenuba/SteamHelper-rs
[INFO] tweaked toml for git repo https://github.com/saskenuba/SteamHelper-rs written to /workspace/builds/worker-4-tc1/source/Cargo.toml
[INFO] running `Command { std: CARGO_HOME="/workspace/cargo-home" RUSTUP_HOME="/workspace/rustup-home" __CARGO_TEST_CHANNEL_OVERRIDE_DO_NOT_USE_THIS="nightly" "/workspace/cargo-home/bin/cargo" "+1.69.0" "generate-lockfile" "--manifest-path" "Cargo.toml" "-Zno-index-update", kill_on_drop: false }`
[INFO] [stderr]     Updating git repository `https://github.com/rylev/compile-fail`
[INFO] running `Command { std: CARGO_HOME="/workspace/cargo-home" RUSTUP_HOME="/workspace/rustup-home" "/workspace/cargo-home/bin/cargo" "+1.69.0" "fetch" "--manifest-path" "Cargo.toml", kill_on_drop: false }`
[INFO] [stderr]  Downloading crates ...
[INFO] [stderr]   Downloaded cookie-hashed-domain v0.16.0-rc.1
[INFO] [stderr]   Downloaded lazy-static-include v2.3.0
[INFO] [stderr]   Downloaded starts-ends-with-caseless v0.5.4
[INFO] [stderr]   Downloaded protoc v2.28.0
[INFO] [stderr]   Downloaded protoc-rust v2.28.0
[INFO] running `Command { std: "docker" "create" "-v" "/var/lib/crater-agent-workspace/builds/worker-4-tc1/target:/opt/rustwide/target:rw,Z" "-v" "/var/lib/crater-agent-workspace/builds/worker-4-tc1/source:/opt/rustwide/workdir:ro,Z" "-v" "/var/lib/crater-agent-workspace/cargo-home:/opt/rustwide/cargo-home:ro,Z" "-v" "/var/lib/crater-agent-workspace/rustup-home:/opt/rustwide/rustup-home:ro,Z" "-e" "SOURCE_DIR=/opt/rustwide/workdir" "-e" "CARGO_TARGET_DIR=/opt/rustwide/target" "-e" "CARGO_HOME=/opt/rustwide/cargo-home" "-e" "RUSTUP_HOME=/opt/rustwide/rustup-home" "-w" "/opt/rustwide/workdir" "-m" "1610612736" "--user" "0:0" "--network" "none" "ghcr.io/rust-lang/crates-build-env/linux@sha256:5ff2268d62e97bff2cde7d5815dd6ed5b47097566f13b8d0ca110b04b60e07ed" "/opt/rustwide/cargo-home/bin/cargo" "+1.69.0" "metadata" "--no-deps" "--format-version=1", kill_on_drop: false }`
[INFO] [stdout] c230e0bfb1a6748dd8568a4b7593aada960b6cb08c91f4dc3cd071e81c77cc7d
[INFO] running `Command { std: "docker" "start" "-a" "c230e0bfb1a6748dd8568a4b7593aada960b6cb08c91f4dc3cd071e81c77cc7d", kill_on_drop: false }`
[INFO] running `Command { std: "docker" "inspect" "c230e0bfb1a6748dd8568a4b7593aada960b6cb08c91f4dc3cd071e81c77cc7d", kill_on_drop: false }`
[INFO] running `Command { std: "docker" "rm" "-f" "c230e0bfb1a6748dd8568a4b7593aada960b6cb08c91f4dc3cd071e81c77cc7d", kill_on_drop: false }`
[INFO] [stdout] c230e0bfb1a6748dd8568a4b7593aada960b6cb08c91f4dc3cd071e81c77cc7d
[INFO] running `Command { std: "docker" "create" "-v" "/var/lib/crater-agent-workspace/builds/worker-4-tc1/target:/opt/rustwide/target:rw,Z" "-v" "/var/lib/crater-agent-workspace/builds/worker-4-tc1/source:/opt/rustwide/workdir:ro,Z" "-v" "/var/lib/crater-agent-workspace/cargo-home:/opt/rustwide/cargo-home:ro,Z" "-v" "/var/lib/crater-agent-workspace/rustup-home:/opt/rustwide/rustup-home:ro,Z" "-e" "SOURCE_DIR=/opt/rustwide/workdir" "-e" "CARGO_TARGET_DIR=/opt/rustwide/target" "-e" "CARGO_INCREMENTAL=0" "-e" "RUST_BACKTRACE=full" "-e" "RUSTFLAGS=--cap-lints=warn" "-e" "RUSTDOCFLAGS=--cap-lints=warn" "-e" "CARGO_HOME=/opt/rustwide/cargo-home" "-e" "RUSTUP_HOME=/opt/rustwide/rustup-home" "-w" "/opt/rustwide/workdir" "-m" "1610612736" "--user" "0:0" "--network" "none" "ghcr.io/rust-lang/crates-build-env/linux@sha256:5ff2268d62e97bff2cde7d5815dd6ed5b47097566f13b8d0ca110b04b60e07ed" "/opt/rustwide/cargo-home/bin/cargo" "+1.69.0" "doc" "--frozen" "--no-deps" "--document-private-items" "--message-format=json", kill_on_drop: false }`
[INFO] [stdout] 2eb4571dcd65da7885ff51722ab6e8c544a7f6c053a20035781cf6a9ce915aee
[INFO] running `Command { std: "docker" "start" "-a" "2eb4571dcd65da7885ff51722ab6e8c544a7f6c053a20035781cf6a9ce915aee", kill_on_drop: false }`
[INFO] [stderr]    Compiling proc-macro2 v1.0.56
[INFO] [stderr]    Compiling quote v1.0.26
[INFO] [stderr]    Compiling unicode-ident v1.0.8
[INFO] [stderr]    Compiling libc v0.2.142
[INFO] [stderr]    Compiling autocfg v1.1.0
[INFO] [stderr]     Checking cfg-if v1.0.0
[INFO] [stderr]    Compiling syn v1.0.109
[INFO] [stderr]    Compiling log v0.4.17
[INFO] [stderr]    Compiling serde_derive v1.0.160
[INFO] [stderr]    Compiling getrandom v0.1.16
[INFO] [stderr]    Compiling serde v1.0.160
[INFO] [stderr]     Checking bytes v1.4.0
[INFO] [stderr]     Checking smallvec v1.10.0
[INFO] [stderr]     Checking bitflags v1.3.2
[INFO] [stderr]     Checking once_cell v1.17.1
[INFO] [stderr]    Compiling parking_lot_core v0.9.7
[INFO] [stderr]     Checking scopeguard v1.1.0
[INFO] [stderr]     Checking pin-project-lite v0.2.9
[INFO] [stderr]    Compiling memchr v2.5.0
[INFO] [stderr]    Compiling version_check v0.9.4
[INFO] [stderr]    Compiling futures-core v0.3.28
[INFO] [stderr]    Compiling ppv-lite86 v0.2.17
[INFO] [stderr]     Checking itoa v1.0.6
[INFO] [stderr]    Compiling pkg-config v0.3.26
[INFO] [stderr]    Compiling cc v1.0.79
[INFO] [stderr]    Compiling siphasher v0.3.10
[INFO] [stderr]     Checking futures-sink v0.3.28
[INFO] [stderr]    Compiling io-lifetimes v1.0.10
[INFO] [stderr]    Compiling typenum v1.16.0
[INFO] [stderr]    Compiling num-traits v0.2.15
[INFO] [stderr]    Compiling lock_api v0.4.9
[INFO] [stderr]    Compiling tokio v1.28.0
[INFO] [stderr]    Compiling num-integer v0.1.45
[INFO] [stderr]    Compiling slab v0.4.8
[INFO] [stderr]    Compiling rustix v0.37.18
[INFO] [stderr]    Compiling futures-task v0.3.28
[INFO] [stderr]    Compiling futures-channel v0.3.28
[INFO] [stderr]    Compiling phf_shared v0.8.0
[INFO] [stderr]    Compiling futures-util v0.3.28
[INFO] [stderr]    Compiling protobuf v2.28.0
[INFO] [stderr]    Compiling openssl v0.10.52
[INFO] [stderr]     Checking foreign-types-shared v0.1.1
[INFO] [stderr]     Checking tinyvec_macros v0.1.1
[INFO] [stderr]     Checking either v1.8.1
[INFO] [stderr]    Compiling syn v2.0.15
[INFO] [stderr]     Checking linux-raw-sys v0.3.6
[INFO] [stderr]     Checking tinyvec v1.6.0
[INFO] [stderr]     Checking foreign-types v0.3.2
[INFO] [stderr]    Compiling indexmap v1.9.3
[INFO] [stderr]     Checking tracing-core v0.1.30
[INFO] [stderr]     Checking byteorder v1.4.3
[INFO] [stderr]     Checking pin-utils v0.1.0
[INFO] [stderr]     Checking fastrand v1.9.0
[INFO] [stderr]     Checking futures-io v0.3.28
[INFO] [stderr]     Checking fnv v1.0.7
[INFO] [stderr]     Checking hashbrown v0.12.3
[INFO] [stderr]    Compiling time-core v0.1.0
[INFO] [stderr]     Checking unicode-bidi v0.3.13
[INFO] [stderr]     Checking percent-encoding v2.2.0
[INFO] [stderr]     Checking spin v0.5.2
[INFO] [stderr]     Checking matches v0.1.10
[INFO] [stderr]    Compiling time-macros v0.2.8
[INFO] [stderr]     Checking http v0.2.9
[INFO] [stderr]    Compiling native-tls v0.2.11
[INFO] [stderr]     Checking lazy_static v1.4.0
[INFO] [stderr]     Checking num_cpus v1.15.0
[INFO] [stderr]    Compiling openssl-sys v0.9.87
[INFO] [stderr]     Checking socket2 v0.4.9
[INFO] [stderr]     Checking parking_lot v0.12.1
[INFO] [stderr]     Checking signal-hook-registry v1.4.1
[INFO] [stderr]     Checking mio v0.8.6
[INFO] [stderr]     Checking which v4.4.0
[INFO] [stderr]    Compiling getrandom v0.2.9
[INFO] [stderr]    Compiling rand_core v0.5.1
[INFO] [stderr]     Checking ryu v1.0.13
[INFO] [stderr]    Compiling serde_json v1.0.96
[INFO] [stderr]     Checking same-file v1.0.6
[INFO] [stderr]    Compiling rand_chacha v0.2.2
[INFO] [stderr]    Compiling rand_pcg v0.2.1
[INFO] [stderr]     Checking unicode-normalization v0.1.22
[INFO] [stderr]     Checking protoc v2.28.0
[INFO] [stderr]    Compiling httparse v1.8.0
[INFO] [stderr]     Checking walkdir v2.3.3
[INFO] [stderr]    Compiling rand_core v0.6.4
[INFO] [stderr]    Compiling rand v0.7.3
[INFO] [stderr]     Checking form_urlencoded v1.1.0
[INFO] [stderr]    Compiling cookie v0.16.2
[INFO] [stderr]    Compiling num-iter v0.1.43
[INFO] [stderr]    Compiling num-bigint v0.2.6
[INFO] [stderr]     Checking glob v0.3.1
[INFO] [stderr]    Compiling proc-macro-hack v0.5.20+deprecated
[INFO] [stderr]     Checking openssl-probe v0.1.5
[INFO] [stderr]     Checking try-lock v0.2.4
[INFO] [stderr]     Checking idna v0.3.0
[INFO] [stderr]     Checking http-body v0.4.5
[INFO] [stderr]     Checking want v0.3.0
[INFO] [stderr]    Compiling rand_chacha v0.3.1
[INFO] [stderr]    Compiling ident_case v1.0.1
[INFO] [stderr]     Checking tower-service v0.3.2
[INFO] [stderr]    Compiling strsim v0.10.0
[INFO] [stderr]     Checking psl-types v2.0.11
[INFO] [stderr]     Checking httpdate v1.0.2
[INFO] [stderr]     Checking idna v0.2.3
[INFO] [stderr]    Compiling rand v0.8.5
[INFO] [stderr]     Checking generic-array v0.12.4
[INFO] [stderr]    Compiling phf_generator v0.8.0
[INFO] [stderr]    Compiling phf_shared v0.10.0
[INFO] [stderr]    Compiling phf_codegen v0.8.0
[INFO] [stderr]     Checking publicsuffix v2.2.3
[INFO] [stderr]     Checking url v2.3.1
[INFO] [stderr]     Checking arrayref v0.3.7
[INFO] [stderr]     Checking aho-corasick v1.0.1
[INFO] [stderr]    Compiling generic-array v0.14.7
[INFO] [stderr]    Compiling num-rational v0.2.4
[INFO] [stderr]     Checking tempfile v3.5.0
[INFO] [stderr]     Checking time v0.3.20
[INFO] [stderr]    Compiling num-complex v0.2.4
[INFO] [stderr]     Checking encoding_rs v0.8.32
[INFO] [stderr]     Checking ipnet v2.7.2
[INFO] [stderr]     Checking new_debug_unreachable v1.0.4
[INFO] [stderr]     Checking regex-syntax v0.7.1
[INFO] [stderr]    Compiling thiserror v1.0.40
[INFO] [stderr]     Checking mime v0.3.17
[INFO] [stderr]     Checking base64 v0.21.0
[INFO] [stderr]    Compiling phf_generator v0.10.0
[INFO] [stderr]     Checking byte-tools v0.3.1
[INFO] [stderr]     Checking precomputed-hash v0.1.1
[INFO] [stderr]     Checking mac v0.1.1
[INFO] [stderr]    Compiling string_cache_codegen v0.5.2
[INFO] [stderr]     Checking block-padding v0.1.5
[INFO] [stderr]     Checking futf v0.1.5
[INFO] [stderr]     Checking digest v0.8.1
[INFO] [stderr]    Compiling autocfg v0.1.8
[INFO] [stderr]     Checking radium v0.3.0
[INFO] [stderr]     Checking utf-8 v0.7.6
[INFO] [stderr]     Checking subtle v1.0.0
[INFO] [stderr]     Checking unicode-width v0.1.10
[INFO] [stderr]    Compiling libm v0.2.6
[INFO] [stderr]     Checking dtoa v0.4.8
[INFO] [stderr]     Checking crypto-mac v0.7.0
[INFO] [stderr]     Checking tendril v0.4.3
[INFO] [stderr]     Checking bitvec v0.17.4
[INFO] [stderr]     Checking dtoa-short v0.3.3
[INFO] [stderr]    Compiling num-bigint-dig v0.6.1
[INFO] [stderr]     Checking num v0.2.1
[INFO] [stderr]    Compiling markup5ever v0.10.1
[INFO] [stderr]     Checking block-buffer v0.7.3
[INFO] [stderr]    Compiling selectors v0.22.0
[INFO] [stderr]     Checking time v0.1.45
[INFO] [stderr]    Compiling anyhow v1.0.71
[INFO] [stderr]     Checking nodrop v0.1.14
[INFO] [stderr]     Checking opaque-debug v0.2.3
[INFO] [stderr]     Checking iana-time-zone v0.1.56
[INFO] [stderr]     Checking fake-simd v0.1.2
[INFO] [stderr]    Compiling convert_case v0.4.0
[INFO] [stderr]     Checking itoa v0.4.8
[INFO] [stderr]     Checking stable_deref_trait v1.2.0
[INFO] [stderr]     Checking sha-1 v0.8.2
[INFO] [stderr]     Checking servo_arc v0.1.1
[INFO] [stderr]     Checking chrono v0.4.24
[INFO] [stderr]     Checking digest v0.9.0
[INFO] [stderr]     Checking block-buffer v0.9.0
[INFO] [stderr]     Checking hmac v0.7.1
[INFO] [stderr]     Checking fxhash v0.2.1
[INFO] [stderr]    Compiling cookie-hashed-domain v0.16.0-rc.1
[INFO] [stderr]    Compiling unicode-xid v0.2.4
[INFO] [stderr]    Compiling unicode-segmentation v1.10.1
[INFO] [stderr]     Checking base64 v0.13.1
[INFO] [stderr]     Checking opaque-debug v0.3.0
[INFO] [stderr]     Checking hex v0.4.3
[INFO] [stderr]     Checking os_str_bytes v6.5.0
[INFO] [stderr]     Checking base64 v0.12.3
[INFO] [stderr]     Checking thin-slice v0.1.1
[INFO] [stderr]    Compiling build_const v0.2.2
[INFO] [stderr]     Checking cpufeatures v0.2.7
[INFO] [stderr]    Compiling async-trait v0.1.68
[INFO] [stderr]    Compiling paste v1.0.12
[INFO] [stderr]    Compiling crc v1.8.1
[INFO] [stderr]     Checking sha2 v0.9.9
[INFO] [stderr]     Checking clap_lex v0.2.4
[INFO] [stderr]    Compiling heck v0.3.3
[INFO] [stderr]    Compiling const_format_proc_macros v0.2.29
[INFO] [stderr]     Checking regex v1.8.1
[INFO] [stderr]    Compiling darling_core v0.13.4
[INFO] [stderr]     Checking console v0.15.5
[INFO] [stderr]     Checking getopts v0.2.21
[INFO] [stderr]     Checking atty v0.2.14
[INFO] [stderr]    Compiling num-bigint v0.3.3
[INFO] [stderr]     Checking instant v0.1.12
[INFO] [stderr]     Checking simple_asn1 v0.4.1
[INFO] [stderr]    Compiling crc32fast v1.3.2
[INFO] [stderr]     Checking shell-words v1.1.0
[INFO] [stderr]     Checking bytes v0.5.6
[INFO] [stderr]     Checking subtle v2.5.0
[INFO] [stderr]     Checking ego-tree v0.6.2
[INFO] [stderr]     Checking termcolor v1.2.0
[INFO] [stderr]     Checking textwrap v0.16.0
[INFO] [stderr]     Checking uuid v1.3.2
[INFO] [stderr]    Compiling num-rational v0.3.2
[INFO] [stderr]     Checking futures-timer v3.0.2
[INFO] [stderr]     Checking clap v3.2.25
[INFO] [stderr]     Checking starts-ends-with-caseless v0.5.4
[INFO] [stderr]     Checking strum v0.21.0
[INFO] [stderr]    Compiling erased-serde v0.3.25
[INFO] [stderr]    Compiling atomic v0.5.1
[INFO] [stderr]     Checking pin-project-lite v0.1.12
[INFO] [stderr]     Checking num-complex v0.3.1
[INFO] [stderr]     Checking tokio v0.2.25
[INFO] [stderr]  Documenting valve-sdk13-rng v0.1.0 (/opt/rustwide/workdir/crates/valve-sdk13-rng)
[INFO] [stderr]     Checking pem v0.8.3
[INFO] [stderr]     Checking const_format v0.2.30
[INFO] [stderr]    Compiling tokio-macros v2.1.0
[INFO] [stderr]    Compiling tracing-attributes v0.1.24
[INFO] [stderr]    Compiling openssl-macros v0.1.1
[INFO] [stderr]    Compiling futures-macro v0.3.28
[INFO] [stderr]    Compiling serde_repr v0.1.12
[INFO] [stderr]    Compiling thiserror-impl v1.0.40
[INFO] [stderr]    Compiling num-derive v0.3.3
[INFO] [stderr]    Compiling steam-language-gen-derive v0.1.2 (/opt/rustwide/workdir/crates/steam-language-gen-derive)
[INFO] [stderr]    Compiling enum_dispatch v0.3.11
[INFO] [stderr]    Compiling derive-new v0.5.9
[INFO] [stderr]    Compiling darling_macro v0.13.4
[INFO] [stderr]    Compiling phf_macros v0.8.0
[INFO] [stderr]    Compiling cssparser v0.27.2
[INFO] [stderr]    Compiling zeroize_derive v1.4.2
[INFO] [stderr]    Compiling pin-project-internal v1.0.12
[INFO] [stderr]    Compiling cssparser-macros v0.6.0
[INFO] [stderr]    Compiling html5ever v0.25.2
[INFO] [stderr]    Compiling darling v0.13.4
[INFO] [stderr]    Compiling serde_with_macros v1.5.2
[INFO] [stderr]     Checking phf v0.8.0
[INFO] [stderr]    Compiling derive_more v0.99.17
[INFO] [stderr]    Compiling tappet-derive v0.3.2 (/opt/rustwide/workdir/crates/tappet-derive)
[INFO] [stderr]    Compiling strum_macros v0.21.1
[INFO] [stderr]     Checking lazy-static-include v2.3.0
[INFO] [stderr]     Checking zeroize v1.6.0
[INFO] [stderr]     Checking dialoguer v0.10.4
[INFO] [stderr]     Checking tracing v0.1.37
[INFO] [stderr]  Documenting steam-language-gen-derive v0.1.2 (/opt/rustwide/workdir/crates/steam-language-gen-derive)
[INFO] [stderr]  Documenting tappet-derive v0.3.2 (/opt/rustwide/workdir/crates/tappet-derive)
[INFO] [stderr]     Checking num v0.3.1
[INFO] [stderr]     Checking pin-project v1.0.12
[INFO] [stderr]     Checking tracing-futures v0.2.5
[INFO] [stderr]     Checking steam-crypto v0.1.0 (/opt/rustwide/workdir/crates/steam-crypto)
[INFO] [stderr]  Documenting steam-crypto v0.1.0 (/opt/rustwide/workdir/crates/steam-crypto)
[INFO] [stdout] warning: unknown lint: `rustdoc::missing_doc_code_examples`
[INFO] [stdout]  --> crates/steam-crypto/src/lib.rs:9:1
[INFO] [stdout]   |
[INFO] [stdout] 9 | #![warn(missing_docs, missing_doc_code_examples)]
[INFO] [stdout]   | ^^^^^^^^^^^^^^^^^^^^^^^^^^^^^^^^^^^^^^^^^^^^^^^^^
[INFO] [stdout]   |
[INFO] [stdout]   = note: the `rustdoc::missing_doc_code_examples` lint is unstable
[INFO] [stdout]   = note: see issue #101730 <https://github.com/rust-lang/rust/issues/101730> for more information
[INFO] [stdout]   = note: `#[warn(unknown_lints)]` on by default
[INFO] [stdout] 
[INFO] [stdout] 
[INFO] [stdout] warning: lint `missing_doc_code_examples` has been renamed to `rustdoc::missing_doc_code_examples`
[INFO] [stdout]  --> crates/steam-crypto/src/lib.rs:9:23
[INFO] [stdout]   |
[INFO] [stdout] 9 | #![warn(missing_docs, missing_doc_code_examples)]
[INFO] [stdout]   |                       ^^^^^^^^^^^^^^^^^^^^^^^^^ help: use the new name: `rustdoc::missing_doc_code_examples`
[INFO] [stdout]   |
[INFO] [stdout]   = note: `#[warn(renamed_and_removed_lints)]` on by default
[INFO] [stdout] 
[INFO] [stdout] 
[INFO] [stdout] warning: unused `#[macro_use]` import
[INFO] [stdout]   --> crates/steam-crypto/src/lib.rs:21:1
[INFO] [stdout]    |
[INFO] [stdout] 21 | #[macro_use]
[INFO] [stdout]    | ^^^^^^^^^^^^
[INFO] [stdout]    |
[INFO] [stdout]    = note: `#[warn(unused_imports)]` on by default
[INFO] [stdout] 
[INFO] [stdout] 
[INFO] [stdout] warning: missing documentation for a function
[INFO] [stdout]   --> crates/steam-crypto/src/lib.rs:45:1
[INFO] [stdout]    |
[INFO] [stdout] 45 | pub fn verify_signature(data: &[u8], signature: &[u8]) -> Result<bool, ErrorStack> {
[INFO] [stdout]    | ^^^^^^^^^^^^^^^^^^^^^^^^^^^^^^^^^^^^^^^^^^^^^^^^^^^^^^^^^^^^^^^^^^^^^^^^^^^^^^^^^^
[INFO] [stdout]    |
[INFO] [stdout] note: the lint level is defined here
[INFO] [stdout]   --> crates/steam-crypto/src/lib.rs:9:9
[INFO] [stdout]    |
[INFO] [stdout] 9  | #![warn(missing_docs, missing_doc_code_examples)]
[INFO] [stdout]    |         ^^^^^^^^^^^^
[INFO] [stdout] 
[INFO] [stdout] 
[INFO] [stdout] warning: field `plain_text` is never read
[INFO] [stdout]   --> crates/steam-crypto/src/lib.rs:39:5
[INFO] [stdout]    |
[INFO] [stdout] 38 | pub struct SessionKeys {
[INFO] [stdout]    |            ----------- field in this struct
[INFO] [stdout] 39 |     plain_text: Vec<u8>,
[INFO] [stdout]    |     ^^^^^^^^^^
[INFO] [stdout]    |
[INFO] [stdout]    = note: `SessionKeys` has a derived impl for the trait `Debug`, but this is intentionally ignored during dead code analysis
[INFO] [stdout]    = note: `#[warn(dead_code)]` on by default
[INFO] [stdout] 
[INFO] [stdout] 
[INFO] [stdout] warning: type alias `Result` is never used
[INFO] [stdout]   --> crates/steam-crypto/src/symm/mod.rs:10:6
[INFO] [stdout]    |
[INFO] [stdout] 10 | type Result<T> = std::result::Result<T, ErrorStack>;
[INFO] [stdout]    |      ^^^^^^
[INFO] [stdout] 
[INFO] [stdout] 
[INFO] [stdout] warning: function `cipher_message` is never used
[INFO] [stdout]   --> crates/steam-crypto/src/symm/mod.rs:13:8
[INFO] [stdout]    |
[INFO] [stdout] 13 | pub fn cipher_message(
[INFO] [stdout]    |        ^^^^^^^^^^^^^^
[INFO] [stdout] 
[INFO] [stdout] 
[INFO] [stdout] warning: function `cipher_iv_ecb` is never used
[INFO] [stdout]   --> crates/steam-crypto/src/symm/mod.rs:29:4
[INFO] [stdout]    |
[INFO] [stdout] 29 | fn cipher_iv_ecb(key: &[u8], plain_iv: Option<&[u8]>, mode: Mode) -> Result<Vec<u8>> {
[INFO] [stdout]    |    ^^^^^^^^^^^^^
[INFO] [stdout] 
[INFO] [stdout] 
[INFO] [stdout] warning: function `symmetric_encrypt` is never used
[INFO] [stdout]   --> crates/steam-crypto/src/symm/mod.rs:40:8
[INFO] [stdout]    |
[INFO] [stdout] 40 | pub fn symmetric_encrypt(input: &[u8], key: &[u8]) -> Vec<u8> {
[INFO] [stdout]    |        ^^^^^^^^^^^^^^^^^
[INFO] [stdout] 
[INFO] [stdout] 
[INFO] [stdout] warning: function `symmetric_encrypt_with_iv` is never used
[INFO] [stdout]   --> crates/steam-crypto/src/symm/mod.rs:47:8
[INFO] [stdout]    |
[INFO] [stdout] 47 | pub fn symmetric_encrypt_with_iv(
[INFO] [stdout]    |        ^^^^^^^^^^^^^^^^^^^^^^^^^
[INFO] [stdout] 
[INFO] [stdout] 
[INFO] [stdout] warning: function `symmetric_decrypt` is never used
[INFO] [stdout]   --> crates/steam-crypto/src/symm/mod.rs:60:8
[INFO] [stdout]    |
[INFO] [stdout] 60 | pub fn symmetric_decrypt(input: &[u8], key: &[u8], is_hmac: bool) -> Result<Vec<u8>> {
[INFO] [stdout]    |        ^^^^^^^^^^^^^^^^^
[INFO] [stdout] 
[INFO] [stdout] 
[INFO] [stdout] warning: function `symmetric_encrypt_hmac_iv` is never used
[INFO] [stdout]   --> crates/steam-crypto/src/symm/mod.rs:82:8
[INFO] [stdout]    |
[INFO] [stdout] 82 | pub fn symmetric_encrypt_hmac_iv(input: &[u8], key: &[u8]) -> Vec<u8> {
[INFO] [stdout]    |        ^^^^^^^^^^^^^^^^^^^^^^^^^
[INFO] [stdout] 
[INFO] [stdout] 
[INFO] [stdout] warning: function `sign_hmac_sha1` is never used
[INFO] [stdout]   --> crates/steam-crypto/src/symm/mod.rs:96:4
[INFO] [stdout]    |
[INFO] [stdout] 96 | fn sign_hmac_sha1(random_bytes: &[u8], input: &[u8], key: &[u8]) -> Result<Vec<u8>> {
[INFO] [stdout]    |    ^^^^^^^^^^^^^^
[INFO] [stdout] 
[INFO] [stdout] 
[INFO] [stdout] warning: missing documentation for a function
[INFO] [stdout]   --> crates/steam-crypto/src/lib.rs:45:1
[INFO] [stdout]    |
[INFO] [stdout] 45 | pub fn verify_signature(data: &[u8], signature: &[u8]) -> Result<bool, ErrorStack> {
[INFO] [stdout]    | ^^^^^^^^^^^^^^^^^^^^^^^^^^^^^^^^^^^^^^^^^^^^^^^^^^^^^^^^^^^^^^^^^^^^^^^^^^^^^^^^^^
[INFO] [stdout]    |
[INFO] [stdout] note: the lint level is defined here
[INFO] [stdout]   --> crates/steam-crypto/src/lib.rs:9:9
[INFO] [stdout]    |
[INFO] [stdout] 9  | #![warn(missing_docs, missing_doc_code_examples)]
[INFO] [stdout]    |         ^^^^^^^^^^^^
[INFO] [stdout] 
[INFO] [stdout] 
[INFO] [stdout] warning: 11 warnings emitted
[INFO] [stdout] 
[INFO] [stdout] 
[INFO] [stderr]     Checking futures-executor v0.3.28
[INFO] [stdout] warning: this URL is not a hyperlink
[INFO] [stdout]  --> crates/steam-crypto/src/lib.rs:7:5
[INFO] [stdout]   |
[INFO] [stdout] 7 | //! https://github.com/DoctorMcKay/node-steam-crypto
[INFO] [stdout]   |     ^^^^^^^^^^^^^^^^^^^^^^^^^^^^^^^^^^^^^^^^^^^^^^^^ help: use an automatic link instead: `<https://github.com/DoctorMcKay/node-steam-crypto>`
[INFO] [stdout]   |
[INFO] [stdout]   = note: bare URLs are not automatically turned into clickable links
[INFO] [stdout]   = note: `#[warn(rustdoc::bare_urls)]` on by default
[INFO] [stdout] 
[INFO] [stdout] 
[INFO] [stderr]     Checking futures v0.3.28
[INFO] [stdout] warning: 4 warnings emitted
[INFO] [stdout] 
[INFO] [stdout] 
[INFO] [stderr]     Checking tokio-util v0.7.8
[INFO] [stderr]     Checking tokio-native-tls v0.3.1
[INFO] [stderr]     Checking backoff v0.3.0
[INFO] [stderr]     Checking tokio-stream v0.1.14
[INFO] [stderr]     Checking tokio-util v0.6.10
[INFO] [stderr]     Checking h2 v0.3.18
[INFO] [stderr]     Checking tokio-compat-02 v0.2.0
[INFO] [stderr]     Checking bincode v1.3.3
[INFO] [stderr]     Checking serde_urlencoded v0.7.1
[INFO] [stderr]     Checking string_cache v0.8.7
[INFO] [stderr]     Checking cookie_store v0.16.1
[INFO] [stderr]     Checking serde_with v1.14.0
[INFO] [stderr]     Checking rsa v0.3.0
[INFO] [stderr]     Checking hyper v0.14.26
[INFO] [stderr]     Checking scraper v0.12.0
[INFO] [stderr]     Checking hyper-tls v0.5.0
[INFO] [stderr]     Checking protobuf-codegen v2.28.0
[INFO] [stderr]     Checking reqwest v0.11.17
[INFO] [stderr]     Checking protoc-rust v2.28.0
[INFO] [stderr]     Checking steam-totp v0.2.2 (/opt/rustwide/workdir/crates/steam-totp)
[INFO] [stderr]  Documenting steam-totp v0.2.2 (/opt/rustwide/workdir/crates/steam-totp)
[INFO] [stderr]     Checking steam-protobuf v0.1.2 (/opt/rustwide/workdir/crates/steam-protobuf)
[INFO] [stderr]  Documenting steam-protobuf v0.1.2 (/opt/rustwide/workdir/crates/steam-protobuf)
[INFO] [stdout] warning: field `value` is never read
[INFO] [stdout]   --> crates/steam-totp/src/secret.rs:11:5
[INFO] [stdout]    |
[INFO] [stdout] 10 | pub struct Secret {
[INFO] [stdout]    |            ------ field in this struct
[INFO] [stdout] 11 |     value: Vec<u8>,
[INFO] [stdout]    |     ^^^^^
[INFO] [stdout]    |
[INFO] [stdout]    = note: `Secret` has derived impls for the traits `Clone` and `Debug`, but these are intentionally ignored during dead code analysis
[INFO] [stdout]    = note: `#[warn(dead_code)]` on by default
[INFO] [stdout] 
[INFO] [stdout] 
[INFO] [stdout] warning: 1 warning emitted
[INFO] [stdout] 
[INFO] [stdout] 
[INFO] [stderr]     Checking steam-language-gen v0.1.2 (/opt/rustwide/workdir/crates/steam-language-gen)
[INFO] [stderr]  Documenting steam-language-gen v0.1.2 (/opt/rustwide/workdir/crates/steam-language-gen)
[INFO] [stderr]     Checking steamid-parser v0.2.1 (/opt/rustwide/workdir/crates/steamid-parser)
[INFO] [stderr]     Checking tappet v0.5.0 (/opt/rustwide/workdir/crates/tappet)
[INFO] [stderr]  Documenting steamid-parser v0.2.1 (/opt/rustwide/workdir/crates/steamid-parser)
[INFO] [stderr]  Documenting tappet v0.5.0 (/opt/rustwide/workdir/crates/tappet)
[INFO] [stderr]     Checking steam-mobile v0.3.1 (/opt/rustwide/workdir/crates/steam-mobile)
[INFO] [stderr]  Documenting steam-mobile v0.3.1 (/opt/rustwide/workdir/crates/steam-mobile)
[INFO] [stdout] warning: unknown lint: `rustdoc::missing_doc_code_examples`
[INFO] [stdout]  --> crates/steam-mobile/src/lib.rs:5:1
[INFO] [stdout]   |
[INFO] [stdout] 5 | #![warn(missing_docs, missing_doc_code_examples)]
[INFO] [stdout]   | ^^^^^^^^^^^^^^^^^^^^^^^^^^^^^^^^^^^^^^^^^^^^^^^^^
[INFO] [stdout]   |
[INFO] [stdout]   = note: the `rustdoc::missing_doc_code_examples` lint is unstable
[INFO] [stdout]   = note: see issue #101730 <https://github.com/rust-lang/rust/issues/101730> for more information
[INFO] [stdout]   = note: `#[warn(unknown_lints)]` on by default
[INFO] [stdout] 
[INFO] [stdout] 
[INFO] [stdout] warning: lint `missing_doc_code_examples` has been renamed to `rustdoc::missing_doc_code_examples`
[INFO] [stdout]  --> crates/steam-mobile/src/lib.rs:5:23
[INFO] [stdout]   |
[INFO] [stdout] 5 | #![warn(missing_docs, missing_doc_code_examples)]
[INFO] [stdout]   |                       ^^^^^^^^^^^^^^^^^^^^^^^^^ help: use the new name: `rustdoc::missing_doc_code_examples`
[INFO] [stdout]   |
[INFO] [stdout]   = note: `#[warn(renamed_and_removed_lints)]` on by default
[INFO] [stdout] 
[INFO] [stdout] 
[INFO] [stdout] warning: unused import: `std::io::Read`
[INFO] [stdout]   --> crates/steam-mobile/src/lib.rs:18:5
[INFO] [stdout]    |
[INFO] [stdout] 18 | use std::io::Read;
[INFO] [stdout]    |     ^^^^^^^^^^^^^
[INFO] [stdout]    |
[INFO] [stdout]    = note: `#[warn(unused_imports)]` on by default
[INFO] [stdout] 
[INFO] [stdout] 
[INFO] [stdout] warning: missing documentation for a module
[INFO] [stdout]   --> crates/steam-mobile/src/lib.rs:35:1
[INFO] [stdout]    |
[INFO] [stdout] 35 | pub mod client;
[INFO] [stdout]    | ^^^^^^^^^^^^^^
[INFO] [stdout]    |
[INFO] [stdout] note: the lint level is defined here
[INFO] [stdout]   --> crates/steam-mobile/src/lib.rs:5:9
[INFO] [stdout]    |
[INFO] [stdout] 5  | #![warn(missing_docs, missing_doc_code_examples)]
[INFO] [stdout]    |         ^^^^^^^^^^^^
[INFO] [stdout] 
[INFO] [stdout] 
[INFO] [stdout] warning: missing documentation for a method
[INFO] [stdout]    --> crates/steam-mobile/src/client.rs:185:5
[INFO] [stdout]     |
[INFO] [stdout] 185 |     pub async fn remove_authenticator(&self) {
[INFO] [stdout]     |     ^^^^^^^^^^^^^^^^^^^^^^^^^^^^^^^^^^^^^^^^
[INFO] [stdout] 
[INFO] [stdout] 
[INFO] [stdout] warning: missing documentation for a method
[INFO] [stdout]    --> crates/steam-mobile/src/client.rs:260:5
[INFO] [stdout]     |
[INFO] [stdout] 260 |     pub fn dump_cookie(&self, steam_domain_host: &str, steam_cookie_name: &str) -> Option<String> {
[INFO] [stdout]     |     ^^^^^^^^^^^^^^^^^^^^^^^^^^^^^^^^^^^^^^^^^^^^^^^^^^^^^^^^^^^^^^^^^^^^^^^^^^^^^^^^^^^^^^^^^^^^^
[INFO] [stdout] 
[INFO] [stdout] 
[INFO] [stdout] warning: missing documentation for a struct
[INFO] [stdout]    --> crates/steam-mobile/src/client.rs:267:1
[INFO] [stdout]     |
[INFO] [stdout] 267 | pub struct MobileClient {
[INFO] [stdout]     | ^^^^^^^^^^^^^^^^^^^^^^^
[INFO] [stdout] 
[INFO] [stdout] 
[INFO] [stdout] warning: missing documentation for a module
[INFO] [stdout]   --> crates/steam-mobile/src/lib.rs:36:1
[INFO] [stdout]    |
[INFO] [stdout] 36 | pub mod errors;
[INFO] [stdout]    | ^^^^^^^^^^^^^^
[INFO] [stdout] 
[INFO] [stdout] 
[INFO] [stdout] warning: missing documentation for a variant
[INFO] [stdout]   --> crates/steam-mobile/src/errors.rs:14:5
[INFO] [stdout]    |
[INFO] [stdout] 14 |     AuthenticatorError(#[from] LinkerError),
[INFO] [stdout]    |     ^^^^^^^^^^^^^^^^^^
[INFO] [stdout] 
[INFO] [stdout] 
[INFO] [stdout] warning: missing documentation for a variant
[INFO] [stdout]   --> crates/steam-mobile/src/errors.rs:16:5
[INFO] [stdout]    |
[INFO] [stdout] 16 |     ApiKeyError(#[from] ApiKeyError),
[INFO] [stdout]    |     ^^^^^^^^^^^
[INFO] [stdout] 
[INFO] [stdout] 
[INFO] [stdout] warning: missing documentation for a variant
[INFO] [stdout]   --> crates/steam-mobile/src/errors.rs:18:5
[INFO] [stdout]    |
[INFO] [stdout] 18 |     Login(#[from] LoginError),
[INFO] [stdout]    |     ^^^^^
[INFO] [stdout] 
[INFO] [stdout] 
[INFO] [stdout] warning: missing documentation for a variant
[INFO] [stdout]   --> crates/steam-mobile/src/errors.rs:20:5
[INFO] [stdout]    |
[INFO] [stdout] 20 |     MobileAuthFile(#[from] MobileAuthFileError),
[INFO] [stdout]    |     ^^^^^^^^^^^^^^
[INFO] [stdout] 
[INFO] [stdout] 
[INFO] [stdout] warning: missing documentation for a variant
[INFO] [stdout]   --> crates/steam-mobile/src/errors.rs:22:5
[INFO] [stdout]    |
[INFO] [stdout] 22 |     HttpError(#[from] reqwest::Error),
[INFO] [stdout]    |     ^^^^^^^^^
[INFO] [stdout] 
[INFO] [stdout] 
[INFO] [stdout] warning: missing documentation for a variant
[INFO] [stdout]   --> crates/steam-mobile/src/errors.rs:30:5
[INFO] [stdout]    |
[INFO] [stdout] 30 |     GeneralError(String),
[INFO] [stdout]    |     ^^^^^^^^^^^^
[INFO] [stdout] 
[INFO] [stdout] 
[INFO] [stdout] warning: missing documentation for a variant
[INFO] [stdout]   --> crates/steam-mobile/src/errors.rs:32:5
[INFO] [stdout]    |
[INFO] [stdout] 32 |     AccessDenied,
[INFO] [stdout]    |     ^^^^^^^^^^^^
[INFO] [stdout] 
[INFO] [stdout] 
[INFO] [stdout] warning: missing documentation for a variant
[INFO] [stdout]   --> crates/steam-mobile/src/errors.rs:34:5
[INFO] [stdout]    |
[INFO] [stdout] 34 |     NotRegistered,
[INFO] [stdout]    |     ^^^^^^^^^^^^^
[INFO] [stdout] 
[INFO] [stdout] 
[INFO] [stdout] warning: missing documentation for a variant
[INFO] [stdout]   --> crates/steam-mobile/src/errors.rs:37:5
[INFO] [stdout]    |
[INFO] [stdout] 37 |     NotCached,
[INFO] [stdout]    |     ^^^^^^^^^
[INFO] [stdout] 
[INFO] [stdout] 
[INFO] [stdout] warning: missing documentation for a variant
[INFO] [stdout]   --> crates/steam-mobile/src/errors.rs:39:5
[INFO] [stdout]    |
[INFO] [stdout] 39 |     HttpError(#[from] reqwest::Error),
[INFO] [stdout]    |     ^^^^^^^^^
[INFO] [stdout] 
[INFO] [stdout] 
[INFO] [stdout] warning: missing documentation for an enum
[INFO] [stdout]   --> crates/steam-mobile/src/errors.rs:43:1
[INFO] [stdout]    |
[INFO] [stdout] 43 | pub enum LoginError {
[INFO] [stdout]    | ^^^^^^^^^^^^^^^^^^^
[INFO] [stdout] 
[INFO] [stdout] 
[INFO] [stdout] warning: missing documentation for a variant
[INFO] [stdout]   --> crates/steam-mobile/src/errors.rs:45:5
[INFO] [stdout]    |
[INFO] [stdout] 45 |     GeneralFailure(String),
[INFO] [stdout]    |     ^^^^^^^^^^^^^^
[INFO] [stdout] 
[INFO] [stdout] 
[INFO] [stdout] warning: missing documentation for a variant
[INFO] [stdout]   --> crates/steam-mobile/src/errors.rs:47:5
[INFO] [stdout]    |
[INFO] [stdout] 47 |     NeedSteamID,
[INFO] [stdout]    |     ^^^^^^^^^^^
[INFO] [stdout] 
[INFO] [stdout] 
[INFO] [stdout] warning: missing documentation for a variant
[INFO] [stdout]   --> crates/steam-mobile/src/errors.rs:49:5
[INFO] [stdout]    |
[INFO] [stdout] 49 |     ParentalUnlock(String),
[INFO] [stdout]    |     ^^^^^^^^^^^^^^
[INFO] [stdout] 
[INFO] [stdout] 
[INFO] [stdout] warning: unresolved link to `letter:1:W`
[INFO] [stdout]   --> crates/steamid-parser/src/lib.rs:62:50
[INFO] [stdout]    |
[INFO] [stdout] 62 |     /// Source: https://steamcommunity.com/path/[letter:1:W]
[INFO] [stdout]    |                                                  ^^^^^^^^^^ no item named `letter:1:W` in scope
[INFO] [stdout]    |
[INFO] [stdout]    = help: to escape `[` and `]` characters, add '\' before them like `\[` or `\]`
[INFO] [stdout]    = note: `#[warn(rustdoc::broken_intra_doc_links)]` on by default
[INFO] [stdout] 
[INFO] [stdout] 
[INFO] [stdout] warning: missing documentation for a variant
[INFO] [stdout]   --> crates/steam-mobile/src/errors.rs:51:5
[INFO] [stdout]    |
[INFO] [stdout] 51 |     IncorrectCredentials,
[INFO] [stdout]    |     ^^^^^^^^^^^^^^^^^^^^
[INFO] [stdout] 
[INFO] [stdout] 
[INFO] [stdout] warning: missing documentation for a variant
[INFO] [stdout]   --> crates/steam-mobile/src/errors.rs:54:5
[INFO] [stdout]    |
[INFO] [stdout] 54 |     CaptchaRequired { captcha_guid: String },
[INFO] [stdout]    |     ^^^^^^^^^^^^^^^
[INFO] [stdout] 
[INFO] [stdout] 
[INFO] [stdout] warning: missing documentation for a struct field
[INFO] [stdout]   --> crates/steam-mobile/src/errors.rs:54:23
[INFO] [stdout]    |
[INFO] [stdout] 54 |     CaptchaRequired { captcha_guid: String },
[INFO] [stdout]    |                       ^^^^^^^^^^^^^^^^^^^^
[INFO] [stdout] 
[INFO] [stdout] 
[INFO] [stdout] warning: missing documentation for a variant
[INFO] [stdout]   --> crates/steam-mobile/src/errors.rs:57:5
[INFO] [stdout]    |
[INFO] [stdout] 57 |     HttpError(#[from] reqwest::Error),
[INFO] [stdout]    |     ^^^^^^^^^
[INFO] [stdout] 
[INFO] [stdout] 
[INFO] [stdout] warning: missing documentation for a variant
[INFO] [stdout]   --> crates/steam-mobile/src/errors.rs:60:5
[INFO] [stdout]    |
[INFO] [stdout] 60 |     TotpError(#[from] steam_totp::error::TotpError),
[INFO] [stdout]    |     ^^^^^^^^^
[INFO] [stdout] 
[INFO] [stdout] 
[INFO] [stdout] warning: missing documentation for a variant
[INFO] [stdout]   --> crates/steam-mobile/src/errors.rs:67:5
[INFO] [stdout]    |
[INFO] [stdout] 67 |     GeneralFailure(String),
[INFO] [stdout]    |     ^^^^^^^^^^^^^^
[INFO] [stdout] 
[INFO] [stdout] 
[INFO] [stdout] warning: missing documentation for a variant
[INFO] [stdout]   --> crates/steam-mobile/src/errors.rs:74:5
[INFO] [stdout]    |
[INFO] [stdout] 74 |     BadSMSCode,
[INFO] [stdout]    |     ^^^^^^^^^^
[INFO] [stdout] 
[INFO] [stdout] 
[INFO] [stdout] warning: missing documentation for a variant
[INFO] [stdout]   --> crates/steam-mobile/src/errors.rs:76:5
[INFO] [stdout]    |
[INFO] [stdout] 76 |     UnableToGenerateCorrectCodes,
[INFO] [stdout]    |     ^^^^^^^^^^^^^^^^^^^^^^^^^^^^
[INFO] [stdout] 
[INFO] [stdout] 
[INFO] [stdout] warning: missing documentation for a variant
[INFO] [stdout]   --> crates/steam-mobile/src/errors.rs:79:5
[INFO] [stdout]    |
[INFO] [stdout] 79 |     HttpError(#[from] reqwest::Error),
[INFO] [stdout]    |     ^^^^^^^^^
[INFO] [stdout] 
[INFO] [stdout] 
[INFO] [stdout] warning: unresolved link to `T:U:D`
[INFO] [stdout]    --> crates/steamid-parser/src/lib.rs:128:18
[INFO] [stdout]     |
[INFO] [stdout] 128 |     /// Steam3: [T:U:D] where T: The account type, U: The account universe, D: Account number,
[INFO] [stdout]     |                  ^^^^^ no item named `T:U:D` in scope
[INFO] [stdout]     |
[INFO] [stdout]     = help: to escape `[` and `]` characters, add '\' before them like `\[` or `\]`
[INFO] [stdout] 
[INFO] [stdout] 
[INFO] [stdout] warning: missing documentation for a variant
[INFO] [stdout]   --> crates/steam-mobile/src/errors.rs:81:5
[INFO] [stdout]    |
[INFO] [stdout] 81 |     TotpError(#[from] steam_totp::error::TotpError),
[INFO] [stdout]    |     ^^^^^^^^^
[INFO] [stdout] 
[INFO] [stdout] 
[INFO] [stdout] warning: missing documentation for a variant
[INFO] [stdout]   --> crates/steam-mobile/src/errors.rs:88:5
[INFO] [stdout]    |
[INFO] [stdout] 88 |     DeserializationError(#[from] serde_json::Error),
[INFO] [stdout]    |     ^^^^^^^^^^^^^^^^^^^^
[INFO] [stdout] 
[INFO] [stdout] 
[INFO] [stdout] warning: missing documentation for a variant
[INFO] [stdout]   --> crates/steam-mobile/src/errors.rs:91:5
[INFO] [stdout]    |
[INFO] [stdout] 91 |     GeneralFailure(String),
[INFO] [stdout]    |     ^^^^^^^^^^^^^^
[INFO] [stdout] 
[INFO] [stdout] 
[INFO] [stdout] warning: missing documentation for a method
[INFO] [stdout]    --> crates/steam-mobile/src/web_handler/confirmation.rs:122:5
[INFO] [stdout]     |
[INFO] [stdout] 122 |     pub fn has_trade_offer_id(&self, trade_offer_id: i64) -> bool {
[INFO] [stdout]     |     ^^^^^^^^^^^^^^^^^^^^^^^^^^^^^^^^^^^^^^^^^^^^^^^^^^^^^^^^^^^^^
[INFO] [stdout] 
[INFO] [stdout] 
[INFO] [stdout] warning: missing documentation for an enum
[INFO] [stdout]   --> crates/steam-mobile/src/web_handler/steam_guard_linker/mod.rs:38:1
[INFO] [stdout]    |
[INFO] [stdout] 38 | pub enum AddAuthenticatorStep {
[INFO] [stdout]    | ^^^^^^^^^^^^^^^^^^^^^^^^^^^^^
[INFO] [stdout] 
[INFO] [stdout] 
[INFO] [stdout] warning: missing documentation for a method
[INFO] [stdout]    --> crates/steam-mobile/src/lib.rs:180:5
[INFO] [stdout]     |
[INFO] [stdout] 180 |     pub fn ma_file(mut self, ma_file: MobileAuthFile) -> Self {
[INFO] [stdout]     |     ^^^^^^^^^^^^^^^^^^^^^^^^^^^^^^^^^^^^^^^^^^^^^^^^^^^^^^^^^
[INFO] [stdout] 
[INFO] [stdout] 
[INFO] [stdout] warning: missing documentation for an associated function
[INFO] [stdout]    --> crates/steam-mobile/src/lib.rs:246:5
[INFO] [stdout]     |
[INFO] [stdout] 246 |     pub fn from_str(string: &str) -> Result<Self, MobileAuthFileError> {
[INFO] [stdout]     |     ^^^^^^^^^^^^^^^^^^^^^^^^^^^^^^^^^^^^^^^^^^^^^^^^^^^^^^^^^^^^^^^^^^
[INFO] [stdout] 
[INFO] [stdout] 
[INFO] [stdout] warning: this URL is not a hyperlink
[INFO] [stdout]   --> crates/steamid-parser/src/lib.rs:59:16
[INFO] [stdout]    |
[INFO] [stdout] 59 | /// Reference: https://developer.valvesoftware.com/wiki/SteamID
[INFO] [stdout]    |                ^^^^^^^^^^^^^^^^^^^^^^^^^^^^^^^^^^^^^^^^^^^^^^^^ help: use an automatic link instead: `<https://developer.valvesoftware.com/wiki/SteamID>`
[INFO] [stdout]    |
[INFO] [stdout]    = note: bare URLs are not automatically turned into clickable links
[INFO] [stdout]    = note: `#[warn(rustdoc::bare_urls)]` on by default
[INFO] [stdout] 
[INFO] [stdout] 
[INFO] [stdout] warning: this URL is not a hyperlink
[INFO] [stdout]   --> crates/steamid-parser/src/lib.rs:62:17
[INFO] [stdout]    |
[INFO] [stdout] 62 |     /// Source: https://steamcommunity.com/path/[letter:1:W]
[INFO] [stdout]    |                 ^^^^^^^^^^^^^^^^^^^^^^^^^^^^^^^^ help: use an automatic link instead: `<https://steamcommunity.com/path/>`
[INFO] [stdout]    |
[INFO] [stdout]    = note: bare URLs are not automatically turned into clickable links
[INFO] [stdout] 
[INFO] [stdout] 
[INFO] [stdout] warning: 4 warnings emitted
[INFO] [stdout] 
[INFO] [stdout] 
[INFO] [stdout] warning: fields `request`, `client`, and `key` are never read
[INFO] [stdout]   --> crates/tappet/src/macros.rs:78:24
[INFO] [stdout]    |
[INFO] [stdout] 78 |             pub(crate) request: reqwest::Request,
[INFO] [stdout]    |                        ^^^^^^^
[INFO] [stdout] 79 |             pub(crate) client: &'a reqwest::Client,
[INFO] [stdout]    |                        ^^^^^^
[INFO] [stdout] 80 |             pub(crate) key: &'a str,
[INFO] [stdout]    |                        ^^^
[INFO] [stdout]    |
[INFO] [stdout]   ::: crates/tappet/src/endpoints/ieconservice/post.rs:5:11
[INFO] [stdout]    |
[INFO] [stdout] 5  | new_type!(IEconService);
[INFO] [stdout]    | -----------------------
[INFO] [stdout]    | |         |
[INFO] [stdout]    | |         fields in this struct
[INFO] [stdout]    | in this macro invocation
[INFO] [stdout]    | in this macro invocation
[INFO] [stdout]    | in this macro invocation
[INFO] [stdout]    |
[INFO] [stdout]    = note: `#[warn(dead_code)]` on by default
[INFO] [stdout]    = note: this warning originates in the macro `new_type` (in Nightly builds, run with -Z macro-backtrace for more info)
[INFO] [stdout] 
[INFO] [stdout] 
[INFO] [stdout] warning: multiple fields are never read
[INFO] [stdout]    --> crates/tappet/src/trading_types.rs:93:5
[INFO] [stdout]     |
[INFO] [stdout] 84  | pub struct TradeOffer_Trade {
[INFO] [stdout]     |            ---------------- fields in this struct
[INFO] [stdout] ...
[INFO] [stdout] 93  |     expiration_time: i64,
[INFO] [stdout]     |     ^^^^^^^^^^^^^^^
[INFO] [stdout] ...
[INFO] [stdout] 97  |     items_to_give: Option<Vec<CEcon_Asset>>,
[INFO] [stdout]     |     ^^^^^^^^^^^^^
[INFO] [stdout] 98  |     items_to_receive: Option<Vec<CEcon_Asset>>,
[INFO] [stdout]     |     ^^^^^^^^^^^^^^^^
[INFO] [stdout] ...
[INFO] [stdout] 101 |     time_created: i64,
[INFO] [stdout]     |     ^^^^^^^^^^^^
[INFO] [stdout] 102 |     time_updated: i64,
[INFO] [stdout]     |     ^^^^^^^^^^^^
[INFO] [stdout] ...
[INFO] [stdout] 108 |     from_real_time_trade: bool,
[INFO] [stdout]     |     ^^^^^^^^^^^^^^^^^^^^
[INFO] [stdout] ...
[INFO] [stdout] 111 |     confirmation_method: ETradeOfferConfirmationMethod,
[INFO] [stdout]     |     ^^^^^^^^^^^^^^^^^^^
[INFO] [stdout]     |
[INFO] [stdout]     = note: `TradeOffer_Trade` has derived impls for the traits `Clone` and `Debug`, but these are intentionally ignored during dead code analysis
[INFO] [stdout] 
[INFO] [stdout] 
[INFO] [stdout] warning: this URL is not a hyperlink
[INFO] [stdout]  --> crates/tappet/src/trading_types.rs:4:5
[INFO] [stdout]   |
[INFO] [stdout] 4 | //! https://developer.valvesoftware.com/wiki/Steam_Web_API/IEconService
[INFO] [stdout]   |     ^^^^^^^^^^^^^^^^^^^^^^^^^^^^^^^^^^^^^^^^^^^^^^^^^^^^^^^^^^^^^^^^^^^ help: use an automatic link instead: `<https://developer.valvesoftware.com/wiki/Steam_Web_API/IEconService>`
[INFO] [stdout]   |
[INFO] [stdout]   = note: bare URLs are not automatically turned into clickable links
[INFO] [stdout]   = note: `#[warn(rustdoc::bare_urls)]` on by default
[INFO] [stdout] 
[INFO] [stdout] 
[INFO] [stdout] warning: 2 warnings emitted
[INFO] [stdout] 
[INFO] [stdout] 
[INFO] [stdout] warning: 1 warning emitted
[INFO] [stdout] 
[INFO] [stdout] 
[INFO] [stderr]  Documenting steam-client v0.1.0 (/opt/rustwide/workdir/crates/steam-client)
[INFO] [stdout] warning: unknown lint: `rustdoc::missing_doc_code_examples`
[INFO] [stdout]  --> crates/steam-client/src/lib.rs:2:1
[INFO] [stdout]   |
[INFO] [stdout] 2 | #![warn(missing_docs, missing_doc_code_examples)]
[INFO] [stdout]   | ^^^^^^^^^^^^^^^^^^^^^^^^^^^^^^^^^^^^^^^^^^^^^^^^^
[INFO] [stdout]   |
[INFO] [stdout]   = note: the `rustdoc::missing_doc_code_examples` lint is unstable
[INFO] [stdout]   = note: see issue #101730 <https://github.com/rust-lang/rust/issues/101730> for more information
[INFO] [stdout]   = note: `#[warn(unknown_lints)]` on by default
[INFO] [stdout] 
[INFO] [stdout] 
[INFO] [stdout] warning: missing documentation for a module
[INFO] [stdout]   --> crates/steam-mobile/src/lib.rs:35:1
[INFO] [stdout]    |
[INFO] [stdout] 35 | pub mod client;
[INFO] [stdout]    | ^^^^^^^^^^^^^^
[INFO] [stdout]    |
[INFO] [stdout] note: the lint level is defined here
[INFO] [stdout]   --> crates/steam-mobile/src/lib.rs:5:9
[INFO] [stdout]    |
[INFO] [stdout] 5  | #![warn(missing_docs, missing_doc_code_examples)]
[INFO] [stdout]    |         ^^^^^^^^^^^^
[INFO] [stdout] 
[INFO] [stdout] 
[INFO] [stdout] warning: missing documentation for a method
[INFO] [stdout]    --> crates/steam-mobile/src/client.rs:185:5
[INFO] [stdout]     |
[INFO] [stdout] 185 |     pub async fn remove_authenticator(&self) {
[INFO] [stdout]     |     ^^^^^^^^^^^^^^^^^^^^^^^^^^^^^^^^^^^^^^^^
[INFO] [stdout] 
[INFO] [stdout] 
[INFO] [stdout] warning: missing documentation for a method
[INFO] [stdout]    --> crates/steam-mobile/src/client.rs:260:5
[INFO] [stdout]     |
[INFO] [stdout] 260 |     pub fn dump_cookie(&self, steam_domain_host: &str, steam_cookie_name: &str) -> Option<String> {
[INFO] [stdout]     |     ^^^^^^^^^^^^^^^^^^^^^^^^^^^^^^^^^^^^^^^^^^^^^^^^^^^^^^^^^^^^^^^^^^^^^^^^^^^^^^^^^^^^^^^^^^^^^
[INFO] [stdout] 
[INFO] [stdout] 
[INFO] [stdout] warning: missing documentation for a struct
[INFO] [stdout]    --> crates/steam-mobile/src/client.rs:267:1
[INFO] [stdout]     |
[INFO] [stdout] 267 | pub struct MobileClient {
[INFO] [stdout]     | ^^^^^^^^^^^^^^^^^^^^^^^
[INFO] [stdout] 
[INFO] [stdout] 
[INFO] [stdout] warning: missing documentation for a module
[INFO] [stdout]   --> crates/steam-mobile/src/lib.rs:36:1
[INFO] [stdout]    |
[INFO] [stdout] 36 | pub mod errors;
[INFO] [stdout]    | ^^^^^^^^^^^^^^
[INFO] [stdout] 
[INFO] [stdout] 
[INFO] [stdout] warning: missing documentation for a variant
[INFO] [stdout]   --> crates/steam-mobile/src/errors.rs:14:5
[INFO] [stdout]    |
[INFO] [stdout] 14 |     AuthenticatorError(#[from] LinkerError),
[INFO] [stdout]    |     ^^^^^^^^^^^^^^^^^^
[INFO] [stdout] 
[INFO] [stdout] 
[INFO] [stdout] warning: missing documentation for a variant
[INFO] [stdout]   --> crates/steam-mobile/src/errors.rs:16:5
[INFO] [stdout]    |
[INFO] [stdout] 16 |     ApiKeyError(#[from] ApiKeyError),
[INFO] [stdout]    |     ^^^^^^^^^^^
[INFO] [stdout] 
[INFO] [stdout] 
[INFO] [stdout] warning: missing documentation for a variant
[INFO] [stdout]   --> crates/steam-mobile/src/errors.rs:18:5
[INFO] [stdout]    |
[INFO] [stdout] 18 |     Login(#[from] LoginError),
[INFO] [stdout]    |     ^^^^^
[INFO] [stdout] 
[INFO] [stdout] 
[INFO] [stdout] warning: missing documentation for a variant
[INFO] [stdout]   --> crates/steam-mobile/src/errors.rs:20:5
[INFO] [stdout]    |
[INFO] [stdout] 20 |     MobileAuthFile(#[from] MobileAuthFileError),
[INFO] [stdout]    |     ^^^^^^^^^^^^^^
[INFO] [stdout] 
[INFO] [stdout] 
[INFO] [stdout] warning: missing documentation for a variant
[INFO] [stdout]   --> crates/steam-mobile/src/errors.rs:22:5
[INFO] [stdout]    |
[INFO] [stdout] 22 |     HttpError(#[from] reqwest::Error),
[INFO] [stdout]    |     ^^^^^^^^^
[INFO] [stdout] 
[INFO] [stdout] 
[INFO] [stdout] warning: missing documentation for a variant
[INFO] [stdout]   --> crates/steam-mobile/src/errors.rs:30:5
[INFO] [stdout]    |
[INFO] [stdout] 30 |     GeneralError(String),
[INFO] [stdout]    |     ^^^^^^^^^^^^
[INFO] [stdout] 
[INFO] [stdout] 
[INFO] [stdout] warning: missing documentation for a variant
[INFO] [stdout]   --> crates/steam-mobile/src/errors.rs:32:5
[INFO] [stdout]    |
[INFO] [stdout] 32 |     AccessDenied,
[INFO] [stdout]    |     ^^^^^^^^^^^^
[INFO] [stdout] 
[INFO] [stdout] 
[INFO] [stdout] warning: missing documentation for a variant
[INFO] [stdout]   --> crates/steam-mobile/src/errors.rs:34:5
[INFO] [stdout]    |
[INFO] [stdout] 34 |     NotRegistered,
[INFO] [stdout]    |     ^^^^^^^^^^^^^
[INFO] [stdout] 
[INFO] [stdout] 
[INFO] [stdout] warning: missing documentation for a variant
[INFO] [stdout]   --> crates/steam-mobile/src/errors.rs:37:5
[INFO] [stdout]    |
[INFO] [stdout] 37 |     NotCached,
[INFO] [stdout]    |     ^^^^^^^^^
[INFO] [stdout] 
[INFO] [stdout] 
[INFO] [stdout] warning: missing documentation for a variant
[INFO] [stdout]   --> crates/steam-mobile/src/errors.rs:39:5
[INFO] [stdout]    |
[INFO] [stdout] 39 |     HttpError(#[from] reqwest::Error),
[INFO] [stdout]    |     ^^^^^^^^^
[INFO] [stdout] 
[INFO] [stdout] 
[INFO] [stdout] warning: missing documentation for an enum
[INFO] [stdout]   --> crates/steam-mobile/src/errors.rs:43:1
[INFO] [stdout]    |
[INFO] [stdout] 43 | pub enum LoginError {
[INFO] [stdout]    | ^^^^^^^^^^^^^^^^^^^
[INFO] [stdout] 
[INFO] [stdout] 
[INFO] [stdout] warning: missing documentation for a variant
[INFO] [stdout]   --> crates/steam-mobile/src/errors.rs:45:5
[INFO] [stdout]    |
[INFO] [stdout] 45 |     GeneralFailure(String),
[INFO] [stdout]    |     ^^^^^^^^^^^^^^
[INFO] [stdout] 
[INFO] [stdout] 
[INFO] [stdout] warning: missing documentation for a variant
[INFO] [stdout]   --> crates/steam-mobile/src/errors.rs:47:5
[INFO] [stdout]    |
[INFO] [stdout] 47 |     NeedSteamID,
[INFO] [stdout]    |     ^^^^^^^^^^^
[INFO] [stdout] 
[INFO] [stdout] 
[INFO] [stdout] warning: missing documentation for a variant
[INFO] [stdout]   --> crates/steam-mobile/src/errors.rs:49:5
[INFO] [stdout]    |
[INFO] [stdout] 49 |     ParentalUnlock(String),
[INFO] [stdout]    |     ^^^^^^^^^^^^^^
[INFO] [stdout] 
[INFO] [stdout] 
[INFO] [stdout] warning: missing documentation for a variant
[INFO] [stdout]   --> crates/steam-mobile/src/errors.rs:51:5
[INFO] [stdout]    |
[INFO] [stdout] 51 |     IncorrectCredentials,
[INFO] [stdout]    |     ^^^^^^^^^^^^^^^^^^^^
[INFO] [stdout] 
[INFO] [stdout] 
[INFO] [stdout] warning: missing documentation for a variant
[INFO] [stdout]   --> crates/steam-mobile/src/errors.rs:54:5
[INFO] [stdout]    |
[INFO] [stdout] 54 |     CaptchaRequired { captcha_guid: String },
[INFO] [stdout]    |     ^^^^^^^^^^^^^^^
[INFO] [stdout] 
[INFO] [stdout] 
[INFO] [stdout] warning: missing documentation for a struct field
[INFO] [stdout]   --> crates/steam-mobile/src/errors.rs:54:23
[INFO] [stdout]    |
[INFO] [stdout] 54 |     CaptchaRequired { captcha_guid: String },
[INFO] [stdout]    |                       ^^^^^^^^^^^^^^^^^^^^
[INFO] [stdout] 
[INFO] [stdout] 
[INFO] [stdout] warning: missing documentation for a variant
[INFO] [stdout]   --> crates/steam-mobile/src/errors.rs:57:5
[INFO] [stdout]    |
[INFO] [stdout] 57 |     HttpError(#[from] reqwest::Error),
[INFO] [stdout]    |     ^^^^^^^^^
[INFO] [stdout] 
[INFO] [stdout] 
[INFO] [stdout] warning: missing documentation for a variant
[INFO] [stdout]   --> crates/steam-mobile/src/errors.rs:60:5
[INFO] [stdout]    |
[INFO] [stdout] 60 |     TotpError(#[from] steam_totp::error::TotpError),
[INFO] [stdout]    |     ^^^^^^^^^
[INFO] [stdout] 
[INFO] [stdout] 
[INFO] [stdout] warning: missing documentation for a variant
[INFO] [stdout]   --> crates/steam-mobile/src/errors.rs:67:5
[INFO] [stdout]    |
[INFO] [stdout] 67 |     GeneralFailure(String),
[INFO] [stdout]    |     ^^^^^^^^^^^^^^
[INFO] [stdout] 
[INFO] [stdout] 
[INFO] [stdout] warning: missing documentation for a variant
[INFO] [stdout]   --> crates/steam-mobile/src/errors.rs:74:5
[INFO] [stdout]    |
[INFO] [stdout] 74 |     BadSMSCode,
[INFO] [stdout]    |     ^^^^^^^^^^
[INFO] [stdout] 
[INFO] [stdout] 
[INFO] [stdout] warning: missing documentation for a variant
[INFO] [stdout]   --> crates/steam-mobile/src/errors.rs:76:5
[INFO] [stdout]    |
[INFO] [stdout] 76 |     UnableToGenerateCorrectCodes,
[INFO] [stdout]    |     ^^^^^^^^^^^^^^^^^^^^^^^^^^^^
[INFO] [stdout] 
[INFO] [stdout] 
[INFO] [stdout] warning: missing documentation for a variant
[INFO] [stdout]   --> crates/steam-mobile/src/errors.rs:79:5
[INFO] [stdout]    |
[INFO] [stdout] 79 |     HttpError(#[from] reqwest::Error),
[INFO] [stdout]    |     ^^^^^^^^^
[INFO] [stdout] 
[INFO] [stdout] 
[INFO] [stdout] warning: missing documentation for a variant
[INFO] [stdout]   --> crates/steam-mobile/src/errors.rs:81:5
[INFO] [stdout]    |
[INFO] [stdout] 81 |     TotpError(#[from] steam_totp::error::TotpError),
[INFO] [stdout]    |     ^^^^^^^^^
[INFO] [stdout] 
[INFO] [stdout] 
[INFO] [stdout] warning: missing documentation for a variant
[INFO] [stdout]   --> crates/steam-mobile/src/errors.rs:88:5
[INFO] [stdout]    |
[INFO] [stdout] 88 |     DeserializationError(#[from] serde_json::Error),
[INFO] [stdout]    |     ^^^^^^^^^^^^^^^^^^^^
[INFO] [stdout] 
[INFO] [stdout] 
[INFO] [stdout] warning: missing documentation for a variant
[INFO] [stdout]   --> crates/steam-mobile/src/errors.rs:91:5
[INFO] [stdout]    |
[INFO] [stdout] 91 |     GeneralFailure(String),
[INFO] [stdout]    |     ^^^^^^^^^^^^^^
[INFO] [stdout] 
[INFO] [stdout] 
[INFO] [stdout] warning: missing documentation for a method
[INFO] [stdout]    --> crates/steam-mobile/src/web_handler/confirmation.rs:122:5
[INFO] [stdout]     |
[INFO] [stdout] 122 |     pub fn has_trade_offer_id(&self, trade_offer_id: i64) -> bool {
[INFO] [stdout]     |     ^^^^^^^^^^^^^^^^^^^^^^^^^^^^^^^^^^^^^^^^^^^^^^^^^^^^^^^^^^^^^
[INFO] [stdout] 
[INFO] [stdout] 
[INFO] [stdout] warning: missing documentation for an enum
[INFO] [stdout]   --> crates/steam-mobile/src/web_handler/steam_guard_linker/mod.rs:38:1
[INFO] [stdout]    |
[INFO] [stdout] 38 | pub enum AddAuthenticatorStep {
[INFO] [stdout]    | ^^^^^^^^^^^^^^^^^^^^^^^^^^^^^
[INFO] [stdout] 
[INFO] [stdout] 
[INFO] [stdout] warning: missing documentation for a method
[INFO] [stdout]    --> crates/steam-mobile/src/lib.rs:180:5
[INFO] [stdout]     |
[INFO] [stdout] 180 |     pub fn ma_file(mut self, ma_file: MobileAuthFile) -> Self {
[INFO] [stdout]     |     ^^^^^^^^^^^^^^^^^^^^^^^^^^^^^^^^^^^^^^^^^^^^^^^^^^^^^^^^^
[INFO] [stdout] 
[INFO] [stdout] 
[INFO] [stdout] warning: missing documentation for an associated function
[INFO] [stdout]    --> crates/steam-mobile/src/lib.rs:246:5
[INFO] [stdout]     |
[INFO] [stdout] 246 |     pub fn from_str(string: &str) -> Result<Self, MobileAuthFileError> {
[INFO] [stdout]     |     ^^^^^^^^^^^^^^^^^^^^^^^^^^^^^^^^^^^^^^^^^^^^^^^^^^^^^^^^^^^^^^^^^^
[INFO] [stdout] 
[INFO] [stdout] 
[INFO] [stdout] error[E0432]: unresolved import `tokio_util::codec`
[INFO] [stdout]   --> crates/steam-client/src/connection/mod.rs:23:17
[INFO] [stdout]    |
[INFO] [stdout] 23 | use tokio_util::codec::{FramedRead, FramedWrite};
[INFO] [stdout]    |                 ^^^^^ could not find `codec` in `tokio_util`
[INFO] [stdout] 
[INFO] [stdout] 
[INFO] [stdout] error[E0432]: unresolved import `steam_language_gen::MessageHeader`
[INFO] [stdout]  --> crates/steam-client/src/connection/encryption.rs:7:26
[INFO] [stdout]   |
[INFO] [stdout] 7 | use steam_language_gen::{MessageHeader, SerializableBytes};
[INFO] [stdout]   |                          ^^^^^^^^^^^^^
[INFO] [stdout]   |                          |
[INFO] [stdout]   |                          no `MessageHeader` in the root
[INFO] [stdout]   |                          help: a similar name exists in the module: `MessageHeaderExt`
[INFO] [stdout] 
[INFO] [stdout] 
[INFO] [stdout] error[E0432]: unresolved import `tokio_util::codec`
[INFO] [stdout]  --> crates/steam-client/src/messages/codec.rs:4:17
[INFO] [stdout]   |
[INFO] [stdout] 4 | use tokio_util::codec::{Decoder, Encoder};
[INFO] [stdout]   |                 ^^^^^ could not find `codec` in `tokio_util`
[INFO] [stdout] 
[INFO] [stdout] 
[INFO] [stdout] error[E0432]: unresolved import `steam_language_gen::MessageHeader`
[INFO] [stdout]   --> crates/steam-client/src/messages/message.rs:17:26
[INFO] [stdout]    |
[INFO] [stdout] 17 | use steam_language_gen::{MessageHeader, MessageHeaderExt};
[INFO] [stdout]    |                          ^^^^^^^^^^^^^
[INFO] [stdout]    |                          |
[INFO] [stdout]    |                          no `MessageHeader` in the root
[INFO] [stdout]    |                          help: a similar name exists in the module: `MessageHeaderExt`
[INFO] [stdout] 
[INFO] [stdout] 
[INFO] [stdout] error[E0432]: unresolved import `steam_language_gen::MessageHeader`
[INFO] [stdout]  --> crates/steam-client/src/messages/packet.rs:7:26
[INFO] [stdout]   |
[INFO] [stdout] 7 |     DeserializableBytes, MessageHeader, MessageHeaderExt, MessageHeaderWrapper, SerializableBytes,
[INFO] [stdout]   |                          ^^^^^^^^^^^^^
[INFO] [stdout]   |                          |
[INFO] [stdout]   |                          no `MessageHeader` in the root
[INFO] [stdout]   |                          help: a similar name exists in the module: `MessageHeaderExt`
[INFO] [stdout] 
[INFO] [stdout] 
[INFO] [stdout] warning: lint `missing_doc_code_examples` has been renamed to `rustdoc::missing_doc_code_examples`
[INFO] [stdout]  --> crates/steam-client/src/lib.rs:2:23
[INFO] [stdout]   |
[INFO] [stdout] 2 | #![warn(missing_docs, missing_doc_code_examples)]
[INFO] [stdout]   |                       ^^^^^^^^^^^^^^^^^^^^^^^^^ help: use the new name: `rustdoc::missing_doc_code_examples`
[INFO] [stdout]   |
[INFO] [stdout]   = note: `#[warn(renamed_and_removed_lints)]` on by default
[INFO] [stdout] 
[INFO] [stdout] 
[INFO] [stdout] error: aborting due to 5 previous errors; 2 warnings emitted
[INFO] [stdout] 
[INFO] [stdout] 
[INFO] [stdout] For more information about this error, try `rustc --explain E0432`.
[INFO] [stdout] 
[INFO] [stderr] error: could not document `steam-client`
[INFO] [stderr] 
[INFO] [stderr] Caused by:
[INFO] [stderr]   process didn't exit successfully: `rustdoc --edition=2018 --crate-type lib --crate-name steam_client crates/steam-client/src/lib.rs -o /opt/rustwide/target/doc --cfg 'feature="default"' --error-format=json --json=diagnostic-rendered-ansi,artifacts,future-incompat --document-private-items -C metadata=4e98443a6f8e4b0a -L dependency=/opt/rustwide/target/debug/deps --extern anyhow=/opt/rustwide/target/debug/deps/libanyhow-3570d1a0a25354c2.rmeta --extern arrayref=/opt/rustwide/target/debug/deps/libarrayref-a1761a505d53e9cd.rmeta --extern async_trait=/opt/rustwide/target/debug/deps/libasync_trait-18f9a0bb02b94006.so --extern atomic=/opt/rustwide/target/debug/deps/libatomic-6e2bb76dde25fb20.rmeta --extern bincode=/opt/rustwide/target/debug/deps/libbincode-9278e432e2b8c91e.rmeta --extern byteorder=/opt/rustwide/target/debug/deps/libbyteorder-f66b59f6631a5df0.rmeta --extern bytes=/opt/rustwide/target/debug/deps/libbytes-cdba088f09c8631e.rmeta --extern derive_new=/opt/rustwide/target/debug/deps/libderive_new-a9f3c51ca1f72882.so --extern erased_serde=/opt/rustwide/target/debug/deps/liberased_serde-39586e74f29cbae0.rmeta --extern futures=/opt/rustwide/target/debug/deps/libfutures-bce1d4bd1a42f0db.rmeta --extern lazy_static=/opt/rustwide/target/debug/deps/liblazy_static-a2d0853c03991e68.rmeta --extern log=/opt/rustwide/target/debug/deps/liblog-83c76fb4ff61e17e.rmeta --extern num=/opt/rustwide/target/debug/deps/libnum-1c0fae056afe11f7.rmeta --extern regex=/opt/rustwide/target/debug/deps/libregex-551828a6df28d000.rmeta --extern reqwest=/opt/rustwide/target/debug/deps/libreqwest-44900b6b6525971f.rmeta --extern serde=/opt/rustwide/target/debug/deps/libserde-9c8de70490d04e5a.rmeta --extern serde_json=/opt/rustwide/target/debug/deps/libserde_json-b6a82f74d7e4be7f.rmeta --extern serde_repr=/opt/rustwide/target/debug/deps/libserde_repr-bd7d5738de3f2d1a.so --extern steam_crypto=/opt/rustwide/target/debug/deps/libsteam_crypto-e9c355c38bb799ba.rmeta --extern steam_language_gen=/opt/rustwide/target/debug/deps/libsteam_language_gen-836b5c15af2af814.rmeta --extern steam_language_gen_derive=/opt/rustwide/target/debug/deps/libsteam_language_gen_derive-70e4607658682e84.so --extern steam_protobuf=/opt/rustwide/target/debug/deps/libsteam_protobuf-5efa1de0e8cbf50c.rmeta --extern steamid_parser=/opt/rustwide/target/debug/deps/libsteamid_parser-9a7f16e137be6989.rmeta --extern tappet=/opt/rustwide/target/debug/deps/libtappet-02cb3b4c58d1d179.rmeta --extern thiserror=/opt/rustwide/target/debug/deps/libthiserror-70da0851cd224f70.rmeta --extern tokio=/opt/rustwide/target/debug/deps/libtokio-c21c14241af1df5c.rmeta --extern tokio_compat_02=/opt/rustwide/target/debug/deps/libtokio_compat_02-1583cbf244415d7e.rmeta --extern tokio_util=/opt/rustwide/target/debug/deps/libtokio_util-5243d69adc8065cd.rmeta --cap-lints=warn --crate-version 0.1.0` (exit status: 1)
[INFO] [stderr] warning: build failed, waiting for other jobs to finish...
[INFO] [stdout] warning: 36 warnings emitted
[INFO] [stdout] 
[INFO] [stdout] 
[INFO] [stdout] warning: this URL is not a hyperlink
[INFO] [stdout]   --> crates/steam-mobile/src/errors.rs:10:51
[INFO] [stdout]    |
[INFO] [stdout] 10 | /// For a general explanation of EResults, check: https://steamerrors.com/
[INFO] [stdout]    |                                                   ^^^^^^^^^^^^^^^^^^^^^^^^ help: use an automatic link instead: `<https://steamerrors.com/>`
[INFO] [stdout]    |
[INFO] [stdout]    = note: bare URLs are not automatically turned into clickable links
[INFO] [stdout]    = note: `#[warn(rustdoc::bare_urls)]` on by default
[INFO] [stdout] 
[INFO] [stdout] 
[INFO] [stdout] warning: this URL is not a hyperlink
[INFO] [stdout]   --> crates/steam-mobile/src/utils.rs:10:10
[INFO] [stdout]    |
[INFO] [stdout] 10 | /// E.g: https://steamcommunity.com/login/rendercaptcha/?gid=3851100575032057891
[INFO] [stdout]    |          ^^^^^^^^^^^^^^^^^^^^^^^^^^^^^^^^^^^^^^^^^^^^^^^^^^^^^^^^^^^^^^^^^^^^^^^ help: use an automatic link instead: `<https://steamcommunity.com/login/rendercaptcha/?gid=3851100575032057891>`
[INFO] [stdout]    |
[INFO] [stdout]    = note: bare URLs are not automatically turned into clickable links
[INFO] [stdout] 
[INFO] [stdout] 
[INFO] [stdout] warning: this URL is not a hyperlink
[INFO] [stdout]   --> crates/steam-mobile/src/web_handler/login.rs:63:5
[INFO] [stdout]    |
[INFO] [stdout] 63 | /// https://github.com/Jessecar96/SteamBot/blob/e8e9e5fcd64ae35b201e2597068849c10a667b60/SteamTrade/SteamWeb.cs#L325
[INFO] [stdout]    |     ^^^^^^^^^^^^^^^^^^^^^^^^^^^^^^^^^^^^^^^^^^^^^^^^^^^^^^^^^^^^^^^^^^^^^^^^^^^^^^^^^^^^^^^^^^^^^^^^^^^^^^^^^^^^^^^^ help: use an automatic link instead: `<https://github.com/Jessecar96/SteamBot/blob/e8e9e5fcd64ae35b201e2597068849c10a667b60/SteamTrade/SteamWeb.cs#L325>`
[INFO] [stdout]    |
[INFO] [stdout]    = note: bare URLs are not automatically turned into clickable links
[INFO] [stdout] 
[INFO] [stdout] 
[INFO] [stdout] warning: this URL is not a hyperlink
[INFO] [stdout]    --> crates/steam-mobile/src/web_handler/steam_guard_linker/types.rs:255:23
[INFO] [stdout]     |
[INFO] [stdout] 255 | /// endpoint na store https://store.steampowered.com/phone/add_ajaxop
[INFO] [stdout]     |                       ^^^^^^^^^^^^^^^^^^^^^^^^^^^^^^^^^^^^^^^^^^^^^^^ help: use an automatic link instead: `<https://store.steampowered.com/phone/add_ajaxop>`
[INFO] [stdout]     |
[INFO] [stdout]     = note: bare URLs are not automatically turned into clickable links
[INFO] [stdout] 
[INFO] [stdout] 
[INFO] [stdout] warning: 41 warnings emitted
[INFO] [stdout] 
[INFO] [stdout] 
[INFO] running `Command { std: "docker" "inspect" "2eb4571dcd65da7885ff51722ab6e8c544a7f6c053a20035781cf6a9ce915aee", kill_on_drop: false }`
[INFO] running `Command { std: "docker" "rm" "-f" "2eb4571dcd65da7885ff51722ab6e8c544a7f6c053a20035781cf6a9ce915aee", kill_on_drop: false }`
[INFO] [stdout] 2eb4571dcd65da7885ff51722ab6e8c544a7f6c053a20035781cf6a9ce915aee
