[INFO] cloning repository https://github.com/sailfishos-mirror/rust-rusty-hermit
[INFO] running `Command { std: "git" "-c" "credential.helper=" "-c" "credential.helper=/workspace/cargo-home/bin/git-credential-null" "clone" "--bare" "https://github.com/sailfishos-mirror/rust-rusty-hermit" "/workspace/cache/git-repos/https%3A%2F%2Fgithub.com%2Fsailfishos-mirror%2Frust-rusty-hermit", kill_on_drop: false }`
[INFO] [stderr] Cloning into bare repository '/workspace/cache/git-repos/https%3A%2F%2Fgithub.com%2Fsailfishos-mirror%2Frust-rusty-hermit'...
[INFO] running `Command { std: "git" "rev-parse" "HEAD", kill_on_drop: false }`
[INFO] [stdout] 867de3f8b759fa6522ed6a73e9aba9035bbaebc3
[INFO] documenting sailfishos-mirror/rust-rusty-hermit against 1.69.0 for beta-1.70-rustdoc-1
[INFO] running `Command { std: "git" "clone" "/workspace/cache/git-repos/https%3A%2F%2Fgithub.com%2Fsailfishos-mirror%2Frust-rusty-hermit" "/workspace/builds/worker-0-tc1/source", kill_on_drop: false }`
[INFO] [stderr] Cloning into '/workspace/builds/worker-0-tc1/source'...
[INFO] [stderr] done.
[INFO] validating manifest of git repo https://github.com/sailfishos-mirror/rust-rusty-hermit on toolchain 1.69.0
[INFO] running `Command { std: CARGO_HOME="/workspace/cargo-home" RUSTUP_HOME="/workspace/rustup-home" "/workspace/cargo-home/bin/cargo" "+1.69.0" "metadata" "--manifest-path" "Cargo.toml" "--no-deps", kill_on_drop: false }`
[INFO] removed /workspace/builds/worker-0-tc1/source/rust-toolchain.toml
[INFO] started tweaking git repo https://github.com/sailfishos-mirror/rust-rusty-hermit
[INFO] finished tweaking git repo https://github.com/sailfishos-mirror/rust-rusty-hermit
[INFO] tweaked toml for git repo https://github.com/sailfishos-mirror/rust-rusty-hermit written to /workspace/builds/worker-0-tc1/source/Cargo.toml
[INFO] running `Command { std: CARGO_HOME="/workspace/cargo-home" RUSTUP_HOME="/workspace/rustup-home" __CARGO_TEST_CHANNEL_OVERRIDE_DO_NOT_USE_THIS="nightly" "/workspace/cargo-home/bin/cargo" "+1.69.0" "generate-lockfile" "--manifest-path" "Cargo.toml" "-Zno-index-update", kill_on_drop: false }`
[INFO] running `Command { std: CARGO_HOME="/workspace/cargo-home" RUSTUP_HOME="/workspace/rustup-home" "/workspace/cargo-home/bin/cargo" "+1.69.0" "fetch" "--manifest-path" "Cargo.toml", kill_on_drop: false }`
[INFO] [stderr]  Downloading crates ...
[INFO] [stderr]   Downloaded core_affinity v0.8.0
[INFO] [stderr]   Downloaded tock-registers v0.8.1
[INFO] [stderr]   Downloaded cortex-a v7.5.0
[INFO] [stderr]   Downloaded hdrhist v0.5.0
[INFO] [stderr]   Downloaded tock-registers v0.7.0
[INFO] [stderr]   Downloaded syscalls v0.6.10
[INFO] [stderr]   Downloaded aarch64 v0.0.7
[INFO] running `Command { std: "docker" "create" "-v" "/var/lib/crater-agent-workspace/builds/worker-0-tc1/target:/opt/rustwide/target:rw,Z" "-v" "/var/lib/crater-agent-workspace/builds/worker-0-tc1/source:/opt/rustwide/workdir:ro,Z" "-v" "/var/lib/crater-agent-workspace/cargo-home:/opt/rustwide/cargo-home:ro,Z" "-v" "/var/lib/crater-agent-workspace/rustup-home:/opt/rustwide/rustup-home:ro,Z" "-e" "SOURCE_DIR=/opt/rustwide/workdir" "-e" "CARGO_TARGET_DIR=/opt/rustwide/target" "-e" "CARGO_HOME=/opt/rustwide/cargo-home" "-e" "RUSTUP_HOME=/opt/rustwide/rustup-home" "-w" "/opt/rustwide/workdir" "-m" "1610612736" "--user" "0:0" "--network" "none" "ghcr.io/rust-lang/crates-build-env/linux@sha256:5ff2268d62e97bff2cde7d5815dd6ed5b47097566f13b8d0ca110b04b60e07ed" "/opt/rustwide/cargo-home/bin/cargo" "+1.69.0" "metadata" "--no-deps" "--format-version=1", kill_on_drop: false }`
[INFO] [stdout] a82c7e2fb2c01f462fb743b4fc34e2f97724e3c81db8a778b2e02c94bd106fe6
[INFO] running `Command { std: "docker" "start" "-a" "a82c7e2fb2c01f462fb743b4fc34e2f97724e3c81db8a778b2e02c94bd106fe6", kill_on_drop: false }`
[INFO] running `Command { std: "docker" "inspect" "a82c7e2fb2c01f462fb743b4fc34e2f97724e3c81db8a778b2e02c94bd106fe6", kill_on_drop: false }`
[INFO] running `Command { std: "docker" "rm" "-f" "a82c7e2fb2c01f462fb743b4fc34e2f97724e3c81db8a778b2e02c94bd106fe6", kill_on_drop: false }`
[INFO] [stdout] a82c7e2fb2c01f462fb743b4fc34e2f97724e3c81db8a778b2e02c94bd106fe6
[INFO] running `Command { std: "docker" "create" "-v" "/var/lib/crater-agent-workspace/builds/worker-0-tc1/target:/opt/rustwide/target:rw,Z" "-v" "/var/lib/crater-agent-workspace/builds/worker-0-tc1/source:/opt/rustwide/workdir:ro,Z" "-v" "/var/lib/crater-agent-workspace/cargo-home:/opt/rustwide/cargo-home:ro,Z" "-v" "/var/lib/crater-agent-workspace/rustup-home:/opt/rustwide/rustup-home:ro,Z" "-e" "SOURCE_DIR=/opt/rustwide/workdir" "-e" "CARGO_TARGET_DIR=/opt/rustwide/target" "-e" "CARGO_INCREMENTAL=0" "-e" "RUST_BACKTRACE=full" "-e" "RUSTFLAGS=--cap-lints=warn" "-e" "RUSTDOCFLAGS=--cap-lints=warn" "-e" "CARGO_HOME=/opt/rustwide/cargo-home" "-e" "RUSTUP_HOME=/opt/rustwide/rustup-home" "-w" "/opt/rustwide/workdir" "-m" "1610612736" "--user" "0:0" "--network" "none" "ghcr.io/rust-lang/crates-build-env/linux@sha256:5ff2268d62e97bff2cde7d5815dd6ed5b47097566f13b8d0ca110b04b60e07ed" "/opt/rustwide/cargo-home/bin/cargo" "+1.69.0" "doc" "--frozen" "--no-deps" "--document-private-items" "--message-format=json", kill_on_drop: false }`
[INFO] [stdout] 470380e1db6969d0e82bcb8df84c61f26c4eb05a6c214db9b98e769a370e0c6f
[INFO] running `Command { std: "docker" "start" "-a" "470380e1db6969d0e82bcb8df84c61f26c4eb05a6c214db9b98e769a370e0c6f", kill_on_drop: false }`
[INFO] [stderr]    Compiling libc v0.2.142
[INFO] [stderr]    Compiling cc v1.0.79
[INFO] [stderr]    Compiling autocfg v1.1.0
[INFO] [stderr]    Compiling io-lifetimes v1.0.10
[INFO] [stderr]    Compiling proc-macro2 v1.0.56
[INFO] [stderr]    Compiling rustix v0.37.18
[INFO] [stderr]    Compiling unicode-ident v1.0.8
[INFO] [stderr]    Compiling crossbeam-utils v0.8.15
[INFO] [stderr]    Compiling quote v1.0.26
[INFO] [stderr]     Checking linux-raw-sys v0.3.6
[INFO] [stderr]    Compiling log v0.4.17
[INFO] [stderr]     Checking utf8parse v0.2.1
[INFO] [stderr]     Checking anstyle v1.0.0
[INFO] [stderr]     Checking colorchoice v1.0.0
[INFO] [stderr]    Compiling spin v0.5.2
[INFO] [stderr]     Checking anstyle-query v1.0.0
[INFO] [stderr]    Compiling untrusted v0.7.1
[INFO] [stderr]     Checking anstyle-parse v0.2.0
[INFO] [stderr]    Compiling once_cell v1.17.1
[INFO] [stderr]    Compiling tinyvec_macros v0.1.1
[INFO] [stderr]    Compiling heck v0.4.1
[INFO] [stderr]     Checking strsim v0.10.0
[INFO] [stderr]     Checking clap_lex v0.4.1
[INFO] [stderr]    Compiling tinyvec v1.6.0
[INFO] [stderr]    Compiling crc32fast v1.3.2
[INFO] [stderr]    Compiling rayon-core v1.11.0
[INFO] [stderr]    Compiling percent-encoding v2.2.0
[INFO] [stderr]     Checking bytes v1.4.0
[INFO] [stderr]    Compiling unicode-bidi v0.3.13
[INFO] [stderr]    Compiling memoffset v0.8.0
[INFO] [stderr]    Compiling crossbeam-epoch v0.9.14
[INFO] [stderr]    Compiling rustls v0.20.8
[INFO] [stderr]     Checking hdrhist v0.5.0
[INFO] [stderr]    Compiling adler v1.0.2
[INFO] [stderr]    Compiling form_urlencoded v1.1.0
[INFO] [stderr]     Checking crossbeam-channel v0.5.8
[INFO] [stderr]    Compiling miniz_oxide v0.7.1
[INFO] [stderr]     Checking either v1.8.1
[INFO] [stderr]    Compiling base64 v0.13.1
[INFO] [stderr]     Checking chunked_transfer v1.4.1
[INFO] [stderr]     Checking time-core v0.1.0
[INFO] [stderr]     Checking ascii v1.1.0
[INFO] [stderr]     Checking httpdate v1.0.2
[INFO] [stderr]     Checking time v0.3.20
[INFO] [stderr]  Documenting hermit-abi v0.3.1 (/opt/rustwide/workdir/hermit-abi)
[INFO] [stderr]  Documenting hello_world v0.1.0 (/opt/rustwide/workdir/examples/hello_world)
[INFO] [stderr]    Compiling syn v2.0.15
[INFO] [stderr]     Checking crossbeam-deque v0.8.3
[INFO] [stderr]    Compiling unicode-normalization v0.1.22
[INFO] [stderr]     Checking tiny_http v0.12.0
[INFO] [stderr]    Compiling ring v0.16.20
[INFO] [stderr]    Compiling syscalls v0.6.10
[INFO] [stderr]    Compiling flate2 v1.0.26
[INFO] [stderr]  Documenting httpd v0.1.0 (/opt/rustwide/workdir/examples/httpd)
[INFO] [stderr]    Compiling idna v0.3.0
[INFO] [stderr]     Checking num_cpus v1.15.0
[INFO] [stderr]    Compiling xattr v0.2.3
[INFO] [stderr]    Compiling filetime v0.2.21
[INFO] [stderr]     Checking core_affinity v0.8.0
[INFO] [stderr]    Compiling tar v0.4.38
[INFO] [stderr]    Compiling url v2.3.1
[INFO] [stderr]     Checking rayon v1.7.0
[INFO] [stderr]     Checking is-terminal v0.4.7
[INFO] [stderr]     Checking anstream v0.3.1
[INFO] [stderr]     Checking clap_builder v4.2.5
[INFO] [stderr]    Compiling webpki v0.22.0
[INFO] [stderr]    Compiling sct v0.7.0
[INFO] [stderr]    Compiling clap_derive v4.2.0
[INFO] [stderr]    Compiling webpki-roots v0.22.6
[INFO] [stderr]  Documenting rusty_demo v0.1.0 (/opt/rustwide/workdir/examples/demo)
[INFO] [stderr]  Documenting micro_benchmarks v0.1.0 (/opt/rustwide/workdir/benches/micro)
[INFO] [stdout] error[E0554]: `#![feature]` may not be used on the stable release channel
[INFO] [stdout]  --> benches/micro/src/main.rs:3:12
[INFO] [stdout]   |
[INFO] [stdout] 3 | #![feature(test)]
[INFO] [stdout]   |            ^^^^
[INFO] [stdout] 
[INFO] [stdout] 
[INFO] [stdout] error[E0554]: `#![feature]` may not be used on the stable release channel
[INFO] [stdout]  --> examples/demo/src/main.rs:3:12
[INFO] [stdout]   |
[INFO] [stdout] 3 | #![feature(thread_id_value)]
[INFO] [stdout]   |            ^^^^^^^^^^^^^^^
[INFO] [stdout] 
[INFO] [stdout] 
[INFO] [stdout] error[E0554]: `#![feature]` may not be used on the stable release channel
[INFO] [stdout]  --> examples/demo/src/pi_sequential.rs:3:12
[INFO] [stdout]   |
[INFO] [stdout] 3 | #![feature(thread_id_value)]
[INFO] [stdout]   |            ^^^^^^^^^^^^^^^
[INFO] [stdout] 
[INFO] [stdout] 
[INFO] [stdout] error[E0554]: `#![feature]` may not be used on the stable release channel
[INFO] [stdout]  --> examples/demo/src/matrix_multiplication.rs:3:12
[INFO] [stdout]   |
[INFO] [stdout] 3 | #![feature(thread_id_value)]
[INFO] [stdout]   |            ^^^^^^^^^^^^^^^
[INFO] [stdout] 
[INFO] [stdout] 
[INFO] [stdout] error: aborting due to previous error
[INFO] [stdout] 
[INFO] [stdout] 
[INFO] [stdout] For more information about this error, try `rustc --explain E0554`.
[INFO] [stdout] 
[INFO] [stderr] error: could not document `micro_benchmarks`
[INFO] [stderr] 
[INFO] [stderr] Caused by:
[INFO] [stderr]   process didn't exit successfully: `rustdoc --edition=2021 --crate-type bin --crate-name micro_benchmarks benches/micro/src/main.rs -o /opt/rustwide/target/doc --cfg 'feature="acpi"' --cfg 'feature="default"' --cfg 'feature="pci"' --cfg 'feature="smp"' --error-format=json --json=diagnostic-rendered-ansi,artifacts,future-incompat --document-private-items '-Arustdoc::private-intra-doc-links' -C metadata=8aaa873eb9467982 -L dependency=/opt/rustwide/target/debug/deps --extern rayon=/opt/rustwide/target/debug/deps/librayon-09afefd1b633d7f2.rmeta --extern syscalls=/opt/rustwide/target/debug/deps/libsyscalls-95626dc366fddfdc.rmeta --cap-lints=warn --crate-version 0.1.0` (exit status: 1)
[INFO] [stderr] warning: build failed, waiting for other jobs to finish...
[INFO] [stdout] error: aborting due to previous error
[INFO] [stdout] 
[INFO] [stdout] 
[INFO] [stdout] For more information about this error, try `rustc --explain E0554`.
[INFO] [stdout] 
[INFO] [stdout] error: aborting due to previous error
[INFO] [stdout] 
[INFO] [stdout] 
[INFO] [stdout] error: aborting due to previous error
[INFO] [stdout] 
[INFO] [stdout] 
[INFO] [stdout] For more information about this error, try `rustc --explain E0554`.
[INFO] [stdout] 
[INFO] [stdout] For more information about this error, try `rustc --explain E0554`.
[INFO] [stdout] 
[INFO] [stderr] error: could not document `rusty_demo`
[INFO] [stderr] 
[INFO] [stderr] Caused by:
[INFO] [stderr]   process didn't exit successfully: `rustdoc --edition=2021 --crate-type bin --crate-name rusty_demo examples/demo/src/main.rs -o /opt/rustwide/target/doc --cfg 'feature="acpi"' --cfg 'feature="default"' --cfg 'feature="pci"' --cfg 'feature="smp"' --error-format=json --json=diagnostic-rendered-ansi,artifacts,future-incompat --document-private-items '-Arustdoc::private-intra-doc-links' -C metadata=bf08e9d4c021cd90 -L dependency=/opt/rustwide/target/debug/deps --extern num_cpus=/opt/rustwide/target/debug/deps/libnum_cpus-2aab1391e3a1604b.rmeta --extern rayon=/opt/rustwide/target/debug/deps/librayon-09afefd1b633d7f2.rmeta --cap-lints=warn --crate-version 0.1.0` (exit status: 1)
[INFO] [stderr] error: could not document `rusty_demo`
[INFO] [stderr] 
[INFO] [stderr] Caused by:
[INFO] [stderr]   process didn't exit successfully: `rustdoc --edition=2021 --crate-type bin --crate-name pi_sequential examples/demo/src/pi_sequential.rs -o /opt/rustwide/target/doc --cfg 'feature="acpi"' --cfg 'feature="default"' --cfg 'feature="pci"' --cfg 'feature="smp"' --error-format=json --json=diagnostic-rendered-ansi,artifacts,future-incompat --document-private-items '-Arustdoc::private-intra-doc-links' -C metadata=21aee4ab3b0e59c6 -L dependency=/opt/rustwide/target/debug/deps --extern num_cpus=/opt/rustwide/target/debug/deps/libnum_cpus-2aab1391e3a1604b.rmeta --extern rayon=/opt/rustwide/target/debug/deps/librayon-09afefd1b633d7f2.rmeta --cap-lints=warn --crate-version 0.1.0` (exit status: 1)
[INFO] [stderr] error: could not document `rusty_demo`
[INFO] [stderr] 
[INFO] [stderr] Caused by:
[INFO] [stderr]   process didn't exit successfully: `rustdoc --edition=2021 --crate-type bin --crate-name matrix_multiplcation examples/demo/src/matrix_multiplication.rs -o /opt/rustwide/target/doc --cfg 'feature="acpi"' --cfg 'feature="default"' --cfg 'feature="pci"' --cfg 'feature="smp"' --error-format=json --json=diagnostic-rendered-ansi,artifacts,future-incompat --document-private-items '-Arustdoc::private-intra-doc-links' -C metadata=ee8cb4089cb67ea1 -L dependency=/opt/rustwide/target/debug/deps --extern num_cpus=/opt/rustwide/target/debug/deps/libnum_cpus-2aab1391e3a1604b.rmeta --extern rayon=/opt/rustwide/target/debug/deps/librayon-09afefd1b633d7f2.rmeta --cap-lints=warn --crate-version 0.1.0` (exit status: 1)
[INFO] running `Command { std: "docker" "inspect" "470380e1db6969d0e82bcb8df84c61f26c4eb05a6c214db9b98e769a370e0c6f", kill_on_drop: false }`
[INFO] running `Command { std: "docker" "rm" "-f" "470380e1db6969d0e82bcb8df84c61f26c4eb05a6c214db9b98e769a370e0c6f", kill_on_drop: false }`
[INFO] [stdout] 470380e1db6969d0e82bcb8df84c61f26c4eb05a6c214db9b98e769a370e0c6f
