[INFO] cloning repository https://github.com/mwillsey/ruler
[INFO] running `Command { std: "git" "-c" "credential.helper=" "-c" "credential.helper=/workspace/cargo-home/bin/git-credential-null" "clone" "--bare" "https://github.com/mwillsey/ruler" "/workspace/cache/git-repos/https%3A%2F%2Fgithub.com%2Fmwillsey%2Fruler", kill_on_drop: false }`
[INFO] [stderr] Cloning into bare repository '/workspace/cache/git-repos/https%3A%2F%2Fgithub.com%2Fmwillsey%2Fruler'...
[INFO] running `Command { std: "git" "rev-parse" "HEAD", kill_on_drop: false }`
[INFO] [stdout] 282f245eb31cbc83f958e85ec734d21b7984fb55
[INFO] documenting mwillsey/ruler against 1.69.0 for beta-1.70-rustdoc-1
[INFO] running `Command { std: "git" "clone" "/workspace/cache/git-repos/https%3A%2F%2Fgithub.com%2Fmwillsey%2Fruler" "/workspace/builds/worker-7-tc1/source", kill_on_drop: false }`
[INFO] [stderr] Cloning into '/workspace/builds/worker-7-tc1/source'...
[INFO] [stderr] done.
[INFO] validating manifest of git repo https://github.com/mwillsey/ruler on toolchain 1.69.0
[INFO] running `Command { std: CARGO_HOME="/workspace/cargo-home" RUSTUP_HOME="/workspace/rustup-home" "/workspace/cargo-home/bin/cargo" "+1.69.0" "metadata" "--manifest-path" "Cargo.toml" "--no-deps", kill_on_drop: false }`
[INFO] removed /workspace/builds/worker-7-tc1/source/.cargo/config
[INFO] removed /workspace/builds/worker-7-tc1/source/rust-toolchain
[INFO] started tweaking git repo https://github.com/mwillsey/ruler
[INFO] finished tweaking git repo https://github.com/mwillsey/ruler
[INFO] tweaked toml for git repo https://github.com/mwillsey/ruler written to /workspace/builds/worker-7-tc1/source/Cargo.toml
[INFO] running `Command { std: CARGO_HOME="/workspace/cargo-home" RUSTUP_HOME="/workspace/rustup-home" __CARGO_TEST_CHANNEL_OVERRIDE_DO_NOT_USE_THIS="nightly" "/workspace/cargo-home/bin/cargo" "+1.69.0" "generate-lockfile" "--manifest-path" "Cargo.toml" "-Zno-index-update", kill_on_drop: false }`
[INFO] running `Command { std: CARGO_HOME="/workspace/cargo-home" RUSTUP_HOME="/workspace/rustup-home" "/workspace/cargo-home/bin/cargo" "+1.69.0" "fetch" "--manifest-path" "Cargo.toml", kill_on_drop: false }`
[INFO] [stderr]  Downloading crates ...
[INFO] [stderr]   Downloaded smallstr v0.3.0
[INFO] [stderr]   Downloaded symbol_table v0.2.0
[INFO] [stderr]   Downloaded symbolic_expressions v5.0.3
[INFO] [stderr]   Downloaded egg v0.9.3
[INFO] [stderr]   Downloaded z3 v0.10.0
[INFO] [stderr]   Downloaded z3-sys v0.6.3
[INFO] running `Command { std: "docker" "create" "-v" "/var/lib/crater-agent-workspace/builds/worker-7-tc1/target:/opt/rustwide/target:rw,Z" "-v" "/var/lib/crater-agent-workspace/builds/worker-7-tc1/source:/opt/rustwide/workdir:ro,Z" "-v" "/var/lib/crater-agent-workspace/cargo-home:/opt/rustwide/cargo-home:ro,Z" "-v" "/var/lib/crater-agent-workspace/rustup-home:/opt/rustwide/rustup-home:ro,Z" "-e" "SOURCE_DIR=/opt/rustwide/workdir" "-e" "CARGO_TARGET_DIR=/opt/rustwide/target" "-e" "CARGO_HOME=/opt/rustwide/cargo-home" "-e" "RUSTUP_HOME=/opt/rustwide/rustup-home" "-w" "/opt/rustwide/workdir" "-m" "1610612736" "--user" "0:0" "--network" "none" "ghcr.io/rust-lang/crates-build-env/linux@sha256:5ff2268d62e97bff2cde7d5815dd6ed5b47097566f13b8d0ca110b04b60e07ed" "/opt/rustwide/cargo-home/bin/cargo" "+1.69.0" "metadata" "--no-deps" "--format-version=1", kill_on_drop: false }`
[INFO] [stdout] 33d41dce75d85801e36ad1089897a89779a06afea3b59eab7c9646bc752dfd3d
[INFO] running `Command { std: "docker" "start" "-a" "33d41dce75d85801e36ad1089897a89779a06afea3b59eab7c9646bc752dfd3d", kill_on_drop: false }`
[INFO] running `Command { std: "docker" "inspect" "33d41dce75d85801e36ad1089897a89779a06afea3b59eab7c9646bc752dfd3d", kill_on_drop: false }`
[INFO] running `Command { std: "docker" "rm" "-f" "33d41dce75d85801e36ad1089897a89779a06afea3b59eab7c9646bc752dfd3d", kill_on_drop: false }`
[INFO] [stdout] 33d41dce75d85801e36ad1089897a89779a06afea3b59eab7c9646bc752dfd3d
[INFO] running `Command { std: "docker" "create" "-v" "/var/lib/crater-agent-workspace/builds/worker-7-tc1/target:/opt/rustwide/target:rw,Z" "-v" "/var/lib/crater-agent-workspace/builds/worker-7-tc1/source:/opt/rustwide/workdir:ro,Z" "-v" "/var/lib/crater-agent-workspace/cargo-home:/opt/rustwide/cargo-home:ro,Z" "-v" "/var/lib/crater-agent-workspace/rustup-home:/opt/rustwide/rustup-home:ro,Z" "-e" "SOURCE_DIR=/opt/rustwide/workdir" "-e" "CARGO_TARGET_DIR=/opt/rustwide/target" "-e" "CARGO_INCREMENTAL=0" "-e" "RUST_BACKTRACE=full" "-e" "RUSTFLAGS=--cap-lints=warn" "-e" "RUSTDOCFLAGS=--cap-lints=warn" "-e" "CARGO_HOME=/opt/rustwide/cargo-home" "-e" "RUSTUP_HOME=/opt/rustwide/rustup-home" "-w" "/opt/rustwide/workdir" "-m" "1610612736" "--user" "0:0" "--network" "none" "ghcr.io/rust-lang/crates-build-env/linux@sha256:5ff2268d62e97bff2cde7d5815dd6ed5b47097566f13b8d0ca110b04b60e07ed" "/opt/rustwide/cargo-home/bin/cargo" "+1.69.0" "doc" "--frozen" "--no-deps" "--document-private-items" "--message-format=json", kill_on_drop: false }`
[INFO] [stdout] 0880700dbf0a717a9af4ab7386bd38a90ee36b2fdb39ab634209359a7b149516
[INFO] running `Command { std: "docker" "start" "-a" "0880700dbf0a717a9af4ab7386bd38a90ee36b2fdb39ab634209359a7b149516", kill_on_drop: false }`
[INFO] [stderr]    Compiling libc v0.2.142
[INFO] [stderr]    Compiling proc-macro2 v1.0.56
[INFO] [stderr]    Compiling quote v1.0.26
[INFO] [stderr]    Compiling unicode-ident v1.0.8
[INFO] [stderr]    Compiling num-traits v0.2.15
[INFO] [stderr]    Compiling crossbeam-utils v0.8.15
[INFO] [stderr]     Checking once_cell v1.17.1
[INFO] [stderr]    Compiling memoffset v0.8.0
[INFO] [stderr]    Compiling num-integer v0.1.45
[INFO] [stderr]    Compiling crossbeam-epoch v0.9.14
[INFO] [stderr]    Compiling indexmap v1.9.3
[INFO] [stderr]     Checking ppv-lite86 v0.2.17
[INFO] [stderr]    Compiling ahash v0.7.6
[INFO] [stderr]    Compiling cc v1.0.79
[INFO] [stderr]    Compiling syn v1.0.109
[INFO] [stderr]    Compiling num-bigint v0.3.3
[INFO] [stderr]    Compiling serde_derive v1.0.160
[INFO] [stderr]    Compiling num-iter v0.1.43
[INFO] [stderr]    Compiling num-rational v0.3.2
[INFO] [stderr]    Compiling serde v1.0.160
[INFO] [stderr]    Compiling thiserror v1.0.40
[INFO] [stderr]    Compiling rayon-core v1.11.0
[INFO] [stderr]     Checking byteorder v1.4.3
[INFO] [stderr]    Compiling cmake v0.1.50
[INFO] [stderr]     Checking either v1.8.1
[INFO] [stderr]     Checking os_str_bytes v6.5.0
[INFO] [stderr]    Compiling libm v0.2.6
[INFO] [stderr]    Compiling heck v0.4.1
[INFO] [stderr]    Compiling serde_json v1.0.96
[INFO] [stderr]     Checking smallvec v1.10.0
[INFO] [stderr]     Checking clap_lex v0.2.4
[INFO] [stderr]     Checking fxhash v0.2.1
[INFO] [stderr]     Checking env_logger v0.9.3
[INFO] [stderr]     Checking instant v0.1.12
[INFO] [stderr]     Checking itoa v1.0.6
[INFO] [stderr]     Checking symbolic_expressions v5.0.3
[INFO] [stderr]     Checking crossbeam-channel v0.5.8
[INFO] [stderr]     Checking textwrap v0.16.0
[INFO] [stderr]     Checking ryu v1.0.13
[INFO] [stderr]     Checking termcolor v1.2.0
[INFO] [stderr]     Checking smallstr v0.3.0
[INFO] [stderr]     Checking itertools v0.9.0
[INFO] [stderr]     Checking env_logger v0.7.1
[INFO] [stderr]     Checking rustc-hash v1.1.0
[INFO] [stderr]     Checking crossbeam-deque v0.8.3
[INFO] [stderr]    Compiling z3-sys v0.6.3
[INFO] [stderr]     Checking getrandom v0.2.9
[INFO] [stderr]     Checking getrandom v0.1.16
[INFO] [stderr]     Checking num_cpus v1.15.0
[INFO] [stderr]     Checking atty v0.2.14
[INFO] [stderr]    Compiling syn v2.0.15
[INFO] [stderr]    Compiling proc-macro-error-attr v1.0.4
[INFO] [stderr]     Checking rand_core v0.5.1
[INFO] [stderr]     Checking rand_chacha v0.2.2
[INFO] [stderr]     Checking rand_pcg v0.2.1
[INFO] [stderr]     Checking hashbrown v0.12.3
[INFO] [stderr]     Checking rand v0.7.3
[INFO] [stderr]     Checking num-complex v0.3.1
[INFO] [stderr]     Checking ordered-float v2.10.0
[INFO] [stderr]     Checking float-cmp v0.8.0
[INFO] [stderr]     Checking rayon v1.7.0
[INFO] [stderr]     Checking symbol_table v0.2.0
[INFO] [stderr]    Compiling thiserror-impl v1.0.40
[INFO] [stderr]     Checking num v0.3.1
[INFO] [stderr]    Compiling proc-macro-error v1.0.4
[INFO] [stderr]     Checking egg v0.9.3
[INFO] [stderr]    Compiling clap_derive v3.2.25
[INFO] [stderr]     Checking clap v3.2.25
[INFO] [stderr] error: failed to run custom build command for `z3-sys v0.6.3`
[INFO] [stderr] note: To improve backtraces for build dependencies, set the CARGO_PROFILE_DEV_BUILD_OVERRIDE_DEBUG=true environment variable to enable debug information generation.
[INFO] [stderr] 
[INFO] [stderr] Caused by:
[INFO] [stderr]   process didn't exit successfully: `/opt/rustwide/target/debug/build/z3-sys-42997c92d8000167/build-script-build` (exit status: 101)
[INFO] [stderr]   --- stdout
[INFO] [stderr]   CMAKE_TOOLCHAIN_FILE_x86_64-unknown-linux-gnu = None
[INFO] [stderr]   CMAKE_TOOLCHAIN_FILE_x86_64_unknown_linux_gnu = None
[INFO] [stderr]   HOST_CMAKE_TOOLCHAIN_FILE = None
[INFO] [stderr]   CMAKE_TOOLCHAIN_FILE = None
[INFO] [stderr]   CMAKE_GENERATOR_x86_64-unknown-linux-gnu = None
[INFO] [stderr]   CMAKE_GENERATOR_x86_64_unknown_linux_gnu = None
[INFO] [stderr]   HOST_CMAKE_GENERATOR = None
[INFO] [stderr]   CMAKE_GENERATOR = None
[INFO] [stderr]   CMAKE_PREFIX_PATH_x86_64-unknown-linux-gnu = None
[INFO] [stderr]   CMAKE_PREFIX_PATH_x86_64_unknown_linux_gnu = None
[INFO] [stderr]   HOST_CMAKE_PREFIX_PATH = None
[INFO] [stderr]   CMAKE_PREFIX_PATH = None
[INFO] [stderr]   CMAKE_x86_64-unknown-linux-gnu = None
[INFO] [stderr]   CMAKE_x86_64_unknown_linux_gnu = None
[INFO] [stderr]   HOST_CMAKE = None
[INFO] [stderr]   CMAKE = None
[INFO] [stderr]   running: cd "/opt/rustwide/target/debug/build/z3-sys-682ed14b7e1f5017/out/build" && CMAKE_PREFIX_PATH="" "cmake" "/opt/rustwide/cargo-home/registry/src/github.com-1ecc6299db9ec823/z3-sys-0.6.3/z3" "-DZ3_BUILD_LIBZ3_SHARED=false" "-DZ3_BUILD_EXECUTABLE=false" "-DZ3_BUILD_TEST_EXECUTABLES=false" "-DCMAKE_INSTALL_PREFIX=/opt/rustwide/target/debug/build/z3-sys-682ed14b7e1f5017/out" "-DCMAKE_C_FLAGS= -ffunction-sections -fdata-sections -fPIC -m64" "-DCMAKE_C_COMPILER=/usr/bin/cc" "-DCMAKE_CXX_FLAGS= -ffunction-sections -fdata-sections -fPIC -m64" "-DCMAKE_CXX_COMPILER=/usr/bin/c++" "-DCMAKE_ASM_FLAGS= -ffunction-sections -fdata-sections -fPIC -m64" "-DCMAKE_ASM_COMPILER=/usr/bin/cc" "-DCMAKE_BUILD_TYPE=Debug"
[INFO] [stderr]   -- The CXX compiler identification is GNU 11.3.0
[INFO] [stderr]   -- Detecting CXX compiler ABI info
[INFO] [stderr]   -- Detecting CXX compiler ABI info - done
[INFO] [stderr]   -- Check for working CXX compiler: /usr/bin/c++ - skipped
[INFO] [stderr]   -- Detecting CXX compile features
[INFO] [stderr]   -- Detecting CXX compile features - done
[INFO] [stderr]   -- Z3 version 4.8.9.0
[INFO] [stderr]   -- Failed to find git directory.
[INFO] [stderr]   -- CMake generator: Unix Makefiles
[INFO] [stderr]   -- Build type: Debug
[INFO] [stderr]   -- Found PythonInterp: /usr/bin/python3.10 (found version "3.10.6") 
[INFO] [stderr]   -- PYTHON_EXECUTABLE: /usr/bin/python3.10
[INFO] [stderr]   -- Detected target architecture: x86_64
[INFO] [stderr]   -- Platform: Linux
[INFO] [stderr]   -- Not using libgmp
[INFO] [stderr]   -- Not using Z3_API_LOG_SYNC
[INFO] [stderr]   -- Thread-safe build
[INFO] [stderr]   -- Performing Test HAS_SSE2
[INFO] [stderr]   -- Performing Test HAS_SSE2 - Success
[INFO] [stderr]   -- Looking for C++ include pthread.h
[INFO] [stderr]   -- Looking for C++ include pthread.h - found
[INFO] [stderr]   -- Performing Test CMAKE_HAVE_LIBC_PTHREAD
[INFO] [stderr]   -- Performing Test CMAKE_HAVE_LIBC_PTHREAD - Success
[INFO] [stderr]   -- Found Threads: TRUE  
[INFO] [stderr]   -- Performing Test HAS__Wall
[INFO] [stderr]   -- Performing Test HAS__Wall - Success
[INFO] [stderr]   -- C++ compiler supports -Wall
[INFO] [stderr]   -- Treating only serious compiler warnings as errors
[INFO] [stderr]   -- Performing Test HAS__Werror_odr
[INFO] [stderr]   -- Performing Test HAS__Werror_odr - Success
[INFO] [stderr]   -- C++ compiler supports -Werror=odr
[INFO] [stderr]   -- Performing Test HAS__fvisibility_hidden
[INFO] [stderr]   -- Performing Test HAS__fvisibility_hidden - Success
[INFO] [stderr]   -- C++ compiler supports -fvisibility=hidden
[INFO] [stderr]   -- Performing Test HAS__fPIC
[INFO] [stderr]   -- Performing Test HAS__fPIC - Success
[INFO] [stderr]   -- C++ compiler supports -fPIC
[INFO] [stderr]   -- LTO disabled
[INFO] [stderr]   -- CMAKE_CXX_FLAGS: " -ffunction-sections -fdata-sections -fPIC -m64 -Werror=odr "
[INFO] [stderr]   -- CMAKE_EXE_LINKER_FLAGS: ""
[INFO] [stderr]   -- CMAKE_STATIC_LINKER_FLAGS: ""
[INFO] [stderr]   -- CMAKE_SHARED_LINKER_FLAGS: ""
[INFO] [stderr]   -- CMAKE_CXX_FLAGS_DEBUG: "-g -O0"
[INFO] [stderr]   -- CMAKE_EXE_LINKER_FLAGS_DEBUG: ""
[INFO] [stderr]   -- CMAKE_SHARED_LINKER_FLAGS_DEBUG: ""
[INFO] [stderr]   -- CMAKE_STATIC_LINKER_FLAGS_DEBUG: ""
[INFO] [stderr]   -- Z3_COMPONENT_CXX_DEFINES: $<$<CONFIG:Debug>:Z3DEBUG>;$<$<CONFIG:Release>:_EXTERNAL_RELEASE>;$<$<CONFIG:RelWithDebInfo>:_EXTERNAL_RELEASE>;-D_LINUX_;-D_USE_THREAD_LOCAL;-D_MP_INTERNAL;$<$<CONFIG:Debug>:_TRACE>
[INFO] [stderr]   -- Z3_COMPONENT_CXX_FLAGS: -mfpmath=sse;-msse;-msse2;-Wall;-fvisibility=hidden;-fPIC
[INFO] [stderr]   -- Z3_DEPENDENT_LIBS: 
[INFO] [stderr]   -- Z3_COMPONENT_EXTRA_INCLUDE_DIRS: /opt/rustwide/target/debug/build/z3-sys-682ed14b7e1f5017/out/build/src;/opt/rustwide/cargo-home/registry/src/github.com-1ecc6299db9ec823/z3-sys-0.6.3/z3/src
[INFO] [stderr]   -- Z3_DEPENDENT_EXTRA_CXX_LINK_FLAGS: 
[INFO] [stderr]   -- CMAKE_INSTALL_LIBDIR: "lib"
[INFO] [stderr]   -- CMAKE_INSTALL_BINDIR: "bin"
[INFO] [stderr]   -- CMAKE_INSTALL_INCLUDEDIR: "include"
[INFO] [stderr]   -- CMAKE_INSTALL_PKGCONFIGDIR: "lib/pkgconfig"
[INFO] [stderr]   -- CMAKE_INSTALL_Z3_CMAKE_PACKAGE_DIR: "lib/cmake/z3"
[INFO] [stderr]   -- Adding component util
[INFO] [stderr]   -- Adding component polynomial
[INFO] [stderr]   -- Adding rule to generate "algebraic_params.hpp"
[INFO] [stderr]   -- Adding component dd
[INFO] [stderr]   -- Adding component hilbert
[INFO] [stderr]   -- Adding component simplex
[INFO] [stderr]   -- Adding component automata
[INFO] [stderr]   -- Adding component interval
[INFO] [stderr]   -- Adding component realclosure
[INFO] [stderr]   -- Adding rule to generate "rcf_params.hpp"
[INFO] [stderr]   -- Adding component subpaving
[INFO] [stderr]   -- Adding component ast
[INFO] [stderr]   -- Adding rule to generate "pp_params.hpp"
[INFO] [stderr]   -- Adding component params
[INFO] [stderr]   -- Adding rule to generate "arith_rewriter_params.hpp"
[INFO] [stderr]   -- Adding rule to generate "array_rewriter_params.hpp"
[INFO] [stderr]   -- Adding rule to generate "bool_rewriter_params.hpp"
[INFO] [stderr]   -- Adding rule to generate "bv_rewriter_params.hpp"
[INFO] [stderr]   -- Adding rule to generate "fpa_rewriter_params.hpp"
[INFO] [stderr]   -- Adding rule to generate "fpa2bv_rewriter_params.hpp"
[INFO] [stderr]   -- Adding rule to generate "pattern_inference_params_helper.hpp"
[INFO] [stderr]   -- Adding rule to generate "poly_rewriter_params.hpp"
[INFO] [stderr]   -- Adding rule to generate "rewriter_params.hpp"
[INFO] [stderr]   -- Adding rule to generate "seq_rewriter_params.hpp"
[INFO] [stderr]   -- Adding component rewriter
[INFO] [stderr]   -- Adding component normal_forms
[INFO] [stderr]   -- Adding rule to generate "nnf_params.hpp"
[INFO] [stderr]   -- Adding component model
[INFO] [stderr]   -- Adding rule to generate "model_evaluator_params.hpp"
[INFO] [stderr]   -- Adding rule to generate "model_params.hpp"
[INFO] [stderr]   -- Adding component tactic
[INFO] [stderr]   -- Adding rule to generate "tactic_params.hpp"
[INFO] [stderr]   -- Adding component substitution
[INFO] [stderr]   -- Adding component euf
[INFO] [stderr]   -- Adding component parser_util
[INFO] [stderr]   -- Adding rule to generate "parser_params.hpp"
[INFO] [stderr]   -- Adding component grobner
[INFO] [stderr]   -- Adding component sat
[INFO] [stderr]   -- Adding rule to generate "sat_asymm_branch_params.hpp"
[INFO] [stderr]   -- Adding rule to generate "sat_params.hpp"
[INFO] [stderr]   -- Adding rule to generate "sat_scc_params.hpp"
[INFO] [stderr]   -- Adding rule to generate "sat_simplifier_params.hpp"
[INFO] [stderr]   -- Adding component nlsat
[INFO] [stderr]   -- Adding rule to generate "nlsat_params.hpp"
[INFO] [stderr]   -- Adding component lp
[INFO] [stderr]   -- Adding component core_tactics
[INFO] [stderr]   -- Adding component subpaving_tactic
[INFO] [stderr]   -- Adding component aig_tactic
[INFO] [stderr]   -- Adding component arith_tactics
[INFO] [stderr]   -- Adding component solver
[INFO] [stderr]   -- Adding rule to generate "combined_solver_params.hpp"
[INFO] [stderr]   -- Adding rule to generate "parallel_params.hpp"
[INFO] [stderr]   -- Adding rule to generate "solver_params.hpp"
[INFO] [stderr]   -- Adding component cmd_context
[INFO] [stderr]   -- Adding component extra_cmds
[INFO] [stderr]   -- Adding component smt2parser
[INFO] [stderr]   -- Adding component macros
[INFO] [stderr]   -- Adding component pattern
[INFO] [stderr]   -- Adding component bit_blaster
[INFO] [stderr]   -- Adding component smt_params
[INFO] [stderr]   -- Adding rule to generate "smt_params_helper.hpp"
[INFO] [stderr]   -- Adding component sat_smt
[INFO] [stderr]   -- Adding component sat_tactic
[INFO] [stderr]   -- Adding component nlsat_tactic
[INFO] [stderr]   -- Adding component ackermannization
[INFO] [stderr]   -- Adding rule to generate "ackermannization_params.hpp"
[INFO] [stderr]   -- Adding rule to generate "ackermannize_bv_tactic_params.hpp"
[INFO] [stderr]   -- Adding component proofs
[INFO] [stderr]   -- Adding component fpa
[INFO] [stderr]   -- Adding component proto_model
[INFO] [stderr]   -- Adding component smt
[INFO] [stderr]   -- Adding component bv_tactics
[INFO] [stderr]   -- Adding component smt_tactic
[INFO] [stderr]   -- Adding component sls_tactic
[INFO] [stderr]   -- Adding rule to generate "sls_params.hpp"
[INFO] [stderr]   -- Adding component qe
[INFO] [stderr]   -- Adding component muz
[INFO] [stderr]   -- Adding rule to generate "fp_params.hpp"
[INFO] [stderr]   -- Adding component dataflow
[INFO] [stderr]   -- Adding component transforms
[INFO] [stderr]   -- Adding component rel
[INFO] [stderr]   -- Adding component clp
[INFO] [stderr]   -- Adding component tab
[INFO] [stderr]   -- Adding component bmc
[INFO] [stderr]   -- Adding component ddnf
[INFO] [stderr]   -- Adding component spacer
[INFO] [stderr]   -- Adding component fp
[INFO] [stderr]   -- Adding component ufbv_tactic
[INFO] [stderr]   -- Adding component sat_solver
[INFO] [stderr]   -- Adding component smtlogic_tactics
[INFO] [stderr]   -- Adding rule to generate "qfufbv_tactic_params.hpp"
[INFO] [stderr]   -- Adding component fpa_tactics
[INFO] [stderr]   -- Adding component fd_solver
[INFO] [stderr]   -- Adding component portfolio
[INFO] [stderr]   -- Adding component opt
[INFO] [stderr]   -- Adding rule to generate "opt_params.hpp"
[INFO] [stderr]   -- Adding component api
[INFO] [stderr]   -- Adding component api_dll
[INFO] [stderr]   -- Building documentation disabled
[INFO] [stderr]   -- Configuring done
[INFO] [stderr]   -- Generating done
[INFO] [stderr]   -- Build files have been written to: /opt/rustwide/target/debug/build/z3-sys-682ed14b7e1f5017/out/build
[INFO] [stderr]   running: cd "/opt/rustwide/target/debug/build/z3-sys-682ed14b7e1f5017/out/build" && MAKEFLAGS="-j --jobserver-fds=14,15 --jobserver-auth=14,15" "cmake" "--build" "." "--target" "install" "--config" "Debug"
[INFO] [stderr]   [  0%] Building CXX object src/util/CMakeFiles/util.dir/approx_nat.cpp.o
[INFO] [stderr]   [  0%] Building CXX object src/util/CMakeFiles/util.dir/approx_set.cpp.o
[INFO] [stderr]   [  1%] Building CXX object src/util/CMakeFiles/util.dir/bit_util.cpp.o
[INFO] [stderr]   [  1%] Building CXX object src/util/CMakeFiles/util.dir/bit_vector.cpp.o
[INFO] [stderr]   [  1%] Building CXX object src/util/CMakeFiles/util.dir/cmd_context_types.cpp.o
[INFO] [stderr]   [  1%] Building CXX object src/util/CMakeFiles/util.dir/common_msgs.cpp.o
[INFO] [stderr]   [  1%] Building CXX object src/util/CMakeFiles/util.dir/debug.cpp.o
[INFO] [stderr]   [  1%] Building CXX object src/util/CMakeFiles/util.dir/env_params.cpp.o
[INFO] [stderr]   [  1%] Building CXX object src/util/CMakeFiles/util.dir/fixed_bit_vector.cpp.o
[INFO] [stderr]   [  2%] Building CXX object src/util/CMakeFiles/util.dir/hash.cpp.o
[INFO] [stderr]   [  2%] Building CXX object src/util/CMakeFiles/util.dir/gparams.cpp.o
[INFO] [stderr]   [  2%] Building CXX object src/util/CMakeFiles/util.dir/hwf.cpp.o
[INFO] [stderr]   [  2%] Building CXX object src/util/CMakeFiles/util.dir/inf_int_rational.cpp.o
[INFO] [stderr]   [  2%] Building CXX object src/util/CMakeFiles/util.dir/inf_rational.cpp.o
[INFO] [stderr]   [  2%] Building CXX object src/util/CMakeFiles/util.dir/inf_s_integer.cpp.o
[INFO] [stderr]   [  2%] Building CXX object src/util/CMakeFiles/util.dir/lbool.cpp.o
[INFO] [stderr]   [  2%] Building CXX object src/util/CMakeFiles/util.dir/luby.cpp.o
[INFO] [stderr]   [  2%] Building CXX object src/util/CMakeFiles/util.dir/memory_manager.cpp.o
[INFO] [stderr]   [  3%] Building CXX object src/util/CMakeFiles/util.dir/min_cut.cpp.o
[INFO] [stderr]   [  3%] Building CXX object src/util/CMakeFiles/util.dir/mpbq.cpp.o
[INFO] [stderr]   [  3%] Building CXX object src/util/CMakeFiles/util.dir/mpf.cpp.o
[INFO] [stderr]   [  3%] Building CXX object src/util/CMakeFiles/util.dir/mpff.cpp.o
[INFO] [stderr]   [  3%] Building CXX object src/util/CMakeFiles/util.dir/mpfx.cpp.o
[INFO] [stderr]   [  3%] Building CXX object src/util/CMakeFiles/util.dir/mpn.cpp.o
[INFO] [stderr]   [  3%] Building CXX object src/util/CMakeFiles/util.dir/mpq.cpp.o
[INFO] [stderr]   [  4%] Building CXX object src/util/CMakeFiles/util.dir/mpz.cpp.o
[INFO] [stderr]   [  4%] Building CXX object src/util/CMakeFiles/util.dir/mpq_inf.cpp.o
[INFO] [stderr]   [  4%] Building CXX object src/util/CMakeFiles/util.dir/page.cpp.o
[INFO] [stderr]   [  4%] Building CXX object src/util/CMakeFiles/util.dir/params.cpp.o
[INFO] [stderr]   [  4%] Building CXX object src/util/CMakeFiles/util.dir/permutation.cpp.o
[INFO] [stderr]   [  4%] Building CXX object src/util/CMakeFiles/util.dir/prime_generator.cpp.o
[INFO] [stderr]   [  4%] Building CXX object src/util/CMakeFiles/util.dir/rational.cpp.o
[INFO] [stderr]   [  4%] Building CXX object src/util/CMakeFiles/util.dir/region.cpp.o
[INFO] [stderr]   [  4%] Building CXX object src/util/CMakeFiles/util.dir/rlimit.cpp.o
[INFO] [stderr]   [  5%] Building CXX object src/util/CMakeFiles/util.dir/scoped_ctrl_c.cpp.o
[INFO] [stderr]   [  5%] Building CXX object src/util/CMakeFiles/util.dir/scoped_timer.cpp.o
[INFO] [stderr]   [  5%] Building CXX object src/util/CMakeFiles/util.dir/sexpr.cpp.o
[INFO] [stderr]   [  5%] Building CXX object src/util/CMakeFiles/util.dir/s_integer.cpp.o
[INFO] [stderr]   [  5%] Building CXX object src/util/CMakeFiles/util.dir/small_object_allocator.cpp.o
[INFO] [stderr]   [  5%] Building CXX object src/util/CMakeFiles/util.dir/smt2_util.cpp.o
[INFO] [stderr]   [  5%] Building CXX object src/util/CMakeFiles/util.dir/stack.cpp.o
[INFO] [stderr]   [  5%] Building CXX object src/util/CMakeFiles/util.dir/state_graph.cpp.o
[INFO] [stderr]   [  6%] Building CXX object src/util/CMakeFiles/util.dir/statistics.cpp.o
[INFO] [stderr]   [  6%] Building CXX object src/util/CMakeFiles/util.dir/symbol.cpp.o
[INFO] [stderr]   [  6%] Building CXX object src/util/CMakeFiles/util.dir/timeit.cpp.o
[INFO] [stderr]   [  6%] Building CXX object src/util/CMakeFiles/util.dir/timeout.cpp.o
[INFO] [stderr]   [  6%] Building CXX object src/util/CMakeFiles/util.dir/trace.cpp.o
[INFO] [stderr]   [  6%] Building CXX object src/util/CMakeFiles/util.dir/util.cpp.o
[INFO] [stderr]   [  6%] Building CXX object src/util/CMakeFiles/util.dir/warning.cpp.o
[INFO] [stderr]   [  6%] Building CXX object src/util/CMakeFiles/util.dir/z3_exception.cpp.o
[INFO] [stderr]   [  6%] Built target util
[INFO] [stderr]   [  6%] Generating "/opt/rustwide/target/debug/build/z3-sys-682ed14b7e1f5017/out/build/src/math/polynomial/algebraic_params.hpp" from "algebraic_params.pyg"
[INFO] [stderr]   [  6%] Building CXX object src/math/automata/CMakeFiles/automata.dir/automaton.cpp.o
[INFO] [stderr]   [  6%] Building CXX object src/math/simplex/CMakeFiles/simplex.dir/simplex.cpp.o
[INFO] [stderr]   [  6%] Building CXX object src/math/dd/CMakeFiles/dd.dir/dd_pdd.cpp.o
[INFO] [stderr]   [  6%] Building CXX object src/math/dd/CMakeFiles/dd.dir/dd_bdd.cpp.o
[INFO] [stderr]   [  6%] Building CXX object src/math/hilbert/CMakeFiles/hilbert.dir/hilbert_basis.cpp.o
[INFO] [stderr]   [  6%] Building CXX object src/math/simplex/CMakeFiles/simplex.dir/bit_matrix.cpp.o
[INFO] [stderr]   [  7%] Building CXX object src/math/simplex/CMakeFiles/simplex.dir/model_based_opt.cpp.o
[INFO] [stderr]   [  7%] Building CXX object src/math/interval/CMakeFiles/interval.dir/interval_mpq.cpp.o
[INFO] [stderr]   [  7%] Building CXX object src/math/interval/CMakeFiles/interval.dir/dep_intervals.cpp.o
[INFO] [stderr]   [  7%] Building CXX object src/math/polynomial/CMakeFiles/polynomial.dir/algebraic_numbers.cpp.o
[INFO] [stderr]   [  7%] Building CXX object src/math/polynomial/CMakeFiles/polynomial.dir/polynomial.cpp.o
[INFO] [stderr]   [  7%] Building CXX object src/math/polynomial/CMakeFiles/polynomial.dir/rpolynomial.cpp.o
[INFO] [stderr]   [  7%] Building CXX object src/math/polynomial/CMakeFiles/polynomial.dir/polynomial_cache.cpp.o
[INFO] [stderr]   [  7%] Building CXX object src/math/polynomial/CMakeFiles/polynomial.dir/sexpr2upolynomial.cpp.o
[INFO] [stderr]   [  7%] Building CXX object src/math/polynomial/CMakeFiles/polynomial.dir/upolynomial.cpp.o
[INFO] [stderr]   [  7%] Built target automata
[INFO] [stderr]   [  8%] Building CXX object src/math/polynomial/CMakeFiles/polynomial.dir/upolynomial_factorization.cpp.o
[INFO] [stderr]   [  8%] Built target interval
[INFO] [stderr]   [  8%] Generating "/opt/rustwide/target/debug/build/z3-sys-682ed14b7e1f5017/out/build/src/math/realclosure/rcf_params.hpp" from "rcf_params.pyg"
[INFO] [stderr]   [  8%] Building CXX object src/math/subpaving/CMakeFiles/subpaving.dir/subpaving.cpp.o
[INFO] [stderr]   [  8%] Built target hilbert
[INFO] [stderr]   [  8%] Building CXX object src/math/subpaving/CMakeFiles/subpaving.dir/subpaving_hwf.cpp.o
[INFO] [stderr]   [  8%] Building CXX object src/math/subpaving/CMakeFiles/subpaving.dir/subpaving_mpf.cpp.o
[INFO] [stderr]   [  8%] Building CXX object src/math/realclosure/CMakeFiles/realclosure.dir/mpz_matrix.cpp.o
[INFO] [stderr]   [  8%] Building CXX object src/math/subpaving/CMakeFiles/subpaving.dir/subpaving_mpff.cpp.o
[INFO] [stderr]   [  8%] Building CXX object src/math/subpaving/CMakeFiles/subpaving.dir/subpaving_mpfx.cpp.o
[INFO] [stderr]   [  8%] Built target dd
[INFO] [stderr]   [  8%] Building CXX object src/math/subpaving/CMakeFiles/subpaving.dir/subpaving_mpq.cpp.o
[INFO] [stderr]   [  8%] Building CXX object src/math/realclosure/CMakeFiles/realclosure.dir/realclosure.cpp.o
[INFO] [stderr]   [  8%] Built target simplex
[INFO] [stderr]   [  8%] Built target subpaving
[INFO] [stderr]   [  8%] Built target polynomial
[INFO] [stderr]   [  8%] Generating "/opt/rustwide/target/debug/build/z3-sys-682ed14b7e1f5017/out/build/src/ast/pp_params.hpp" from "pp_params.pyg"
[INFO] [stderr]   [  8%] Building CXX object src/ast/CMakeFiles/ast.dir/ast_lt.cpp.o
[INFO] [stderr]   [  8%] Building CXX object src/ast/CMakeFiles/ast.dir/ast_ll_pp.cpp.o
[INFO] [stderr]   [  8%] Building CXX object src/ast/CMakeFiles/ast.dir/act_cache.cpp.o
[INFO] [stderr]   [  8%] Building CXX object src/ast/CMakeFiles/ast.dir/ast_pp_util.cpp.o
[INFO] [stderr]   [  8%] Building CXX object src/ast/CMakeFiles/ast.dir/ast.cpp.o
[INFO] [stderr]   [  9%] Building CXX object src/ast/CMakeFiles/ast.dir/array_decl_plugin.cpp.o
[INFO] [stderr]   [  9%] Building CXX object src/ast/CMakeFiles/ast.dir/arith_decl_plugin.cpp.o
[INFO] [stderr]   [  9%] Building CXX object src/ast/CMakeFiles/ast.dir/ast_printer.cpp.o
[INFO] [stderr]   [  9%] Building CXX object src/ast/CMakeFiles/ast.dir/ast_smt_pp.cpp.o
[INFO] [stderr]   [  9%] Building CXX object src/ast/CMakeFiles/ast.dir/ast_smt2_pp.cpp.o
[INFO] [stderr]   [ 10%] Building CXX object src/ast/CMakeFiles/ast.dir/ast_pp_dot.cpp.o
[INFO] [stderr]   [ 10%] Building CXX object src/ast/CMakeFiles/ast.dir/ast_util.cpp.o
[INFO] [stderr]   [ 10%] Building CXX object src/ast/CMakeFiles/ast.dir/ast_translation.cpp.o
[INFO] [stderr]   [ 10%] Built target realclosure
[INFO] [stderr]   [ 10%] Building CXX object src/ast/CMakeFiles/ast.dir/bv_decl_plugin.cpp.o
[INFO] [stderr]   [ 10%] Building CXX object src/ast/CMakeFiles/ast.dir/datatype_decl_plugin.cpp.o
[INFO] [stderr]   [ 10%] Building CXX object src/ast/CMakeFiles/ast.dir/decl_collector.cpp.o
[INFO] [stderr] 
[INFO] [stderr]   --- stderr
[INFO] [stderr]   CMake Warning at CMakeLists.txt:60 (message):
[INFO] [stderr]     Disabling Z3_INCLUDE_GIT_DESCRIBE
[INFO] [stderr]   Call Stack (most recent call first):
[INFO] [stderr]     CMakeLists.txt:109 (disable_git_describe)
[INFO] [stderr] 
[INFO] [stderr] 
[INFO] [stderr]   CMake Warning at CMakeLists.txt:64 (message):
[INFO] [stderr]     Disabling Z3_INCLUDE_GIT_HASH
[INFO] [stderr]   Call Stack (most recent call first):
[INFO] [stderr]     CMakeLists.txt:110 (disable_git_hash)
[INFO] [stderr] 
[INFO] [stderr] 
[INFO] [stderr]   CMake Warning:
[INFO] [stderr]     Manually-specified variables were not used by the project:
[INFO] [stderr] 
[INFO] [stderr]       CMAKE_ASM_COMPILER
[INFO] [stderr]       CMAKE_ASM_FLAGS
[INFO] [stderr]       CMAKE_C_COMPILER
[INFO] [stderr]       CMAKE_C_FLAGS
[INFO] [stderr] 
[INFO] [stderr] 
[INFO] [stderr]   INFO:root:Using /opt/rustwide/cargo-home/registry/src/github.com-1ecc6299db9ec823/z3-sys-0.6.3/z3/src/math/polynomial/algebraic_params.pyg
[INFO] [stderr]   INFO:root:Generated "/opt/rustwide/target/debug/build/z3-sys-682ed14b7e1f5017/out/build/src/math/polynomial/algebraic_params.hpp"
[INFO] [stderr]   INFO:root:Using /opt/rustwide/cargo-home/registry/src/github.com-1ecc6299db9ec823/z3-sys-0.6.3/z3/src/math/realclosure/rcf_params.pyg
[INFO] [stderr]   INFO:root:Generated "/opt/rustwide/target/debug/build/z3-sys-682ed14b7e1f5017/out/build/src/math/realclosure/rcf_params.hpp"
[INFO] [stderr]   INFO:root:Using /opt/rustwide/cargo-home/registry/src/github.com-1ecc6299db9ec823/z3-sys-0.6.3/z3/src/ast/pp_params.pyg
[INFO] [stderr]   INFO:root:Generated "/opt/rustwide/target/debug/build/z3-sys-682ed14b7e1f5017/out/build/src/ast/pp_params.hpp"
[INFO] [stderr]   c++: fatal error: Killed signal terminated program cc1plus
[INFO] [stderr]   compilation terminated.
[INFO] [stderr]   gmake[2]: *** [src/ast/CMakeFiles/ast.dir/build.make:180: src/ast/CMakeFiles/ast.dir/ast_printer.cpp.o] Error 1
[INFO] [stderr]   gmake[2]: *** Waiting for unfinished jobs....
[INFO] [stderr]   c++: fatal error: Killed signal terminated program cc1plus
[INFO] [stderr]   compilation terminated.
[INFO] [stderr]   gmake[2]: *** [src/ast/CMakeFiles/ast.dir/build.make:194: src/ast/CMakeFiles/ast.dir/ast_smt2_pp.cpp.o] Error 1
[INFO] [stderr]   c++: fatal error: Killed signal terminated program cc1plus
[INFO] [stderr]   compilation terminated.
[INFO] [stderr]   gmake[2]: *** [src/ast/CMakeFiles/ast.dir/build.make:96: src/ast/CMakeFiles/ast.dir/arith_decl_plugin.cpp.o] Error 1
[INFO] [stderr]   gmake[1]: *** [CMakeFiles/Makefile2:1642: src/ast/CMakeFiles/ast.dir/all] Error 2
[INFO] [stderr]   gmake: *** [Makefile:136: all] Error 2
[INFO] [stderr]   thread 'main' panicked at '
[INFO] [stderr]   command did not execute successfully, got: exit status: 2
[INFO] [stderr] 
[INFO] [stderr]   build script failed, must exit now', /opt/rustwide/cargo-home/registry/src/github.com-1ecc6299db9ec823/cmake-0.1.50/src/lib.rs:1098:5
[INFO] [stderr]   stack backtrace:
[INFO] [stderr]      0:     0x5575fea7d19a - std::backtrace_rs::backtrace::libunwind::trace::ha9053a9a07ca49cb
[INFO] [stderr]                                  at /rustc/84c898d65adf2f39a5a98507f1fe0ce10a2b8dbc/library/std/src/../../backtrace/src/backtrace/libunwind.rs:93:5
[INFO] [stderr]      1:     0x5575fea7d19a - std::backtrace_rs::backtrace::trace_unsynchronized::h9c2852a457ad564e
[INFO] [stderr]                                  at /rustc/84c898d65adf2f39a5a98507f1fe0ce10a2b8dbc/library/std/src/../../backtrace/src/backtrace/mod.rs:66:5
[INFO] [stderr]      2:     0x5575fea7d19a - std::sys_common::backtrace::_print_fmt::h457936fbfaa0070f
[INFO] [stderr]                                  at /rustc/84c898d65adf2f39a5a98507f1fe0ce10a2b8dbc/library/std/src/sys_common/backtrace.rs:65:5
[INFO] [stderr]      3:     0x5575fea7d19a - <std::sys_common::backtrace::_print::DisplayBacktrace as core::fmt::Display>::fmt::h5779d7bf7f70cb0c
[INFO] [stderr]                                  at /rustc/84c898d65adf2f39a5a98507f1fe0ce10a2b8dbc/library/std/src/sys_common/backtrace.rs:44:22
[INFO] [stderr]      4:     0x5575fea9d4fe - core::fmt::write::h5a4baaff1bcd3eb5
[INFO] [stderr]                                  at /rustc/84c898d65adf2f39a5a98507f1fe0ce10a2b8dbc/library/core/src/fmt/mod.rs:1232:17
[INFO] [stderr]      5:     0x5575fea7a255 - std::io::Write::write_fmt::h4bc1f301cb9e9cce
[INFO] [stderr]                                  at /rustc/84c898d65adf2f39a5a98507f1fe0ce10a2b8dbc/library/std/src/io/mod.rs:1684:15
[INFO] [stderr]      6:     0x5575fea7cf65 - std::sys_common::backtrace::_print::h5fcdc36060f177e8
[INFO] [stderr]                                  at /rustc/84c898d65adf2f39a5a98507f1fe0ce10a2b8dbc/library/std/src/sys_common/backtrace.rs:47:5
[INFO] [stderr]      7:     0x5575fea7cf65 - std::sys_common::backtrace::print::h54ca9458b876c8bf
[INFO] [stderr]                                  at /rustc/84c898d65adf2f39a5a98507f1fe0ce10a2b8dbc/library/std/src/sys_common/backtrace.rs:34:9
[INFO] [stderr]      8:     0x5575fea7e93f - std::panicking::default_hook::{{closure}}::hbe471161c7664ed6
[INFO] [stderr]                                  at /rustc/84c898d65adf2f39a5a98507f1fe0ce10a2b8dbc/library/std/src/panicking.rs:271:22
[INFO] [stderr]      9:     0x5575fea7e67b - std::panicking::default_hook::ha3500da57aa4ac4f
[INFO] [stderr]                                  at /rustc/84c898d65adf2f39a5a98507f1fe0ce10a2b8dbc/library/std/src/panicking.rs:290:9
[INFO] [stderr]     10:     0x5575fea7eee8 - std::panicking::rust_panic_with_hook::h50c09d000dc561d2
[INFO] [stderr]                                  at /rustc/84c898d65adf2f39a5a98507f1fe0ce10a2b8dbc/library/std/src/panicking.rs:692:13
[INFO] [stderr]     11:     0x5575fea7ede9 - std::panicking::begin_panic_handler::{{closure}}::h9e2b2176e00e0d9c
[INFO] [stderr]                                  at /rustc/84c898d65adf2f39a5a98507f1fe0ce10a2b8dbc/library/std/src/panicking.rs:583:13
[INFO] [stderr]     12:     0x5575fea7d606 - std::sys_common::backtrace::__rust_end_short_backtrace::h5739b8e512c09d02
[INFO] [stderr]                                  at /rustc/84c898d65adf2f39a5a98507f1fe0ce10a2b8dbc/library/std/src/sys_common/backtrace.rs:150:18
[INFO] [stderr]     13:     0x5575fea7eaf2 - rust_begin_unwind
[INFO] [stderr]                                  at /rustc/84c898d65adf2f39a5a98507f1fe0ce10a2b8dbc/library/std/src/panicking.rs:579:5
[INFO] [stderr]     14:     0x5575fea007a3 - core::panicking::panic_fmt::hf33a1475b4dc5c3e
[INFO] [stderr]                                  at /rustc/84c898d65adf2f39a5a98507f1fe0ce10a2b8dbc/library/core/src/panicking.rs:64:14
[INFO] [stderr]     15:     0x5575fea0be0f - cmake::fail::he523feb31d426beb
[INFO] [stderr]     16:     0x5575fea0b903 - cmake::run::h28b9026df7e93e8d
[INFO] [stderr]     17:     0x5575fea08433 - cmake::Config::build::h36ec1f0187cbfcd5
[INFO] [stderr]     18:     0x5575fea0141d - build_script_build::build_z3::h1b7d58541023ea68
[INFO] [stderr]     19:     0x5575fea01306 - build_script_build::main::h3bf023d9368b4e60
[INFO] [stderr]     20:     0x5575fea029f3 - core::ops::function::FnOnce::call_once::h80d7786c45f82fb7
[INFO] [stderr]     21:     0x5575fea02129 - std::sys_common::backtrace::__rust_begin_short_backtrace::h9ff0de54b7f4bc53
[INFO] [stderr]     22:     0x5575fea031a9 - std::rt::lang_start::{{closure}}::hc03d336c73a2b045
[INFO] [stderr]     23:     0x5575fea7631c - core::ops::function::impls::<impl core::ops::function::FnOnce<A> for &F>::call_once::hd6efcd3bec896f2c
[INFO] [stderr]                                  at /rustc/84c898d65adf2f39a5a98507f1fe0ce10a2b8dbc/library/core/src/ops/function.rs:287:13
[INFO] [stderr]     24:     0x5575fea7631c - std::panicking::try::do_call::hce04e543bb1f4cbb
[INFO] [stderr]                                  at /rustc/84c898d65adf2f39a5a98507f1fe0ce10a2b8dbc/library/std/src/panicking.rs:487:40
[INFO] [stderr]     25:     0x5575fea7631c - std::panicking::try::h3342dd4e1f680968
[INFO] [stderr]                                  at /rustc/84c898d65adf2f39a5a98507f1fe0ce10a2b8dbc/library/std/src/panicking.rs:451:19
[INFO] [stderr]     26:     0x5575fea7631c - std::panic::catch_unwind::h148ce1e59ac0cee7
[INFO] [stderr]                                  at /rustc/84c898d65adf2f39a5a98507f1fe0ce10a2b8dbc/library/std/src/panic.rs:140:14
[INFO] [stderr]     27:     0x5575fea7631c - std::rt::lang_start_internal::{{closure}}::h25f9dda2057a67fe
[INFO] [stderr]                                  at /rustc/84c898d65adf2f39a5a98507f1fe0ce10a2b8dbc/library/std/src/rt.rs:148:48
[INFO] [stderr]     28:     0x5575fea7631c - std::panicking::try::do_call::h7caaaeaf9401650b
[INFO] [stderr]                                  at /rustc/84c898d65adf2f39a5a98507f1fe0ce10a2b8dbc/library/std/src/panicking.rs:487:40
[INFO] [stderr]     29:     0x5575fea7631c - std::panicking::try::he7d15285746cbbc2
[INFO] [stderr]                                  at /rustc/84c898d65adf2f39a5a98507f1fe0ce10a2b8dbc/library/std/src/panicking.rs:451:19
[INFO] [stderr]     30:     0x5575fea7631c - std::panic::catch_unwind::h89fb4f50c0301fe0
[INFO] [stderr]                                  at /rustc/84c898d65adf2f39a5a98507f1fe0ce10a2b8dbc/library/std/src/panic.rs:140:14
[INFO] [stderr]     31:     0x5575fea7631c - std::rt::lang_start_internal::h078acd489417d3c1
[INFO] [stderr]                                  at /rustc/84c898d65adf2f39a5a98507f1fe0ce10a2b8dbc/library/std/src/rt.rs:148:20
[INFO] [stderr]     32:     0x5575fea03187 - std::rt::lang_start::h82edc9de210e6971
[INFO] [stderr]     33:     0x5575fea01f35 - main
[INFO] [stderr]     34:     0x7f139f16dd90 - <unknown>
[INFO] [stderr]     35:     0x7f139f16de40 - __libc_start_main
[INFO] [stderr]     36:     0x5575fea00d25 - _start
[INFO] [stderr]     37:                0x0 - <unknown>
[INFO] running `Command { std: "docker" "inspect" "0880700dbf0a717a9af4ab7386bd38a90ee36b2fdb39ab634209359a7b149516", kill_on_drop: false }`
[INFO] running `Command { std: "docker" "rm" "-f" "0880700dbf0a717a9af4ab7386bd38a90ee36b2fdb39ab634209359a7b149516", kill_on_drop: false }`
[INFO] [stdout] 0880700dbf0a717a9af4ab7386bd38a90ee36b2fdb39ab634209359a7b149516
