[INFO] cloning repository https://github.com/leesdolphin/archivelib-rs
[INFO] running `Command { std: "git" "-c" "credential.helper=" "-c" "credential.helper=/workspace/cargo-home/bin/git-credential-null" "clone" "--bare" "https://github.com/leesdolphin/archivelib-rs" "/workspace/cache/git-repos/https%3A%2F%2Fgithub.com%2Fleesdolphin%2Farchivelib-rs", kill_on_drop: false }`
[INFO] [stderr] Cloning into bare repository '/workspace/cache/git-repos/https%3A%2F%2Fgithub.com%2Fleesdolphin%2Farchivelib-rs'...
[INFO] running `Command { std: "git" "rev-parse" "HEAD", kill_on_drop: false }`
[INFO] [stdout] 510e9fe03411d80086f0103e5d46cd7078bb1eb0
[INFO] documenting leesdolphin/archivelib-rs against 1.69.0 for beta-1.70-rustdoc-1
[INFO] running `Command { std: "git" "clone" "/workspace/cache/git-repos/https%3A%2F%2Fgithub.com%2Fleesdolphin%2Farchivelib-rs" "/workspace/builds/worker-5-tc1/source", kill_on_drop: false }`
[INFO] [stderr] Cloning into '/workspace/builds/worker-5-tc1/source'...
[INFO] [stderr] done.
[INFO] validating manifest of git repo https://github.com/leesdolphin/archivelib-rs on toolchain 1.69.0
[INFO] running `Command { std: CARGO_HOME="/workspace/cargo-home" RUSTUP_HOME="/workspace/rustup-home" "/workspace/cargo-home/bin/cargo" "+1.69.0" "metadata" "--manifest-path" "Cargo.toml" "--no-deps", kill_on_drop: false }`
[INFO] started tweaking git repo https://github.com/leesdolphin/archivelib-rs
[INFO] finished tweaking git repo https://github.com/leesdolphin/archivelib-rs
[INFO] tweaked toml for git repo https://github.com/leesdolphin/archivelib-rs written to /workspace/builds/worker-5-tc1/source/Cargo.toml
[INFO] running `Command { std: CARGO_HOME="/workspace/cargo-home" RUSTUP_HOME="/workspace/rustup-home" __CARGO_TEST_CHANNEL_OVERRIDE_DO_NOT_USE_THIS="nightly" "/workspace/cargo-home/bin/cargo" "+1.69.0" "generate-lockfile" "--manifest-path" "Cargo.toml" "-Zno-index-update", kill_on_drop: false }`
[INFO] running `Command { std: CARGO_HOME="/workspace/cargo-home" RUSTUP_HOME="/workspace/rustup-home" "/workspace/cargo-home/bin/cargo" "+1.69.0" "fetch" "--manifest-path" "Cargo.toml", kill_on_drop: false }`
[INFO] [stderr]  Downloading crates ...
[INFO] [stderr]   Downloaded afl v0.12.17
[INFO] [stderr]   Downloaded humthreads v0.1.4
[INFO] running `Command { std: "docker" "create" "-v" "/var/lib/crater-agent-workspace/builds/worker-5-tc1/target:/opt/rustwide/target:rw,Z" "-v" "/var/lib/crater-agent-workspace/builds/worker-5-tc1/source:/opt/rustwide/workdir:ro,Z" "-v" "/var/lib/crater-agent-workspace/cargo-home:/opt/rustwide/cargo-home:ro,Z" "-v" "/var/lib/crater-agent-workspace/rustup-home:/opt/rustwide/rustup-home:ro,Z" "-e" "SOURCE_DIR=/opt/rustwide/workdir" "-e" "CARGO_TARGET_DIR=/opt/rustwide/target" "-e" "CARGO_HOME=/opt/rustwide/cargo-home" "-e" "RUSTUP_HOME=/opt/rustwide/rustup-home" "-w" "/opt/rustwide/workdir" "-m" "1610612736" "--user" "0:0" "--network" "none" "ghcr.io/rust-lang/crates-build-env/linux@sha256:5ff2268d62e97bff2cde7d5815dd6ed5b47097566f13b8d0ca110b04b60e07ed" "/opt/rustwide/cargo-home/bin/cargo" "+1.69.0" "metadata" "--no-deps" "--format-version=1", kill_on_drop: false }`
[INFO] [stdout] 4ab51bdc2fda4ab0026d814a3b23ee4b6fd6ff597c641694a3f627c25e615aa5
[INFO] running `Command { std: "docker" "start" "-a" "4ab51bdc2fda4ab0026d814a3b23ee4b6fd6ff597c641694a3f627c25e615aa5", kill_on_drop: false }`
[INFO] running `Command { std: "docker" "inspect" "4ab51bdc2fda4ab0026d814a3b23ee4b6fd6ff597c641694a3f627c25e615aa5", kill_on_drop: false }`
[INFO] running `Command { std: "docker" "rm" "-f" "4ab51bdc2fda4ab0026d814a3b23ee4b6fd6ff597c641694a3f627c25e615aa5", kill_on_drop: false }`
[INFO] [stdout] 4ab51bdc2fda4ab0026d814a3b23ee4b6fd6ff597c641694a3f627c25e615aa5
[INFO] running `Command { std: "docker" "create" "-v" "/var/lib/crater-agent-workspace/builds/worker-5-tc1/target:/opt/rustwide/target:rw,Z" "-v" "/var/lib/crater-agent-workspace/builds/worker-5-tc1/source:/opt/rustwide/workdir:ro,Z" "-v" "/var/lib/crater-agent-workspace/cargo-home:/opt/rustwide/cargo-home:ro,Z" "-v" "/var/lib/crater-agent-workspace/rustup-home:/opt/rustwide/rustup-home:ro,Z" "-e" "SOURCE_DIR=/opt/rustwide/workdir" "-e" "CARGO_TARGET_DIR=/opt/rustwide/target" "-e" "CARGO_INCREMENTAL=0" "-e" "RUST_BACKTRACE=full" "-e" "RUSTFLAGS=--cap-lints=warn" "-e" "RUSTDOCFLAGS=--cap-lints=warn" "-e" "CARGO_HOME=/opt/rustwide/cargo-home" "-e" "RUSTUP_HOME=/opt/rustwide/rustup-home" "-w" "/opt/rustwide/workdir" "-m" "1610612736" "--user" "0:0" "--network" "none" "ghcr.io/rust-lang/crates-build-env/linux@sha256:5ff2268d62e97bff2cde7d5815dd6ed5b47097566f13b8d0ca110b04b60e07ed" "/opt/rustwide/cargo-home/bin/cargo" "+1.69.0" "doc" "--frozen" "--no-deps" "--document-private-items" "--message-format=json", kill_on_drop: false }`
[INFO] [stdout] bd39b06605aa84788fcc687ee26a02bf91c834c19df02b0419b3a6a8bcbd3241
[INFO] running `Command { std: "docker" "start" "-a" "bd39b06605aa84788fcc687ee26a02bf91c834c19df02b0419b3a6a8bcbd3241", kill_on_drop: false }`
[INFO] [stderr]    Compiling libc v0.2.142
[INFO] [stderr]    Compiling proc-macro2 v1.0.56
[INFO] [stderr]    Compiling unicode-ident v1.0.8
[INFO] [stderr]    Compiling quote v1.0.26
[INFO] [stderr]    Compiling memchr v2.5.0
[INFO] [stderr]    Compiling syn v1.0.109
[INFO] [stderr]     Checking gimli v0.27.2
[INFO] [stderr]    Compiling failure_derive v0.1.8
[INFO] [stderr]    Compiling unicode-xid v0.2.4
[INFO] [stderr]     Checking adler v1.0.2
[INFO] [stderr]     Checking cfg-if v1.0.0
[INFO] [stderr]     Checking rustc-demangle v0.1.23
[INFO] [stderr]     Checking miniz_oxide v0.6.2
[INFO] [stdout] error: linking with `cc` failed: exit status: 1
[INFO] [stdout]   |
[INFO] [stdout]   = note: LC_ALL="C" PATH="/opt/rustwide/rustup-home/toolchains/1.69.0-x86_64-unknown-linux-gnu/lib/rustlib/x86_64-unknown-linux-gnu/bin:/opt/rustwide/cargo-home/bin:/usr/local/sbin:/usr/local/bin:/usr/sbin:/usr/bin:/sbin:/bin" VSLANG="1033" "cc" "-m64" "/tmp/rustczWVlQD/symbols.o" "/opt/rustwide/target/debug/build/memchr-59d6d717d5c2fa14/build_script_build-59d6d717d5c2fa14.build_script_build.dcdad55e-cgu.0.rcgu.o" "/opt/rustwide/target/debug/build/memchr-59d6d717d5c2fa14/build_script_build-59d6d717d5c2fa14.build_script_build.dcdad55e-cgu.1.rcgu.o" "/opt/rustwide/target/debug/build/memchr-59d6d717d5c2fa14/build_script_build-59d6d717d5c2fa14.build_script_build.dcdad55e-cgu.10.rcgu.o" "/opt/rustwide/target/debug/build/memchr-59d6d717d5c2fa14/build_script_build-59d6d717d5c2fa14.build_script_build.dcdad55e-cgu.11.rcgu.o" "/opt/rustwide/target/debug/build/memchr-59d6d717d5c2fa14/build_script_build-59d6d717d5c2fa14.build_script_build.dcdad55e-cgu.12.rcgu.o" "/opt/rustwide/target/debug/build/memchr-59d6d717d5c2fa14/build_script_build-59d6d717d5c2fa14.build_script_build.dcdad55e-cgu.13.rcgu.o" "/opt/rustwide/target/debug/build/memchr-59d6d717d5c2fa14/build_script_build-59d6d717d5c2fa14.build_script_build.dcdad55e-cgu.14.rcgu.o" "/opt/rustwide/target/debug/build/memchr-59d6d717d5c2fa14/build_script_build-59d6d717d5c2fa14.build_script_build.dcdad55e-cgu.15.rcgu.o" "/opt/rustwide/target/debug/build/memchr-59d6d717d5c2fa14/build_script_build-59d6d717d5c2fa14.build_script_build.dcdad55e-cgu.2.rcgu.o" "/opt/rustwide/target/debug/build/memchr-59d6d717d5c2fa14/build_script_build-59d6d717d5c2fa14.build_script_build.dcdad55e-cgu.3.rcgu.o" "/opt/rustwide/target/debug/build/memchr-59d6d717d5c2fa14/build_script_build-59d6d717d5c2fa14.build_script_build.dcdad55e-cgu.4.rcgu.o" "/opt/rustwide/target/debug/build/memchr-59d6d717d5c2fa14/build_script_build-59d6d717d5c2fa14.build_script_build.dcdad55e-cgu.5.rcgu.o" "/opt/rustwide/target/debug/build/memchr-59d6d717d5c2fa14/build_script_build-59d6d717d5c2fa14.build_script_build.dcdad55e-cgu.6.rcgu.o" "/opt/rustwide/target/debug/build/memchr-59d6d717d5c2fa14/build_script_build-59d6d717d5c2fa14.build_script_build.dcdad55e-cgu.7.rcgu.o" "/opt/rustwide/target/debug/build/memchr-59d6d717d5c2fa14/build_script_build-59d6d717d5c2fa14.build_script_build.dcdad55e-cgu.8.rcgu.o" "/opt/rustwide/target/debug/build/memchr-59d6d717d5c2fa14/build_script_build-59d6d717d5c2fa14.build_script_build.dcdad55e-cgu.9.rcgu.o" "/opt/rustwide/target/debug/build/memchr-59d6d717d5c2fa14/build_script_build-59d6d717d5c2fa14.x0uxkugqocfyk72.rcgu.o" "-Wl,--as-needed" "-L" "/opt/rustwide/target/debug/deps" "-L" "/opt/rustwide/rustup-home/toolchains/1.69.0-x86_64-unknown-linux-gnu/lib/rustlib/x86_64-unknown-linux-gnu/lib" "-Wl,-Bstatic" "/opt/rustwide/rustup-home/toolchains/1.69.0-x86_64-unknown-linux-gnu/lib/rustlib/x86_64-unknown-linux-gnu/lib/libstd-89bc084783fdc439.rlib" "/opt/rustwide/rustup-home/toolchains/1.69.0-x86_64-unknown-linux-gnu/lib/rustlib/x86_64-unknown-linux-gnu/lib/libpanic_unwind-8bee4b287d4367c1.rlib" "/opt/rustwide/rustup-home/toolchains/1.69.0-x86_64-unknown-linux-gnu/lib/rustlib/x86_64-unknown-linux-gnu/lib/libobject-d61707aed80694c0.rlib" "/opt/rustwide/rustup-home/toolchains/1.69.0-x86_64-unknown-linux-gnu/lib/rustlib/x86_64-unknown-linux-gnu/lib/libmemchr-d85366256f22345b.rlib" "/opt/rustwide/rustup-home/toolchains/1.69.0-x86_64-unknown-linux-gnu/lib/rustlib/x86_64-unknown-linux-gnu/lib/libaddr2line-96069b86b8a8cae9.rlib" "/opt/rustwide/rustup-home/toolchains/1.69.0-x86_64-unknown-linux-gnu/lib/rustlib/x86_64-unknown-linux-gnu/lib/libgimli-d19d53abf68dfa6c.rlib" "/opt/rustwide/rustup-home/toolchains/1.69.0-x86_64-unknown-linux-gnu/lib/rustlib/x86_64-unknown-linux-gnu/lib/librustc_demangle-787cbccd19d64ac6.rlib" "/opt/rustwide/rustup-home/toolchains/1.69.0-x86_64-unknown-linux-gnu/lib/rustlib/x86_64-unknown-linux-gnu/lib/libstd_detect-b3837a36b830e0d0.rlib" "/opt/rustwide/rustup-home/toolchains/1.69.0-x86_64-unknown-linux-gnu/lib/rustlib/x86_64-unknown-linux-gnu/lib/libhashbrown-e3deb0e7e3f04966.rlib" "/opt/rustwide/rustup-home/toolchains/1.69.0-x86_64-unknown-linux-gnu/lib/rustlib/x86_64-unknown-linux-gnu/lib/libminiz_oxide-dabbb79c9815def4.rlib" "/opt/rustwide/rustup-home/toolchains/1.69.0-x86_64-unknown-linux-gnu/lib/rustlib/x86_64-unknown-linux-gnu/lib/libadler-305b01f34c9409f2.rlib" "/opt/rustwide/rustup-home/toolchains/1.69.0-x86_64-unknown-linux-gnu/lib/rustlib/x86_64-unknown-linux-gnu/lib/librustc_std_workspace_alloc-f833521df6074e73.rlib" "/opt/rustwide/rustup-home/toolchains/1.69.0-x86_64-unknown-linux-gnu/lib/rustlib/x86_64-unknown-linux-gnu/lib/libunwind-9ac333113350d171.rlib" "/opt/rustwide/rustup-home/toolchains/1.69.0-x86_64-unknown-linux-gnu/lib/rustlib/x86_64-unknown-linux-gnu/lib/libcfg_if-1c126114322d0eee.rlib" "/opt/rustwide/rustup-home/toolchains/1.69.0-x86_64-unknown-linux-gnu/lib/rustlib/x86_64-unknown-linux-gnu/lib/liblibc-bad9164fdeeecf92.rlib" "/opt/rustwide/rustup-home/toolchains/1.69.0-x86_64-unknown-linux-gnu/lib/rustlib/x86_64-unknown-linux-gnu/lib/liballoc-f9374b1e480fa681.rlib" "/opt/rustwide/rustup-home/toolchains/1.69.0-x86_64-unknown-linux-gnu/lib/rustlib/x86_64-unknown-linux-gnu/lib/librustc_std_workspace_core-207f06e41d9603af.rlib" "/opt/rustwide/rustup-home/toolchains/1.69.0-x86_64-unknown-linux-gnu/lib/rustlib/x86_64-unknown-linux-gnu/lib/libcore-7e2768e66e984e85.rlib" "/opt/rustwide/rustup-home/toolchains/1.69.0-x86_64-unknown-linux-gnu/lib/rustlib/x86_64-unknown-linux-gnu/lib/libcompiler_builtins-957b4aff41f8cd46.rlib" "-Wl,-Bdynamic" "-lgcc_s" "-lutil" "-lrt" "-lpthread" "-lm" "-ldl" "-lc" "-Wl,--eh-frame-hdr" "-Wl,-z,noexecstack" "-L" "/opt/rustwide/rustup-home/toolchains/1.69.0-x86_64-unknown-linux-gnu/lib/rustlib/x86_64-unknown-linux-gnu/lib" "-o" "/opt/rustwide/target/debug/build/memchr-59d6d717d5c2fa14/build_script_build-59d6d717d5c2fa14" "-Wl,--gc-sections" "-pie" "-Wl,-z,relro,-z,now" "-nodefaultlibs"
[INFO] [stdout]   = note: /usr/bin/ld: final link failed: No space left on device
[INFO] [stdout]           collect2: error: ld returned 1 exit status
[INFO] [stdout]           
[INFO] [stdout] 
[INFO] [stdout] 
[INFO] [stdout] error: aborting due to previous error
[INFO] [stdout] 
[INFO] [stdout] 
[INFO] [stderr] error: could not compile `memchr` due to 2 previous errors
[INFO] [stderr] warning: build failed, waiting for other jobs to finish...
[INFO] [stdout] error: linking with `cc` failed: exit status: 1
[INFO] [stdout]   |
[INFO] [stdout]   = note: LC_ALL="C" PATH="/opt/rustwide/rustup-home/toolchains/1.69.0-x86_64-unknown-linux-gnu/lib/rustlib/x86_64-unknown-linux-gnu/bin:/opt/rustwide/cargo-home/bin:/usr/local/sbin:/usr/local/bin:/usr/sbin:/usr/bin:/sbin:/bin" VSLANG="1033" "cc" "-m64" "/tmp/rustcOiisgq/symbols.o" "/opt/rustwide/target/debug/build/quote-d12b327ff9eae41d/build_script_build-d12b327ff9eae41d.build_script_build.3674dba0-cgu.0.rcgu.o" "/opt/rustwide/target/debug/build/quote-d12b327ff9eae41d/build_script_build-d12b327ff9eae41d.build_script_build.3674dba0-cgu.1.rcgu.o" "/opt/rustwide/target/debug/build/quote-d12b327ff9eae41d/build_script_build-d12b327ff9eae41d.build_script_build.3674dba0-cgu.10.rcgu.o" "/opt/rustwide/target/debug/build/quote-d12b327ff9eae41d/build_script_build-d12b327ff9eae41d.build_script_build.3674dba0-cgu.11.rcgu.o" "/opt/rustwide/target/debug/build/quote-d12b327ff9eae41d/build_script_build-d12b327ff9eae41d.build_script_build.3674dba0-cgu.12.rcgu.o" "/opt/rustwide/target/debug/build/quote-d12b327ff9eae41d/build_script_build-d12b327ff9eae41d.build_script_build.3674dba0-cgu.13.rcgu.o" "/opt/rustwide/target/debug/build/quote-d12b327ff9eae41d/build_script_build-d12b327ff9eae41d.build_script_build.3674dba0-cgu.14.rcgu.o" "/opt/rustwide/target/debug/build/quote-d12b327ff9eae41d/build_script_build-d12b327ff9eae41d.build_script_build.3674dba0-cgu.15.rcgu.o" "/opt/rustwide/target/debug/build/quote-d12b327ff9eae41d/build_script_build-d12b327ff9eae41d.build_script_build.3674dba0-cgu.2.rcgu.o" "/opt/rustwide/target/debug/build/quote-d12b327ff9eae41d/build_script_build-d12b327ff9eae41d.build_script_build.3674dba0-cgu.3.rcgu.o" "/opt/rustwide/target/debug/build/quote-d12b327ff9eae41d/build_script_build-d12b327ff9eae41d.build_script_build.3674dba0-cgu.4.rcgu.o" "/opt/rustwide/target/debug/build/quote-d12b327ff9eae41d/build_script_build-d12b327ff9eae41d.build_script_build.3674dba0-cgu.5.rcgu.o" "/opt/rustwide/target/debug/build/quote-d12b327ff9eae41d/build_script_build-d12b327ff9eae41d.build_script_build.3674dba0-cgu.6.rcgu.o" "/opt/rustwide/target/debug/build/quote-d12b327ff9eae41d/build_script_build-d12b327ff9eae41d.build_script_build.3674dba0-cgu.7.rcgu.o" "/opt/rustwide/target/debug/build/quote-d12b327ff9eae41d/build_script_build-d12b327ff9eae41d.build_script_build.3674dba0-cgu.8.rcgu.o" "/opt/rustwide/target/debug/build/quote-d12b327ff9eae41d/build_script_build-d12b327ff9eae41d.build_script_build.3674dba0-cgu.9.rcgu.o" "/opt/rustwide/target/debug/build/quote-d12b327ff9eae41d/build_script_build-d12b327ff9eae41d.n2tp9og6qeg4a2r.rcgu.o" "-Wl,--as-needed" "-L" "/opt/rustwide/target/debug/deps" "-L" "/opt/rustwide/rustup-home/toolchains/1.69.0-x86_64-unknown-linux-gnu/lib/rustlib/x86_64-unknown-linux-gnu/lib" "-Wl,-Bstatic" "/opt/rustwide/rustup-home/toolchains/1.69.0-x86_64-unknown-linux-gnu/lib/rustlib/x86_64-unknown-linux-gnu/lib/libstd-89bc084783fdc439.rlib" "/opt/rustwide/rustup-home/toolchains/1.69.0-x86_64-unknown-linux-gnu/lib/rustlib/x86_64-unknown-linux-gnu/lib/libpanic_unwind-8bee4b287d4367c1.rlib" "/opt/rustwide/rustup-home/toolchains/1.69.0-x86_64-unknown-linux-gnu/lib/rustlib/x86_64-unknown-linux-gnu/lib/libobject-d61707aed80694c0.rlib" "/opt/rustwide/rustup-home/toolchains/1.69.0-x86_64-unknown-linux-gnu/lib/rustlib/x86_64-unknown-linux-gnu/lib/libmemchr-d85366256f22345b.rlib" "/opt/rustwide/rustup-home/toolchains/1.69.0-x86_64-unknown-linux-gnu/lib/rustlib/x86_64-unknown-linux-gnu/lib/libaddr2line-96069b86b8a8cae9.rlib" "/opt/rustwide/rustup-home/toolchains/1.69.0-x86_64-unknown-linux-gnu/lib/rustlib/x86_64-unknown-linux-gnu/lib/libgimli-d19d53abf68dfa6c.rlib" "/opt/rustwide/rustup-home/toolchains/1.69.0-x86_64-unknown-linux-gnu/lib/rustlib/x86_64-unknown-linux-gnu/lib/librustc_demangle-787cbccd19d64ac6.rlib" "/opt/rustwide/rustup-home/toolchains/1.69.0-x86_64-unknown-linux-gnu/lib/rustlib/x86_64-unknown-linux-gnu/lib/libstd_detect-b3837a36b830e0d0.rlib" "/opt/rustwide/rustup-home/toolchains/1.69.0-x86_64-unknown-linux-gnu/lib/rustlib/x86_64-unknown-linux-gnu/lib/libhashbrown-e3deb0e7e3f04966.rlib" "/opt/rustwide/rustup-home/toolchains/1.69.0-x86_64-unknown-linux-gnu/lib/rustlib/x86_64-unknown-linux-gnu/lib/libminiz_oxide-dabbb79c9815def4.rlib" "/opt/rustwide/rustup-home/toolchains/1.69.0-x86_64-unknown-linux-gnu/lib/rustlib/x86_64-unknown-linux-gnu/lib/libadler-305b01f34c9409f2.rlib" "/opt/rustwide/rustup-home/toolchains/1.69.0-x86_64-unknown-linux-gnu/lib/rustlib/x86_64-unknown-linux-gnu/lib/librustc_std_workspace_alloc-f833521df6074e73.rlib" "/opt/rustwide/rustup-home/toolchains/1.69.0-x86_64-unknown-linux-gnu/lib/rustlib/x86_64-unknown-linux-gnu/lib/libunwind-9ac333113350d171.rlib" "/opt/rustwide/rustup-home/toolchains/1.69.0-x86_64-unknown-linux-gnu/lib/rustlib/x86_64-unknown-linux-gnu/lib/libcfg_if-1c126114322d0eee.rlib" "/opt/rustwide/rustup-home/toolchains/1.69.0-x86_64-unknown-linux-gnu/lib/rustlib/x86_64-unknown-linux-gnu/lib/liblibc-bad9164fdeeecf92.rlib" "/opt/rustwide/rustup-home/toolchains/1.69.0-x86_64-unknown-linux-gnu/lib/rustlib/x86_64-unknown-linux-gnu/lib/liballoc-f9374b1e480fa681.rlib" "/opt/rustwide/rustup-home/toolchains/1.69.0-x86_64-unknown-linux-gnu/lib/rustlib/x86_64-unknown-linux-gnu/lib/librustc_std_workspace_core-207f06e41d9603af.rlib" "/opt/rustwide/rustup-home/toolchains/1.69.0-x86_64-unknown-linux-gnu/lib/rustlib/x86_64-unknown-linux-gnu/lib/libcore-7e2768e66e984e85.rlib" "/opt/rustwide/rustup-home/toolchains/1.69.0-x86_64-unknown-linux-gnu/lib/rustlib/x86_64-unknown-linux-gnu/lib/libcompiler_builtins-957b4aff41f8cd46.rlib" "-Wl,-Bdynamic" "-lgcc_s" "-lutil" "-lrt" "-lpthread" "-lm" "-ldl" "-lc" "-Wl,--eh-frame-hdr" "-Wl,-z,noexecstack" "-L" "/opt/rustwide/rustup-home/toolchains/1.69.0-x86_64-unknown-linux-gnu/lib/rustlib/x86_64-unknown-linux-gnu/lib" "-o" "/opt/rustwide/target/debug/build/quote-d12b327ff9eae41d/build_script_build-d12b327ff9eae41d" "-Wl,--gc-sections" "-pie" "-Wl,-z,relro,-z,now" "-nodefaultlibs"
[INFO] [stdout]   = note: /usr/bin/ld: final link failed: No space left on device
[INFO] [stdout]           collect2: error: ld returned 1 exit status
[INFO] [stdout]           
[INFO] [stdout] 
[INFO] [stdout] 
[INFO] [stdout] error: aborting due to previous error
[INFO] [stdout] 
[INFO] [stdout] 
[INFO] [stdout] error: linking with `cc` failed: exit status: 1
[INFO] [stdout]   |
[INFO] [stdout]   = note: LC_ALL="C" PATH="/opt/rustwide/rustup-home/toolchains/1.69.0-x86_64-unknown-linux-gnu/lib/rustlib/x86_64-unknown-linux-gnu/bin:/opt/rustwide/cargo-home/bin:/usr/local/sbin:/usr/local/bin:/usr/sbin:/usr/bin:/sbin:/bin" VSLANG="1033" "cc" "-m64" "/tmp/rustcXvw1aS/symbols.o" "/opt/rustwide/target/debug/build/syn-1b9574fced5d7d16/build_script_build-1b9574fced5d7d16.build_script_build.51cbd2bc-cgu.0.rcgu.o" "/opt/rustwide/target/debug/build/syn-1b9574fced5d7d16/build_script_build-1b9574fced5d7d16.build_script_build.51cbd2bc-cgu.1.rcgu.o" "/opt/rustwide/target/debug/build/syn-1b9574fced5d7d16/build_script_build-1b9574fced5d7d16.build_script_build.51cbd2bc-cgu.10.rcgu.o" "/opt/rustwide/target/debug/build/syn-1b9574fced5d7d16/build_script_build-1b9574fced5d7d16.build_script_build.51cbd2bc-cgu.11.rcgu.o" "/opt/rustwide/target/debug/build/syn-1b9574fced5d7d16/build_script_build-1b9574fced5d7d16.build_script_build.51cbd2bc-cgu.12.rcgu.o" "/opt/rustwide/target/debug/build/syn-1b9574fced5d7d16/build_script_build-1b9574fced5d7d16.build_script_build.51cbd2bc-cgu.13.rcgu.o" "/opt/rustwide/target/debug/build/syn-1b9574fced5d7d16/build_script_build-1b9574fced5d7d16.build_script_build.51cbd2bc-cgu.14.rcgu.o" "/opt/rustwide/target/debug/build/syn-1b9574fced5d7d16/build_script_build-1b9574fced5d7d16.build_script_build.51cbd2bc-cgu.15.rcgu.o" "/opt/rustwide/target/debug/build/syn-1b9574fced5d7d16/build_script_build-1b9574fced5d7d16.build_script_build.51cbd2bc-cgu.2.rcgu.o" "/opt/rustwide/target/debug/build/syn-1b9574fced5d7d16/build_script_build-1b9574fced5d7d16.build_script_build.51cbd2bc-cgu.3.rcgu.o" "/opt/rustwide/target/debug/build/syn-1b9574fced5d7d16/build_script_build-1b9574fced5d7d16.build_script_build.51cbd2bc-cgu.4.rcgu.o" "/opt/rustwide/target/debug/build/syn-1b9574fced5d7d16/build_script_build-1b9574fced5d7d16.build_script_build.51cbd2bc-cgu.5.rcgu.o" "/opt/rustwide/target/debug/build/syn-1b9574fced5d7d16/build_script_build-1b9574fced5d7d16.build_script_build.51cbd2bc-cgu.6.rcgu.o" "/opt/rustwide/target/debug/build/syn-1b9574fced5d7d16/build_script_build-1b9574fced5d7d16.build_script_build.51cbd2bc-cgu.7.rcgu.o" "/opt/rustwide/target/debug/build/syn-1b9574fced5d7d16/build_script_build-1b9574fced5d7d16.build_script_build.51cbd2bc-cgu.8.rcgu.o" "/opt/rustwide/target/debug/build/syn-1b9574fced5d7d16/build_script_build-1b9574fced5d7d16.build_script_build.51cbd2bc-cgu.9.rcgu.o" "/opt/rustwide/target/debug/build/syn-1b9574fced5d7d16/build_script_build-1b9574fced5d7d16.b39396c7qk55b61.rcgu.o" "-Wl,--as-needed" "-L" "/opt/rustwide/target/debug/deps" "-L" "/opt/rustwide/rustup-home/toolchains/1.69.0-x86_64-unknown-linux-gnu/lib/rustlib/x86_64-unknown-linux-gnu/lib" "-Wl,-Bstatic" "/opt/rustwide/rustup-home/toolchains/1.69.0-x86_64-unknown-linux-gnu/lib/rustlib/x86_64-unknown-linux-gnu/lib/libstd-89bc084783fdc439.rlib" "/opt/rustwide/rustup-home/toolchains/1.69.0-x86_64-unknown-linux-gnu/lib/rustlib/x86_64-unknown-linux-gnu/lib/libpanic_unwind-8bee4b287d4367c1.rlib" "/opt/rustwide/rustup-home/toolchains/1.69.0-x86_64-unknown-linux-gnu/lib/rustlib/x86_64-unknown-linux-gnu/lib/libobject-d61707aed80694c0.rlib" "/opt/rustwide/rustup-home/toolchains/1.69.0-x86_64-unknown-linux-gnu/lib/rustlib/x86_64-unknown-linux-gnu/lib/libmemchr-d85366256f22345b.rlib" "/opt/rustwide/rustup-home/toolchains/1.69.0-x86_64-unknown-linux-gnu/lib/rustlib/x86_64-unknown-linux-gnu/lib/libaddr2line-96069b86b8a8cae9.rlib" "/opt/rustwide/rustup-home/toolchains/1.69.0-x86_64-unknown-linux-gnu/lib/rustlib/x86_64-unknown-linux-gnu/lib/libgimli-d19d53abf68dfa6c.rlib" "/opt/rustwide/rustup-home/toolchains/1.69.0-x86_64-unknown-linux-gnu/lib/rustlib/x86_64-unknown-linux-gnu/lib/librustc_demangle-787cbccd19d64ac6.rlib" "/opt/rustwide/rustup-home/toolchains/1.69.0-x86_64-unknown-linux-gnu/lib/rustlib/x86_64-unknown-linux-gnu/lib/libstd_detect-b3837a36b830e0d0.rlib" "/opt/rustwide/rustup-home/toolchains/1.69.0-x86_64-unknown-linux-gnu/lib/rustlib/x86_64-unknown-linux-gnu/lib/libhashbrown-e3deb0e7e3f04966.rlib" "/opt/rustwide/rustup-home/toolchains/1.69.0-x86_64-unknown-linux-gnu/lib/rustlib/x86_64-unknown-linux-gnu/lib/libminiz_oxide-dabbb79c9815def4.rlib" "/opt/rustwide/rustup-home/toolchains/1.69.0-x86_64-unknown-linux-gnu/lib/rustlib/x86_64-unknown-linux-gnu/lib/libadler-305b01f34c9409f2.rlib" "/opt/rustwide/rustup-home/toolchains/1.69.0-x86_64-unknown-linux-gnu/lib/rustlib/x86_64-unknown-linux-gnu/lib/librustc_std_workspace_alloc-f833521df6074e73.rlib" "/opt/rustwide/rustup-home/toolchains/1.69.0-x86_64-unknown-linux-gnu/lib/rustlib/x86_64-unknown-linux-gnu/lib/libunwind-9ac333113350d171.rlib" "/opt/rustwide/rustup-home/toolchains/1.69.0-x86_64-unknown-linux-gnu/lib/rustlib/x86_64-unknown-linux-gnu/lib/libcfg_if-1c126114322d0eee.rlib" "/opt/rustwide/rustup-home/toolchains/1.69.0-x86_64-unknown-linux-gnu/lib/rustlib/x86_64-unknown-linux-gnu/lib/liblibc-bad9164fdeeecf92.rlib" "/opt/rustwide/rustup-home/toolchains/1.69.0-x86_64-unknown-linux-gnu/lib/rustlib/x86_64-unknown-linux-gnu/lib/liballoc-f9374b1e480fa681.rlib" "/opt/rustwide/rustup-home/toolchains/1.69.0-x86_64-unknown-linux-gnu/lib/rustlib/x86_64-unknown-linux-gnu/lib/librustc_std_workspace_core-207f06e41d9603af.rlib" "/opt/rustwide/rustup-home/toolchains/1.69.0-x86_64-unknown-linux-gnu/lib/rustlib/x86_64-unknown-linux-gnu/lib/libcore-7e2768e66e984e85.rlib" "/opt/rustwide/rustup-home/toolchains/1.69.0-x86_64-unknown-linux-gnu/lib/rustlib/x86_64-unknown-linux-gnu/lib/libcompiler_builtins-957b4aff41f8cd46.rlib" "-Wl,-Bdynamic" "-lgcc_s" "-lutil" "-lrt" "-lpthread" "-lm" "-ldl" "-lc" "-Wl,--eh-frame-hdr" "-Wl,-z,noexecstack" "-L" "/opt/rustwide/rustup-home/toolchains/1.69.0-x86_64-unknown-linux-gnu/lib/rustlib/x86_64-unknown-linux-gnu/lib" "-o" "/opt/rustwide/target/debug/build/syn-1b9574fced5d7d16/build_script_build-1b9574fced5d7d16" "-Wl,--gc-sections" "-pie" "-Wl,-z,relro,-z,now" "-nodefaultlibs"
[INFO] [stdout]   = note: /usr/bin/ld: final link failed: No space left on device
[INFO] [stdout]           collect2: error: ld returned 1 exit status
[INFO] [stdout]           
[INFO] [stdout] 
[INFO] [stdout] 
[INFO] [stdout] error: aborting due to previous error
[INFO] [stdout] 
[INFO] [stdout] 
[INFO] [stderr] error: could not compile `quote` due to 2 previous errors
[INFO] [stderr] error: could not compile `syn` due to 2 previous errors
[INFO] [stdout] error: linking with `cc` failed: exit status: 1
[INFO] [stdout]   |
[INFO] [stdout]   = note: LC_ALL="C" PATH="/opt/rustwide/rustup-home/toolchains/1.69.0-x86_64-unknown-linux-gnu/lib/rustlib/x86_64-unknown-linux-gnu/bin:/opt/rustwide/cargo-home/bin:/usr/local/sbin:/usr/local/bin:/usr/sbin:/usr/bin:/sbin:/bin" VSLANG="1033" "cc" "-m64" "/tmp/rustcYymsPo/symbols.o" "/opt/rustwide/target/debug/build/failure_derive-10968e9fbd321a0e/build_script_build-10968e9fbd321a0e.build_script_build.da67867c-cgu.0.rcgu.o" "/opt/rustwide/target/debug/build/failure_derive-10968e9fbd321a0e/build_script_build-10968e9fbd321a0e.build_script_build.da67867c-cgu.1.rcgu.o" "/opt/rustwide/target/debug/build/failure_derive-10968e9fbd321a0e/build_script_build-10968e9fbd321a0e.build_script_build.da67867c-cgu.10.rcgu.o" "/opt/rustwide/target/debug/build/failure_derive-10968e9fbd321a0e/build_script_build-10968e9fbd321a0e.build_script_build.da67867c-cgu.11.rcgu.o" "/opt/rustwide/target/debug/build/failure_derive-10968e9fbd321a0e/build_script_build-10968e9fbd321a0e.build_script_build.da67867c-cgu.12.rcgu.o" "/opt/rustwide/target/debug/build/failure_derive-10968e9fbd321a0e/build_script_build-10968e9fbd321a0e.build_script_build.da67867c-cgu.13.rcgu.o" "/opt/rustwide/target/debug/build/failure_derive-10968e9fbd321a0e/build_script_build-10968e9fbd321a0e.build_script_build.da67867c-cgu.14.rcgu.o" "/opt/rustwide/target/debug/build/failure_derive-10968e9fbd321a0e/build_script_build-10968e9fbd321a0e.build_script_build.da67867c-cgu.15.rcgu.o" "/opt/rustwide/target/debug/build/failure_derive-10968e9fbd321a0e/build_script_build-10968e9fbd321a0e.build_script_build.da67867c-cgu.2.rcgu.o" "/opt/rustwide/target/debug/build/failure_derive-10968e9fbd321a0e/build_script_build-10968e9fbd321a0e.build_script_build.da67867c-cgu.3.rcgu.o" "/opt/rustwide/target/debug/build/failure_derive-10968e9fbd321a0e/build_script_build-10968e9fbd321a0e.build_script_build.da67867c-cgu.4.rcgu.o" "/opt/rustwide/target/debug/build/failure_derive-10968e9fbd321a0e/build_script_build-10968e9fbd321a0e.build_script_build.da67867c-cgu.5.rcgu.o" "/opt/rustwide/target/debug/build/failure_derive-10968e9fbd321a0e/build_script_build-10968e9fbd321a0e.build_script_build.da67867c-cgu.6.rcgu.o" "/opt/rustwide/target/debug/build/failure_derive-10968e9fbd321a0e/build_script_build-10968e9fbd321a0e.build_script_build.da67867c-cgu.7.rcgu.o" "/opt/rustwide/target/debug/build/failure_derive-10968e9fbd321a0e/build_script_build-10968e9fbd321a0e.build_script_build.da67867c-cgu.8.rcgu.o" "/opt/rustwide/target/debug/build/failure_derive-10968e9fbd321a0e/build_script_build-10968e9fbd321a0e.build_script_build.da67867c-cgu.9.rcgu.o" "/opt/rustwide/target/debug/build/failure_derive-10968e9fbd321a0e/build_script_build-10968e9fbd321a0e.9uguww2rwqiy7sx.rcgu.o" "-Wl,--as-needed" "-L" "/opt/rustwide/target/debug/deps" "-L" "/opt/rustwide/rustup-home/toolchains/1.69.0-x86_64-unknown-linux-gnu/lib/rustlib/x86_64-unknown-linux-gnu/lib" "-Wl,-Bstatic" "/opt/rustwide/rustup-home/toolchains/1.69.0-x86_64-unknown-linux-gnu/lib/rustlib/x86_64-unknown-linux-gnu/lib/libstd-89bc084783fdc439.rlib" "/opt/rustwide/rustup-home/toolchains/1.69.0-x86_64-unknown-linux-gnu/lib/rustlib/x86_64-unknown-linux-gnu/lib/libpanic_unwind-8bee4b287d4367c1.rlib" "/opt/rustwide/rustup-home/toolchains/1.69.0-x86_64-unknown-linux-gnu/lib/rustlib/x86_64-unknown-linux-gnu/lib/libobject-d61707aed80694c0.rlib" "/opt/rustwide/rustup-home/toolchains/1.69.0-x86_64-unknown-linux-gnu/lib/rustlib/x86_64-unknown-linux-gnu/lib/libmemchr-d85366256f22345b.rlib" "/opt/rustwide/rustup-home/toolchains/1.69.0-x86_64-unknown-linux-gnu/lib/rustlib/x86_64-unknown-linux-gnu/lib/libaddr2line-96069b86b8a8cae9.rlib" "/opt/rustwide/rustup-home/toolchains/1.69.0-x86_64-unknown-linux-gnu/lib/rustlib/x86_64-unknown-linux-gnu/lib/libgimli-d19d53abf68dfa6c.rlib" "/opt/rustwide/rustup-home/toolchains/1.69.0-x86_64-unknown-linux-gnu/lib/rustlib/x86_64-unknown-linux-gnu/lib/librustc_demangle-787cbccd19d64ac6.rlib" "/opt/rustwide/rustup-home/toolchains/1.69.0-x86_64-unknown-linux-gnu/lib/rustlib/x86_64-unknown-linux-gnu/lib/libstd_detect-b3837a36b830e0d0.rlib" "/opt/rustwide/rustup-home/toolchains/1.69.0-x86_64-unknown-linux-gnu/lib/rustlib/x86_64-unknown-linux-gnu/lib/libhashbrown-e3deb0e7e3f04966.rlib" "/opt/rustwide/rustup-home/toolchains/1.69.0-x86_64-unknown-linux-gnu/lib/rustlib/x86_64-unknown-linux-gnu/lib/libminiz_oxide-dabbb79c9815def4.rlib" "/opt/rustwide/rustup-home/toolchains/1.69.0-x86_64-unknown-linux-gnu/lib/rustlib/x86_64-unknown-linux-gnu/lib/libadler-305b01f34c9409f2.rlib" "/opt/rustwide/rustup-home/toolchains/1.69.0-x86_64-unknown-linux-gnu/lib/rustlib/x86_64-unknown-linux-gnu/lib/librustc_std_workspace_alloc-f833521df6074e73.rlib" "/opt/rustwide/rustup-home/toolchains/1.69.0-x86_64-unknown-linux-gnu/lib/rustlib/x86_64-unknown-linux-gnu/lib/libunwind-9ac333113350d171.rlib" "/opt/rustwide/rustup-home/toolchains/1.69.0-x86_64-unknown-linux-gnu/lib/rustlib/x86_64-unknown-linux-gnu/lib/libcfg_if-1c126114322d0eee.rlib" "/opt/rustwide/rustup-home/toolchains/1.69.0-x86_64-unknown-linux-gnu/lib/rustlib/x86_64-unknown-linux-gnu/lib/liblibc-bad9164fdeeecf92.rlib" "/opt/rustwide/rustup-home/toolchains/1.69.0-x86_64-unknown-linux-gnu/lib/rustlib/x86_64-unknown-linux-gnu/lib/liballoc-f9374b1e480fa681.rlib" "/opt/rustwide/rustup-home/toolchains/1.69.0-x86_64-unknown-linux-gnu/lib/rustlib/x86_64-unknown-linux-gnu/lib/librustc_std_workspace_core-207f06e41d9603af.rlib" "/opt/rustwide/rustup-home/toolchains/1.69.0-x86_64-unknown-linux-gnu/lib/rustlib/x86_64-unknown-linux-gnu/lib/libcore-7e2768e66e984e85.rlib" "/opt/rustwide/rustup-home/toolchains/1.69.0-x86_64-unknown-linux-gnu/lib/rustlib/x86_64-unknown-linux-gnu/lib/libcompiler_builtins-957b4aff41f8cd46.rlib" "-Wl,-Bdynamic" "-lgcc_s" "-lutil" "-lrt" "-lpthread" "-lm" "-ldl" "-lc" "-Wl,--eh-frame-hdr" "-Wl,-z,noexecstack" "-L" "/opt/rustwide/rustup-home/toolchains/1.69.0-x86_64-unknown-linux-gnu/lib/rustlib/x86_64-unknown-linux-gnu/lib" "-o" "/opt/rustwide/target/debug/build/failure_derive-10968e9fbd321a0e/build_script_build-10968e9fbd321a0e" "-Wl,--gc-sections" "-pie" "-Wl,-z,relro,-z,now" "-nodefaultlibs"
[INFO] [stdout]   = note: /usr/bin/ld: final link failed: No space left on device
[INFO] [stdout]           collect2: error: ld returned 1 exit status
[INFO] [stdout]           
[INFO] [stdout] 
[INFO] [stdout] 
[INFO] [stdout] error: aborting due to previous error
[INFO] [stdout] 
[INFO] [stdout] 
[INFO] [stderr] error: could not compile `failure_derive` due to 2 previous errors
[INFO] [stdout] error: linking with `cc` failed: exit status: 1
[INFO] [stdout]   |
[INFO] [stdout]   = note: LC_ALL="C" PATH="/opt/rustwide/rustup-home/toolchains/1.69.0-x86_64-unknown-linux-gnu/lib/rustlib/x86_64-unknown-linux-gnu/bin:/opt/rustwide/cargo-home/bin:/usr/local/sbin:/usr/local/bin:/usr/sbin:/usr/bin:/sbin:/bin" VSLANG="1033" "cc" "-m64" "/tmp/rustcgTYoyW/symbols.o" "/opt/rustwide/target/debug/build/proc-macro2-bac4617242d6ae3e/build_script_build-bac4617242d6ae3e.build_script_build.a6e859a8-cgu.0.rcgu.o" "/opt/rustwide/target/debug/build/proc-macro2-bac4617242d6ae3e/build_script_build-bac4617242d6ae3e.build_script_build.a6e859a8-cgu.1.rcgu.o" "/opt/rustwide/target/debug/build/proc-macro2-bac4617242d6ae3e/build_script_build-bac4617242d6ae3e.build_script_build.a6e859a8-cgu.10.rcgu.o" "/opt/rustwide/target/debug/build/proc-macro2-bac4617242d6ae3e/build_script_build-bac4617242d6ae3e.build_script_build.a6e859a8-cgu.11.rcgu.o" "/opt/rustwide/target/debug/build/proc-macro2-bac4617242d6ae3e/build_script_build-bac4617242d6ae3e.build_script_build.a6e859a8-cgu.12.rcgu.o" "/opt/rustwide/target/debug/build/proc-macro2-bac4617242d6ae3e/build_script_build-bac4617242d6ae3e.build_script_build.a6e859a8-cgu.13.rcgu.o" "/opt/rustwide/target/debug/build/proc-macro2-bac4617242d6ae3e/build_script_build-bac4617242d6ae3e.build_script_build.a6e859a8-cgu.14.rcgu.o" "/opt/rustwide/target/debug/build/proc-macro2-bac4617242d6ae3e/build_script_build-bac4617242d6ae3e.build_script_build.a6e859a8-cgu.15.rcgu.o" "/opt/rustwide/target/debug/build/proc-macro2-bac4617242d6ae3e/build_script_build-bac4617242d6ae3e.build_script_build.a6e859a8-cgu.2.rcgu.o" "/opt/rustwide/target/debug/build/proc-macro2-bac4617242d6ae3e/build_script_build-bac4617242d6ae3e.build_script_build.a6e859a8-cgu.3.rcgu.o" "/opt/rustwide/target/debug/build/proc-macro2-bac4617242d6ae3e/build_script_build-bac4617242d6ae3e.build_script_build.a6e859a8-cgu.4.rcgu.o" "/opt/rustwide/target/debug/build/proc-macro2-bac4617242d6ae3e/build_script_build-bac4617242d6ae3e.build_script_build.a6e859a8-cgu.5.rcgu.o" "/opt/rustwide/target/debug/build/proc-macro2-bac4617242d6ae3e/build_script_build-bac4617242d6ae3e.build_script_build.a6e859a8-cgu.6.rcgu.o" "/opt/rustwide/target/debug/build/proc-macro2-bac4617242d6ae3e/build_script_build-bac4617242d6ae3e.build_script_build.a6e859a8-cgu.7.rcgu.o" "/opt/rustwide/target/debug/build/proc-macro2-bac4617242d6ae3e/build_script_build-bac4617242d6ae3e.build_script_build.a6e859a8-cgu.8.rcgu.o" "/opt/rustwide/target/debug/build/proc-macro2-bac4617242d6ae3e/build_script_build-bac4617242d6ae3e.build_script_build.a6e859a8-cgu.9.rcgu.o" "/opt/rustwide/target/debug/build/proc-macro2-bac4617242d6ae3e/build_script_build-bac4617242d6ae3e.4lz84y4qxb5j4iih.rcgu.o" "-Wl,--as-needed" "-L" "/opt/rustwide/target/debug/deps" "-L" "/opt/rustwide/rustup-home/toolchains/1.69.0-x86_64-unknown-linux-gnu/lib/rustlib/x86_64-unknown-linux-gnu/lib" "-Wl,-Bstatic" "/opt/rustwide/rustup-home/toolchains/1.69.0-x86_64-unknown-linux-gnu/lib/rustlib/x86_64-unknown-linux-gnu/lib/libstd-89bc084783fdc439.rlib" "/opt/rustwide/rustup-home/toolchains/1.69.0-x86_64-unknown-linux-gnu/lib/rustlib/x86_64-unknown-linux-gnu/lib/libpanic_unwind-8bee4b287d4367c1.rlib" "/opt/rustwide/rustup-home/toolchains/1.69.0-x86_64-unknown-linux-gnu/lib/rustlib/x86_64-unknown-linux-gnu/lib/libobject-d61707aed80694c0.rlib" "/opt/rustwide/rustup-home/toolchains/1.69.0-x86_64-unknown-linux-gnu/lib/rustlib/x86_64-unknown-linux-gnu/lib/libmemchr-d85366256f22345b.rlib" "/opt/rustwide/rustup-home/toolchains/1.69.0-x86_64-unknown-linux-gnu/lib/rustlib/x86_64-unknown-linux-gnu/lib/libaddr2line-96069b86b8a8cae9.rlib" "/opt/rustwide/rustup-home/toolchains/1.69.0-x86_64-unknown-linux-gnu/lib/rustlib/x86_64-unknown-linux-gnu/lib/libgimli-d19d53abf68dfa6c.rlib" "/opt/rustwide/rustup-home/toolchains/1.69.0-x86_64-unknown-linux-gnu/lib/rustlib/x86_64-unknown-linux-gnu/lib/librustc_demangle-787cbccd19d64ac6.rlib" "/opt/rustwide/rustup-home/toolchains/1.69.0-x86_64-unknown-linux-gnu/lib/rustlib/x86_64-unknown-linux-gnu/lib/libstd_detect-b3837a36b830e0d0.rlib" "/opt/rustwide/rustup-home/toolchains/1.69.0-x86_64-unknown-linux-gnu/lib/rustlib/x86_64-unknown-linux-gnu/lib/libhashbrown-e3deb0e7e3f04966.rlib" "/opt/rustwide/rustup-home/toolchains/1.69.0-x86_64-unknown-linux-gnu/lib/rustlib/x86_64-unknown-linux-gnu/lib/libminiz_oxide-dabbb79c9815def4.rlib" "/opt/rustwide/rustup-home/toolchains/1.69.0-x86_64-unknown-linux-gnu/lib/rustlib/x86_64-unknown-linux-gnu/lib/libadler-305b01f34c9409f2.rlib" "/opt/rustwide/rustup-home/toolchains/1.69.0-x86_64-unknown-linux-gnu/lib/rustlib/x86_64-unknown-linux-gnu/lib/librustc_std_workspace_alloc-f833521df6074e73.rlib" "/opt/rustwide/rustup-home/toolchains/1.69.0-x86_64-unknown-linux-gnu/lib/rustlib/x86_64-unknown-linux-gnu/lib/libunwind-9ac333113350d171.rlib" "/opt/rustwide/rustup-home/toolchains/1.69.0-x86_64-unknown-linux-gnu/lib/rustlib/x86_64-unknown-linux-gnu/lib/libcfg_if-1c126114322d0eee.rlib" "/opt/rustwide/rustup-home/toolchains/1.69.0-x86_64-unknown-linux-gnu/lib/rustlib/x86_64-unknown-linux-gnu/lib/liblibc-bad9164fdeeecf92.rlib" "/opt/rustwide/rustup-home/toolchains/1.69.0-x86_64-unknown-linux-gnu/lib/rustlib/x86_64-unknown-linux-gnu/lib/liballoc-f9374b1e480fa681.rlib" "/opt/rustwide/rustup-home/toolchains/1.69.0-x86_64-unknown-linux-gnu/lib/rustlib/x86_64-unknown-linux-gnu/lib/librustc_std_workspace_core-207f06e41d9603af.rlib" "/opt/rustwide/rustup-home/toolchains/1.69.0-x86_64-unknown-linux-gnu/lib/rustlib/x86_64-unknown-linux-gnu/lib/libcore-7e2768e66e984e85.rlib" "/opt/rustwide/rustup-home/toolchains/1.69.0-x86_64-unknown-linux-gnu/lib/rustlib/x86_64-unknown-linux-gnu/lib/libcompiler_builtins-957b4aff41f8cd46.rlib" "-Wl,-Bdynamic" "-lgcc_s" "-lutil" "-lrt" "-lpthread" "-lm" "-ldl" "-lc" "-Wl,--eh-frame-hdr" "-Wl,-z,noexecstack" "-L" "/opt/rustwide/rustup-home/toolchains/1.69.0-x86_64-unknown-linux-gnu/lib/rustlib/x86_64-unknown-linux-gnu/lib" "-o" "/opt/rustwide/target/debug/build/proc-macro2-bac4617242d6ae3e/build_script_build-bac4617242d6ae3e" "-Wl,--gc-sections" "-pie" "-Wl,-z,relro,-z,now" "-nodefaultlibs"
[INFO] [stdout]   = note: /usr/bin/ld: final link failed: No space left on device
[INFO] [stdout]           collect2: error: ld returned 1 exit status
[INFO] [stdout]           
[INFO] [stdout] 
[INFO] [stdout] 
[INFO] [stdout] error: aborting due to previous error
[INFO] [stdout] 
[INFO] [stdout] 
[INFO] [stderr] error: could not compile `proc-macro2` due to 2 previous errors
[INFO] [stdout] error: linking with `cc` failed: exit status: 1
[INFO] [stdout]   |
[INFO] [stdout]   = note: LC_ALL="C" PATH="/opt/rustwide/rustup-home/toolchains/1.69.0-x86_64-unknown-linux-gnu/lib/rustlib/x86_64-unknown-linux-gnu/bin:/opt/rustwide/cargo-home/bin:/usr/local/sbin:/usr/local/bin:/usr/sbin:/usr/bin:/sbin:/bin" VSLANG="1033" "cc" "-m64" "/tmp/rustczaVmEm/symbols.o" "/opt/rustwide/target/debug/build/libc-eadf33db72135542/build_script_build-eadf33db72135542.build_script_build.2bf2d583-cgu.0.rcgu.o" "/opt/rustwide/target/debug/build/libc-eadf33db72135542/build_script_build-eadf33db72135542.build_script_build.2bf2d583-cgu.1.rcgu.o" "/opt/rustwide/target/debug/build/libc-eadf33db72135542/build_script_build-eadf33db72135542.build_script_build.2bf2d583-cgu.10.rcgu.o" "/opt/rustwide/target/debug/build/libc-eadf33db72135542/build_script_build-eadf33db72135542.build_script_build.2bf2d583-cgu.11.rcgu.o" "/opt/rustwide/target/debug/build/libc-eadf33db72135542/build_script_build-eadf33db72135542.build_script_build.2bf2d583-cgu.12.rcgu.o" "/opt/rustwide/target/debug/build/libc-eadf33db72135542/build_script_build-eadf33db72135542.build_script_build.2bf2d583-cgu.13.rcgu.o" "/opt/rustwide/target/debug/build/libc-eadf33db72135542/build_script_build-eadf33db72135542.build_script_build.2bf2d583-cgu.14.rcgu.o" "/opt/rustwide/target/debug/build/libc-eadf33db72135542/build_script_build-eadf33db72135542.build_script_build.2bf2d583-cgu.15.rcgu.o" "/opt/rustwide/target/debug/build/libc-eadf33db72135542/build_script_build-eadf33db72135542.build_script_build.2bf2d583-cgu.2.rcgu.o" "/opt/rustwide/target/debug/build/libc-eadf33db72135542/build_script_build-eadf33db72135542.build_script_build.2bf2d583-cgu.3.rcgu.o" "/opt/rustwide/target/debug/build/libc-eadf33db72135542/build_script_build-eadf33db72135542.build_script_build.2bf2d583-cgu.4.rcgu.o" "/opt/rustwide/target/debug/build/libc-eadf33db72135542/build_script_build-eadf33db72135542.build_script_build.2bf2d583-cgu.5.rcgu.o" "/opt/rustwide/target/debug/build/libc-eadf33db72135542/build_script_build-eadf33db72135542.build_script_build.2bf2d583-cgu.6.rcgu.o" "/opt/rustwide/target/debug/build/libc-eadf33db72135542/build_script_build-eadf33db72135542.build_script_build.2bf2d583-cgu.7.rcgu.o" "/opt/rustwide/target/debug/build/libc-eadf33db72135542/build_script_build-eadf33db72135542.build_script_build.2bf2d583-cgu.8.rcgu.o" "/opt/rustwide/target/debug/build/libc-eadf33db72135542/build_script_build-eadf33db72135542.build_script_build.2bf2d583-cgu.9.rcgu.o" "/opt/rustwide/target/debug/build/libc-eadf33db72135542/build_script_build-eadf33db72135542.zdz4ewl1tapqpdb.rcgu.o" "-Wl,--as-needed" "-L" "/opt/rustwide/target/debug/deps" "-L" "/opt/rustwide/rustup-home/toolchains/1.69.0-x86_64-unknown-linux-gnu/lib/rustlib/x86_64-unknown-linux-gnu/lib" "-Wl,-Bstatic" "/opt/rustwide/rustup-home/toolchains/1.69.0-x86_64-unknown-linux-gnu/lib/rustlib/x86_64-unknown-linux-gnu/lib/libstd-89bc084783fdc439.rlib" "/opt/rustwide/rustup-home/toolchains/1.69.0-x86_64-unknown-linux-gnu/lib/rustlib/x86_64-unknown-linux-gnu/lib/libpanic_unwind-8bee4b287d4367c1.rlib" "/opt/rustwide/rustup-home/toolchains/1.69.0-x86_64-unknown-linux-gnu/lib/rustlib/x86_64-unknown-linux-gnu/lib/libobject-d61707aed80694c0.rlib" "/opt/rustwide/rustup-home/toolchains/1.69.0-x86_64-unknown-linux-gnu/lib/rustlib/x86_64-unknown-linux-gnu/lib/libmemchr-d85366256f22345b.rlib" "/opt/rustwide/rustup-home/toolchains/1.69.0-x86_64-unknown-linux-gnu/lib/rustlib/x86_64-unknown-linux-gnu/lib/libaddr2line-96069b86b8a8cae9.rlib" "/opt/rustwide/rustup-home/toolchains/1.69.0-x86_64-unknown-linux-gnu/lib/rustlib/x86_64-unknown-linux-gnu/lib/libgimli-d19d53abf68dfa6c.rlib" "/opt/rustwide/rustup-home/toolchains/1.69.0-x86_64-unknown-linux-gnu/lib/rustlib/x86_64-unknown-linux-gnu/lib/librustc_demangle-787cbccd19d64ac6.rlib" "/opt/rustwide/rustup-home/toolchains/1.69.0-x86_64-unknown-linux-gnu/lib/rustlib/x86_64-unknown-linux-gnu/lib/libstd_detect-b3837a36b830e0d0.rlib" "/opt/rustwide/rustup-home/toolchains/1.69.0-x86_64-unknown-linux-gnu/lib/rustlib/x86_64-unknown-linux-gnu/lib/libhashbrown-e3deb0e7e3f04966.rlib" "/opt/rustwide/rustup-home/toolchains/1.69.0-x86_64-unknown-linux-gnu/lib/rustlib/x86_64-unknown-linux-gnu/lib/libminiz_oxide-dabbb79c9815def4.rlib" "/opt/rustwide/rustup-home/toolchains/1.69.0-x86_64-unknown-linux-gnu/lib/rustlib/x86_64-unknown-linux-gnu/lib/libadler-305b01f34c9409f2.rlib" "/opt/rustwide/rustup-home/toolchains/1.69.0-x86_64-unknown-linux-gnu/lib/rustlib/x86_64-unknown-linux-gnu/lib/librustc_std_workspace_alloc-f833521df6074e73.rlib" "/opt/rustwide/rustup-home/toolchains/1.69.0-x86_64-unknown-linux-gnu/lib/rustlib/x86_64-unknown-linux-gnu/lib/libunwind-9ac333113350d171.rlib" "/opt/rustwide/rustup-home/toolchains/1.69.0-x86_64-unknown-linux-gnu/lib/rustlib/x86_64-unknown-linux-gnu/lib/libcfg_if-1c126114322d0eee.rlib" "/opt/rustwide/rustup-home/toolchains/1.69.0-x86_64-unknown-linux-gnu/lib/rustlib/x86_64-unknown-linux-gnu/lib/liblibc-bad9164fdeeecf92.rlib" "/opt/rustwide/rustup-home/toolchains/1.69.0-x86_64-unknown-linux-gnu/lib/rustlib/x86_64-unknown-linux-gnu/lib/liballoc-f9374b1e480fa681.rlib" "/opt/rustwide/rustup-home/toolchains/1.69.0-x86_64-unknown-linux-gnu/lib/rustlib/x86_64-unknown-linux-gnu/lib/librustc_std_workspace_core-207f06e41d9603af.rlib" "/opt/rustwide/rustup-home/toolchains/1.69.0-x86_64-unknown-linux-gnu/lib/rustlib/x86_64-unknown-linux-gnu/lib/libcore-7e2768e66e984e85.rlib" "/opt/rustwide/rustup-home/toolchains/1.69.0-x86_64-unknown-linux-gnu/lib/rustlib/x86_64-unknown-linux-gnu/lib/libcompiler_builtins-957b4aff41f8cd46.rlib" "-Wl,-Bdynamic" "-lgcc_s" "-lutil" "-lrt" "-lpthread" "-lm" "-ldl" "-lc" "-Wl,--eh-frame-hdr" "-Wl,-z,noexecstack" "-L" "/opt/rustwide/rustup-home/toolchains/1.69.0-x86_64-unknown-linux-gnu/lib/rustlib/x86_64-unknown-linux-gnu/lib" "-o" "/opt/rustwide/target/debug/build/libc-eadf33db72135542/build_script_build-eadf33db72135542" "-Wl,--gc-sections" "-pie" "-Wl,-z,relro,-z,now" "-nodefaultlibs"
[INFO] [stdout]   = note: /usr/bin/ld: final link failed: No space left on device
[INFO] [stdout]           collect2: error: ld returned 1 exit status
[INFO] [stdout]           
[INFO] [stdout] 
[INFO] [stdout] 
[INFO] [stdout] error: aborting due to previous error
[INFO] [stdout] 
[INFO] [stdout] 
[INFO] [stderr] error: could not compile `libc` due to 2 previous errors
[INFO] [stderr] thread 'rustc' panicked at 'assertion failed: pos.get() <= self.position()', compiler/rustc_metadata/src/rmeta/encoder.rs:435:9
[INFO] [stderr] error: could not compile `gimli`
[INFO] running `Command { std: "docker" "inspect" "bd39b06605aa84788fcc687ee26a02bf91c834c19df02b0419b3a6a8bcbd3241", kill_on_drop: false }`
[INFO] running `Command { std: "docker" "rm" "-f" "bd39b06605aa84788fcc687ee26a02bf91c834c19df02b0419b3a6a8bcbd3241", kill_on_drop: false }`
[INFO] [stdout] bd39b06605aa84788fcc687ee26a02bf91c834c19df02b0419b3a6a8bcbd3241
