[INFO] cloning repository https://github.com/leang27/iced_custom_widget
[INFO] running `Command { std: "git" "-c" "credential.helper=" "-c" "credential.helper=/workspace/cargo-home/bin/git-credential-null" "clone" "--bare" "https://github.com/leang27/iced_custom_widget" "/workspace/cache/git-repos/https%3A%2F%2Fgithub.com%2Fleang27%2Ficed_custom_widget", kill_on_drop: false }`
[INFO] [stderr] Cloning into bare repository '/workspace/cache/git-repos/https%3A%2F%2Fgithub.com%2Fleang27%2Ficed_custom_widget'...
[INFO] running `Command { std: "git" "rev-parse" "HEAD", kill_on_drop: false }`
[INFO] [stdout] af5a661874aff03bd0976d40ba4599825250325c
[INFO] documenting leang27/iced_custom_widget against 1.69.0 for beta-1.70-rustdoc-1
[INFO] running `Command { std: "git" "clone" "/workspace/cache/git-repos/https%3A%2F%2Fgithub.com%2Fleang27%2Ficed_custom_widget" "/workspace/builds/worker-6-tc1/source", kill_on_drop: false }`
[INFO] [stderr] Cloning into '/workspace/builds/worker-6-tc1/source'...
[INFO] [stderr] done.
[INFO] validating manifest of git repo https://github.com/leang27/iced_custom_widget on toolchain 1.69.0
[INFO] running `Command { std: CARGO_HOME="/workspace/cargo-home" RUSTUP_HOME="/workspace/rustup-home" "/workspace/cargo-home/bin/cargo" "+1.69.0" "metadata" "--manifest-path" "Cargo.toml" "--no-deps", kill_on_drop: false }`
[INFO] started tweaking git repo https://github.com/leang27/iced_custom_widget
[INFO] finished tweaking git repo https://github.com/leang27/iced_custom_widget
[INFO] tweaked toml for git repo https://github.com/leang27/iced_custom_widget written to /workspace/builds/worker-6-tc1/source/Cargo.toml
[INFO] running `Command { std: CARGO_HOME="/workspace/cargo-home" RUSTUP_HOME="/workspace/rustup-home" __CARGO_TEST_CHANNEL_OVERRIDE_DO_NOT_USE_THIS="nightly" "/workspace/cargo-home/bin/cargo" "+1.69.0" "generate-lockfile" "--manifest-path" "Cargo.toml" "-Zno-index-update", kill_on_drop: false }`
[INFO] running `Command { std: CARGO_HOME="/workspace/cargo-home" RUSTUP_HOME="/workspace/rustup-home" "/workspace/cargo-home/bin/cargo" "+1.69.0" "fetch" "--manifest-path" "Cargo.toml", kill_on_drop: false }`
[INFO] [stderr]  Downloading crates ...
[INFO] [stderr]   Downloaded kurbo v0.6.3
[INFO] [stderr]   Downloaded rctree v0.3.3
[INFO] [stderr]   Downloaded glyph_brush v0.7.7
[INFO] [stderr]   Downloaded svgfilters v0.1.0
[INFO] [stderr]   Downloaded unicode-script v0.5.5
[INFO] [stderr]   Downloaded resvg v0.9.2
[INFO] [stderr]   Downloaded lyon_geom v0.17.7
[INFO] [stderr]   Downloaded roxmltree v0.11.0
[INFO] [stderr]   Downloaded sw-composite v0.7.16
[INFO] [stderr]   Downloaded raqote v0.8.2
[INFO] [stderr]   Downloaded harfbuzz_rs v1.2.0
[INFO] [stderr]   Downloaded usvg v0.9.1
[INFO] [stderr]   Downloaded harfbuzz-sys v0.3.4
[INFO] running `Command { std: "docker" "create" "-v" "/var/lib/crater-agent-workspace/builds/worker-6-tc1/target:/opt/rustwide/target:rw,Z" "-v" "/var/lib/crater-agent-workspace/builds/worker-6-tc1/source:/opt/rustwide/workdir:ro,Z" "-v" "/var/lib/crater-agent-workspace/cargo-home:/opt/rustwide/cargo-home:ro,Z" "-v" "/var/lib/crater-agent-workspace/rustup-home:/opt/rustwide/rustup-home:ro,Z" "-e" "SOURCE_DIR=/opt/rustwide/workdir" "-e" "CARGO_TARGET_DIR=/opt/rustwide/target" "-e" "CARGO_HOME=/opt/rustwide/cargo-home" "-e" "RUSTUP_HOME=/opt/rustwide/rustup-home" "-w" "/opt/rustwide/workdir" "-m" "1610612736" "--user" "0:0" "--network" "none" "ghcr.io/rust-lang/crates-build-env/linux@sha256:5ff2268d62e97bff2cde7d5815dd6ed5b47097566f13b8d0ca110b04b60e07ed" "/opt/rustwide/cargo-home/bin/cargo" "+1.69.0" "metadata" "--no-deps" "--format-version=1", kill_on_drop: false }`
[INFO] [stdout] c4c0e226499926209b5751a6b26568a75924a8d47c05f10dfff164c222f3a51d
[INFO] running `Command { std: "docker" "start" "-a" "c4c0e226499926209b5751a6b26568a75924a8d47c05f10dfff164c222f3a51d", kill_on_drop: false }`
[INFO] running `Command { std: "docker" "inspect" "c4c0e226499926209b5751a6b26568a75924a8d47c05f10dfff164c222f3a51d", kill_on_drop: false }`
[INFO] running `Command { std: "docker" "rm" "-f" "c4c0e226499926209b5751a6b26568a75924a8d47c05f10dfff164c222f3a51d", kill_on_drop: false }`
[INFO] [stdout] c4c0e226499926209b5751a6b26568a75924a8d47c05f10dfff164c222f3a51d
[INFO] running `Command { std: "docker" "create" "-v" "/var/lib/crater-agent-workspace/builds/worker-6-tc1/target:/opt/rustwide/target:rw,Z" "-v" "/var/lib/crater-agent-workspace/builds/worker-6-tc1/source:/opt/rustwide/workdir:ro,Z" "-v" "/var/lib/crater-agent-workspace/cargo-home:/opt/rustwide/cargo-home:ro,Z" "-v" "/var/lib/crater-agent-workspace/rustup-home:/opt/rustwide/rustup-home:ro,Z" "-e" "SOURCE_DIR=/opt/rustwide/workdir" "-e" "CARGO_TARGET_DIR=/opt/rustwide/target" "-e" "CARGO_INCREMENTAL=0" "-e" "RUST_BACKTRACE=full" "-e" "RUSTFLAGS=--cap-lints=warn" "-e" "RUSTDOCFLAGS=--cap-lints=warn" "-e" "CARGO_HOME=/opt/rustwide/cargo-home" "-e" "RUSTUP_HOME=/opt/rustwide/rustup-home" "-w" "/opt/rustwide/workdir" "-m" "1610612736" "--user" "0:0" "--network" "none" "ghcr.io/rust-lang/crates-build-env/linux@sha256:5ff2268d62e97bff2cde7d5815dd6ed5b47097566f13b8d0ca110b04b60e07ed" "/opt/rustwide/cargo-home/bin/cargo" "+1.69.0" "doc" "--frozen" "--no-deps" "--document-private-items" "--message-format=json", kill_on_drop: false }`
[INFO] [stdout] a679f535e1cab984d2c4bb8c5d4b97ff375071c7ee6ed374b1e24f2ef3dbd707
[INFO] running `Command { std: "docker" "start" "-a" "a679f535e1cab984d2c4bb8c5d4b97ff375071c7ee6ed374b1e24f2ef3dbd707", kill_on_drop: false }`
[INFO] [stderr]    Compiling libc v0.2.142
[INFO] [stderr]    Compiling proc-macro2 v1.0.56
[INFO] [stderr]    Compiling unicode-ident v1.0.8
[INFO] [stderr]    Compiling quote v1.0.26
[INFO] [stderr]    Compiling autocfg v1.1.0
[INFO] [stderr]    Compiling pkg-config v0.3.26
[INFO] [stderr]     Checking bitflags v1.3.2
[INFO] [stderr]    Compiling log v0.4.17
[INFO] [stderr]     Checking lazy_static v1.4.0
[INFO] [stderr]    Compiling xml-rs v0.8.4
[INFO] [stderr]     Checking once_cell v1.17.1
[INFO] [stderr]     Checking smallvec v1.10.0
[INFO] [stderr]    Compiling memchr v2.5.0
[INFO] [stderr]    Compiling thiserror v1.0.40
[INFO] [stderr]     Checking cty v0.2.2
[INFO] [stderr]     Checking libloading v0.7.4
[INFO] [stderr]     Checking scopeguard v1.1.0
[INFO] [stderr]     Checking byteorder v1.4.3
[INFO] [stderr]     Checking raw-window-handle v0.4.3
[INFO] [stderr]     Checking downcast-rs v1.2.0
[INFO] [stderr]     Checking scoped-tls v1.0.1
[INFO] [stderr]    Compiling futures-core v0.3.28
[INFO] [stderr]    Compiling ucd-trie v0.1.5
[INFO] [stderr]    Compiling futures-channel v0.3.28
[INFO] [stderr]     Checking dlib v0.5.0
[INFO] [stderr]     Checking cfg-if v0.1.10
[INFO] [stderr]    Compiling futures-task v0.3.28
[INFO] [stderr]     Checking pin-project-lite v0.2.9
[INFO] [stderr]    Compiling crossbeam-utils v0.8.15
[INFO] [stderr]     Checking ab_glyph_rasterizer v0.1.8
[INFO] [stderr]     Checking arrayvec v0.5.2
[INFO] [stderr]    Compiling num-traits v0.2.15
[INFO] [stderr]    Compiling slab v0.4.8
[INFO] [stderr]    Compiling memoffset v0.6.5
[INFO] [stderr]     Checking minimal-lexical v0.2.1
[INFO] [stderr]    Compiling futures-util v0.3.28
[INFO] [stderr]     Checking futures-sink v0.3.28
[INFO] [stderr]    Compiling memoffset v0.8.0
[INFO] [stderr]    Compiling wayland-sys v0.29.5
[INFO] [stderr]     Checking libloading v0.6.7
[INFO] [stderr]     Checking pin-utils v0.1.0
[INFO] [stderr]     Checking futures-io v0.3.28
[INFO] [stderr]    Compiling wayland-sys v0.28.6
[INFO] [stderr]    Compiling crossbeam-epoch v0.9.14
[INFO] [stderr]     Checking nom v7.1.3
[INFO] [stderr]    Compiling lock_api v0.4.9
[INFO] [stderr]    Compiling parking_lot_core v0.8.6
[INFO] [stderr]     Checking ppv-lite86 v0.2.17
[INFO] [stderr]     Checking instant v0.1.12
[INFO] [stderr]     Checking same-file v1.0.6
[INFO] [stderr]    Compiling syn v1.0.109
[INFO] [stderr]    Compiling servo-fontconfig-sys v4.0.9
[INFO] [stderr]    Compiling x11 v2.21.0
[INFO] [stderr]     Checking walkdir v2.3.3
[INFO] [stderr]     Checking fxhash v0.2.1
[INFO] [stderr]    Compiling syn v2.0.15
[INFO] [stderr]    Compiling wayland-scanner v0.29.5
[INFO] [stderr]    Compiling wayland-scanner v0.28.6
[INFO] [stderr]     Checking ttf-parser v0.19.0
[INFO] [stderr]    Compiling rayon-core v1.11.0
[INFO] [stderr]    Compiling crc32fast v1.3.2
[INFO] [stderr]     Checking static_assertions v1.1.0
[INFO] [stderr]     Checking crossbeam-channel v0.5.8
[INFO] [stderr]    Compiling smithay-client-toolkit v0.16.0
[INFO] [stderr]     Checking bit-vec v0.6.3
[INFO] [stderr]    Compiling version_check v0.9.4
[INFO] [stderr]     Checking linked-hash-map v0.5.6
[INFO] [stderr]     Checking crossbeam-deque v0.8.3
[INFO] [stderr]     Checking ttf-parser v0.15.2
[INFO] [stderr]    Compiling nix v0.18.0
[INFO] [stderr]     Checking bit-set v0.5.3
[INFO] [stderr]     Checking ash v0.31.0
[INFO] [stderr]     Checking num_cpus v1.15.0
[INFO] [stderr]     Checking raw-window-handle v0.3.4
[INFO] [stderr]     Checking getrandom v0.2.9
[INFO] [stderr]     Checking nix v0.20.0
[INFO] [stderr]     Checking nix v0.24.3
[INFO] [stderr]    Compiling jobserver v0.1.26
[INFO] [stderr]     Checking gfx-hal v0.6.0
[INFO] [stderr]     Checking rand_core v0.6.4
[INFO] [stderr]    Compiling cc v1.0.79
[INFO] [stderr]     Checking parking_lot v0.11.2
[INFO] [stderr]     Checking memmap2 v0.1.0
[INFO] [stderr]     Checking rand_chacha v0.3.1
[INFO] [stderr]     Checking spirv_headers v1.5.0
[INFO] [stderr]     Checking euclid v0.22.9
[INFO] [stderr]     Checking rand v0.8.5
[INFO] [stderr]     Checking xcursor v0.3.4
[INFO] [stderr]    Compiling wayland-client v0.29.5
[INFO] [stderr]    Compiling cmake v0.1.50
[INFO] [stderr]    Compiling wayland-client v0.28.6
[INFO] [stderr]    Compiling wayland-protocols v0.29.5
[INFO] [stderr]    Compiling wayland-protocols v0.28.6
[INFO] [stderr]    Compiling glam v0.10.2
[INFO] [stderr]     Checking twox-hash v1.6.3
[INFO] [stderr]     Checking owned_ttf_parser v0.19.0
[INFO] [stderr]     Checking memmap2 v0.5.10
[INFO] [stderr]     Checking wayland-commons v0.29.5
[INFO] [stderr]     Checking dirs-sys v0.3.7
[INFO] [stderr]     Checking owned_ttf_parser v0.15.2
[INFO] [stderr]     Checking ab_glyph v0.2.21
[INFO] [stderr]    Compiling servo-freetype-sys v4.0.5
[INFO] [stderr]    Compiling expat-sys v2.1.6
[INFO] [stderr]    Compiling harfbuzz-sys v0.3.4
[INFO] [stderr]     Checking tracing-core v0.1.30
[INFO] [stderr]     Checking either v1.8.1
[INFO] [stderr]     Checking float-cmp v0.5.3
[INFO] [stderr]     Checking iced_core v0.3.0
[INFO] [stderr]     Checking inplace_it v0.3.5
[INFO] [stderr]    Compiling unicode-xid v0.2.4
[INFO] [stderr]     Checking typed-arena v2.0.2
[INFO] [stderr]     Checking adler v1.0.2
[INFO] [stderr]     Checking home v0.5.5
[INFO] [stderr]     Checking tracing v0.1.37
[INFO] [stderr]     Checking freetype v0.4.1
[INFO] [stderr]     Checking miniz_oxide v0.7.1
[INFO] [stderr]     Checking xdg v2.5.0
[INFO] [stderr]     Checking rayon v1.7.0
[INFO] [stderr]     Checking servo-fontconfig v0.4.0
[INFO] [stderr]     Checking rusttype v0.9.3
[INFO] [stderr]     Checking dirs v2.0.2
[INFO] [stderr]     Checking gfx-backend-empty v0.6.0
[INFO] [stderr]     Checking gfx-descriptor v0.2.0
[INFO] [stderr]     Checking gfx-memory v0.2.2
[INFO] [stderr]     Checking approx v0.5.1
[INFO] [stderr]     Checking gethostname v0.2.3
[INFO] [stderr]     Checking net2 v0.2.38
[INFO] [stderr]     Checking iovec v0.1.4
[INFO] [stderr]    Compiling x11-dl v2.21.0
[INFO] [stderr]     Checking wgpu-types v0.6.1
[INFO] [stderr]    Compiling serde_derive v1.0.160
[INFO] [stderr]    Compiling version-compare v0.0.10
[INFO] [stderr]     Checking matches v0.1.10
[INFO] [stderr]     Checking xi-unicode v0.3.0
[INFO] [stderr]     Checking rustc-hash v1.1.0
[INFO] [stderr]     Checking copyless v0.1.5
[INFO] [stderr]     Checking adler32 v1.2.0
[INFO] [stderr]     Checking float-ord v0.2.0
[INFO] [stderr]     Checking wayland-commons v0.28.6
[INFO] [stderr]     Checking siphasher v0.2.3
[INFO] [stderr]     Checking unicode-segmentation v1.10.1
[INFO] [stderr]     Checking xmlparser v0.13.5
[INFO] [stderr]     Checking inflate v0.4.5
[INFO] [stderr]    Compiling sdl2-sys v0.34.5
[INFO] [stderr]     Checking glyph_brush_layout v0.2.3
[INFO] [stderr]     Checking svgtypes v0.5.0
[INFO] [stderr]     Checking roxmltree v0.11.0
[INFO] [stderr]     Checking x11rb v0.8.1
[INFO] [stderr]     Checking data-url v0.1.1
[INFO] [stderr]     Checking mio v0.6.23
[INFO] [stderr]     Checking flate2 v1.0.26
[INFO] [stderr]     Checking andrew v0.3.1
[INFO] [stderr]     Checking harfbuzz_rs v1.2.0
[INFO] [stderr]     Checking iced_style v0.2.0
[INFO] [stderr]    Compiling synstructure v0.12.6
[INFO] [stderr]     Checking lyon_geom v0.17.7
[INFO] [stderr]     Checking ordered-float v3.7.0
[INFO] [stderr]     Checking dlib v0.4.2
[INFO] [stderr]     Checking kurbo v0.6.3
[INFO] [stderr]     Checking wayland-cursor v0.29.5
[INFO] [stderr]     Checking simplecss v0.2.1
[INFO] [stderr]     Checking sw-composite v0.7.16
[INFO] [stderr]     Checking unicode-bidi v0.3.13
[INFO] [stderr]    Compiling serde v1.0.160
[INFO] [stderr]     Checking base64 v0.12.3
[INFO] [stderr]     Checking ttf-parser v0.6.2
[INFO] [stderr]     Checking rctree v0.3.3
[INFO] [stderr]     Checking wayland-cursor v0.28.6
[INFO] [stderr]     Checking xmlwriter v0.1.0
[INFO] [stderr]     Checking unicode-vo v0.1.0
[INFO] [stderr]     Checking glyph_brush_draw_cache v0.1.5
[INFO] [stderr]    Compiling winit v0.23.0
[INFO] [stderr]     Checking lazycell v1.3.0
[INFO] [stderr]     Checking unicode-script v0.5.5
[INFO] [stderr]     Checking raqote v0.8.2
[INFO] [stderr]     Checking png v0.15.3
[INFO] [stderr]     Checking mio-extras v2.0.6
[INFO] [stderr]     Checking glyph_brush v0.7.7
[INFO] [stderr]    Compiling indexmap v1.9.3
[INFO] [stderr]     Checking jpeg-decoder v0.1.22
[INFO] [stderr]    Compiling thiserror-impl v1.0.40
[INFO] [stderr]    Compiling futures-macro v0.3.28
[INFO] [stderr]    Compiling bytemuck_derive v1.4.1
[INFO] [stderr]     Checking svg_fmt v0.4.1
[INFO] [stderr]     Checking percent-encoding v2.2.0
[INFO] [stderr]     Checking ryu v1.0.13
[INFO] [stderr]    Compiling serde_json v1.0.96
[INFO] [stderr]     Checking guillotiere v0.6.2
[INFO] [stderr]    Compiling sdl2 v0.34.5
[INFO] [stderr]     Checking hashbrown v0.12.3
[INFO] [stderr]     Checking usvg v0.9.1
[INFO] [stderr]     Checking dirs-sys-next v0.1.2
[INFO] [stderr]     Checking calloop v0.6.5
[INFO] [stderr]     Checking yaml-rust v0.4.5
[INFO] [stderr]     Checking itoa v1.0.6
[INFO] [stderr]     Checking dirs-next v2.0.0
[INFO] [stderr]     Checking gfx-backend-vulkan v0.6.5
[INFO] [stderr]     Checking bytemuck v1.13.1
[INFO] [stderr]     Checking rgb v0.8.36
[INFO] [stderr]    Compiling zerocopy-derive v0.2.0
[INFO] [stderr]    Compiling smart-default v0.6.0
[INFO] [stderr]    Compiling pest v2.6.0
[INFO] [stderr]     Checking naga v0.2.0
[INFO] [stderr]     Checking svgfilters v0.1.0
[INFO] [stderr]     Checking resvg v0.9.2
[INFO] [stdout] error[E0599]: no method named `pre_transform` found for mutable reference `&mut euclid::transform2d::Transform2D<f32, euclid::UnknownUnit, euclid::UnknownUnit>` in the current scope
[INFO] [stdout]    --> /opt/rustwide/cargo-home/registry/src/github.com-1ecc6299db9ec823/resvg-0.9.2/src/backend_raqote/style.rs:161:36
[INFO] [stdout]     |
[INFO] [stdout] 161 |             *transform = transform.pre_transform(&ts);
[INFO] [stdout]     |                                    ^^^^^^^^^^^^^ help: there is a method with a similar name: `pre_translate`
[INFO] [stdout] 
[INFO] [stdout] 
[INFO] [stdout] error[E0599]: no method named `pre_transform` found for mutable reference `&mut euclid::transform2d::Transform2D<f32, euclid::UnknownUnit, euclid::UnknownUnit>` in the current scope
[INFO] [stdout]    --> /opt/rustwide/cargo-home/registry/src/github.com-1ecc6299db9ec823/resvg-0.9.2/src/backend_raqote/style.rs:204:40
[INFO] [stdout]     |
[INFO] [stdout] 204 |                 *transform = transform.pre_transform(&ts);
[INFO] [stdout]     |                                        ^^^^^^^^^^^^^ help: there is a method with a similar name: `pre_translate`
[INFO] [stdout] 
[INFO] [stdout] 
[INFO] [stdout] error[E0599]: no function or associated item named `create_scale` found for struct `euclid::transform2d::Transform2D` in the current scope
[INFO] [stdout]    --> /opt/rustwide/cargo-home/registry/src/github.com-1ecc6299db9ec823/resvg-0.9.2/src/backend_raqote/style.rs:258:38
[INFO] [stdout]     |
[INFO] [stdout] 258 |     dt.transform(&raqote::Transform::create_scale(sx as f32, sy as f32));
[INFO] [stdout]     |                                      ^^^^^^^^^^^^
[INFO] [stdout]     |                                      |
[INFO] [stdout]     |                                      function or associated item not found in `Transform2D<f32, UnknownUnit, UnknownUnit>`
[INFO] [stdout]     |                                      help: there is a method with a similar name: `pre_scale`
[INFO] [stdout] 
[INFO] [stdout] 
[INFO] [stdout] error[E0599]: no function or associated item named `create_scale` found for struct `euclid::transform2d::Transform2D` in the current scope
[INFO] [stdout]    --> /opt/rustwide/cargo-home/registry/src/github.com-1ecc6299db9ec823/resvg-0.9.2/src/backend_raqote/style.rs:267:42
[INFO] [stdout]     |
[INFO] [stdout] 267 |         dt.transform(&raqote::Transform::create_scale(bbox.width() as f32, bbox.height() as f32));
[INFO] [stdout]     |                                          ^^^^^^^^^^^^
[INFO] [stdout]     |                                          |
[INFO] [stdout]     |                                          function or associated item not found in `Transform2D<f32, UnknownUnit, UnknownUnit>`
[INFO] [stdout]     |                                          help: there is a method with a similar name: `pre_scale`
[INFO] [stdout] 
[INFO] [stdout] 
[INFO] [stdout] error[E0599]: no function or associated item named `row_major` found for struct `euclid::transform2d::Transform2D` in the current scope
[INFO] [stdout]   --> /opt/rustwide/cargo-home/registry/src/github.com-1ecc6299db9ec823/resvg-0.9.2/src/backend_raqote/mod.rs:23:28
[INFO] [stdout]    |
[INFO] [stdout] 23 |         raqote::Transform::row_major(self.a as f32, self.b as f32, self.c as f32,
[INFO] [stdout]    |                            ^^^^^^^^^ function or associated item not found in `Transform2D<f32, UnknownUnit, UnknownUnit>`
[INFO] [stdout] 
[INFO] [stdout] 
[INFO] [stdout] error[E0599]: no method named `pre_transform` found for reference `&euclid::transform2d::Transform2D<f32, euclid::UnknownUnit, euclid::UnknownUnit>` in the current scope
[INFO] [stdout]   --> /opt/rustwide/cargo-home/registry/src/github.com-1ecc6299db9ec823/resvg-0.9.2/src/backend_raqote/mod.rs:42:50
[INFO] [stdout]    |
[INFO] [stdout] 42 |         self.set_transform(&self.get_transform().pre_transform(ts));
[INFO] [stdout]    |                                                  ^^^^^^^^^^^^^ help: there is a method with a similar name: `pre_translate`
[INFO] [stdout] 
[INFO] [stdout] 
[INFO] [stdout] error[E0599]: no method named `write_png` found for mutable reference `&mut DrawTarget` in the current scope
[INFO] [stdout]    --> /opt/rustwide/cargo-home/registry/src/github.com-1ecc6299db9ec823/resvg-0.9.2/src/backend_raqote/mod.rs:113:14
[INFO] [stdout]     |
[INFO] [stdout] 113 |         self.write_png(path).is_ok()
[INFO] [stdout]     |              ^^^^^^^^^ method not found in `&mut DrawTarget`
[INFO] [stdout] 
[INFO] [stdout] 
[INFO] [stdout] error: aborting due to 7 previous errors
[INFO] [stdout] 
[INFO] [stdout] 
[INFO] [stdout] For more information about this error, try `rustc --explain E0599`.
[INFO] [stdout] 
[INFO] [stderr] error: could not compile `resvg` due to 8 previous errors
[INFO] [stderr] warning: build failed, waiting for other jobs to finish...
[INFO] running `Command { std: "docker" "inspect" "a679f535e1cab984d2c4bb8c5d4b97ff375071c7ee6ed374b1e24f2ef3dbd707", kill_on_drop: false }`
[INFO] running `Command { std: "docker" "rm" "-f" "a679f535e1cab984d2c4bb8c5d4b97ff375071c7ee6ed374b1e24f2ef3dbd707", kill_on_drop: false }`
[INFO] [stdout] a679f535e1cab984d2c4bb8c5d4b97ff375071c7ee6ed374b1e24f2ef3dbd707
