[INFO] cloning repository https://github.com/kursatkobya/libfrizz
[INFO] running `Command { std: "git" "-c" "credential.helper=" "-c" "credential.helper=/workspace/cargo-home/bin/git-credential-null" "clone" "--bare" "https://github.com/kursatkobya/libfrizz" "/workspace/cache/git-repos/https%3A%2F%2Fgithub.com%2Fkursatkobya%2Flibfrizz", kill_on_drop: false }`
[INFO] [stderr] Cloning into bare repository '/workspace/cache/git-repos/https%3A%2F%2Fgithub.com%2Fkursatkobya%2Flibfrizz'...
[INFO] running `Command { std: "git" "rev-parse" "HEAD", kill_on_drop: false }`
[INFO] [stdout] ed60e4ca8cd2eb29f672cc4a897cf0850919c9e9
[INFO] documenting kursatkobya/libfrizz against 1.69.0 for beta-1.70-rustdoc-1
[INFO] running `Command { std: "git" "clone" "/workspace/cache/git-repos/https%3A%2F%2Fgithub.com%2Fkursatkobya%2Flibfrizz" "/workspace/builds/worker-1-tc1/source", kill_on_drop: false }`
[INFO] [stderr] Cloning into '/workspace/builds/worker-1-tc1/source'...
[INFO] [stderr] done.
[INFO] validating manifest of git repo https://github.com/kursatkobya/libfrizz on toolchain 1.69.0
[INFO] running `Command { std: CARGO_HOME="/workspace/cargo-home" RUSTUP_HOME="/workspace/rustup-home" "/workspace/cargo-home/bin/cargo" "+1.69.0" "metadata" "--manifest-path" "Cargo.toml" "--no-deps", kill_on_drop: false }`
[INFO] started tweaking git repo https://github.com/kursatkobya/libfrizz
[INFO] finished tweaking git repo https://github.com/kursatkobya/libfrizz
[INFO] tweaked toml for git repo https://github.com/kursatkobya/libfrizz written to /workspace/builds/worker-1-tc1/source/Cargo.toml
[INFO] running `Command { std: CARGO_HOME="/workspace/cargo-home" RUSTUP_HOME="/workspace/rustup-home" __CARGO_TEST_CHANNEL_OVERRIDE_DO_NOT_USE_THIS="nightly" "/workspace/cargo-home/bin/cargo" "+1.69.0" "generate-lockfile" "--manifest-path" "Cargo.toml" "-Zno-index-update", kill_on_drop: false }`
[INFO] running `Command { std: CARGO_HOME="/workspace/cargo-home" RUSTUP_HOME="/workspace/rustup-home" "/workspace/cargo-home/bin/cargo" "+1.69.0" "fetch" "--manifest-path" "Cargo.toml", kill_on_drop: false }`
[INFO] [stderr]  Downloading crates ...
[INFO] [stderr]   Downloaded colored_json v2.1.0
[INFO] [stderr]   Downloaded dprint-core v0.46.4
[INFO] [stderr]   Downloaded jql v3.3.0
[INFO] running `Command { std: "docker" "create" "-v" "/var/lib/crater-agent-workspace/builds/worker-1-tc1/target:/opt/rustwide/target:rw,Z" "-v" "/var/lib/crater-agent-workspace/builds/worker-1-tc1/source:/opt/rustwide/workdir:ro,Z" "-v" "/var/lib/crater-agent-workspace/cargo-home:/opt/rustwide/cargo-home:ro,Z" "-v" "/var/lib/crater-agent-workspace/rustup-home:/opt/rustwide/rustup-home:ro,Z" "-e" "SOURCE_DIR=/opt/rustwide/workdir" "-e" "CARGO_TARGET_DIR=/opt/rustwide/target" "-e" "CARGO_HOME=/opt/rustwide/cargo-home" "-e" "RUSTUP_HOME=/opt/rustwide/rustup-home" "-w" "/opt/rustwide/workdir" "-m" "1610612736" "--user" "0:0" "--network" "none" "ghcr.io/rust-lang/crates-build-env/linux@sha256:5ff2268d62e97bff2cde7d5815dd6ed5b47097566f13b8d0ca110b04b60e07ed" "/opt/rustwide/cargo-home/bin/cargo" "+1.69.0" "metadata" "--no-deps" "--format-version=1", kill_on_drop: false }`
[INFO] [stdout] edfc25d9e8b0af409647fe9a65cb1057f18b3b52d2f3d6826f4c9ae13123eca5
[INFO] running `Command { std: "docker" "start" "-a" "edfc25d9e8b0af409647fe9a65cb1057f18b3b52d2f3d6826f4c9ae13123eca5", kill_on_drop: false }`
[INFO] running `Command { std: "docker" "inspect" "edfc25d9e8b0af409647fe9a65cb1057f18b3b52d2f3d6826f4c9ae13123eca5", kill_on_drop: false }`
[INFO] running `Command { std: "docker" "rm" "-f" "edfc25d9e8b0af409647fe9a65cb1057f18b3b52d2f3d6826f4c9ae13123eca5", kill_on_drop: false }`
[INFO] [stdout] edfc25d9e8b0af409647fe9a65cb1057f18b3b52d2f3d6826f4c9ae13123eca5
[INFO] running `Command { std: "docker" "create" "-v" "/var/lib/crater-agent-workspace/builds/worker-1-tc1/target:/opt/rustwide/target:rw,Z" "-v" "/var/lib/crater-agent-workspace/builds/worker-1-tc1/source:/opt/rustwide/workdir:ro,Z" "-v" "/var/lib/crater-agent-workspace/cargo-home:/opt/rustwide/cargo-home:ro,Z" "-v" "/var/lib/crater-agent-workspace/rustup-home:/opt/rustwide/rustup-home:ro,Z" "-e" "SOURCE_DIR=/opt/rustwide/workdir" "-e" "CARGO_TARGET_DIR=/opt/rustwide/target" "-e" "CARGO_INCREMENTAL=0" "-e" "RUST_BACKTRACE=full" "-e" "RUSTFLAGS=--cap-lints=warn" "-e" "RUSTDOCFLAGS=--cap-lints=warn" "-e" "CARGO_HOME=/opt/rustwide/cargo-home" "-e" "RUSTUP_HOME=/opt/rustwide/rustup-home" "-w" "/opt/rustwide/workdir" "-m" "1610612736" "--user" "0:0" "--network" "none" "ghcr.io/rust-lang/crates-build-env/linux@sha256:5ff2268d62e97bff2cde7d5815dd6ed5b47097566f13b8d0ca110b04b60e07ed" "/opt/rustwide/cargo-home/bin/cargo" "+1.69.0" "doc" "--frozen" "--no-deps" "--document-private-items" "--message-format=json", kill_on_drop: false }`
[INFO] [stdout] 084f5ca596510fc8e111fa4f78518abc4d1f09996e0ca940503c07d14e3c32a1
[INFO] running `Command { std: "docker" "start" "-a" "084f5ca596510fc8e111fa4f78518abc4d1f09996e0ca940503c07d14e3c32a1", kill_on_drop: false }`
[INFO] [stderr]    Compiling proc-macro2 v1.0.56
[INFO] [stderr]    Compiling quote v1.0.26
[INFO] [stderr]    Compiling unicode-ident v1.0.8
[INFO] [stderr]    Compiling autocfg v1.1.0
[INFO] [stderr]    Compiling libc v0.2.142
[INFO] [stderr]    Compiling syn v1.0.109
[INFO] [stderr]    Compiling version_check v0.9.4
[INFO] [stderr]    Compiling log v0.4.17
[INFO] [stderr]    Compiling futures-core v0.3.28
[INFO] [stderr]     Checking pin-project-lite v0.2.9
[INFO] [stderr]    Compiling memchr v2.5.0
[INFO] [stderr]     Checking once_cell v1.17.1
[INFO] [stderr]    Compiling parking_lot_core v0.9.7
[INFO] [stderr]     Checking smallvec v1.10.0
[INFO] [stderr]    Compiling crossbeam-utils v0.8.15
[INFO] [stderr]     Checking futures-io v0.3.28
[INFO] [stderr]    Compiling serde_derive v1.0.160
[INFO] [stderr]    Compiling serde v1.0.160
[INFO] [stderr]    Compiling ppv-lite86 v0.2.17
[INFO] [stderr]     Checking itoa v1.0.6
[INFO] [stderr]    Compiling siphasher v0.3.10
[INFO] [stderr]     Checking bytes v1.4.0
[INFO] [stderr]     Checking futures-sink v0.3.28
[INFO] [stderr]    Compiling cc v1.0.79
[INFO] [stderr]    Compiling value-bag v1.0.0-alpha.9
[INFO] [stderr]    Compiling pkg-config v0.3.26
[INFO] [stderr]    Compiling futures-channel v0.3.28
[INFO] [stderr]     Checking event-listener v2.5.3
[INFO] [stderr]    Compiling lock_api v0.4.9
[INFO] [stderr]    Compiling slab v0.4.8
[INFO] [stderr]    Compiling phf_shared v0.10.0
[INFO] [stderr]    Compiling indexmap v1.9.3
[INFO] [stderr]    Compiling tokio v1.28.0
[INFO] [stderr]    Compiling futures-task v0.3.28
[INFO] [stderr]    Compiling thiserror v1.0.40
[INFO] [stderr]     Checking hashbrown v0.12.3
[INFO] [stderr]     Checking concurrent-queue v2.2.0
[INFO] [stderr]     Checking fastrand v1.9.0
[INFO] [stderr]    Compiling io-lifetimes v1.0.10
[INFO] [stderr]    Compiling futures-util v0.3.28
[INFO] [stderr]     Checking new_debug_unreachable v1.0.4
[INFO] [stderr]     Checking parking v2.1.0
[INFO] [stderr]     Checking waker-fn v1.1.0
[INFO] [stderr]     Checking futures-lite v1.13.0
[INFO] [stderr]     Checking async-lock v2.7.0
[INFO] [stderr]    Compiling memoffset v0.8.0
[INFO] [stderr]    Compiling polling v2.8.0
[INFO] [stderr]    Compiling rustix v0.37.18
[INFO] [stderr]     Checking mac v0.1.1
[INFO] [stderr]    Compiling async-io v1.13.0
[INFO] [stderr]    Compiling crossbeam-epoch v0.9.14
[INFO] [stderr]    Compiling syn v2.0.15
[INFO] [stderr]     Checking futf v0.1.5
[INFO] [stderr]     Checking tracing-core v0.1.30
[INFO] [stderr]     Checking linux-raw-sys v0.3.6
[INFO] [stderr]     Checking utf-8 v0.7.6
[INFO] [stderr]    Compiling semver v1.0.17
[INFO] [stderr]     Checking foreign-types-shared v0.1.1
[INFO] [stderr]    Compiling openssl v0.10.52
[INFO] [stderr]     Checking precomputed-hash v0.1.1
[INFO] [stderr]     Checking foreign-types v0.3.2
[INFO] [stderr]     Checking tendril v0.4.3
[INFO] [stderr]     Checking http v0.2.9
[INFO] [stderr]     Checking phf v0.10.1
[INFO] [stderr]    Compiling openssl-sys v0.9.87
[INFO] [stderr]    Compiling ucd-trie v0.1.5
[INFO] [stderr]    Compiling serde_json v1.0.96
[INFO] [stderr]    Compiling signal-hook v0.3.15
[INFO] [stderr]     Checking tracing v0.1.37
[INFO] [stderr]    Compiling native-tls v0.2.11
[INFO] [stderr]     Checking async-task v4.4.0
[INFO] [stderr]     Checking ryu v1.0.13
[INFO] [stderr]    Compiling httparse v1.8.0
[INFO] [stderr]     Checking tinyvec_macros v0.1.1
[INFO] [stderr]    Compiling getrandom v0.2.9
[INFO] [stderr]     Checking socket2 v0.4.9
[INFO] [stderr]     Checking signal-hook-registry v1.4.1
[INFO] [stderr]     Checking num_cpus v1.15.0
[INFO] [stderr]     Checking atty v0.2.14
[INFO] [stderr]     Checking tinyvec v1.6.0
[INFO] [stderr]     Checking parking_lot v0.12.1
[INFO] [stderr]    Compiling rand_core v0.6.4
[INFO] [stderr]     Checking async-channel v1.8.0
[INFO] [stderr]    Compiling num-traits v0.2.15
[INFO] [stderr]    Compiling async-process v1.7.0
[INFO] [stderr]     Checking percent-encoding v2.2.0
[INFO] [stderr]     Checking atomic-waker v1.1.1
[INFO] [stderr]    Compiling rayon-core v1.11.0
[INFO] [stderr]    Compiling rand_chacha v0.3.1
[INFO] [stderr]     Checking openssl-probe v0.1.5
[INFO] [stderr]     Checking try-lock v0.2.4
[INFO] [stderr]     Checking form_urlencoded v1.1.0
[INFO] [stderr]     Checking crossbeam-deque v0.8.3
[INFO] [stderr]     Checking http-body v0.4.5
[INFO] [stderr]    Compiling rustc_version v0.4.0
[INFO] [stderr]     Checking async-executor v1.5.1
[INFO] [stderr]    Compiling rand v0.8.5
[INFO] [stderr]     Checking crossbeam-channel v0.5.8
[INFO] [stderr]    Compiling num-integer v0.1.45
[INFO] [stderr]    Compiling rustversion v1.0.12
[INFO] [stderr]     Checking tower-service v0.3.2
[INFO] [stderr]     Checking httpdate v1.0.2
[INFO] [stderr]    Compiling time-core v0.1.0
[INFO] [stderr]     Checking unicode-bidi v0.3.13
[INFO] [stderr]     Checking os_str_bytes v6.5.0
[INFO] [stderr]    Compiling anyhow v1.0.71
[INFO] [stderr]     Checking either v1.8.1
[INFO] [stderr]     Checking ansi_term v0.12.1
[INFO] [stderr]    Compiling rstest v0.12.0
[INFO] [stderr]     Checking clap_lex v0.2.4
[INFO] [stderr]     Checking unicode-normalization v0.1.22
[INFO] [stderr]    Compiling time-macros v0.2.8
[INFO] [stderr]     Checking aho-corasick v1.0.1
[INFO] [stderr]    Compiling unicode-segmentation v1.10.1
[INFO] [stderr]     Checking unicode-width v0.1.10
[INFO] [stderr]     Checking termcolor v1.2.0
[INFO] [stderr]     Checking bit-vec v0.6.3
[INFO] [stderr]     Checking regex-syntax v0.7.1
[INFO] [stderr]     Checking strsim v0.10.0
[INFO] [stderr]     Checking num_threads v0.1.6
[INFO] [stderr]     Checking textwrap v0.16.0
[INFO] [stderr]    Compiling phf_generator v0.10.0
[INFO] [stderr]     Checking idna v0.3.0
[INFO] [stderr]    Compiling heck v0.3.3
[INFO] [stderr]    Compiling string_cache_codegen v0.5.2
[INFO] [stderr]    Compiling phf_codegen v0.10.0
[INFO] [stderr]     Checking rayon v1.7.0
[INFO] [stderr]     Checking bit-set v0.5.3
[INFO] [stderr]     Checking clap v3.2.25
[INFO] [stderr]     Checking textwrap v0.11.0
[INFO] [stderr]     Checking console v0.15.5
[INFO] [stderr]     Checking colored v1.9.3
[INFO] [stderr]     Checking time v0.1.45
[INFO] [stderr]     Checking encoding_rs v0.8.32
[INFO] [stderr]     Checking mime v0.3.17
[INFO] [stderr]     Checking url v2.3.1
[INFO] [stderr]     Checking bumpalo v3.12.1
[INFO] [stderr]     Checking number_prefix v0.4.0
[INFO] [stderr]     Checking rustc-hash v1.1.0
[INFO] [stderr]     Checking base64 v0.21.0
[INFO] [stderr]    Compiling markup5ever v0.11.0
[INFO] [stderr]     Checking yaml-rust v0.3.5
[INFO] [stderr]     Checking ipnet v2.7.2
[INFO] [stderr]     Checking iana-time-zone v0.1.56
[INFO] [stderr]     Checking itertools v0.10.5
[INFO] [stderr]     Checking strum v0.23.0
[INFO] [stderr]     Checking chrono v0.4.24
[INFO] [stderr]     Checking home v0.5.5
[INFO] [stderr]     Checking clap v2.34.0
[INFO] [stderr]     Checking time v0.3.20
[INFO] [stderr]     Checking regex v1.8.1
[INFO] [stderr]    Compiling thiserror-impl v1.0.40
[INFO] [stderr]    Compiling tokio-macros v2.1.0
[INFO] [stderr]    Compiling futures-macro v0.3.28
[INFO] [stderr]    Compiling openssl-macros v0.1.1
[INFO] [stderr]    Compiling async-stream-impl v0.3.5
[INFO] [stderr]     Checking async-stream v0.3.5
[INFO] [stderr]     Checking indicatif v0.16.2
[INFO] [stderr]    Compiling pest v2.6.0
[INFO] [stderr]    Compiling ctor v0.1.26
[INFO] [stderr]    Compiling html5ever v0.26.0
[INFO] [stderr]    Compiling async-attributes v1.1.2
[INFO] [stderr]    Compiling strum_macros v0.23.1
[INFO] [stderr]    Compiling pest_meta v2.6.0
[INFO] [stderr]     Checking mio v0.8.6
[INFO] [stderr]     Checking want v0.3.0
[INFO] [stderr]     Checking blocking v1.3.1
[INFO] [stderr]     Checking kv-log-macro v1.0.7
[INFO] [stderr]     Checking simple_logger v1.16.0
[INFO] [stderr]    Compiling pest_generator v2.6.0
[INFO] [stderr]     Checking async-global-executor v2.3.1
[INFO] [stderr]     Checking futures-executor v0.3.28
[INFO] [stderr]     Checking futures v0.3.28
[INFO] [stderr]     Checking async-std v1.12.0
[INFO] [stderr]    Compiling pest_derive v2.6.0
[INFO] [stderr]     Checking string_cache v0.8.7
[INFO] [stderr]     Checking serde_urlencoded v0.7.1
[INFO] [stderr]     Checking dprint-core v0.46.4
[INFO] [stderr]     Checking colored_json v2.1.0
[INFO] [stderr]     Checking jql v3.3.0
[INFO] [stderr]     Checking xml5ever v0.17.0
[INFO] [stderr]     Checking markup5ever_rcdom v0.2.0
[INFO] [stderr]     Checking tokio-util v0.7.8
[INFO] [stderr]     Checking tokio-native-tls v0.3.1
[INFO] [stderr]     Checking tokio-util v0.6.10
[INFO] [stderr]     Checking select v0.6.0
[INFO] [stderr]     Checking h2 v0.3.18
[INFO] [stderr]     Checking hyper v0.14.26
[INFO] [stderr]     Checking hyper-tls v0.5.0
[INFO] [stderr]     Checking reqwest v0.11.17
[INFO] [stderr]     Checking frizz v0.2.0 (/opt/rustwide/workdir)
[INFO] [stderr]  Documenting frizz v0.2.0 (/opt/rustwide/workdir)
[INFO] [stdout] error[E0432]: unresolved import `tokio_util::codec`
[INFO] [stdout]   --> src/lib.rs:25:17
[INFO] [stdout]    |
[INFO] [stdout] 25 | use tokio_util::codec::{BytesCodec, FramedRead};
[INFO] [stdout]    |                 ^^^^^ could not find `codec` in `tokio_util`
[INFO] [stdout] 
[INFO] [stdout] 
[INFO] [stdout] error[E0432]: unresolved import `tokio_util::codec`
[INFO] [stdout]   --> src/lib.rs:25:17
[INFO] [stdout]    |
[INFO] [stdout] 25 | use tokio_util::codec::{BytesCodec, FramedRead};
[INFO] [stdout]    |                 ^^^^^ could not find `codec` in `tokio_util`
[INFO] [stdout] 
[INFO] [stdout] 
[INFO] [stdout] error: aborting due to previous error
[INFO] [stdout] 
[INFO] [stdout] 
[INFO] [stdout] For more information about this error, try `rustc --explain E0432`.
[INFO] [stdout] 
[INFO] [stderr] error: could not document `frizz`
[INFO] [stderr] 
[INFO] [stderr] Caused by:
[INFO] [stderr]   process didn't exit successfully: `rustdoc --edition=2018 --crate-type lib --crate-name libfrizz src/lib.rs -o /opt/rustwide/target/doc --error-format=json --json=diagnostic-rendered-ansi,artifacts,future-incompat --document-private-items -C metadata=bb50091064080fa1 -L dependency=/opt/rustwide/target/debug/deps --extern ansi_term=/opt/rustwide/target/debug/deps/libansi_term-be3732221f63218a.rmeta --extern async_stream=/opt/rustwide/target/debug/deps/libasync_stream-9f02915b0a2974a9.rmeta --extern chrono=/opt/rustwide/target/debug/deps/libchrono-a8d76519b189dfb1.rmeta --extern clap=/opt/rustwide/target/debug/deps/libclap-4ca563cdb97298c1.rmeta --extern dprint_core=/opt/rustwide/target/debug/deps/libdprint_core-e2350aa99e4a9703.rmeta --extern futures=/opt/rustwide/target/debug/deps/libfutures-8cd7927a7e165d1b.rmeta --extern home=/opt/rustwide/target/debug/deps/libhome-5ffb75b2b40e2e17.rmeta --extern indicatif=/opt/rustwide/target/debug/deps/libindicatif-c5ec90a79323e9ce.rmeta --extern itertools=/opt/rustwide/target/debug/deps/libitertools-578991b5e0b8e761.rmeta --extern jql=/opt/rustwide/target/debug/deps/libjql-7fbdaf7d92a4f0c6.rmeta --extern lazy_static=/opt/rustwide/target/debug/deps/liblazy_static-9c7d51f549cf58b7.rmeta --extern log=/opt/rustwide/target/debug/deps/liblog-8bbf18ccbe71f23a.rmeta --extern regex=/opt/rustwide/target/debug/deps/libregex-551828a6df28d000.rmeta --extern reqwest=/opt/rustwide/target/debug/deps/libreqwest-610eaac5c74cffda.rmeta --extern rstest=/opt/rustwide/target/debug/deps/librstest-23303f9e90153c10.so --extern select=/opt/rustwide/target/debug/deps/libselect-0037e9f9600a73e1.rmeta --extern serde_json=/opt/rustwide/target/debug/deps/libserde_json-b9ab448e144a81dc.rmeta --extern simple_logger=/opt/rustwide/target/debug/deps/libsimple_logger-61cfd15e0c072d6b.rmeta --extern strum=/opt/rustwide/target/debug/deps/libstrum-03a1eb909677cb4b.rmeta --extern strum_macros=/opt/rustwide/target/debug/deps/libstrum_macros-818cbceb60f0d963.so --extern tokio=/opt/rustwide/target/debug/deps/libtokio-f98e49fd79b368e8.rmeta --extern tokio_util=/opt/rustwide/target/debug/deps/libtokio_util-41e68af709685911.rmeta --cap-lints=warn --crate-version 0.2.0` (exit status: 1)
[INFO] [stderr] warning: build failed, waiting for other jobs to finish...
[INFO] [stdout] error[E0308]: mismatched types
[INFO] [stdout]    --> src/port_details.rs:114:33
[INFO] [stdout]     |
[INFO] [stdout] 114 |         let r = jql::walker(&v, Some(query));
[INFO] [stdout]     |                 -----------     ^^^^^^^^^^^ expected `&str`, found `Option<&str>`
[INFO] [stdout]     |                 |
[INFO] [stdout]     |                 arguments to this function are incorrect
[INFO] [stdout]     |
[INFO] [stdout]     = note: expected reference `&str`
[INFO] [stdout]                     found enum `Option<&str>`
[INFO] [stdout] note: function defined here
[INFO] [stdout]    --> /opt/rustwide/cargo-home/registry/src/github.com-1ecc6299db9ec823/jql-3.3.0/src/lib.rs:39:8
[INFO] [stdout]     |
[INFO] [stdout] 39  | pub fn walker(json: &Value, selectors: &str) -> Selection {
[INFO] [stdout]     |        ^^^^^^
[INFO] [stdout] 
[INFO] [stdout] 
[INFO] [stdout] error: aborting due to 2 previous errors
[INFO] [stdout] 
[INFO] [stdout] 
[INFO] [stdout] Some errors have detailed explanations: E0308, E0432.
[INFO] [stdout] 
[INFO] [stdout] For more information about an error, try `rustc --explain E0308`.
[INFO] [stdout] 
[INFO] [stderr] error: could not compile `frizz` due to 3 previous errors
[INFO] running `Command { std: "docker" "inspect" "084f5ca596510fc8e111fa4f78518abc4d1f09996e0ca940503c07d14e3c32a1", kill_on_drop: false }`
[INFO] running `Command { std: "docker" "rm" "-f" "084f5ca596510fc8e111fa4f78518abc4d1f09996e0ca940503c07d14e3c32a1", kill_on_drop: false }`
[INFO] [stdout] 084f5ca596510fc8e111fa4f78518abc4d1f09996e0ca940503c07d14e3c32a1
