[INFO] cloning repository https://github.com/krircc/mosup
[INFO] running `Command { std: "git" "-c" "credential.helper=" "-c" "credential.helper=/workspace/cargo-home/bin/git-credential-null" "clone" "--bare" "https://github.com/krircc/mosup" "/workspace/cache/git-repos/https%3A%2F%2Fgithub.com%2Fkrircc%2Fmosup", kill_on_drop: false }`
[INFO] [stderr] Cloning into bare repository '/workspace/cache/git-repos/https%3A%2F%2Fgithub.com%2Fkrircc%2Fmosup'...
[INFO] running `Command { std: "git" "rev-parse" "HEAD", kill_on_drop: false }`
[INFO] [stdout] 6a6cbca66a2692db8bd0992f8817864b1180aaed
[INFO] documenting krircc/mosup against 1.69.0 for beta-1.70-rustdoc-1
[INFO] running `Command { std: "git" "clone" "/workspace/cache/git-repos/https%3A%2F%2Fgithub.com%2Fkrircc%2Fmosup" "/workspace/builds/worker-5-tc1/source", kill_on_drop: false }`
[INFO] [stderr] Cloning into '/workspace/builds/worker-5-tc1/source'...
[INFO] [stderr] done.
[INFO] validating manifest of git repo https://github.com/krircc/mosup on toolchain 1.69.0
[INFO] running `Command { std: CARGO_HOME="/workspace/cargo-home" RUSTUP_HOME="/workspace/rustup-home" "/workspace/cargo-home/bin/cargo" "+1.69.0" "metadata" "--manifest-path" "Cargo.toml" "--no-deps", kill_on_drop: false }`
[INFO] started tweaking git repo https://github.com/krircc/mosup
[INFO] finished tweaking git repo https://github.com/krircc/mosup
[INFO] tweaked toml for git repo https://github.com/krircc/mosup written to /workspace/builds/worker-5-tc1/source/Cargo.toml
[INFO] running `Command { std: CARGO_HOME="/workspace/cargo-home" RUSTUP_HOME="/workspace/rustup-home" __CARGO_TEST_CHANNEL_OVERRIDE_DO_NOT_USE_THIS="nightly" "/workspace/cargo-home/bin/cargo" "+1.69.0" "generate-lockfile" "--manifest-path" "Cargo.toml" "-Zno-index-update", kill_on_drop: false }`
[INFO] [stderr]     Updating git repository `https://github.com/ntex-rs/ntex-extras`
[INFO] running `Command { std: CARGO_HOME="/workspace/cargo-home" RUSTUP_HOME="/workspace/rustup-home" "/workspace/cargo-home/bin/cargo" "+1.69.0" "fetch" "--manifest-path" "Cargo.toml", kill_on_drop: false }`
[INFO] [stderr]  Downloading crates ...
[INFO] [stderr]   Downloaded ntex-util v0.2.2
[INFO] [stderr]   Downloaded ntex-tls v0.2.4
[INFO] [stderr]   Downloaded ntex-io v0.2.9
[INFO] [stderr]   Downloaded ntex-service v1.0.2
[INFO] [stderr]   Downloaded ntex-macros v0.1.3
[INFO] [stderr]   Downloaded ntex-router v0.5.1
[INFO] [stderr]   Downloaded ntex-http v0.1.9
[INFO] [stderr]   Downloaded ntex-connect v0.2.1
[INFO] [stderr]   Downloaded ntex-h2 v0.2.3
[INFO] [stderr]   Downloaded ntex-service v0.3.3
[INFO] [stderr]   Downloaded ntex-util v0.1.19
[INFO] [stderr]   Downloaded ntex-service v0.1.9
[INFO] [stderr]   Downloaded nanorand v0.5.2
[INFO] [stderr]   Downloaded async-oneshot v0.5.0
[INFO] [stderr]   Downloaded ntex-codec v0.6.2
[INFO] [stderr]   Downloaded ntex-rt v0.4.9
[INFO] [stderr]   Downloaded ntex v0.6.7
[INFO] [stderr]   Downloaded ntex-codec v0.4.1
[INFO] [stderr]   Downloaded ntex-router v0.4.4
[INFO] [stderr]   Downloaded ntex-rt v0.2.2
[INFO] [stderr]   Downloaded ntex-bytes v0.1.19
[INFO] [stderr]   Downloaded futures-micro v0.5.0
[INFO] [stderr]   Downloaded ntex v0.3.18
[INFO] running `Command { std: "docker" "create" "-v" "/var/lib/crater-agent-workspace/builds/worker-5-tc1/target:/opt/rustwide/target:rw,Z" "-v" "/var/lib/crater-agent-workspace/builds/worker-5-tc1/source:/opt/rustwide/workdir:ro,Z" "-v" "/var/lib/crater-agent-workspace/cargo-home:/opt/rustwide/cargo-home:ro,Z" "-v" "/var/lib/crater-agent-workspace/rustup-home:/opt/rustwide/rustup-home:ro,Z" "-e" "SOURCE_DIR=/opt/rustwide/workdir" "-e" "CARGO_TARGET_DIR=/opt/rustwide/target" "-e" "CARGO_HOME=/opt/rustwide/cargo-home" "-e" "RUSTUP_HOME=/opt/rustwide/rustup-home" "-w" "/opt/rustwide/workdir" "-m" "1610612736" "--user" "0:0" "--network" "none" "ghcr.io/rust-lang/crates-build-env/linux@sha256:5ff2268d62e97bff2cde7d5815dd6ed5b47097566f13b8d0ca110b04b60e07ed" "/opt/rustwide/cargo-home/bin/cargo" "+1.69.0" "metadata" "--no-deps" "--format-version=1", kill_on_drop: false }`
[INFO] [stdout] 1a937292a7764f95dc41b3c5d3c21e80c87f30a87006fff9c3f325c7fd49842b
[INFO] running `Command { std: "docker" "start" "-a" "1a937292a7764f95dc41b3c5d3c21e80c87f30a87006fff9c3f325c7fd49842b", kill_on_drop: false }`
[INFO] running `Command { std: "docker" "inspect" "1a937292a7764f95dc41b3c5d3c21e80c87f30a87006fff9c3f325c7fd49842b", kill_on_drop: false }`
[INFO] running `Command { std: "docker" "rm" "-f" "1a937292a7764f95dc41b3c5d3c21e80c87f30a87006fff9c3f325c7fd49842b", kill_on_drop: false }`
[INFO] [stdout] 1a937292a7764f95dc41b3c5d3c21e80c87f30a87006fff9c3f325c7fd49842b
[INFO] running `Command { std: "docker" "create" "-v" "/var/lib/crater-agent-workspace/builds/worker-5-tc1/target:/opt/rustwide/target:rw,Z" "-v" "/var/lib/crater-agent-workspace/builds/worker-5-tc1/source:/opt/rustwide/workdir:ro,Z" "-v" "/var/lib/crater-agent-workspace/cargo-home:/opt/rustwide/cargo-home:ro,Z" "-v" "/var/lib/crater-agent-workspace/rustup-home:/opt/rustwide/rustup-home:ro,Z" "-e" "SOURCE_DIR=/opt/rustwide/workdir" "-e" "CARGO_TARGET_DIR=/opt/rustwide/target" "-e" "CARGO_INCREMENTAL=0" "-e" "RUST_BACKTRACE=full" "-e" "RUSTFLAGS=--cap-lints=warn" "-e" "RUSTDOCFLAGS=--cap-lints=warn" "-e" "CARGO_HOME=/opt/rustwide/cargo-home" "-e" "RUSTUP_HOME=/opt/rustwide/rustup-home" "-w" "/opt/rustwide/workdir" "-m" "1610612736" "--user" "0:0" "--network" "none" "ghcr.io/rust-lang/crates-build-env/linux@sha256:5ff2268d62e97bff2cde7d5815dd6ed5b47097566f13b8d0ca110b04b60e07ed" "/opt/rustwide/cargo-home/bin/cargo" "+1.69.0" "doc" "--frozen" "--no-deps" "--document-private-items" "--message-format=json", kill_on_drop: false }`
[INFO] [stdout] af5782b16270f84d8bb4c7298c44f5a3e8d8d8014f682d0ad2d0508dd39d1728
[INFO] running `Command { std: "docker" "start" "-a" "af5782b16270f84d8bb4c7298c44f5a3e8d8d8014f682d0ad2d0508dd39d1728", kill_on_drop: false }`
[INFO] [stderr]    Compiling proc-macro2 v1.0.56
[INFO] [stderr]    Compiling unicode-ident v1.0.8
[INFO] [stderr]    Compiling quote v1.0.26
[INFO] [stderr]    Compiling autocfg v1.1.0
[INFO] [stderr]     Checking cfg-if v1.0.0
[INFO] [stderr]    Compiling libc v0.2.142
[INFO] [stderr]    Compiling log v0.4.17
[INFO] [stderr]    Compiling futures-core v0.3.28
[INFO] [stderr]     Checking pin-project-lite v0.2.9
[INFO] [stderr]    Compiling serde_derive v1.0.160
[INFO] [stderr]     Checking bytes v1.4.0
[INFO] [stderr]    Compiling serde v1.0.160
[INFO] [stderr]    Compiling version_check v0.9.4
[INFO] [stderr]     Checking futures-sink v0.3.28
[INFO] [stderr]    Compiling syn v1.0.109
[INFO] [stderr]    Compiling typenum v1.16.0
[INFO] [stderr]    Compiling crossbeam-utils v0.8.15
[INFO] [stderr]     Checking bitflags v1.3.2
[INFO] [stderr]     Checking itoa v1.0.6
[INFO] [stderr]     Checking futures-micro v0.5.0
[INFO] [stderr]     Checking once_cell v1.17.1
[INFO] [stderr]     Checking event-listener v2.5.3
[INFO] [stderr]     Checking byteorder v1.4.3
[INFO] [stderr]     Checking async-oneshot v0.5.0
[INFO] [stderr]     Checking futures-timer v3.0.2
[INFO] [stderr]    Compiling futures-task v0.3.28
[INFO] [stderr]    Compiling generic-array v0.14.7
[INFO] [stderr]    Compiling memchr v2.5.0
[INFO] [stderr]    Compiling futures-channel v0.3.28
[INFO] [stderr]    Compiling cc v1.0.79
[INFO] [stderr]     Checking futures-io v0.3.28
[INFO] [stderr]    Compiling slab v0.4.8
[INFO] [stderr]    Compiling tokio v1.28.0
[INFO] [stderr]     Checking fnv v1.0.7
[INFO] [stderr]    Compiling futures-util v0.3.28
[INFO] [stderr]     Checking fxhash v0.2.1
[INFO] [stderr]     Checking http v0.2.9
[INFO] [stderr]    Compiling indexmap v1.9.3
[INFO] [stderr]     Checking percent-encoding v2.2.0
[INFO] [stderr]     Checking subtle v2.4.1
[INFO] [stderr]    Compiling thiserror v1.0.40
[INFO] [stderr]     Checking concurrent-queue v2.2.0
[INFO] [stderr]     Checking tinyvec_macros v0.1.1
[INFO] [stderr]     Checking pin-utils v0.1.0
[INFO] [stderr]     Checking tinyvec v1.6.0
[INFO] [stderr]     Checking form_urlencoded v1.1.0
[INFO] [stderr]     Checking hashbrown v0.12.3
[INFO] [stderr]     Checking ntex-service v1.0.2
[INFO] [stderr]     Checking async-channel v1.8.0
[INFO] [stderr]     Checking ryu v1.0.13
[INFO] [stderr]     Checking cpufeatures v0.2.7
[INFO] [stderr]     Checking spin v0.5.2
[INFO] [stderr]     Checking untrusted v0.7.1
[INFO] [stderr]     Checking ntex-rt v0.4.9
[INFO] [stderr]     Checking unicode-bidi v0.3.13
[INFO] [stderr]    Compiling serde_json v1.0.96
[INFO] [stderr]    Compiling semver-parser v0.7.0
[INFO] [stderr]     Checking regex-syntax v0.7.1
[INFO] [stderr]    Compiling ident_case v1.0.1
[INFO] [stderr]    Compiling syn v2.0.15
[INFO] [stderr]     Checking num_cpus v1.15.0
[INFO] [stderr]     Checking socket2 v0.4.9
[INFO] [stderr]     Checking mio v0.8.6
[INFO] [stderr]     Checking getrandom v0.2.9
[INFO] [stderr]     Checking signal-hook-registry v1.4.1
[INFO] [stderr]     Checking ntex-util v0.2.2
[INFO] [stderr]     Checking ppv-lite86 v0.2.17
[INFO] [stderr]    Compiling strsim v0.10.0
[INFO] [stderr]     Checking rand_core v0.6.4
[INFO] [stderr]    Compiling semver v0.9.0
[INFO] [stderr]    Compiling lock_api v0.4.9
[INFO] [stderr]    Compiling num-traits v0.2.15
[INFO] [stderr]    Compiling ahash v0.7.6
[INFO] [stderr]     Checking unicode-normalization v0.1.22
[INFO] [stderr]     Checking tracing-core v0.1.30
[INFO] [stderr]     Checking ntex-service v0.3.3
[INFO] [stderr]     Checking rand_chacha v0.3.1
[INFO] [stderr]    Compiling radium v0.7.0
[INFO] [stderr]    Compiling ring v0.16.20
[INFO] [stderr]     Checking smallvec v1.10.0
[INFO] [stderr]    Compiling async-trait v0.1.68
[INFO] [stderr]    Compiling parking_lot_core v0.9.7
[INFO] [stderr]    Compiling httparse v1.8.0
[INFO] [stderr]     Checking rand v0.8.5
[INFO] [stderr]     Checking idna v0.3.0
[INFO] [stderr]     Checking tracing v0.1.37
[INFO] [stderr]     Checking ntex-util v0.1.19
[INFO] [stderr]    Compiling rustc_version v0.2.3
[INFO] [stderr]    Compiling num-integer v0.1.45
[INFO] [stderr]     Checking block-buffer v0.10.4
[INFO] [stderr]     Checking crypto-common v0.1.6
[INFO] [stderr]     Checking regex v1.8.1
[INFO] [stderr]    Compiling polling v2.8.0
[INFO] [stderr]    Compiling rustls v0.20.8
[INFO] [stderr]     Checking match_cfg v0.1.0
[INFO] [stderr]     Checking scopeguard v1.1.0
[INFO] [stderr]    Compiling heck v0.4.1
[INFO] [stderr]     Checking digest v0.10.6
[INFO] [stderr]     Checking base64 v0.21.0
[INFO] [stderr]    Compiling convert_case v0.4.0
[INFO] [stderr]     Checking lazy_static v1.4.0
[INFO] [stderr]     Checking tap v1.0.1
[INFO] [stderr]     Checking matches v0.1.10
[INFO] [stderr]    Compiling time-core v0.1.0
[INFO] [stderr]     Checking idna v0.2.3
[INFO] [stderr]     Checking wyz v0.5.1
[INFO] [stderr]     Checking sha-1 v0.10.1
[INFO] [stderr]    Compiling time-macros v0.2.8
[INFO] [stderr]     Checking url v2.3.1
[INFO] [stderr]    Compiling rustc_version_runtime v0.2.1
[INFO] [stderr]     Checking hostname v0.3.1
[INFO] [stderr]     Checking encoding_rs v0.8.32
[INFO] [stderr]     Checking data-encoding v2.3.3
[INFO] [stderr]     Checking ntex-service v0.1.9
[INFO] [stderr]     Checking funty v2.0.0
[INFO] [stderr]     Checking mime v0.3.17
[INFO] [stderr]     Checking linked-hash-map v0.5.6
[INFO] [stderr]     Checking base64 v0.13.1
[INFO] [stderr]     Checking httpdate v1.0.2
[INFO] [stderr]     Checking quick-error v1.2.3
[INFO] [stderr]     Checking ipnet v2.7.2
[INFO] [stderr]     Checking parking_lot v0.12.1
[INFO] [stderr]     Checking resolv-conf v0.7.0
[INFO] [stderr]     Checking lru-cache v0.1.2
[INFO] [stderr]     Checking block-buffer v0.9.0
[INFO] [stderr]     Checking digest v0.9.0
[INFO] [stderr]     Checking socket2 v0.5.2
[INFO] [stderr]     Checking time v0.1.45
[INFO] [stderr]     Checking opaque-debug v0.3.0
[INFO] [stderr]     Checking iana-time-zone v0.1.56
[INFO] [stderr]     Checking nanorand v0.7.0
[INFO] [stderr]     Checking hex v0.4.3
[INFO] [stderr]    Compiling anyhow v1.0.71
[INFO] [stderr]     Checking rustls-pemfile v1.0.2
[INFO] [stderr]     Checking sha-1 v0.9.8
[INFO] [stderr]     Checking bitvec v1.0.1
[INFO] [stderr]     Checking sha2 v0.10.6
[INFO] [stderr]     Checking md-5 v0.10.5
[INFO] [stderr]     Checking pbkdf2 v0.11.0
[INFO] [stderr]     Checking hmac v0.12.1
[INFO] [stderr]     Checking stringprep v0.1.2
[INFO] [stderr]     Checking mio v0.7.14
[INFO] [stderr]     Checking nanorand v0.5.2
[INFO] [stderr]     Checking take_mut v0.2.2
[INFO] [stderr]     Checking dotenv v0.15.0
[INFO] [stderr]     Checking time v0.3.20
[INFO] [stderr]    Compiling tokio-macros v2.1.0
[INFO] [stderr]    Compiling futures-macro v0.3.28
[INFO] [stderr]    Compiling thiserror-impl v1.0.40
[INFO] [stderr]     Checking webpki v0.22.0
[INFO] [stderr]     Checking sct v0.7.0
[INFO] [stderr]    Compiling darling_core v0.13.4
[INFO] [stderr]     Checking webpki-roots v0.22.6
[INFO] [stderr]    Compiling enum-as-inner v0.4.0
[INFO] [stderr]    Compiling derive_more v0.99.17
[INFO] [stderr]    Compiling ntex-macros v0.1.3
[INFO] [stderr]    Compiling derivative v2.2.0
[INFO] [stderr]    Compiling typed-builder v0.10.0
[INFO] [stderr]    Compiling darling_macro v0.13.4
[INFO] [stderr]    Compiling darling v0.13.4
[INFO] [stderr]    Compiling serde_with_macros v1.5.2
[INFO] [stderr]     Checking futures-executor v0.3.28
[INFO] [stderr]     Checking futures v0.3.28
[INFO] [stderr]     Checking tokio-util v0.7.8
[INFO] [stderr]     Checking trust-dns-proto v0.21.2
[INFO] [stderr]     Checking ntex-rt v0.2.2
[INFO] [stderr]     Checking tokio-rustls v0.23.4
[INFO] [stderr]     Checking ntex-codec v0.4.1
[INFO] [stderr]     Checking h2 v0.3.18
[INFO] [stderr]     Checking ntex-bytes v0.1.19
[INFO] [stderr]     Checking serde_urlencoded v0.7.1
[INFO] [stderr]     Checking uuid v1.3.2
[INFO] [stderr]     Checking serde_bytes v0.11.9
[INFO] [stderr]     Checking bytestring v1.3.0
[INFO] [stderr]     Checking chrono v0.4.24
[INFO] [stderr]     Checking serde_with v1.14.0
[INFO] [stderr]     Checking trust-dns-resolver v0.21.2
[INFO] [stderr]     Checking ntex-router v0.4.4
[INFO] [stderr]     Checking ntex-codec v0.6.2
[INFO] [stderr]     Checking ntex-http v0.1.9
[INFO] [stderr]     Checking ntex-router v0.5.1
[INFO] [stderr]     Checking ntex-io v0.2.9
[INFO] [stderr]     Checking bson v2.6.1
[INFO] [stderr]     Checking ntex-tls v0.2.4
[INFO] [stderr]     Checking ntex-connect v0.2.1
[INFO] [stderr]     Checking ntex-h2 v0.2.3
[INFO] [stderr]     Checking ntex v0.3.18
[INFO] [stdout] error[E0433]: failed to resolve: could not find `net` in `mio`
[INFO] [stdout]  --> /opt/rustwide/cargo-home/registry/src/github.com-1ecc6299db9ec823/ntex-0.3.18/src/server/socket.rs:7:14
[INFO] [stdout]   |
[INFO] [stdout] 7 |     Tcp(mio::net::TcpListener),
[INFO] [stdout]   |              ^^^ could not find `net` in `mio`
[INFO] [stdout] 
[INFO] [stdout] 
[INFO] [stdout] error[E0433]: failed to resolve: could not find `net` in `mio`
[INFO] [stdout]  --> /opt/rustwide/cargo-home/registry/src/github.com-1ecc6299db9ec823/ntex-0.3.18/src/server/socket.rs:9:14
[INFO] [stdout]   |
[INFO] [stdout] 9 |     Uds(mio::net::UnixListener),
[INFO] [stdout]   |              ^^^ could not find `net` in `mio`
[INFO] [stdout] 
[INFO] [stdout] 
[INFO] [stdout] error[E0433]: failed to resolve: could not find `net` in `mio`
[INFO] [stdout]   --> /opt/rustwide/cargo-home/registry/src/github.com-1ecc6299db9ec823/ntex-0.3.18/src/server/socket.rs:15:14
[INFO] [stdout]    |
[INFO] [stdout] 15 |     Uds(mio::net::SocketAddr),
[INFO] [stdout]    |              ^^^ could not find `net` in `mio`
[INFO] [stdout] 
[INFO] [stdout] 
[INFO] [stdout] error[E0433]: failed to resolve: could not find `net` in `mio`
[INFO] [stdout]    --> /opt/rustwide/cargo-home/registry/src/github.com-1ecc6299db9ec823/ntex-0.3.18/src/server/socket.rs:144:14
[INFO] [stdout]     |
[INFO] [stdout] 144 |     Tcp(mio::net::TcpStream),
[INFO] [stdout]     |              ^^^ could not find `net` in `mio`
[INFO] [stdout] 
[INFO] [stdout] 
[INFO] [stdout] error[E0433]: failed to resolve: could not find `net` in `mio`
[INFO] [stdout]    --> /opt/rustwide/cargo-home/registry/src/github.com-1ecc6299db9ec823/ntex-0.3.18/src/server/socket.rs:146:14
[INFO] [stdout]     |
[INFO] [stdout] 146 |     Uds(mio::net::UnixStream),
[INFO] [stdout]     |              ^^^ could not find `net` in `mio`
[INFO] [stdout] 
[INFO] [stdout] 
[INFO] [stdout] error[E0433]: failed to resolve: could not find `net` in `mio`
[INFO] [stdout]   --> /opt/rustwide/cargo-home/registry/src/github.com-1ecc6299db9ec823/ntex-0.3.18/src/server/socket.rs:63:28
[INFO] [stdout]    |
[INFO] [stdout] 63 |         Listener::Tcp(mio::net::TcpListener::from_std(lst))
[INFO] [stdout]    |                            ^^^ could not find `net` in `mio`
[INFO] [stdout]    |
[INFO] [stdout] help: consider importing one of these items
[INFO] [stdout]    |
[INFO] [stdout] 1  | use crate::rt::net::TcpListener;
[INFO] [stdout]    |
[INFO] [stdout] 1  | use crate::server::socket::net::TcpListener;
[INFO] [stdout]    |
[INFO] [stdout] 1  | use ntex_rt::net::TcpListener;
[INFO] [stdout]    |
[INFO] [stdout] 1  | use std::net::TcpListener;
[INFO] [stdout]    |
[INFO] [stdout]      and 1 other candidate
[INFO] [stdout] help: if you import `TcpListener`, refer to it directly
[INFO] [stdout]    |
[INFO] [stdout] 63 -         Listener::Tcp(mio::net::TcpListener::from_std(lst))
[INFO] [stdout] 63 +         Listener::Tcp(TcpListener::from_std(lst))
[INFO] [stdout]    |
[INFO] [stdout] 
[INFO] [stdout] 
[INFO] [stdout] error[E0433]: failed to resolve: could not find `net` in `mio`
[INFO] [stdout]   --> /opt/rustwide/cargo-home/registry/src/github.com-1ecc6299db9ec823/ntex-0.3.18/src/server/socket.rs:69:28
[INFO] [stdout]    |
[INFO] [stdout] 69 |         Listener::Uds(mio::net::UnixListener::from_std(lst))
[INFO] [stdout]    |                            ^^^ could not find `net` in `mio`
[INFO] [stdout]    |
[INFO] [stdout] help: consider importing one of these items
[INFO] [stdout]    |
[INFO] [stdout] 1  | use crate::rt::net::UnixListener;
[INFO] [stdout]    |
[INFO] [stdout] 1  | use ntex_rt::net::UnixListener;
[INFO] [stdout]    |
[INFO] [stdout] 1  | use std::os::unix::net::UnixListener;
[INFO] [stdout]    |
[INFO] [stdout] 1  | use tokio::net::UnixListener;
[INFO] [stdout]    |
[INFO] [stdout] help: if you import `UnixListener`, refer to it directly
[INFO] [stdout]    |
[INFO] [stdout] 69 -         Listener::Uds(mio::net::UnixListener::from_std(lst))
[INFO] [stdout] 69 +         Listener::Uds(UnixListener::from_std(lst))
[INFO] [stdout]    |
[INFO] [stdout] 
[INFO] [stdout] 
[INFO] [stderr]     Checking ntex v0.6.7
[INFO] [stderr]     Checking mongodb v2.5.0
[INFO] [stdout] error[E0432]: unresolved import `crate::rt::Signal`
[INFO] [stdout]  --> /opt/rustwide/cargo-home/registry/src/github.com-1ecc6299db9ec823/ntex-0.6.7/src/server/builder.rs:8:24
[INFO] [stdout]   |
[INFO] [stdout] 8 | use crate::rt::{spawn, Signal, System};
[INFO] [stdout]   |                        ^^^^^^ no `Signal` in `rt`
[INFO] [stdout]   |
[INFO] [stdout]   = help: consider importing this variant instead:
[INFO] [stdout]           crate::server::ServerCommand::Signal
[INFO] [stdout] 
[INFO] [stdout] 
[INFO] [stdout] error[E0432]: unresolved import `crate::rt::tcp_connect`
[INFO] [stdout]  --> /opt/rustwide/cargo-home/registry/src/github.com-1ecc6299db9ec823/ntex-0.6.7/src/server/test.rs:6:17
[INFO] [stdout]   |
[INFO] [stdout] 6 | use crate::rt::{tcp_connect, System};
[INFO] [stdout]   |                 ^^^^^^^^^^^ no `tcp_connect` in `rt`
[INFO] [stdout] 
[INFO] [stdout] 
[INFO] [stdout] error[E0425]: cannot find function `signal` in module `crate::rt`
[INFO] [stdout]    --> /opt/rustwide/cargo-home/registry/src/github.com-1ecc6299db9ec823/ntex-0.6.7/src/server/builder.rs:511:38
[INFO] [stdout]     |
[INFO] [stdout] 511 |         if let Some(rx) = crate::rt::signal() {
[INFO] [stdout]     |                                      ^^^^^^ not found in `crate::rt`
[INFO] [stdout] 
[INFO] [stdout] 
[INFO] [stdout] error[E0425]: cannot find function `from_tcp_stream` in module `rt`
[INFO] [stdout]    --> /opt/rustwide/cargo-home/registry/src/github.com-1ecc6299db9ec823/ntex-0.6.7/src/server/socket.rs:148:40
[INFO] [stdout]     |
[INFO] [stdout] 148 |             Stream::Tcp(stream) => rt::from_tcp_stream(stream),
[INFO] [stdout]     |                                        ^^^^^^^^^^^^^^^ not found in `rt`
[INFO] [stdout]     |
[INFO] [stdout] help: consider importing one of these items
[INFO] [stdout]     |
[INFO] [stdout] 1   | use crate::connect::net::from_tcp_stream;
[INFO] [stdout]     |
[INFO] [stdout] 1   | use ntex_connect::net::from_tcp_stream;
[INFO] [stdout]     |
[INFO] [stdout] help: if you import `from_tcp_stream`, refer to it directly
[INFO] [stdout]     |
[INFO] [stdout] 148 -             Stream::Tcp(stream) => rt::from_tcp_stream(stream),
[INFO] [stdout] 148 +             Stream::Tcp(stream) => from_tcp_stream(stream),
[INFO] [stdout]     |
[INFO] [stdout] 
[INFO] [stdout] 
[INFO] [stdout] error[E0425]: cannot find function `from_unix_stream` in module `rt`
[INFO] [stdout]    --> /opt/rustwide/cargo-home/registry/src/github.com-1ecc6299db9ec823/ntex-0.6.7/src/server/socket.rs:150:40
[INFO] [stdout]     |
[INFO] [stdout] 150 |             Stream::Uds(stream) => rt::from_unix_stream(stream),
[INFO] [stdout]     |                                        ^^^^^^^^^^^^^^^^ not found in `rt`
[INFO] [stdout]     |
[INFO] [stdout] help: consider importing one of these items
[INFO] [stdout]     |
[INFO] [stdout] 1   | use crate::connect::net::from_unix_stream;
[INFO] [stdout]     |
[INFO] [stdout] 1   | use ntex_connect::net::from_unix_stream;
[INFO] [stdout]     |
[INFO] [stdout] help: if you import `from_unix_stream`, refer to it directly
[INFO] [stdout]     |
[INFO] [stdout] 150 -             Stream::Uds(stream) => rt::from_unix_stream(stream),
[INFO] [stdout] 150 +             Stream::Uds(stream) => from_unix_stream(stream),
[INFO] [stdout]     |
[INFO] [stdout] 
[INFO] [stdout] 
[INFO] [stdout] error[E0412]: cannot find type `Signal` in module `crate::rt`
[INFO] [stdout]   --> /opt/rustwide/cargo-home/registry/src/github.com-1ecc6299db9ec823/ntex-0.6.7/src/server/mod.rs:67:23
[INFO] [stdout]    |
[INFO] [stdout] 67 |     Signal(crate::rt::Signal),
[INFO] [stdout]    |                       ^^^^^^ not found in `crate::rt`
[INFO] [stdout]    |
[INFO] [stdout] help: there is an enum variant `crate::server::ServerCommand::Signal`; try using the variant's enum
[INFO] [stdout]    |
[INFO] [stdout] 67 |     Signal(crate::server::ServerCommand),
[INFO] [stdout]    |            ~~~~~~~~~~~~~~~~~~~~~~~~~~~~
[INFO] [stdout] 
[INFO] [stdout] 
[INFO] [stdout] error[E0412]: cannot find type `Signal` in module `crate::rt`
[INFO] [stdout]   --> /opt/rustwide/cargo-home/registry/src/github.com-1ecc6299db9ec823/ntex-0.6.7/src/server/mod.rs:91:38
[INFO] [stdout]    |
[INFO] [stdout] 91 |     fn signal(&self, sig: crate::rt::Signal) {
[INFO] [stdout]    |                                      ^^^^^^ not found in `crate::rt`
[INFO] [stdout]    |
[INFO] [stdout] help: there is an enum variant `crate::server::ServerCommand::Signal`; try using the variant's enum
[INFO] [stdout]    |
[INFO] [stdout] 91 |     fn signal(&self, sig: crate::server::ServerCommand) {
[INFO] [stdout]    |                           ~~~~~~~~~~~~~~~~~~~~~~~~~~~~
[INFO] [stdout] 
[INFO] [stdout] 
[INFO] [stdout] error[E0599]: no function or associated item named `new` found for struct `mio::Poll` in the current scope
[INFO] [stdout]   --> /opt/rustwide/cargo-home/registry/src/github.com-1ecc6299db9ec823/ntex-0.3.18/src/server/accept.rs:58:31
[INFO] [stdout]    |
[INFO] [stdout] 58 |         let poll = mio::Poll::new()
[INFO] [stdout]    |                               ^^^ function or associated item not found in `mio::Poll`
[INFO] [stdout] 
[INFO] [stdout] 
[INFO] [stdout] error: aborting due to 8 previous errors
[INFO] [stdout] 
[INFO] [stdout] 
[INFO] [stdout] Some errors have detailed explanations: E0433, E0599.
[INFO] [stdout] 
[INFO] [stdout] For more information about an error, try `rustc --explain E0433`.
[INFO] [stdout] 
[INFO] [stderr] error: could not compile `ntex` due to 9 previous errors
[INFO] [stderr] warning: build failed, waiting for other jobs to finish...
[INFO] [stdout] error: aborting due to 7 previous errors
[INFO] [stdout] 
[INFO] [stdout] 
[INFO] [stdout] Some errors have detailed explanations: E0412, E0425, E0432.
[INFO] [stdout] 
[INFO] [stdout] For more information about an error, try `rustc --explain E0412`.
[INFO] [stdout] 
[INFO] [stderr] error: could not compile `ntex` due to 8 previous errors
[INFO] running `Command { std: "docker" "inspect" "af5782b16270f84d8bb4c7298c44f5a3e8d8d8014f682d0ad2d0508dd39d1728", kill_on_drop: false }`
[INFO] running `Command { std: "docker" "rm" "-f" "af5782b16270f84d8bb4c7298c44f5a3e8d8d8014f682d0ad2d0508dd39d1728", kill_on_drop: false }`
[INFO] [stdout] af5782b16270f84d8bb4c7298c44f5a3e8d8d8014f682d0ad2d0508dd39d1728
