[INFO] cloning repository https://github.com/hcs64/update_agent
[INFO] running `Command { std: "git" "-c" "credential.helper=" "-c" "credential.helper=/workspace/cargo-home/bin/git-credential-null" "clone" "--bare" "https://github.com/hcs64/update_agent" "/workspace/cache/git-repos/https%3A%2F%2Fgithub.com%2Fhcs64%2Fupdate_agent", kill_on_drop: false }`
[INFO] [stderr] Cloning into bare repository '/workspace/cache/git-repos/https%3A%2F%2Fgithub.com%2Fhcs64%2Fupdate_agent'...
[INFO] running `Command { std: "git" "rev-parse" "HEAD", kill_on_drop: false }`
[INFO] [stdout] dbd25e0575de72aef1c090eb8243363e2ad4f468
[INFO] documenting hcs64/update_agent against 1.69.0 for beta-1.70-rustdoc-1
[INFO] running `Command { std: "git" "clone" "/workspace/cache/git-repos/https%3A%2F%2Fgithub.com%2Fhcs64%2Fupdate_agent" "/workspace/builds/worker-0-tc1/source", kill_on_drop: false }`
[INFO] [stderr] Cloning into '/workspace/builds/worker-0-tc1/source'...
[INFO] [stderr] done.
[INFO] validating manifest of git repo https://github.com/hcs64/update_agent on toolchain 1.69.0
[INFO] running `Command { std: CARGO_HOME="/workspace/cargo-home" RUSTUP_HOME="/workspace/rustup-home" "/workspace/cargo-home/bin/cargo" "+1.69.0" "metadata" "--manifest-path" "Cargo.toml" "--no-deps", kill_on_drop: false }`
[INFO] started tweaking git repo https://github.com/hcs64/update_agent
[INFO] finished tweaking git repo https://github.com/hcs64/update_agent
[INFO] tweaked toml for git repo https://github.com/hcs64/update_agent written to /workspace/builds/worker-0-tc1/source/Cargo.toml
[INFO] running `Command { std: CARGO_HOME="/workspace/cargo-home" RUSTUP_HOME="/workspace/rustup-home" __CARGO_TEST_CHANNEL_OVERRIDE_DO_NOT_USE_THIS="nightly" "/workspace/cargo-home/bin/cargo" "+1.69.0" "generate-lockfile" "--manifest-path" "Cargo.toml" "-Zno-index-update", kill_on_drop: false }`
[INFO] running `Command { std: CARGO_HOME="/workspace/cargo-home" RUSTUP_HOME="/workspace/rustup-home" "/workspace/cargo-home/bin/cargo" "+1.69.0" "fetch" "--manifest-path" "Cargo.toml", kill_on_drop: false }`
[INFO] [stderr]  Downloading crates ...
[INFO] [stderr]   Downloaded filetime_win v0.1.0
[INFO] [stderr]   Downloaded guid_win v0.1.0
[INFO] running `Command { std: "docker" "create" "-v" "/var/lib/crater-agent-workspace/builds/worker-0-tc1/target:/opt/rustwide/target:rw,Z" "-v" "/var/lib/crater-agent-workspace/builds/worker-0-tc1/source:/opt/rustwide/workdir:ro,Z" "-v" "/var/lib/crater-agent-workspace/cargo-home:/opt/rustwide/cargo-home:ro,Z" "-v" "/var/lib/crater-agent-workspace/rustup-home:/opt/rustwide/rustup-home:ro,Z" "-e" "SOURCE_DIR=/opt/rustwide/workdir" "-e" "CARGO_TARGET_DIR=/opt/rustwide/target" "-e" "CARGO_HOME=/opt/rustwide/cargo-home" "-e" "RUSTUP_HOME=/opt/rustwide/rustup-home" "-w" "/opt/rustwide/workdir" "-m" "1610612736" "--user" "0:0" "--network" "none" "ghcr.io/rust-lang/crates-build-env/linux@sha256:5ff2268d62e97bff2cde7d5815dd6ed5b47097566f13b8d0ca110b04b60e07ed" "/opt/rustwide/cargo-home/bin/cargo" "+1.69.0" "metadata" "--no-deps" "--format-version=1", kill_on_drop: false }`
[INFO] [stdout] fd71858769ee5d59945923cb4881374b5031acc82e42531fe261848753027785
[INFO] running `Command { std: "docker" "start" "-a" "fd71858769ee5d59945923cb4881374b5031acc82e42531fe261848753027785", kill_on_drop: false }`
[INFO] running `Command { std: "docker" "inspect" "fd71858769ee5d59945923cb4881374b5031acc82e42531fe261848753027785", kill_on_drop: false }`
[INFO] running `Command { std: "docker" "rm" "-f" "fd71858769ee5d59945923cb4881374b5031acc82e42531fe261848753027785", kill_on_drop: false }`
[INFO] [stdout] fd71858769ee5d59945923cb4881374b5031acc82e42531fe261848753027785
[INFO] running `Command { std: "docker" "create" "-v" "/var/lib/crater-agent-workspace/builds/worker-0-tc1/target:/opt/rustwide/target:rw,Z" "-v" "/var/lib/crater-agent-workspace/builds/worker-0-tc1/source:/opt/rustwide/workdir:ro,Z" "-v" "/var/lib/crater-agent-workspace/cargo-home:/opt/rustwide/cargo-home:ro,Z" "-v" "/var/lib/crater-agent-workspace/rustup-home:/opt/rustwide/rustup-home:ro,Z" "-e" "SOURCE_DIR=/opt/rustwide/workdir" "-e" "CARGO_TARGET_DIR=/opt/rustwide/target" "-e" "CARGO_INCREMENTAL=0" "-e" "RUST_BACKTRACE=full" "-e" "RUSTFLAGS=--cap-lints=warn" "-e" "RUSTDOCFLAGS=--cap-lints=warn" "-e" "CARGO_HOME=/opt/rustwide/cargo-home" "-e" "RUSTUP_HOME=/opt/rustwide/rustup-home" "-w" "/opt/rustwide/workdir" "-m" "1610612736" "--user" "0:0" "--network" "none" "ghcr.io/rust-lang/crates-build-env/linux@sha256:5ff2268d62e97bff2cde7d5815dd6ed5b47097566f13b8d0ca110b04b60e07ed" "/opt/rustwide/cargo-home/bin/cargo" "+1.69.0" "doc" "--frozen" "--no-deps" "--document-private-items" "--message-format=json", kill_on_drop: false }`
[INFO] [stdout] 5ef7f348e3e5ac3db46764a6a2fe2aa6f14ab6571aa2ded341ae4e937a7ac69d
[INFO] running `Command { std: "docker" "start" "-a" "5ef7f348e3e5ac3db46764a6a2fe2aa6f14ab6571aa2ded341ae4e937a7ac69d", kill_on_drop: false }`
[INFO] [stderr]    Compiling proc-macro2 v1.0.56
[INFO] [stderr]    Compiling unicode-ident v1.0.8
[INFO] [stderr]    Compiling quote v1.0.26
[INFO] [stderr]    Compiling syn v1.0.109
[INFO] [stderr]    Compiling unicode-xid v0.2.4
[INFO] [stderr]    Compiling failure_derive v0.1.8
[INFO] [stderr]    Compiling winapi v0.3.9
[INFO] [stderr]    Compiling synstructure v0.12.6
[INFO] [stderr]     Checking failure v0.1.8
[INFO] [stderr]     Checking comedy v0.1.0
[INFO] [stderr]     Checking filetime_win v0.1.0
[INFO] [stderr]     Checking guid_win v0.1.0
[INFO] [stdout] error[E0433]: failed to resolve: could not find `windows` in `os`
[INFO] [stdout]   --> /opt/rustwide/cargo-home/registry/src/github.com-1ecc6299db9ec823/guid_win-0.1.0/src/lib.rs:53:14
[INFO] [stdout]    |
[INFO] [stdout] 53 | use std::os::windows::ffi::{OsStrExt, OsStringExt};
[INFO] [stdout]    |              ^^^^^^^ could not find `windows` in `os`
[INFO] [stdout] 
[INFO] [stdout] 
[INFO] [stdout] error[E0433]: failed to resolve: could not find `shared` in `winapi`
[INFO] [stdout]   --> /opt/rustwide/cargo-home/registry/src/github.com-1ecc6299db9ec823/filetime_win-0.1.0/src/lib.rs:57:13
[INFO] [stdout]    |
[INFO] [stdout] 57 | use winapi::shared::minwindef::FILETIME;
[INFO] [stdout]    |             ^^^^^^ could not find `shared` in `winapi`
[INFO] [stdout] 
[INFO] [stdout] 
[INFO] [stdout] error[E0433]: failed to resolve: could not find `shared` in `winapi`
[INFO] [stdout]   --> /opt/rustwide/cargo-home/registry/src/github.com-1ecc6299db9ec823/filetime_win-0.1.0/src/lib.rs:60:13
[INFO] [stdout]    |
[INFO] [stdout] 60 | use winapi::shared::ntdef::ULARGE_INTEGER;
[INFO] [stdout]    |             ^^^^^^ could not find `shared` in `winapi`
[INFO] [stdout] 
[INFO] [stdout] 
[INFO] [stdout] error[E0433]: failed to resolve: could not find `um` in `winapi`
[INFO] [stdout]   --> /opt/rustwide/cargo-home/registry/src/github.com-1ecc6299db9ec823/filetime_win-0.1.0/src/lib.rs:61:13
[INFO] [stdout]    |
[INFO] [stdout] 61 | use winapi::um::minwinbase::SYSTEMTIME;
[INFO] [stdout]    |             ^^ could not find `um` in `winapi`
[INFO] [stdout] 
[INFO] [stdout] 
[INFO] [stdout] error[E0433]: failed to resolve: could not find `um` in `winapi`
[INFO] [stdout]   --> /opt/rustwide/cargo-home/registry/src/github.com-1ecc6299db9ec823/filetime_win-0.1.0/src/lib.rs:62:13
[INFO] [stdout]    |
[INFO] [stdout] 62 | use winapi::um::sysinfoapi::GetSystemTime;
[INFO] [stdout]    |             ^^ could not find `um` in `winapi`
[INFO] [stdout] 
[INFO] [stdout] 
[INFO] [stdout] error[E0433]: failed to resolve: could not find `um` in `winapi`
[INFO] [stdout]   --> /opt/rustwide/cargo-home/registry/src/github.com-1ecc6299db9ec823/filetime_win-0.1.0/src/lib.rs:63:13
[INFO] [stdout]    |
[INFO] [stdout] 63 | use winapi::um::timezoneapi::{FileTimeToSystemTime, SystemTimeToFileTime};
[INFO] [stdout]    |             ^^ could not find `um` in `winapi`
[INFO] [stdout] 
[INFO] [stdout] 
[INFO] [stdout] error[E0432]: unresolved import `comedy::check_true`
[INFO] [stdout]   --> /opt/rustwide/cargo-home/registry/src/github.com-1ecc6299db9ec823/filetime_win-0.1.0/src/lib.rs:55:5
[INFO] [stdout]    |
[INFO] [stdout] 55 | use comedy::check_true;
[INFO] [stdout]    |     ^^^^^^^^^^^^^^^^^^ no `check_true` in the root
[INFO] [stdout] 
[INFO] [stdout] 
[INFO] [stdout] error: cannot determine resolution for the macro `check_true`
[INFO] [stdout]    --> /opt/rustwide/cargo-home/registry/src/github.com-1ecc6299db9ec823/filetime_win-0.1.0/src/lib.rs:131:13
[INFO] [stdout]     |
[INFO] [stdout] 131 |             check_true!(FileTimeToSystemTime(&self.0, &mut system_time))?;
[INFO] [stdout]     |             ^^^^^^^^^^
[INFO] [stdout]     |
[INFO] [stdout]     = note: import resolution is stuck, try simplifying macro imports
[INFO] [stdout] 
[INFO] [stdout] 
[INFO] [stdout] error: cannot determine resolution for the macro `check_true`
[INFO] [stdout]    --> /opt/rustwide/cargo-home/registry/src/github.com-1ecc6299db9ec823/filetime_win-0.1.0/src/lib.rs:187:13
[INFO] [stdout]     |
[INFO] [stdout] 187 |             check_true!(SystemTimeToFileTime(&self.0, &mut file_time))?;
[INFO] [stdout]     |             ^^^^^^^^^^
[INFO] [stdout]     |
[INFO] [stdout]     = note: import resolution is stuck, try simplifying macro imports
[INFO] [stdout] 
[INFO] [stdout] 
[INFO] [stdout] error[E0432]: unresolved import `comedy::check_succeeded`
[INFO] [stdout]   --> /opt/rustwide/cargo-home/registry/src/github.com-1ecc6299db9ec823/guid_win-0.1.0/src/lib.rs:57:5
[INFO] [stdout]    |
[INFO] [stdout] 57 | use comedy::check_succeeded;
[INFO] [stdout]    |     ^^^^^^^^^^^^^^^^^^^^^^^ no `check_succeeded` in the root
[INFO] [stdout] 
[INFO] [stdout] 
[INFO] [stdout] error[E0433]: failed to resolve: could not find `shared` in `winapi`
[INFO] [stdout]   --> /opt/rustwide/cargo-home/registry/src/github.com-1ecc6299db9ec823/guid_win-0.1.0/src/lib.rs:60:13
[INFO] [stdout]    |
[INFO] [stdout] 60 | use winapi::shared::guiddef::GUID;
[INFO] [stdout]    |             ^^^^^^ could not find `shared` in `winapi`
[INFO] [stdout] 
[INFO] [stdout] 
[INFO] [stdout] error[E0433]: failed to resolve: could not find `um` in `winapi`
[INFO] [stdout]   --> /opt/rustwide/cargo-home/registry/src/github.com-1ecc6299db9ec823/guid_win-0.1.0/src/lib.rs:61:13
[INFO] [stdout]    |
[INFO] [stdout] 61 | use winapi::um::combaseapi::{CLSIDFromString, StringFromGUID2};
[INFO] [stdout]    |             ^^ could not find `um` in `winapi`
[INFO] [stdout] 
[INFO] [stdout] 
[INFO] [stdout] error[E0432]: unresolved import `winapi::ctypes`
[INFO] [stdout]   --> /opt/rustwide/cargo-home/registry/src/github.com-1ecc6299db9ec823/guid_win-0.1.0/src/lib.rs:59:5
[INFO] [stdout]    |
[INFO] [stdout] 59 | use winapi::ctypes;
[INFO] [stdout]    |     ^^^^^^^^^^^^^^ no `ctypes` in the root
[INFO] [stdout] 
[INFO] [stdout] 
[INFO] [stdout] error: cannot determine resolution for the macro `check_succeeded`
[INFO] [stdout]    --> /opt/rustwide/cargo-home/registry/src/github.com-1ecc6299db9ec823/guid_win-0.1.0/src/lib.rs:159:18
[INFO] [stdout]     |
[INFO] [stdout] 159 |         unsafe { check_succeeded!(CLSIDFromString(s.as_ptr(), &mut guid)) }?;
[INFO] [stdout]     |                  ^^^^^^^^^^^^^^^
[INFO] [stdout]     |
[INFO] [stdout]     = note: import resolution is stuck, try simplifying macro imports
[INFO] [stdout] 
[INFO] [stdout] 
[INFO] [stdout] error[E0433]: failed to resolve: could not find `error` in `comedy`
[INFO] [stdout]    --> /opt/rustwide/cargo-home/registry/src/github.com-1ecc6299db9ec823/guid_win-0.1.0/src/lib.rs:145:24
[INFO] [stdout]     |
[INFO] [stdout] 145 |     type Err = comedy::error::HResult;
[INFO] [stdout]     |                        ^^^^^ could not find `error` in `comedy`
[INFO] [stdout] 
[INFO] [stdout] 
[INFO] [stdout] error[E0412]: cannot find type `Win32Error` in crate `comedy`
[INFO] [stdout]    --> /opt/rustwide/cargo-home/registry/src/github.com-1ecc6299db9ec823/filetime_win-0.1.0/src/lib.rs:127:78
[INFO] [stdout]     |
[INFO] [stdout] 127 |     pub fn to_system_time_utc(self) -> result::Result<SystemTimeUTC, comedy::Win32Error> {
[INFO] [stdout]     |                                                                              ^^^^^^^^^^ not found in `comedy`
[INFO] [stdout] 
[INFO] [stdout] 
[INFO] [stdout] error[E0412]: cannot find type `Win32Error` in crate `comedy`
[INFO] [stdout]    --> /opt/rustwide/cargo-home/registry/src/github.com-1ecc6299db9ec823/filetime_win-0.1.0/src/lib.rs:183:68
[INFO] [stdout]     |
[INFO] [stdout] 183 |     pub fn to_file_time(&self) -> result::Result<FileTime, comedy::Win32Error> {
[INFO] [stdout]     |                                                                    ^^^^^^^^^^ not found in `comedy`
[INFO] [stdout] 
[INFO] [stdout] 
[INFO] [stdout] error: aborting due to 10 previous errors
[INFO] [stdout] 
[INFO] [stdout] 
[INFO] [stdout] Some errors have detailed explanations: E0412, E0432, E0433.
[INFO] [stdout] 
[INFO] [stdout] For more information about an error, try `rustc --explain E0412`.
[INFO] [stdout] 
[INFO] [stderr] error: could not compile `filetime_win` due to 11 previous errors
[INFO] [stderr] warning: build failed, waiting for other jobs to finish...
[INFO] [stdout] error[E0599]: no function or associated item named `from_wide` found for struct `OsString` in the current scope
[INFO] [stdout]    --> /opt/rustwide/cargo-home/registry/src/github.com-1ecc6299db9ec823/guid_win-0.1.0/src/lib.rs:133:34
[INFO] [stdout]     |
[INFO] [stdout] 133 |         if let Ok(s) = OsString::from_wide(&s).into_string() {
[INFO] [stdout]     |                                  ^^^^^^^^^ function or associated item not found in `OsString`
[INFO] [stdout] 
[INFO] [stdout] 
[INFO] [stdout] error[E0277]: the size for values of type `str` cannot be known at compilation time
[INFO] [stdout]    --> /opt/rustwide/cargo-home/registry/src/github.com-1ecc6299db9ec823/guid_win-0.1.0/src/lib.rs:133:19
[INFO] [stdout]     |
[INFO] [stdout] 133 |         if let Ok(s) = OsString::from_wide(&s).into_string() {
[INFO] [stdout]     |                   ^ doesn't have a size known at compile-time
[INFO] [stdout]     |
[INFO] [stdout]     = help: the trait `Sized` is not implemented for `str`
[INFO] [stdout]     = note: all local variables must have a statically known size
[INFO] [stdout]     = help: unsized locals are gated as an unstable feature
[INFO] [stdout] 
[INFO] [stdout] 
[INFO] [stdout] error[E0277]: the size for values of type `str` cannot be known at compilation time
[INFO] [stdout]    --> /opt/rustwide/cargo-home/registry/src/github.com-1ecc6299db9ec823/guid_win-0.1.0/src/lib.rs:133:16
[INFO] [stdout]     |
[INFO] [stdout] 133 |         if let Ok(s) = OsString::from_wide(&s).into_string() {
[INFO] [stdout]     |                ^^^^^ doesn't have a size known at compile-time
[INFO] [stdout]     |
[INFO] [stdout]     = help: the trait `Sized` is not implemented for `str`
[INFO] [stdout] note: required by a bound in `Ok`
[INFO] [stdout]    --> /rustc/84c898d65adf2f39a5a98507f1fe0ce10a2b8dbc/library/core/src/result.rs:507:5
[INFO] [stdout] 
[INFO] [stdout] 
[INFO] [stdout] error[E0599]: no method named `encode_wide` found for reference `&OsStr` in the current scope
[INFO] [stdout]    --> /opt/rustwide/cargo-home/registry/src/github.com-1ecc6299db9ec823/guid_win-0.1.0/src/lib.rs:157:39
[INFO] [stdout]     |
[INFO] [stdout] 157 |         let s: Vec<_> = OsStr::new(s).encode_wide().chain(Some(0)).collect();
[INFO] [stdout]     |                                       ^^^^^^^^^^^ method not found in `&OsStr`
[INFO] [stdout] 
[INFO] [stdout] 
[INFO] [stdout] error: aborting due to 11 previous errors
[INFO] [stdout] 
[INFO] [stdout] 
[INFO] [stdout] Some errors have detailed explanations: E0277, E0432, E0433, E0599.
[INFO] [stdout] 
[INFO] [stdout] For more information about an error, try `rustc --explain E0277`.
[INFO] [stdout] 
[INFO] [stderr] error: could not compile `guid_win` due to 12 previous errors
[INFO] running `Command { std: "docker" "inspect" "5ef7f348e3e5ac3db46764a6a2fe2aa6f14ab6571aa2ded341ae4e937a7ac69d", kill_on_drop: false }`
[INFO] running `Command { std: "docker" "rm" "-f" "5ef7f348e3e5ac3db46764a6a2fe2aa6f14ab6571aa2ded341ae4e937a7ac69d", kill_on_drop: false }`
[INFO] [stdout] 5ef7f348e3e5ac3db46764a6a2fe2aa6f14ab6571aa2ded341ae4e937a7ac69d
