[INFO] cloning repository https://github.com/denis-onder/sigma-ssg
[INFO] running `Command { std: "git" "-c" "credential.helper=" "-c" "credential.helper=/workspace/cargo-home/bin/git-credential-null" "clone" "--bare" "https://github.com/denis-onder/sigma-ssg" "/workspace/cache/git-repos/https%3A%2F%2Fgithub.com%2Fdenis-onder%2Fsigma-ssg", kill_on_drop: false }`
[INFO] [stderr] Cloning into bare repository '/workspace/cache/git-repos/https%3A%2F%2Fgithub.com%2Fdenis-onder%2Fsigma-ssg'...
[INFO] running `Command { std: "git" "rev-parse" "HEAD", kill_on_drop: false }`
[INFO] [stdout] c83dd627a52beafce2ed5da8c918eb550113ead2
[INFO] documenting denis-onder/sigma-ssg against 1.69.0 for beta-1.70-rustdoc-1
[INFO] running `Command { std: "git" "clone" "/workspace/cache/git-repos/https%3A%2F%2Fgithub.com%2Fdenis-onder%2Fsigma-ssg" "/workspace/builds/worker-0-tc1/source", kill_on_drop: false }`
[INFO] [stderr] Cloning into '/workspace/builds/worker-0-tc1/source'...
[INFO] [stderr] done.
[INFO] validating manifest of git repo https://github.com/denis-onder/sigma-ssg on toolchain 1.69.0
[INFO] running `Command { std: CARGO_HOME="/workspace/cargo-home" RUSTUP_HOME="/workspace/rustup-home" "/workspace/cargo-home/bin/cargo" "+1.69.0" "metadata" "--manifest-path" "Cargo.toml" "--no-deps", kill_on_drop: false }`
[INFO] started tweaking git repo https://github.com/denis-onder/sigma-ssg
[INFO] finished tweaking git repo https://github.com/denis-onder/sigma-ssg
[INFO] tweaked toml for git repo https://github.com/denis-onder/sigma-ssg written to /workspace/builds/worker-0-tc1/source/Cargo.toml
[INFO] running `Command { std: CARGO_HOME="/workspace/cargo-home" RUSTUP_HOME="/workspace/rustup-home" __CARGO_TEST_CHANNEL_OVERRIDE_DO_NOT_USE_THIS="nightly" "/workspace/cargo-home/bin/cargo" "+1.69.0" "generate-lockfile" "--manifest-path" "Cargo.toml" "-Zno-index-update", kill_on_drop: false }`
[INFO] running `Command { std: CARGO_HOME="/workspace/cargo-home" RUSTUP_HOME="/workspace/rustup-home" "/workspace/cargo-home/bin/cargo" "+1.69.0" "fetch" "--manifest-path" "Cargo.toml", kill_on_drop: false }`
[INFO] [stderr]  Downloading crates ...
[INFO] [stderr]   Downloaded comrak v0.8.2
[INFO] [stderr]   Downloaded sass-sys v0.4.22
[INFO] running `Command { std: "docker" "create" "-v" "/var/lib/crater-agent-workspace/builds/worker-0-tc1/target:/opt/rustwide/target:rw,Z" "-v" "/var/lib/crater-agent-workspace/builds/worker-0-tc1/source:/opt/rustwide/workdir:ro,Z" "-v" "/var/lib/crater-agent-workspace/cargo-home:/opt/rustwide/cargo-home:ro,Z" "-v" "/var/lib/crater-agent-workspace/rustup-home:/opt/rustwide/rustup-home:ro,Z" "-e" "SOURCE_DIR=/opt/rustwide/workdir" "-e" "CARGO_TARGET_DIR=/opt/rustwide/target" "-e" "CARGO_HOME=/opt/rustwide/cargo-home" "-e" "RUSTUP_HOME=/opt/rustwide/rustup-home" "-w" "/opt/rustwide/workdir" "-m" "1610612736" "--user" "0:0" "--network" "none" "ghcr.io/rust-lang/crates-build-env/linux@sha256:5ff2268d62e97bff2cde7d5815dd6ed5b47097566f13b8d0ca110b04b60e07ed" "/opt/rustwide/cargo-home/bin/cargo" "+1.69.0" "metadata" "--no-deps" "--format-version=1", kill_on_drop: false }`
[INFO] [stdout] 5ec94f310e9008c60afbc85e6709ea4d22885b774d556725989579e12b754437
[INFO] running `Command { std: "docker" "start" "-a" "5ec94f310e9008c60afbc85e6709ea4d22885b774d556725989579e12b754437", kill_on_drop: false }`
[INFO] running `Command { std: "docker" "inspect" "5ec94f310e9008c60afbc85e6709ea4d22885b774d556725989579e12b754437", kill_on_drop: false }`
[INFO] running `Command { std: "docker" "rm" "-f" "5ec94f310e9008c60afbc85e6709ea4d22885b774d556725989579e12b754437", kill_on_drop: false }`
[INFO] [stdout] 5ec94f310e9008c60afbc85e6709ea4d22885b774d556725989579e12b754437
[INFO] running `Command { std: "docker" "create" "-v" "/var/lib/crater-agent-workspace/builds/worker-0-tc1/target:/opt/rustwide/target:rw,Z" "-v" "/var/lib/crater-agent-workspace/builds/worker-0-tc1/source:/opt/rustwide/workdir:ro,Z" "-v" "/var/lib/crater-agent-workspace/cargo-home:/opt/rustwide/cargo-home:ro,Z" "-v" "/var/lib/crater-agent-workspace/rustup-home:/opt/rustwide/rustup-home:ro,Z" "-e" "SOURCE_DIR=/opt/rustwide/workdir" "-e" "CARGO_TARGET_DIR=/opt/rustwide/target" "-e" "CARGO_INCREMENTAL=0" "-e" "RUST_BACKTRACE=full" "-e" "RUSTFLAGS=--cap-lints=warn" "-e" "RUSTDOCFLAGS=--cap-lints=warn" "-e" "CARGO_HOME=/opt/rustwide/cargo-home" "-e" "RUSTUP_HOME=/opt/rustwide/rustup-home" "-w" "/opt/rustwide/workdir" "-m" "1610612736" "--user" "0:0" "--network" "none" "ghcr.io/rust-lang/crates-build-env/linux@sha256:5ff2268d62e97bff2cde7d5815dd6ed5b47097566f13b8d0ca110b04b60e07ed" "/opt/rustwide/cargo-home/bin/cargo" "+1.69.0" "doc" "--frozen" "--no-deps" "--document-private-items" "--message-format=json", kill_on_drop: false }`
[INFO] [stdout] 497ee559a42b6587a7e6f30211bef5bc760363e58e8bac91232d71bac1f0015b
[INFO] running `Command { std: "docker" "start" "-a" "497ee559a42b6587a7e6f30211bef5bc760363e58e8bac91232d71bac1f0015b", kill_on_drop: false }`
[INFO] [stderr]    Compiling libc v0.2.142
[INFO] [stderr]    Compiling proc-macro2 v1.0.56
[INFO] [stderr]    Compiling unicode-ident v1.0.8
[INFO] [stderr]    Compiling quote v1.0.26
[INFO] [stderr]    Compiling thiserror v1.0.40
[INFO] [stderr]    Compiling pkg-config v0.3.26
[INFO] [stderr]     Checking cfg-if v1.0.0
[INFO] [stderr]    Compiling memchr v2.5.0
[INFO] [stderr]    Compiling cc v1.0.79
[INFO] [stderr]    Compiling ucd-trie v0.1.5
[INFO] [stderr]    Compiling crc32fast v1.3.2
[INFO] [stderr]    Compiling serde_derive v1.0.160
[INFO] [stderr]    Compiling once_cell v1.17.1
[INFO] [stderr]    Compiling serde v1.0.160
[INFO] [stderr]     Checking adler v1.0.2
[INFO] [stderr]     Checking unicode-width v0.1.10
[INFO] [stderr]    Compiling serde_json v1.0.96
[INFO] [stderr]    Compiling log v0.4.17
[INFO] [stderr]     Checking miniz_oxide v0.7.1
[INFO] [stderr]     Checking textwrap v0.11.0
[INFO] [stderr]     Checking regex-syntax v0.7.1
[INFO] [stderr]     Checking itoa v1.0.6
[INFO] [stderr]     Checking home v0.5.5
[INFO] [stderr]     Checking ansi_term v0.12.1
[INFO] [stderr]     Checking strsim v0.8.0
[INFO] [stderr]     Checking vec_map v0.8.2
[INFO] [stderr]     Checking bitflags v1.3.2
[INFO] [stderr]     Checking ryu v1.0.13
[INFO] [stderr]     Checking podio v0.1.7
[INFO] [stderr]     Checking unchecked-index v0.2.2
[INFO] [stderr]     Checking xdg v2.5.0
[INFO] [stderr]     Checking typed-arena v1.7.0
[INFO] [stderr]     Checking shell-words v1.1.0
[INFO] [stderr]     Checking lazy_static v1.4.0
[INFO] [stderr]     Checking entities v1.0.1
[INFO] [stderr]     Checking flate2 v1.0.26
[INFO] [stderr]     Checking quick-error v2.0.1
[INFO] [stderr]     Checking transformation-pipeline v0.1.0
[INFO] [stderr]     Checking unicode_categories v0.1.1
[INFO] [stderr]    Compiling bzip2-sys v0.1.11+1.0.8
[INFO] [stderr]     Checking aho-corasick v1.0.1
[INFO] [stderr]     Checking twoway v0.2.2
[INFO] [stderr]    Compiling syn v2.0.15
[INFO] [stderr]    Compiling num_cpus v1.15.0
[INFO] [stderr]     Checking time v0.1.45
[INFO] [stderr]     Checking atty v0.2.14
[INFO] [stderr]     Checking getrandom v0.2.9
[INFO] [stderr]     Checking clap v2.34.0
[INFO] [stderr]     Checking uuid v0.8.2
[INFO] [stderr]    Compiling sass-sys v0.4.22
[INFO] [stderr]     Checking msdos_time v0.1.6
[INFO] [stderr]     Checking bzip2 v0.3.3
[INFO] [stderr]     Checking zip v0.2.8
[INFO] [stderr]     Checking regex v1.8.1
[INFO] [stderr] error: could not compile `syn`
[INFO] [stderr] 
[INFO] [stderr] Caused by:
[INFO] [stderr]   process didn't exit successfully: `rustc --crate-name syn --edition=2021 /opt/rustwide/cargo-home/registry/src/github.com-1ecc6299db9ec823/syn-2.0.15/src/lib.rs --error-format=json --json=diagnostic-rendered-ansi,artifacts,future-incompat --crate-type lib --emit=dep-info,metadata,link -C embed-bitcode=no --cfg 'feature="clone-impls"' --cfg 'feature="default"' --cfg 'feature="derive"' --cfg 'feature="parsing"' --cfg 'feature="printing"' --cfg 'feature="proc-macro"' --cfg 'feature="quote"' -C metadata=13af2442622ddcb4 -C extra-filename=-13af2442622ddcb4 --out-dir /opt/rustwide/target/debug/deps -L dependency=/opt/rustwide/target/debug/deps --extern proc_macro2=/opt/rustwide/target/debug/deps/libproc_macro2-28c79a6b7e0f474e.rmeta --extern quote=/opt/rustwide/target/debug/deps/libquote-ad78e25cc9e71d7e.rmeta --extern unicode_ident=/opt/rustwide/target/debug/deps/libunicode_ident-b80adc97778cd786.rmeta --cap-lints allow --cap-lints=warn` (signal: 9, SIGKILL: kill)
[INFO] [stderr] warning: build failed, waiting for other jobs to finish...
[INFO] [stderr] error: could not compile `clap`
[INFO] [stderr] 
[INFO] [stderr] Caused by:
[INFO] [stderr]   process didn't exit successfully: `rustc --crate-name clap --edition=2018 /opt/rustwide/cargo-home/registry/src/github.com-1ecc6299db9ec823/clap-2.34.0/src/lib.rs --error-format=json --json=diagnostic-rendered-ansi,artifacts,future-incompat --crate-type lib --emit=dep-info,metadata -C embed-bitcode=no -C debuginfo=2 --cfg 'feature="ansi_term"' --cfg 'feature="atty"' --cfg 'feature="color"' --cfg 'feature="default"' --cfg 'feature="strsim"' --cfg 'feature="suggestions"' --cfg 'feature="vec_map"' -C metadata=19d0886c549a449a -C extra-filename=-19d0886c549a449a --out-dir /opt/rustwide/target/debug/deps -L dependency=/opt/rustwide/target/debug/deps --extern ansi_term=/opt/rustwide/target/debug/deps/libansi_term-be3732221f63218a.rmeta --extern atty=/opt/rustwide/target/debug/deps/libatty-e4d58c5f2fd00e88.rmeta --extern bitflags=/opt/rustwide/target/debug/deps/libbitflags-1a1c34f79f6e612c.rmeta --extern strsim=/opt/rustwide/target/debug/deps/libstrsim-8bacd393f45781dd.rmeta --extern textwrap=/opt/rustwide/target/debug/deps/libtextwrap-5fc864406bd6d84e.rmeta --extern unicode_width=/opt/rustwide/target/debug/deps/libunicode_width-ecabeb64e5675dd7.rmeta --extern vec_map=/opt/rustwide/target/debug/deps/libvec_map-00614f59716e008c.rmeta --cap-lints allow --cap-lints=warn` (signal: 9, SIGKILL: kill)
[INFO] [stderr] error: could not compile `regex`
[INFO] [stderr] 
[INFO] [stderr] Caused by:
[INFO] [stderr]   process didn't exit successfully: `rustc --crate-name regex --edition=2021 /opt/rustwide/cargo-home/registry/src/github.com-1ecc6299db9ec823/regex-1.8.1/src/lib.rs --error-format=json --json=diagnostic-rendered-ansi,artifacts,future-incompat --crate-type lib --emit=dep-info,metadata -C embed-bitcode=no -C debuginfo=2 --cfg 'feature="aho-corasick"' --cfg 'feature="default"' --cfg 'feature="memchr"' --cfg 'feature="perf"' --cfg 'feature="perf-cache"' --cfg 'feature="perf-dfa"' --cfg 'feature="perf-inline"' --cfg 'feature="perf-literal"' --cfg 'feature="std"' --cfg 'feature="unicode"' --cfg 'feature="unicode-age"' --cfg 'feature="unicode-bool"' --cfg 'feature="unicode-case"' --cfg 'feature="unicode-gencat"' --cfg 'feature="unicode-perl"' --cfg 'feature="unicode-script"' --cfg 'feature="unicode-segment"' -C metadata=90e1618e430337f4 -C extra-filename=-90e1618e430337f4 --out-dir /opt/rustwide/target/debug/deps -L dependency=/opt/rustwide/target/debug/deps --extern aho_corasick=/opt/rustwide/target/debug/deps/libaho_corasick-e818968fb5f5994d.rmeta --extern memchr=/opt/rustwide/target/debug/deps/libmemchr-0c6269a2d39c1ca7.rmeta --extern regex_syntax=/opt/rustwide/target/debug/deps/libregex_syntax-c699c280aae4283b.rmeta --cap-lints allow --cap-lints=warn` (signal: 9, SIGKILL: kill)
[INFO] [stderr] error: failed to run custom build command for `sass-sys v0.4.22`
[INFO] [stderr] note: To improve backtraces for build dependencies, set the CARGO_PROFILE_DEV_BUILD_OVERRIDE_DEBUG=true environment variable to enable debug information generation.
[INFO] [stderr] 
[INFO] [stderr] Caused by:
[INFO] [stderr]   process didn't exit successfully: `/opt/rustwide/target/debug/build/sass-sys-abf5bd5649a7abdc/build-script-build` (exit status: 101)
[INFO] [stderr]   --- stdout
[INFO] [stderr]   cargo:rerun-if-env-changed=LIBSASS_NO_PKG_CONFIG
[INFO] [stderr]   cargo:rerun-if-env-changed=PKG_CONFIG_x86_64-unknown-linux-gnu
[INFO] [stderr]   cargo:rerun-if-env-changed=PKG_CONFIG_x86_64_unknown_linux_gnu
[INFO] [stderr]   cargo:rerun-if-env-changed=HOST_PKG_CONFIG
[INFO] [stderr]   cargo:rerun-if-env-changed=PKG_CONFIG
[INFO] [stderr]   cargo:rerun-if-env-changed=LIBSASS_STATIC
[INFO] [stderr]   cargo:rerun-if-env-changed=LIBSASS_DYNAMIC
[INFO] [stderr]   cargo:rerun-if-env-changed=PKG_CONFIG_ALL_STATIC
[INFO] [stderr]   cargo:rerun-if-env-changed=PKG_CONFIG_ALL_DYNAMIC
[INFO] [stderr]   cargo:rerun-if-env-changed=PKG_CONFIG_PATH_x86_64-unknown-linux-gnu
[INFO] [stderr]   cargo:rerun-if-env-changed=PKG_CONFIG_PATH_x86_64_unknown_linux_gnu
[INFO] [stderr]   cargo:rerun-if-env-changed=HOST_PKG_CONFIG_PATH
[INFO] [stderr]   cargo:rerun-if-env-changed=PKG_CONFIG_PATH
[INFO] [stderr]   cargo:rerun-if-env-changed=PKG_CONFIG_LIBDIR_x86_64-unknown-linux-gnu
[INFO] [stderr]   cargo:rerun-if-env-changed=PKG_CONFIG_LIBDIR_x86_64_unknown_linux_gnu
[INFO] [stderr]   cargo:rerun-if-env-changed=HOST_PKG_CONFIG_LIBDIR
[INFO] [stderr]   cargo:rerun-if-env-changed=PKG_CONFIG_LIBDIR
[INFO] [stderr]   cargo:rerun-if-env-changed=PKG_CONFIG_SYSROOT_DIR_x86_64-unknown-linux-gnu
[INFO] [stderr]   cargo:rerun-if-env-changed=PKG_CONFIG_SYSROOT_DIR_x86_64_unknown_linux_gnu
[INFO] [stderr]   cargo:rerun-if-env-changed=HOST_PKG_CONFIG_SYSROOT_DIR
[INFO] [stderr]   cargo:rerun-if-env-changed=PKG_CONFIG_SYSROOT_DIR
[INFO] [stderr] 
[INFO] [stderr]   --- stderr
[INFO] [stderr]   thread 'main' panicked at 'Build error:
[INFO] [stderr]   STDERR:g++: fatal error: Killed signal terminated program cc1plus
[INFO] [stderr]   compilation terminated.
[INFO] [stderr]   make: *** [Makefile:228: src/fn_colors.o] Error 1
[INFO] [stderr]   make: *** Waiting for unfinished jobs....
[INFO] [stderr]   g++: fatal error: Killed signal terminated program cc1plus
[INFO] [stderr]   compilation terminated.
[INFO] [stderr]   make: *** [Makefile:228: src/ast_sel_cmp.o] Error 1
[INFO] [stderr]   src/ast_values.cpp: In member function 'virtual size_t Sass::Number::hash() const':
[INFO] [stderr]   src/ast_values.cpp:484:23: warning: loop variable 'numerator' creates a copy from type 'const std::__cxx11::basic_string<char>' [-Wrange-loop-construct]
[INFO] [stderr]     484 |       for (const auto numerator : numerators)
[INFO] [stderr]         |                       ^~~~~~~~~
[INFO] [stderr]   src/ast_values.cpp:484:23: note: use reference type to prevent copying
[INFO] [stderr]     484 |       for (const auto numerator : numerators)
[INFO] [stderr]         |                       ^~~~~~~~~
[INFO] [stderr]         |                       &
[INFO] [stderr]   src/ast_values.cpp:486:23: warning: loop variable 'denominator' creates a copy from type 'const std::__cxx11::basic_string<char>' [-Wrange-loop-construct]
[INFO] [stderr]     486 |       for (const auto denominator : denominators)
[INFO] [stderr]         |                       ^~~~~~~~~~~
[INFO] [stderr]   src/ast_values.cpp:486:23: note: use reference type to prevent copying
[INFO] [stderr]     486 |       for (const auto denominator : denominators)
[INFO] [stderr]         |                       ^~~~~~~~~~~
[INFO] [stderr]         |                       &
[INFO] [stderr]   g++: fatal error: Killed signal terminated program cc1plus
[INFO] [stderr]   compilation terminated.
[INFO] [stderr]   make: *** [Makefile:228: src/fn_lists.o] Error 1
[INFO] [stderr]   g++: fatal error: Killed signal terminated program cc1plus
[INFO] [stderr]   compilation terminated.
[INFO] [stderr]   make: *** [Makefile:228: src/fn_utils.o] Error 1
[INFO] [stderr]   g++: fatal error: Killed signal terminated program cc1plus
[INFO] [stderr]   compilation terminated.
[INFO] [stderr]   make: *** [Makefile:228: src/context.o] Error 1
[INFO] [stderr]   g++: fatal error: Killed signal terminated program cc1plus
[INFO] [stderr]   compilation terminated.
[INFO] [stderr]   make: *** [Makefile:228: src/ast_selectors.o] Error 1
[INFO] [stderr] 
[INFO] [stderr]   STDOUT:cc -Wall -O2 -I /opt/rustwide/target/debug/build/sass-sys-51e017b255e9270d/out/build/include  -fPIC -c -o src/cencode.o src/cencode.c
[INFO] [stderr]   g++ -Wall -O2 -std=c++11 -I /opt/rustwide/target/debug/build/sass-sys-51e017b255e9270d/out/build/include  -fPIC -c -o src/ast.o src/ast.cpp
[INFO] [stderr]   g++ -Wall -O2 -std=c++11 -I /opt/rustwide/target/debug/build/sass-sys-51e017b255e9270d/out/build/include  -fPIC -c -o src/ast_values.o src/ast_values.cpp
[INFO] [stderr]   g++ -Wall -O2 -std=c++11 -I /opt/rustwide/target/debug/build/sass-sys-51e017b255e9270d/out/build/include  -fPIC -c -o src/ast_supports.o src/ast_supports.cpp
[INFO] [stderr]   g++ -Wall -O2 -std=c++11 -I /opt/rustwide/target/debug/build/sass-sys-51e017b255e9270d/out/build/include  -fPIC -c -o src/ast_sel_cmp.o src/ast_sel_cmp.cpp
[INFO] [stderr]   g++ -Wall -O2 -std=c++11 -I /opt/rustwide/target/debug/build/sass-sys-51e017b255e9270d/out/build/include  -fPIC -c -o src/ast_sel_unify.o src/ast_sel_unify.cpp
[INFO] [stderr]   g++ -Wall -O2 -std=c++11 -I /opt/rustwide/target/debug/build/sass-sys-51e017b255e9270d/out/build/include  -fPIC -c -o src/ast_sel_super.o src/ast_sel_super.cpp
[INFO] [stderr]   g++ -Wall -O2 -std=c++11 -I /opt/rustwide/target/debug/build/sass-sys-51e017b255e9270d/out/build/include  -fPIC -c -o src/ast_sel_weave.o src/ast_sel_weave.cpp
[INFO] [stderr]   g++ -Wall -O2 -std=c++11 -I /opt/rustwide/target/debug/build/sass-sys-51e017b255e9270d/out/build/include  -fPIC -c -o src/ast_selectors.o src/ast_selectors.cpp
[INFO] [stderr]   g++ -Wall -O2 -std=c++11 -I /opt/rustwide/target/debug/build/sass-sys-51e017b255e9270d/out/build/include  -fPIC -c -o src/context.o src/context.cpp
[INFO] [stderr]   g++ -Wall -O2 -std=c++11 -I /opt/rustwide/target/debug/build/sass-sys-51e017b255e9270d/out/build/include  -fPIC -c -o src/constants.o src/constants.cpp
[INFO] [stderr]   g++ -Wall -O2 -std=c++11 -I /opt/rustwide/target/debug/build/sass-sys-51e017b255e9270d/out/build/include  -fPIC -c -o src/fn_utils.o src/fn_utils.cpp
[INFO] [stderr]   g++ -Wall -O2 -std=c++11 -I /opt/rustwide/target/debug/build/sass-sys-51e017b255e9270d/out/build/include  -fPIC -c -o src/fn_miscs.o src/fn_miscs.cpp
[INFO] [stderr]   g++ -Wall -O2 -std=c++11 -I /opt/rustwide/target/debug/build/sass-sys-51e017b255e9270d/out/build/include  -fPIC -c -o src/fn_maps.o src/fn_maps.cpp
[INFO] [stderr]   g++ -Wall -O2 -std=c++11 -I /opt/rustwide/target/debug/build/sass-sys-51e017b255e9270d/out/build/include  -fPIC -c -o src/fn_lists.o src/fn_lists.cpp
[INFO] [stderr]   g++ -Wall -O2 -std=c++11 -I /opt/rustwide/target/debug/build/sass-sys-51e017b255e9270d/out/build/include  -fPIC -c -o src/fn_colors.o src/fn_colors.cpp
[INFO] [stderr]   g++ -Wall -O2 -std=c++11 -I /opt/rustwide/target/debug/build/sass-sys-51e017b255e9270d/out/build/include  -fPIC -c -o src/fn_numbers.o src/fn_numbers.cpp
[INFO] [stderr]   g++ -Wall -O2 -std=c++11 -I /opt/rustwide/target/debug/build/sass-sys-51e017b255e9270d/out/build/include  -fPIC -c -o src/fn_strings.o src/fn_strings.cpp
[INFO] [stderr]   ', /opt/rustwide/cargo-home/registry/src/github.com-1ecc6299db9ec823/sass-sys-0.4.22/build.rs:107:9
[INFO] [stderr]   stack backtrace:
[INFO] [stderr]      0:     0x561f8601423a - std::backtrace_rs::backtrace::libunwind::trace::ha9053a9a07ca49cb
[INFO] [stderr]                                  at /rustc/84c898d65adf2f39a5a98507f1fe0ce10a2b8dbc/library/std/src/../../backtrace/src/backtrace/libunwind.rs:93:5
[INFO] [stderr]      1:     0x561f8601423a - std::backtrace_rs::backtrace::trace_unsynchronized::h9c2852a457ad564e
[INFO] [stderr]                                  at /rustc/84c898d65adf2f39a5a98507f1fe0ce10a2b8dbc/library/std/src/../../backtrace/src/backtrace/mod.rs:66:5
[INFO] [stderr]      2:     0x561f8601423a - std::sys_common::backtrace::_print_fmt::h457936fbfaa0070f
[INFO] [stderr]                                  at /rustc/84c898d65adf2f39a5a98507f1fe0ce10a2b8dbc/library/std/src/sys_common/backtrace.rs:65:5
[INFO] [stderr]      3:     0x561f8601423a - <std::sys_common::backtrace::_print::DisplayBacktrace as core::fmt::Display>::fmt::h5779d7bf7f70cb0c
[INFO] [stderr]                                  at /rustc/84c898d65adf2f39a5a98507f1fe0ce10a2b8dbc/library/std/src/sys_common/backtrace.rs:44:22
[INFO] [stderr]      4:     0x561f86033cce - core::fmt::write::h5a4baaff1bcd3eb5
[INFO] [stderr]                                  at /rustc/84c898d65adf2f39a5a98507f1fe0ce10a2b8dbc/library/core/src/fmt/mod.rs:1232:17
[INFO] [stderr]      5:     0x561f86011765 - std::io::Write::write_fmt::h4bc1f301cb9e9cce
[INFO] [stderr]                                  at /rustc/84c898d65adf2f39a5a98507f1fe0ce10a2b8dbc/library/std/src/io/mod.rs:1684:15
[INFO] [stderr]      6:     0x561f86014005 - std::sys_common::backtrace::_print::h5fcdc36060f177e8
[INFO] [stderr]                                  at /rustc/84c898d65adf2f39a5a98507f1fe0ce10a2b8dbc/library/std/src/sys_common/backtrace.rs:47:5
[INFO] [stderr]      7:     0x561f86014005 - std::sys_common::backtrace::print::h54ca9458b876c8bf
[INFO] [stderr]                                  at /rustc/84c898d65adf2f39a5a98507f1fe0ce10a2b8dbc/library/std/src/sys_common/backtrace.rs:34:9
[INFO] [stderr]      8:     0x561f8601587f - std::panicking::default_hook::{{closure}}::hbe471161c7664ed6
[INFO] [stderr]                                  at /rustc/84c898d65adf2f39a5a98507f1fe0ce10a2b8dbc/library/std/src/panicking.rs:271:22
[INFO] [stderr]      9:     0x561f860155bb - std::panicking::default_hook::ha3500da57aa4ac4f
[INFO] [stderr]                                  at /rustc/84c898d65adf2f39a5a98507f1fe0ce10a2b8dbc/library/std/src/panicking.rs:290:9
[INFO] [stderr]     10:     0x561f86015e28 - std::panicking::rust_panic_with_hook::h50c09d000dc561d2
[INFO] [stderr]                                  at /rustc/84c898d65adf2f39a5a98507f1fe0ce10a2b8dbc/library/std/src/panicking.rs:692:13
[INFO] [stderr]     11:     0x561f86015d29 - std::panicking::begin_panic_handler::{{closure}}::h9e2b2176e00e0d9c
[INFO] [stderr]                                  at /rustc/84c898d65adf2f39a5a98507f1fe0ce10a2b8dbc/library/std/src/panicking.rs:583:13
[INFO] [stderr]     12:     0x561f860146a6 - std::sys_common::backtrace::__rust_end_short_backtrace::h5739b8e512c09d02
[INFO] [stderr]                                  at /rustc/84c898d65adf2f39a5a98507f1fe0ce10a2b8dbc/library/std/src/sys_common/backtrace.rs:150:18
[INFO] [stderr]     13:     0x561f86015a32 - rust_begin_unwind
[INFO] [stderr]                                  at /rustc/84c898d65adf2f39a5a98507f1fe0ce10a2b8dbc/library/std/src/panicking.rs:579:5
[INFO] [stderr]     14:     0x561f85fc04b3 - core::panicking::panic_fmt::hf33a1475b4dc5c3e
[INFO] [stderr]                                  at /rustc/84c898d65adf2f39a5a98507f1fe0ce10a2b8dbc/library/core/src/panicking.rs:64:14
[INFO] [stderr]     15:     0x561f85fc2110 - build_script_build::compile::h8a29891675cb3f40
[INFO] [stderr]     16:     0x561f85fc2778 - build_script_build::main::h76725b9e6ccb3323
[INFO] [stderr]     17:     0x561f85fc2c13 - core::ops::function::FnOnce::call_once::h37d44036a20cd732
[INFO] [stderr]     18:     0x561f85fc3039 - std::sys_common::backtrace::__rust_begin_short_backtrace::hfb7b320c941a1708
[INFO] [stderr]     19:     0x561f85fc2e09 - std::rt::lang_start::{{closure}}::hceb7d3fe62cd3477
[INFO] [stderr]     20:     0x561f8600da5c - core::ops::function::impls::<impl core::ops::function::FnOnce<A> for &F>::call_once::hd6efcd3bec896f2c
[INFO] [stderr]                                  at /rustc/84c898d65adf2f39a5a98507f1fe0ce10a2b8dbc/library/core/src/ops/function.rs:287:13
[INFO] [stderr]     21:     0x561f8600da5c - std::panicking::try::do_call::hce04e543bb1f4cbb
[INFO] [stderr]                                  at /rustc/84c898d65adf2f39a5a98507f1fe0ce10a2b8dbc/library/std/src/panicking.rs:487:40
[INFO] [stderr]     22:     0x561f8600da5c - std::panicking::try::h3342dd4e1f680968
[INFO] [stderr]                                  at /rustc/84c898d65adf2f39a5a98507f1fe0ce10a2b8dbc/library/std/src/panicking.rs:451:19
[INFO] [stderr]     23:     0x561f8600da5c - std::panic::catch_unwind::h148ce1e59ac0cee7
[INFO] [stderr]                                  at /rustc/84c898d65adf2f39a5a98507f1fe0ce10a2b8dbc/library/std/src/panic.rs:140:14
[INFO] [stderr]     24:     0x561f8600da5c - std::rt::lang_start_internal::{{closure}}::h25f9dda2057a67fe
[INFO] [stderr]                                  at /rustc/84c898d65adf2f39a5a98507f1fe0ce10a2b8dbc/library/std/src/rt.rs:148:48
[INFO] [stderr]     25:     0x561f8600da5c - std::panicking::try::do_call::h7caaaeaf9401650b
[INFO] [stderr]                                  at /rustc/84c898d65adf2f39a5a98507f1fe0ce10a2b8dbc/library/std/src/panicking.rs:487:40
[INFO] [stderr]     26:     0x561f8600da5c - std::panicking::try::he7d15285746cbbc2
[INFO] [stderr]                                  at /rustc/84c898d65adf2f39a5a98507f1fe0ce10a2b8dbc/library/std/src/panicking.rs:451:19
[INFO] [stderr]     27:     0x561f8600da5c - std::panic::catch_unwind::h89fb4f50c0301fe0
[INFO] [stderr]                                  at /rustc/84c898d65adf2f39a5a98507f1fe0ce10a2b8dbc/library/std/src/panic.rs:140:14
[INFO] [stderr]     28:     0x561f8600da5c - std::rt::lang_start_internal::h078acd489417d3c1
[INFO] [stderr]                                  at /rustc/84c898d65adf2f39a5a98507f1fe0ce10a2b8dbc/library/std/src/rt.rs:148:20
[INFO] [stderr]     29:     0x561f85fc2de7 - std::rt::lang_start::h1609debb60ac6bf3
[INFO] [stderr]     30:     0x561f85fc27e5 - main
[INFO] [stderr]     31:     0x7fd6fd8abd90 - <unknown>
[INFO] [stderr]     32:     0x7fd6fd8abe40 - __libc_start_main
[INFO] [stderr]     33:     0x561f85fc0a35 - _start
[INFO] [stderr]     34:                0x0 - <unknown>
[INFO] running `Command { std: "docker" "inspect" "497ee559a42b6587a7e6f30211bef5bc760363e58e8bac91232d71bac1f0015b", kill_on_drop: false }`
[INFO] running `Command { std: "docker" "rm" "-f" "497ee559a42b6587a7e6f30211bef5bc760363e58e8bac91232d71bac1f0015b", kill_on_drop: false }`
[INFO] [stdout] 497ee559a42b6587a7e6f30211bef5bc760363e58e8bac91232d71bac1f0015b
