[INFO] cloning repository https://github.com/curtisalexander/readstat-rs
[INFO] running `Command { std: "git" "-c" "credential.helper=" "-c" "credential.helper=/workspace/cargo-home/bin/git-credential-null" "clone" "--bare" "https://github.com/curtisalexander/readstat-rs" "/workspace/cache/git-repos/https%3A%2F%2Fgithub.com%2Fcurtisalexander%2Freadstat-rs", kill_on_drop: false }`
[INFO] [stderr] Cloning into bare repository '/workspace/cache/git-repos/https%3A%2F%2Fgithub.com%2Fcurtisalexander%2Freadstat-rs'...
[INFO] running `Command { std: "git" "rev-parse" "HEAD", kill_on_drop: false }`
[INFO] [stdout] 0d77f7e176e2381b7384b4059346983b5c98f241
[INFO] documenting curtisalexander/readstat-rs against 1.69.0 for beta-1.70-rustdoc-1
[INFO] running `Command { std: "git" "clone" "/workspace/cache/git-repos/https%3A%2F%2Fgithub.com%2Fcurtisalexander%2Freadstat-rs" "/workspace/builds/worker-4-tc1/source", kill_on_drop: false }`
[INFO] [stderr] Cloning into '/workspace/builds/worker-4-tc1/source'...
[INFO] [stderr] done.
[INFO] validating manifest of git repo https://github.com/curtisalexander/readstat-rs on toolchain 1.69.0
[INFO] running `Command { std: CARGO_HOME="/workspace/cargo-home" RUSTUP_HOME="/workspace/rustup-home" "/workspace/cargo-home/bin/cargo" "+1.69.0" "metadata" "--manifest-path" "Cargo.toml" "--no-deps", kill_on_drop: false }`
[INFO] started tweaking git repo https://github.com/curtisalexander/readstat-rs
[INFO] finished tweaking git repo https://github.com/curtisalexander/readstat-rs
[INFO] tweaked toml for git repo https://github.com/curtisalexander/readstat-rs written to /workspace/builds/worker-4-tc1/source/Cargo.toml
[INFO] running `Command { std: CARGO_HOME="/workspace/cargo-home" RUSTUP_HOME="/workspace/rustup-home" __CARGO_TEST_CHANNEL_OVERRIDE_DO_NOT_USE_THIS="nightly" "/workspace/cargo-home/bin/cargo" "+1.69.0" "generate-lockfile" "--manifest-path" "Cargo.toml" "-Zno-index-update", kill_on_drop: false }`
[INFO] running `Command { std: CARGO_HOME="/workspace/cargo-home" RUSTUP_HOME="/workspace/rustup-home" "/workspace/cargo-home/bin/cargo" "+1.69.0" "fetch" "--manifest-path" "Cargo.toml", kill_on_drop: false }`
[INFO] [stderr]  Downloading crates ...
[INFO] [stderr]   Downloaded force-send-sync v1.0.0
[INFO] [stderr]   Downloaded polars-utils v0.24.4
[INFO] [stderr]   Downloaded parquet-format-safe v0.2.4
[INFO] [stderr]   Downloaded json-deserializer v0.4.4
[INFO] [stderr]   Downloaded streaming-decompression v0.1.2
[INFO] [stderr]   Downloaded polars-ops v0.24.3
[INFO] [stderr]   Downloaded odbc-sys v0.21.4
[INFO] [stderr]   Downloaded orc-format v0.3.0
[INFO] [stderr]   Downloaded avro-schema v0.3.0
[INFO] [stderr]   Downloaded polars v0.24.3
[INFO] [stderr]   Downloaded polars-time v0.24.3
[INFO] [stderr]   Downloaded polars-arrow v0.24.4
[INFO] [stderr]   Downloaded streaming-iterator v0.1.9
[INFO] [stderr]   Downloaded csv-async v1.2.6
[INFO] [stderr]   Downloaded polars-io v0.24.3
[INFO] [stderr]   Downloaded arrow-format v0.7.0
[INFO] [stderr]   Downloaded odbc-api v0.36.1
[INFO] [stderr]   Downloaded polars-lazy v0.24.3
[INFO] [stderr]   Downloaded polars-core v0.24.3
[INFO] [stderr]   Downloaded parquet2 v0.16.3
[INFO] [stderr]   Downloaded arrow2 v0.14.2
[INFO] running `Command { std: "docker" "create" "-v" "/var/lib/crater-agent-workspace/builds/worker-4-tc1/target:/opt/rustwide/target:rw,Z" "-v" "/var/lib/crater-agent-workspace/builds/worker-4-tc1/source:/opt/rustwide/workdir:ro,Z" "-v" "/var/lib/crater-agent-workspace/cargo-home:/opt/rustwide/cargo-home:ro,Z" "-v" "/var/lib/crater-agent-workspace/rustup-home:/opt/rustwide/rustup-home:ro,Z" "-e" "SOURCE_DIR=/opt/rustwide/workdir" "-e" "CARGO_TARGET_DIR=/opt/rustwide/target" "-e" "CARGO_HOME=/opt/rustwide/cargo-home" "-e" "RUSTUP_HOME=/opt/rustwide/rustup-home" "-w" "/opt/rustwide/workdir" "-m" "1610612736" "--user" "0:0" "--network" "none" "ghcr.io/rust-lang/crates-build-env/linux@sha256:5ff2268d62e97bff2cde7d5815dd6ed5b47097566f13b8d0ca110b04b60e07ed" "/opt/rustwide/cargo-home/bin/cargo" "+1.69.0" "metadata" "--no-deps" "--format-version=1", kill_on_drop: false }`
[INFO] [stdout] fcbd5383d629a19a1dc35598522d004ac01aca0cbaef44da5cfc55b5daa7b73e
[INFO] running `Command { std: "docker" "start" "-a" "fcbd5383d629a19a1dc35598522d004ac01aca0cbaef44da5cfc55b5daa7b73e", kill_on_drop: false }`
[INFO] running `Command { std: "docker" "inspect" "fcbd5383d629a19a1dc35598522d004ac01aca0cbaef44da5cfc55b5daa7b73e", kill_on_drop: false }`
[INFO] running `Command { std: "docker" "rm" "-f" "fcbd5383d629a19a1dc35598522d004ac01aca0cbaef44da5cfc55b5daa7b73e", kill_on_drop: false }`
[INFO] [stdout] fcbd5383d629a19a1dc35598522d004ac01aca0cbaef44da5cfc55b5daa7b73e
[INFO] running `Command { std: "docker" "create" "-v" "/var/lib/crater-agent-workspace/builds/worker-4-tc1/target:/opt/rustwide/target:rw,Z" "-v" "/var/lib/crater-agent-workspace/builds/worker-4-tc1/source:/opt/rustwide/workdir:ro,Z" "-v" "/var/lib/crater-agent-workspace/cargo-home:/opt/rustwide/cargo-home:ro,Z" "-v" "/var/lib/crater-agent-workspace/rustup-home:/opt/rustwide/rustup-home:ro,Z" "-e" "SOURCE_DIR=/opt/rustwide/workdir" "-e" "CARGO_TARGET_DIR=/opt/rustwide/target" "-e" "CARGO_INCREMENTAL=0" "-e" "RUST_BACKTRACE=full" "-e" "RUSTFLAGS=--cap-lints=warn" "-e" "RUSTDOCFLAGS=--cap-lints=warn" "-e" "CARGO_HOME=/opt/rustwide/cargo-home" "-e" "RUSTUP_HOME=/opt/rustwide/rustup-home" "-w" "/opt/rustwide/workdir" "-m" "1610612736" "--user" "0:0" "--network" "none" "ghcr.io/rust-lang/crates-build-env/linux@sha256:5ff2268d62e97bff2cde7d5815dd6ed5b47097566f13b8d0ca110b04b60e07ed" "/opt/rustwide/cargo-home/bin/cargo" "+1.69.0" "doc" "--frozen" "--no-deps" "--document-private-items" "--message-format=json", kill_on_drop: false }`
[INFO] [stdout] 16fbc5dd6437a9f3321ebe29e72a27ca1c5a62723b6f621c5fdc8c4d81f24ab4
[INFO] running `Command { std: "docker" "start" "-a" "16fbc5dd6437a9f3321ebe29e72a27ca1c5a62723b6f621c5fdc8c4d81f24ab4", kill_on_drop: false }`
[INFO] [stderr]    Compiling libc v0.2.142
[INFO] [stderr]    Compiling proc-macro2 v1.0.56
[INFO] [stderr]    Compiling quote v1.0.26
[INFO] [stderr]    Compiling unicode-ident v1.0.8
[INFO] [stderr]    Compiling version_check v0.9.4
[INFO] [stderr]    Compiling memchr v2.5.0
[INFO] [stderr]    Compiling cfg-if v1.0.0
[INFO] [stderr]    Compiling crossbeam-utils v0.8.15
[INFO] [stderr]    Compiling memoffset v0.8.0
[INFO] [stderr]    Compiling crossbeam-epoch v0.9.14
[INFO] [stderr]    Compiling rayon-core v1.11.0
[INFO] [stderr]    Compiling either v1.8.1
[INFO] [stderr]    Compiling ahash v0.7.6
[INFO] [stderr]    Compiling log v0.4.17
[INFO] [stderr]    Compiling indexmap v1.9.3
[INFO] [stderr]    Compiling regex-syntax v0.7.1
[INFO] [stderr]    Compiling aho-corasick v1.0.1
[INFO] [stderr]    Compiling syn v2.0.15
[INFO] [stderr]     Checking scopeguard v1.1.0
[INFO] [stderr]    Compiling uncased v0.9.7
[INFO] [stderr]    Compiling syn v1.0.109
[INFO] [stderr]    Compiling crossbeam-channel v0.5.8
[INFO] [stderr]    Compiling crossbeam-deque v0.8.3
[INFO] [stderr]    Compiling getrandom v0.2.9
[INFO] [stderr]    Compiling jobserver v0.1.26
[INFO] [stderr]    Compiling num_cpus v1.15.0
[INFO] [stderr]    Compiling serde_derive v1.0.160
[INFO] [stderr]    Compiling cc v1.0.79
[INFO] [stderr]    Compiling futures-core v0.3.28
[INFO] [stderr]    Compiling serde v1.0.160
[INFO] [stderr]    Compiling glob v0.3.1
[INFO] [stderr]    Compiling regex v1.8.1
[INFO] [stderr]    Compiling once_cell v1.17.1
[INFO] [stderr]    Compiling clang-sys v1.6.1
[INFO] [stderr]    Compiling rayon v1.7.0
[INFO] [stderr]    Compiling atty v0.2.14
[INFO] [stderr]    Compiling slab v0.4.8
[INFO] [stderr]    Compiling futures-task v0.3.28
[INFO] [stderr]    Compiling os_str_bytes v6.5.0
[INFO] [stderr]    Compiling termcolor v1.2.0
[INFO] [stderr]    Compiling minimal-lexical v0.2.1
[INFO] [stderr]    Compiling futures-channel v0.3.28
[INFO] [stderr]    Compiling clap_lex v0.2.4
[INFO] [stderr]    Compiling nom v7.1.3
[INFO] [stderr]    Compiling rand_core v0.6.4
[INFO] [stderr]    Compiling libloading v0.7.4
[INFO] [stderr]    Compiling strsim v0.10.0
[INFO] [stderr]    Compiling ppv-lite86 v0.2.17
[INFO] [stderr]    Compiling bitflags v1.3.2
[INFO] [stderr]    Compiling futures-util v0.3.28
[INFO] [stderr]    Compiling textwrap v0.16.0
[INFO] [stderr]    Compiling anyhow v1.0.71
[INFO] [stderr]     Checking futures-sink v0.3.28
[INFO] [stderr]     Checking pin-project-lite v0.2.9
[INFO] [stderr]    Compiling siphasher v0.3.10
[INFO] [stderr]    Compiling humantime v2.1.0
[INFO] [stderr]    Compiling bindgen v0.60.1
[INFO] [stderr]    Compiling hashbrown v0.12.3
[INFO] [stderr]    Compiling env_logger v0.9.3
[INFO] [stderr]    Compiling phf_shared v0.11.1
[INFO] [stderr]    Compiling rand_chacha v0.3.1
[INFO] [stderr]    Compiling cexpr v0.6.0
[INFO] [stderr]    Compiling futures-macro v0.3.28
[INFO] [stderr]    Compiling which v4.4.0
[INFO] [stderr]    Compiling crc32fast v1.3.2
[INFO] [stderr]    Compiling shlex v1.1.0
[INFO] [stderr]    Compiling clap v3.2.25
[INFO] [stderr]    Compiling peeking_take_while v0.1.2
[INFO] [stderr]    Compiling lazycell v1.3.0
[INFO] [stderr]    Compiling rustc-hash v1.1.0
[INFO] [stderr]    Compiling pkg-config v0.3.26
[INFO] [stderr]     Checking static_assertions v1.1.0
[INFO] [stderr]    Compiling io-lifetimes v1.0.10
[INFO] [stderr]    Compiling lazy_static v1.4.0
[INFO] [stderr]     Checking pin-utils v0.1.0
[INFO] [stderr]     Checking futures-io v0.3.28
[INFO] [stderr]     Checking lexical-util v0.8.5
[INFO] [stderr]    Compiling zstd-sys v2.0.8+zstd.1.5.5
[INFO] [stderr]    Compiling rand v0.8.5
[INFO] [stderr]    Compiling itertools v0.10.5
[INFO] [stderr]    Compiling libm v0.2.6
[INFO] [stderr]    Compiling rustix v0.37.18
[INFO] [stderr]    Compiling phf_generator v0.11.1
[INFO] [stderr]    Compiling lock_api v0.4.9
[INFO] [stderr]    Compiling num-traits v0.2.15
[INFO] [stderr]    Compiling signal-hook v0.3.15
[INFO] [stderr]     Checking itoa v1.0.6
[INFO] [stderr]    Compiling parking_lot_core v0.9.7
[INFO] [stderr]     Checking unicode-width v0.1.10
[INFO] [stderr]     Checking futures-executor v0.3.28
[INFO] [stderr]     Checking linux-raw-sys v0.3.6
[INFO] [stderr]     Checking futures v0.3.28
[INFO] [stderr]    Compiling phf_codegen v0.11.1
[INFO] [stderr]    Compiling phf v0.11.1
[INFO] [stderr]    Compiling parse-zoneinfo v0.3.0
[INFO] [stderr]    Compiling lz4-sys v1.9.4
[INFO] [stderr]     Checking signal-hook-registry v1.4.1
[INFO] [stderr]    Compiling num-integer v0.1.45
[INFO] [stderr]     Checking fallible-streaming-iterator v0.1.9
[INFO] [stderr]     Checking bytes v1.4.0
[INFO] [stderr]     Checking ryu v1.0.13
[INFO] [stderr]     Checking adler v1.0.2
[INFO] [stderr]     Checking alloc-no-stdlib v2.0.4
[INFO] [stderr]    Compiling zstd-safe v5.0.2+zstd.1.5.2
[INFO] [stderr]    Compiling snap v1.1.0
[INFO] [stderr]     Checking smallvec v1.10.0
[INFO] [stderr]    Compiling rustversion v1.0.12
[INFO] [stderr]    Compiling async-trait v0.1.68
[INFO] [stderr]     Checking alloc-stdlib v0.2.2
[INFO] [stderr]     Checking miniz_oxide v0.7.1
[INFO] [stderr]    Compiling chrono-tz-build v0.0.3
[INFO] [stderr]     Checking mio v0.8.6
[INFO] [stderr]     Checking lexical-parse-integer v0.8.6
[INFO] [stderr]     Checking lexical-write-integer v0.8.5
[INFO] [stderr]    Compiling async-stream-impl v0.3.5
[INFO] [stderr]    Compiling unicase v2.6.0
[INFO] [stderr]    Compiling unicode-segmentation v1.10.1
[INFO] [stderr]     Checking rle-decode-fast v1.0.3
[INFO] [stderr]     Checking utf8parse v0.2.1
[INFO] [stderr]    Compiling serde_json v1.0.96
[INFO] [stderr]    Compiling thiserror v1.0.40
[INFO] [stderr]    Compiling odbc-sys v0.21.4
[INFO] [stderr]    Compiling heck v0.3.3
[INFO] [stderr]     Checking anstyle-parse v0.2.0
[INFO] [stderr]     Checking libflate_lz77 v1.2.0
[INFO] [stderr]     Checking signal-hook-mio v0.2.3
[INFO] [stderr]     Checking async-stream v0.3.5
[INFO] [stderr]     Checking lexical-write-float v0.8.5
[INFO] [stderr]    Compiling chrono-tz v0.6.3
[INFO] [stderr]     Checking lexical-parse-float v0.8.5
[INFO] [stderr]     Checking flate2 v1.0.26
[INFO] [stderr]     Checking parking_lot v0.12.1
[INFO] [stderr]     Checking is-terminal v0.4.7
[INFO] [stderr]     Checking brotli-decompressor v2.3.4
[INFO] [stderr]    Compiling prost-derive v0.9.0
[INFO] [stderr]    Compiling prost-derive v0.10.1
[INFO] [stderr]    Compiling thiserror-impl v1.0.40
[INFO] [stderr]     Checking time v0.1.45
[INFO] [stderr]     Checking csv-core v0.1.10
[INFO] [stderr]     Checking anstyle v1.0.0
[INFO] [stderr]     Checking crc-catalog v1.1.1
[INFO] [stderr]     Checking regex-automata v0.1.10
[INFO] [stderr]     Checking colorchoice v1.0.0
[INFO] [stderr]     Checking adler32 v1.2.0
[INFO] [stderr]     Checking array-init-cursor v0.2.0
[INFO] [stderr]     Checking iana-time-zone v0.1.56
[INFO] [stderr]     Checking anstyle-query v1.0.0
[INFO] [stderr]    Compiling portable-atomic v0.3.19
[INFO] [stderr]    Compiling crossbeam-queue v0.3.8
[INFO] [stderr]     Checking bstr v1.4.0
[INFO] [stderr]     Checking anstream v0.3.1
[INFO] [stderr]    Compiling readstat-sys v0.2.0 (/opt/rustwide/workdir/crates/readstat-sys)
[INFO] [stderr]     Checking chrono v0.4.24
[INFO] [stderr]     Checking planus v0.3.1
[INFO] [stderr]     Checking libflate v1.3.0
[INFO] [stderr]     Checking parquet-format-safe v0.2.4
[INFO] [stderr]     Checking crc v2.1.0
[INFO] [stderr]     Checking brotli v3.3.4
[INFO] [stderr]    Compiling strum_macros v0.23.1
[INFO] [stderr]     Checking prost v0.9.0
[INFO] [stderr]     Checking prost v0.10.4
[INFO] [stderr]     Checking lexical-core v0.8.5
[INFO] [stderr]     Checking crossterm v0.23.2
[INFO] [stderr]     Checking terminal_size v0.2.6
[INFO] [stderr]     Checking streaming-decompression v0.1.2
[INFO] [stderr]    Compiling multiversion-macros v0.6.1
[INFO] [stderr]    Compiling bytemuck_derive v1.4.1
[INFO] [stderr]     Checking widestring v0.5.1
[INFO] [stderr]     Checking clap_lex v0.4.1
[INFO] [stderr]     Checking force-send-sync v1.0.0
[INFO] [stderr]    Compiling seq-macro v0.3.3
[INFO] [stderr]     Checking strum v0.23.0
[INFO] [stderr]    Compiling heck v0.4.1
[INFO] [stderr]     Checking odbc-api v0.36.1
[INFO] [stderr]    Compiling clap_derive v4.2.0
[INFO] [stderr]     Checking clap_builder v4.2.5
[INFO] [stderr]     Checking comfy-table v5.0.1
[INFO] [stderr]     Checking bytemuck v1.13.1
[INFO] [stderr]     Checking avro-schema v0.3.0
[INFO] [stderr]     Checking arrow-format v0.7.0
[INFO] [stderr]     Checking multiversion v0.6.1
[INFO] [stderr]     Checking orc-format v0.3.0
[INFO] [stderr]     Checking csv-async v1.2.6
[INFO] [stderr]    Compiling iconv-sys v0.2.0 (/opt/rustwide/workdir/crates/iconv-sys)
[INFO] [stderr]     Checking csv v1.2.1
[INFO] [stderr]     Checking stfu8 v0.2.6
[INFO] [stderr]     Checking json-deserializer v0.4.4
[INFO] [stderr]     Checking console v0.15.5
[INFO] [stderr]     Checking dyn-clone v1.0.11
[INFO] [stderr]     Checking simdutf8 v0.1.4
[INFO] [stderr]     Checking strength_reduce v0.2.4
[INFO] [stderr]     Checking foreign_vec v0.1.0
[INFO] [stderr]     Checking arrayvec v0.7.2
[INFO] [stderr]     Checking hash_hasher v2.0.3
[INFO] [stderr]     Checking number_prefix v0.4.0
[INFO] [stderr]     Checking std_prelude v0.2.12
[INFO] [stderr]     Checking hex v0.4.3
[INFO] [stderr]     Checking streaming-iterator v0.1.9
[INFO] [stderr]     Checking base64 v0.13.1
[INFO] [stderr]     Checking regex-syntax v0.6.29
[INFO] [stderr]     Checking ethnum v1.3.2
[INFO] [stderr]     Checking num-format v0.4.4
[INFO] [stderr]     Checking path_abs v0.5.1
[INFO] [stderr]     Checking clap v4.2.5
[INFO] [stderr]     Checking indicatif v0.17.3
[INFO] [stderr]     Checking crossbeam v0.8.2
[INFO] [stderr]     Checking colored v2.0.0
[INFO] [stderr]     Checking lexical v6.1.1
[INFO] [stderr]    Compiling num-derive v0.3.3
[INFO] [stderr]  Documenting iconv-sys v0.2.0 (/opt/rustwide/workdir/crates/iconv-sys)
[INFO] [stderr] The following warnings were emitted during compilation:
[INFO] [stderr] 
[INFO] [stderr] warning: cc1: fatal error: /opt/rustwide/workdir/crates/readstat-sys/vendor/ReadStat/src/CKHashTable.c: No such file or directory
[INFO] [stderr] warning: compilation terminated.
[INFO] [stderr] warning: cc1: fatal error: /opt/rustwide/workdir/crates/readstat-sys/vendor/ReadStat/src/readstat_bits.c: No such file or directory
[INFO] [stderr] warning: compilation terminated.
[INFO] [stderr] 
[INFO] [stderr] error: failed to run custom build command for `readstat-sys v0.2.0 (/opt/rustwide/workdir/crates/readstat-sys)`
[INFO] [stderr] note: To improve backtraces for build dependencies, set the CARGO_PROFILE_DEV_BUILD_OVERRIDE_DEBUG=true environment variable to enable debug information generation.
[INFO] [stderr] 
[INFO] [stderr] Caused by:
[INFO] [stderr]   process didn't exit successfully: `/opt/rustwide/target/debug/build/readstat-sys-f851ffcd7debce3d/build-script-build` (exit status: 1)
[INFO] [stderr]   --- stdout
[INFO] [stderr]   TARGET = Some("x86_64-unknown-linux-gnu")
[INFO] [stderr]   OPT_LEVEL = Some("0")
[INFO] [stderr]   HOST = Some("x86_64-unknown-linux-gnu")
[INFO] [stderr]   cargo:rerun-if-env-changed=CC_x86_64-unknown-linux-gnu
[INFO] [stderr]   CC_x86_64-unknown-linux-gnu = None
[INFO] [stderr]   cargo:rerun-if-env-changed=CC_x86_64_unknown_linux_gnu
[INFO] [stderr]   CC_x86_64_unknown_linux_gnu = None
[INFO] [stderr]   cargo:rerun-if-env-changed=HOST_CC
[INFO] [stderr]   HOST_CC = None
[INFO] [stderr]   cargo:rerun-if-env-changed=CC
[INFO] [stderr]   CC = None
[INFO] [stderr]   cargo:rerun-if-env-changed=CFLAGS_x86_64-unknown-linux-gnu
[INFO] [stderr]   CFLAGS_x86_64-unknown-linux-gnu = None
[INFO] [stderr]   cargo:rerun-if-env-changed=CFLAGS_x86_64_unknown_linux_gnu
[INFO] [stderr]   CFLAGS_x86_64_unknown_linux_gnu = None
[INFO] [stderr]   cargo:rerun-if-env-changed=HOST_CFLAGS
[INFO] [stderr]   HOST_CFLAGS = None
[INFO] [stderr]   cargo:rerun-if-env-changed=CFLAGS
[INFO] [stderr]   CFLAGS = None
[INFO] [stderr]   cargo:rerun-if-env-changed=CRATE_CC_NO_DEFAULTS
[INFO] [stderr]   CRATE_CC_NO_DEFAULTS = None
[INFO] [stderr]   DEBUG = Some("true")
[INFO] [stderr]   CARGO_CFG_TARGET_FEATURE = Some("fxsr,sse,sse2")
[INFO] [stderr]   running: "cc" "-O0" "-ffunction-sections" "-fdata-sections" "-fPIC" "-gdwarf-4" "-fno-omit-frame-pointer" "-m64" "-I" "/opt/rustwide/workdir/crates/readstat-sys/vendor/ReadStat/src" "-o" "/opt/rustwide/target/debug/build/readstat-sys-49bd4a118b7c734a/out/ae23031350e7db28-CKHashTable.o" "-c" "/opt/rustwide/workdir/crates/readstat-sys/vendor/ReadStat/src/CKHashTable.c"
[INFO] [stderr]   cargo:warning=cc1: fatal error: /opt/rustwide/workdir/crates/readstat-sys/vendor/ReadStat/src/CKHashTable.c: No such file or directory
[INFO] [stderr]   cargo:warning=compilation terminated.
[INFO] [stderr]   exit status: 1
[INFO] [stderr]   running: "cc" "-O0" "-ffunction-sections" "-fdata-sections" "-fPIC" "-gdwarf-4" "-fno-omit-frame-pointer" "-m64" "-I" "/opt/rustwide/workdir/crates/readstat-sys/vendor/ReadStat/src" "-o" "/opt/rustwide/target/debug/build/readstat-sys-49bd4a118b7c734a/out/ae23031350e7db28-readstat_bits.o" "-c" "/opt/rustwide/workdir/crates/readstat-sys/vendor/ReadStat/src/readstat_bits.c"
[INFO] [stderr]   cargo:warning=cc1: fatal error: /opt/rustwide/workdir/crates/readstat-sys/vendor/ReadStat/src/readstat_bits.c: No such file or directory
[INFO] [stderr]   cargo:warning=compilation terminated.
[INFO] [stderr]   exit status: 1
[INFO] [stderr] 
[INFO] [stderr]   --- stderr
[INFO] [stderr] 
[INFO] [stderr] 
[INFO] [stderr]   error occurred: Command "cc" "-O0" "-ffunction-sections" "-fdata-sections" "-fPIC" "-gdwarf-4" "-fno-omit-frame-pointer" "-m64" "-I" "/opt/rustwide/workdir/crates/readstat-sys/vendor/ReadStat/src" "-o" "/opt/rustwide/target/debug/build/readstat-sys-49bd4a118b7c734a/out/ae23031350e7db28-CKHashTable.o" "-c" "/opt/rustwide/workdir/crates/readstat-sys/vendor/ReadStat/src/CKHashTable.c" with args "cc" did not execute successfully (status code exit status: 1).
[INFO] [stderr] 
[INFO] [stderr] 
[INFO] [stderr] warning: build failed, waiting for other jobs to finish...
[INFO] running `Command { std: "docker" "inspect" "16fbc5dd6437a9f3321ebe29e72a27ca1c5a62723b6f621c5fdc8c4d81f24ab4", kill_on_drop: false }`
[INFO] running `Command { std: "docker" "rm" "-f" "16fbc5dd6437a9f3321ebe29e72a27ca1c5a62723b6f621c5fdc8c4d81f24ab4", kill_on_drop: false }`
[INFO] [stdout] 16fbc5dd6437a9f3321ebe29e72a27ca1c5a62723b6f621c5fdc8c4d81f24ab4
