[INFO] cloning repository https://github.com/coandco/clint-rust
[INFO] running `Command { std: "git" "-c" "credential.helper=" "-c" "credential.helper=/workspace/cargo-home/bin/git-credential-null" "clone" "--bare" "https://github.com/coandco/clint-rust" "/workspace/cache/git-repos/https%3A%2F%2Fgithub.com%2Fcoandco%2Fclint-rust", kill_on_drop: false }`
[INFO] [stderr] Cloning into bare repository '/workspace/cache/git-repos/https%3A%2F%2Fgithub.com%2Fcoandco%2Fclint-rust'...
[INFO] running `Command { std: "git" "rev-parse" "HEAD", kill_on_drop: false }`
[INFO] [stdout] d6d2e943785b96382e4a01b08d7f7ce86d0e7d1e
[INFO] documenting coandco/clint-rust against 1.69.0 for beta-1.70-rustdoc-1
[INFO] running `Command { std: "git" "clone" "/workspace/cache/git-repos/https%3A%2F%2Fgithub.com%2Fcoandco%2Fclint-rust" "/workspace/builds/worker-5-tc1/source", kill_on_drop: false }`
[INFO] [stderr] Cloning into '/workspace/builds/worker-5-tc1/source'...
[INFO] [stderr] done.
[INFO] validating manifest of git repo https://github.com/coandco/clint-rust on toolchain 1.69.0
[INFO] running `Command { std: CARGO_HOME="/workspace/cargo-home" RUSTUP_HOME="/workspace/rustup-home" "/workspace/cargo-home/bin/cargo" "+1.69.0" "metadata" "--manifest-path" "Cargo.toml" "--no-deps", kill_on_drop: false }`
[INFO] started tweaking git repo https://github.com/coandco/clint-rust
[INFO] finished tweaking git repo https://github.com/coandco/clint-rust
[INFO] tweaked toml for git repo https://github.com/coandco/clint-rust written to /workspace/builds/worker-5-tc1/source/Cargo.toml
[INFO] running `Command { std: CARGO_HOME="/workspace/cargo-home" RUSTUP_HOME="/workspace/rustup-home" __CARGO_TEST_CHANNEL_OVERRIDE_DO_NOT_USE_THIS="nightly" "/workspace/cargo-home/bin/cargo" "+1.69.0" "generate-lockfile" "--manifest-path" "Cargo.toml" "-Zno-index-update", kill_on_drop: false }`
[INFO] running `Command { std: CARGO_HOME="/workspace/cargo-home" RUSTUP_HOME="/workspace/rustup-home" "/workspace/cargo-home/bin/cargo" "+1.69.0" "fetch" "--manifest-path" "Cargo.toml", kill_on_drop: false }`
[INFO] [stderr]  Downloading crates ...
[INFO] [stderr]   Downloaded peg v0.7.0
[INFO] [stderr]   Downloaded peg-runtime v0.7.0
[INFO] [stderr]   Downloaded peg-macros v0.7.0
[INFO] [stderr]   Downloaded aoc-main v0.3.0
[INFO] running `Command { std: "docker" "create" "-v" "/var/lib/crater-agent-workspace/builds/worker-5-tc1/target:/opt/rustwide/target:rw,Z" "-v" "/var/lib/crater-agent-workspace/builds/worker-5-tc1/source:/opt/rustwide/workdir:ro,Z" "-v" "/var/lib/crater-agent-workspace/cargo-home:/opt/rustwide/cargo-home:ro,Z" "-v" "/var/lib/crater-agent-workspace/rustup-home:/opt/rustwide/rustup-home:ro,Z" "-e" "SOURCE_DIR=/opt/rustwide/workdir" "-e" "CARGO_TARGET_DIR=/opt/rustwide/target" "-e" "CARGO_HOME=/opt/rustwide/cargo-home" "-e" "RUSTUP_HOME=/opt/rustwide/rustup-home" "-w" "/opt/rustwide/workdir" "-m" "1610612736" "--user" "0:0" "--network" "none" "ghcr.io/rust-lang/crates-build-env/linux@sha256:5ff2268d62e97bff2cde7d5815dd6ed5b47097566f13b8d0ca110b04b60e07ed" "/opt/rustwide/cargo-home/bin/cargo" "+1.69.0" "metadata" "--no-deps" "--format-version=1", kill_on_drop: false }`
[INFO] [stdout] b0dc83eba0cb1472ccd94f9ef97d8ad9d14d79c48c84104d7e04bc8db0f50195
[INFO] running `Command { std: "docker" "start" "-a" "b0dc83eba0cb1472ccd94f9ef97d8ad9d14d79c48c84104d7e04bc8db0f50195", kill_on_drop: false }`
[INFO] running `Command { std: "docker" "inspect" "b0dc83eba0cb1472ccd94f9ef97d8ad9d14d79c48c84104d7e04bc8db0f50195", kill_on_drop: false }`
[INFO] running `Command { std: "docker" "rm" "-f" "b0dc83eba0cb1472ccd94f9ef97d8ad9d14d79c48c84104d7e04bc8db0f50195", kill_on_drop: false }`
[INFO] [stdout] b0dc83eba0cb1472ccd94f9ef97d8ad9d14d79c48c84104d7e04bc8db0f50195
[INFO] running `Command { std: "docker" "create" "-v" "/var/lib/crater-agent-workspace/builds/worker-5-tc1/target:/opt/rustwide/target:rw,Z" "-v" "/var/lib/crater-agent-workspace/builds/worker-5-tc1/source:/opt/rustwide/workdir:ro,Z" "-v" "/var/lib/crater-agent-workspace/cargo-home:/opt/rustwide/cargo-home:ro,Z" "-v" "/var/lib/crater-agent-workspace/rustup-home:/opt/rustwide/rustup-home:ro,Z" "-e" "SOURCE_DIR=/opt/rustwide/workdir" "-e" "CARGO_TARGET_DIR=/opt/rustwide/target" "-e" "CARGO_INCREMENTAL=0" "-e" "RUST_BACKTRACE=full" "-e" "RUSTFLAGS=--cap-lints=warn" "-e" "RUSTDOCFLAGS=--cap-lints=warn" "-e" "CARGO_HOME=/opt/rustwide/cargo-home" "-e" "RUSTUP_HOME=/opt/rustwide/rustup-home" "-w" "/opt/rustwide/workdir" "-m" "1610612736" "--user" "0:0" "--network" "none" "ghcr.io/rust-lang/crates-build-env/linux@sha256:5ff2268d62e97bff2cde7d5815dd6ed5b47097566f13b8d0ca110b04b60e07ed" "/opt/rustwide/cargo-home/bin/cargo" "+1.69.0" "doc" "--frozen" "--no-deps" "--document-private-items" "--message-format=json", kill_on_drop: false }`
[INFO] [stdout] a393d4bc3e6a16069aca52b294fa861a539848c4a34b7da5af41fb4dd72b6b8c
[INFO] running `Command { std: "docker" "start" "-a" "a393d4bc3e6a16069aca52b294fa861a539848c4a34b7da5af41fb4dd72b6b8c", kill_on_drop: false }`
[INFO] [stderr]    Compiling serde v1.0.160
[INFO] [stderr]    Compiling syn v1.0.109
[INFO] [stderr]     Checking either v1.8.1
[INFO] [stderr]    Compiling typenum v1.16.0
[INFO] [stderr]     Checking aho-corasick v1.0.1
[INFO] [stderr]     Checking regex-syntax v0.7.1
[INFO] [stderr]    Compiling memchr v2.5.0
[INFO] [stderr]     Checking unicode-width v0.1.10
[INFO] [stderr]     Checking plotters-backend v0.3.4
[INFO] [stderr]     Checking atty v0.2.14
[INFO] [stderr]     Checking csv-core v0.1.10
[INFO] [stderr]    Compiling ahash v0.7.6
[INFO] [stderr]     Checking half v1.8.2
[INFO] [stderr]     Checking os_str_bytes v6.5.0
[INFO] [stderr]     Checking cast v0.3.0
[INFO] [stderr]     Checking textwrap v0.11.0
[INFO] [stderr]     Checking itertools v0.10.5
[INFO] [stderr]     Checking rayon v1.7.0
[INFO] [stderr]     Checking clap_lex v0.2.4
[INFO] [stderr]     Checking dirs-sys v0.3.7
[INFO] [stderr]     Checking plotters-svg v0.3.3
[INFO] [stderr]     Checking clap v2.34.0
[INFO] [stderr]     Checking plotters v0.3.4
[INFO] [stderr]    Compiling im v15.1.0
[INFO] [stderr]    Compiling once_cell v1.17.1
[INFO] [stderr]     Checking textwrap v0.16.0
[INFO] [stderr]     Checking oorandom v11.1.3
[INFO] [stderr]    Compiling regex-syntax v0.6.29
[INFO] [stderr]     Checking wildmatch v1.1.0
[INFO] [stderr]    Compiling peg-runtime v0.7.0
[INFO] [stderr]     Checking rand_core v0.6.4
[INFO] [stderr]     Checking clap v3.2.25
[INFO] [stderr]     Checking attohttpc v0.16.3
[INFO] [stderr]     Checking rand_xoshiro v0.6.0
[INFO] [stderr]     Checking dirs v3.0.2
[INFO] [stderr]     Checking colored v2.0.0
[INFO] [stderr]    Compiling peg-macros v0.7.0
[INFO] [stderr]     Checking hashbrown v0.11.2
[INFO] [stderr]     Checking num-cmp v0.1.0
[INFO] [stderr]     Checking bit_field v0.10.2
[INFO] [stderr]     Checking bitmaps v2.1.0
[INFO] [stderr]     Checking criterion-plot v0.4.5
[INFO] [stderr]     Checking regex v1.8.1
[INFO] [stderr]     Checking sized-chunks v0.6.5
[INFO] [stderr]     Checking peg v0.7.0
[INFO] [stderr]     Checking serde_json v1.0.96
[INFO] [stderr]     Checking csv v1.2.1
[INFO] [stderr]     Checking serde_cbor v0.11.2
[INFO] [stderr]     Checking scan_fmt v0.2.6
[INFO] [stderr]     Checking tinytemplate v1.2.1
[INFO] [stderr]     Checking criterion v0.3.6
[INFO] [stderr]    Compiling structmeta-derive v0.1.6
[INFO] [stderr]    Compiling derive_more v0.99.17
[INFO] [stderr]     Checking aoc-main v0.3.0
[INFO] [stdout] error[E0599]: no method named `about` found for struct `Arg` in the current scope
[INFO] [stdout]   --> /opt/rustwide/cargo-home/registry/src/github.com-1ecc6299db9ec823/aoc-main-0.3.0/src/lib.rs:23:18
[INFO] [stdout]    |
[INFO] [stdout] 19 | /             Arg::new("stdin")
[INFO] [stdout] 20 | |                 .short('i')
[INFO] [stdout] 21 | |                 .long("stdin")
[INFO] [stdout] 22 | |                 .conflicts_with("file")
[INFO] [stdout] 23 | |                 .about("Read input from stdin instead of downloading it"),
[INFO] [stdout]    | |                 -^^^^^ method not found in `Arg<'_>`
[INFO] [stdout]    | |_________________|
[INFO] [stdout]    | 
[INFO] [stdout] 
[INFO] [stdout] 
[INFO] [stdout] error[E0599]: no method named `about` found for struct `Arg` in the current scope
[INFO] [stdout]   --> /opt/rustwide/cargo-home/registry/src/github.com-1ecc6299db9ec823/aoc-main-0.3.0/src/lib.rs:32:18
[INFO] [stdout]    |
[INFO] [stdout] 26 | /             Arg::new("file")
[INFO] [stdout] 27 | |                 .takes_value(true)
[INFO] [stdout] 28 | |                 .short('f')
[INFO] [stdout] 29 | |                 .long("file")
[INFO] [stdout] 30 | |                 .conflicts_with("stdin")
[INFO] [stdout] 31 | |                 .value_hint(ValueHint::FilePath)
[INFO] [stdout] 32 | |                 .about("Read input from file instead of downloading it"),
[INFO] [stdout]    | |                 -^^^^^ method not found in `Arg<'_>`
[INFO] [stdout]    | |_________________|
[INFO] [stdout]    | 
[INFO] [stdout] 
[INFO] [stdout] 
[INFO] [stdout] error[E0599]: no method named `about` found for struct `Arg` in the current scope
[INFO] [stdout]   --> /opt/rustwide/cargo-home/registry/src/github.com-1ecc6299db9ec823/aoc-main-0.3.0/src/lib.rs:40:18
[INFO] [stdout]    |
[INFO] [stdout] 35 | /             Arg::new("days")
[INFO] [stdout] 36 | |                 .takes_value(true)
[INFO] [stdout] 37 | |                 .short('d')
[INFO] [stdout] 38 | |                 .long("day")
[INFO] [stdout] 39 | |                 .value_name("day num")
[INFO] [stdout] 40 | |                 .about("Days to execute. By default all implemented days will run"),
[INFO] [stdout]    | |                 -^^^^^ method not found in `Arg<'_>`
[INFO] [stdout]    | |_________________|
[INFO] [stdout]    | 
[INFO] [stdout] 
[INFO] [stdout] 
[INFO] [stdout] error[E0599]: no method named `about` found for struct `Arg` in the current scope
[INFO] [stdout]   --> /opt/rustwide/cargo-home/registry/src/github.com-1ecc6299db9ec823/aoc-main-0.3.0/src/lib.rs:46:18
[INFO] [stdout]    |
[INFO] [stdout] 43 | /             Arg::new("bench")
[INFO] [stdout] 44 | |                 .short('b')
[INFO] [stdout] 45 | |                 .long("bench")
[INFO] [stdout] 46 | |                 .about("Run criterion benchmarks"),
[INFO] [stdout]    | |                 -^^^^^ method not found in `Arg<'_>`
[INFO] [stdout]    | |_________________|
[INFO] [stdout]    | 
[INFO] [stdout] 
[INFO] [stdout] 
[INFO] [stdout] error: aborting due to 4 previous errors
[INFO] [stdout] 
[INFO] [stdout] 
[INFO] [stdout] For more information about this error, try `rustc --explain E0599`.
[INFO] [stdout] 
[INFO] [stderr] error: could not compile `aoc-main` due to 5 previous errors
[INFO] [stderr] warning: build failed, waiting for other jobs to finish...
[INFO] running `Command { std: "docker" "inspect" "a393d4bc3e6a16069aca52b294fa861a539848c4a34b7da5af41fb4dd72b6b8c", kill_on_drop: false }`
[INFO] running `Command { std: "docker" "rm" "-f" "a393d4bc3e6a16069aca52b294fa861a539848c4a34b7da5af41fb4dd72b6b8c", kill_on_drop: false }`
[INFO] [stdout] a393d4bc3e6a16069aca52b294fa861a539848c4a34b7da5af41fb4dd72b6b8c
