[INFO] cloning repository https://github.com/affidaty-blockchain/trinci-node
[INFO] running `Command { std: "git" "-c" "credential.helper=" "-c" "credential.helper=/workspace/cargo-home/bin/git-credential-null" "clone" "--bare" "https://github.com/affidaty-blockchain/trinci-node" "/workspace/cache/git-repos/https%3A%2F%2Fgithub.com%2Faffidaty-blockchain%2Ftrinci-node", kill_on_drop: false }`
[INFO] [stderr] Cloning into bare repository '/workspace/cache/git-repos/https%3A%2F%2Fgithub.com%2Faffidaty-blockchain%2Ftrinci-node'...
[INFO] running `Command { std: "git" "rev-parse" "HEAD", kill_on_drop: false }`
[INFO] [stdout] ac296bb36916c9762b5d83ec621ffd176dcb5e9b
[INFO] documenting affidaty-blockchain/trinci-node against 1.69.0 for beta-1.70-rustdoc-1
[INFO] running `Command { std: "git" "clone" "/workspace/cache/git-repos/https%3A%2F%2Fgithub.com%2Faffidaty-blockchain%2Ftrinci-node" "/workspace/builds/worker-5-tc1/source", kill_on_drop: false }`
[INFO] [stderr] Cloning into '/workspace/builds/worker-5-tc1/source'...
[INFO] [stderr] done.
[INFO] validating manifest of git repo https://github.com/affidaty-blockchain/trinci-node on toolchain 1.69.0
[INFO] running `Command { std: CARGO_HOME="/workspace/cargo-home" RUSTUP_HOME="/workspace/rustup-home" "/workspace/cargo-home/bin/cargo" "+1.69.0" "metadata" "--manifest-path" "Cargo.toml" "--no-deps", kill_on_drop: false }`
[INFO] started tweaking git repo https://github.com/affidaty-blockchain/trinci-node
[INFO] finished tweaking git repo https://github.com/affidaty-blockchain/trinci-node
[INFO] tweaked toml for git repo https://github.com/affidaty-blockchain/trinci-node written to /workspace/builds/worker-5-tc1/source/Cargo.toml
[INFO] running `Command { std: CARGO_HOME="/workspace/cargo-home" RUSTUP_HOME="/workspace/rustup-home" __CARGO_TEST_CHANNEL_OVERRIDE_DO_NOT_USE_THIS="nightly" "/workspace/cargo-home/bin/cargo" "+1.69.0" "generate-lockfile" "--manifest-path" "Cargo.toml" "-Zno-index-update", kill_on_drop: false }`
[INFO] [stderr]     Updating git repository `https://github.com/affidaty-blockchain/serde-value`
[INFO] [stderr]     Updating git repository `https://github.com/affidaty-blockchain/trinci-core`
[INFO] [stderr]     Updating git repository `https://github.com/affidaty-blockchain/merkledb`
[INFO] running `Command { std: CARGO_HOME="/workspace/cargo-home" RUSTUP_HOME="/workspace/rustup-home" "/workspace/cargo-home/bin/cargo" "+1.69.0" "fetch" "--manifest-path" "Cargo.toml", kill_on_drop: false }`
[INFO] [stderr]  Downloading crates ...
[INFO] [stderr]   Downloaded if-watch v1.1.1
[INFO] [stderr]   Downloaded libp2p-request-response v0.17.0
[INFO] [stderr]   Downloaded libp2p-core v0.32.1
[INFO] [stderr]   Downloaded wasmtime-cranelift v0.35.3
[INFO] [stderr]   Downloaded prometheus-client-derive-text-encode v0.2.0
[INFO] [stderr]   Downloaded libp2p-mdns v0.36.0
[INFO] [stderr]   Downloaded wasmtime-jit-debug v0.35.3
[INFO] [stderr]   Downloaded cranelift-native v0.82.3
[INFO] [stderr]   Downloaded libp2p-swarm-derive v0.27.2
[INFO] [stderr]   Downloaded enum-primitive-derive v0.2.2
[INFO] [stderr]   Downloaded hostname-validator v1.1.1
[INFO] [stderr]   Downloaded wasmtime-jit v0.35.3
[INFO] [stderr]   Downloaded libp2p-identify v0.35.0
[INFO] [stderr]   Downloaded ascii_table v4.0.2
[INFO] [stderr]   Downloaded libp2p-metrics v0.5.0
[INFO] [stderr]   Downloaded libp2p-mplex v0.32.0
[INFO] [stderr]   Downloaded libp2p-tcp v0.32.0
[INFO] [stderr]   Downloaded prometheus-client v0.15.1
[INFO] [stderr]   Downloaded wasmtime-types v0.35.3
[INFO] [stderr]   Downloaded io-lifetimes v0.5.3
[INFO] [stderr]   Downloaded libp2p v0.44.0
[INFO] [stderr]   Downloaded wasmtime-environ v0.35.3
[INFO] [stderr]   Downloaded wasmtime-runtime v0.35.3
[INFO] [stderr]   Downloaded libp2p-swarm v0.35.0
[INFO] [stderr]   Downloaded libp2p-gossipsub v0.37.0
[INFO] [stderr]   Downloaded libp2p-kad v0.36.0
[INFO] [stderr]   Downloaded wasmtime v0.35.3
[INFO] [stderr]   Downloaded cranelift-wasm v0.82.3
[INFO] [stderr]   Downloaded rustix v0.33.7
[INFO] [stderr]   Downloaded mbox v0.5.0
[INFO] [stderr]   Downloaded libp2p-plaintext v0.32.0
[INFO] [stderr]   Downloaded tss-esapi v6.1.2
[INFO] [stderr]   Downloaded tss-esapi-sys v0.2.0
[INFO] running `Command { std: "docker" "create" "-v" "/var/lib/crater-agent-workspace/builds/worker-5-tc1/target:/opt/rustwide/target:rw,Z" "-v" "/var/lib/crater-agent-workspace/builds/worker-5-tc1/source:/opt/rustwide/workdir:ro,Z" "-v" "/var/lib/crater-agent-workspace/cargo-home:/opt/rustwide/cargo-home:ro,Z" "-v" "/var/lib/crater-agent-workspace/rustup-home:/opt/rustwide/rustup-home:ro,Z" "-e" "SOURCE_DIR=/opt/rustwide/workdir" "-e" "CARGO_TARGET_DIR=/opt/rustwide/target" "-e" "CARGO_HOME=/opt/rustwide/cargo-home" "-e" "RUSTUP_HOME=/opt/rustwide/rustup-home" "-w" "/opt/rustwide/workdir" "-m" "1610612736" "--user" "0:0" "--network" "none" "ghcr.io/rust-lang/crates-build-env/linux@sha256:5ff2268d62e97bff2cde7d5815dd6ed5b47097566f13b8d0ca110b04b60e07ed" "/opt/rustwide/cargo-home/bin/cargo" "+1.69.0" "metadata" "--no-deps" "--format-version=1", kill_on_drop: false }`
[INFO] [stdout] 95f116dae7d8865e14b965a3ba26785373fff489cb6967d6a90277bf93351b0a
[INFO] running `Command { std: "docker" "start" "-a" "95f116dae7d8865e14b965a3ba26785373fff489cb6967d6a90277bf93351b0a", kill_on_drop: false }`
[INFO] running `Command { std: "docker" "inspect" "95f116dae7d8865e14b965a3ba26785373fff489cb6967d6a90277bf93351b0a", kill_on_drop: false }`
[INFO] running `Command { std: "docker" "rm" "-f" "95f116dae7d8865e14b965a3ba26785373fff489cb6967d6a90277bf93351b0a", kill_on_drop: false }`
[INFO] [stdout] 95f116dae7d8865e14b965a3ba26785373fff489cb6967d6a90277bf93351b0a
[INFO] running `Command { std: "docker" "create" "-v" "/var/lib/crater-agent-workspace/builds/worker-5-tc1/target:/opt/rustwide/target:rw,Z" "-v" "/var/lib/crater-agent-workspace/builds/worker-5-tc1/source:/opt/rustwide/workdir:ro,Z" "-v" "/var/lib/crater-agent-workspace/cargo-home:/opt/rustwide/cargo-home:ro,Z" "-v" "/var/lib/crater-agent-workspace/rustup-home:/opt/rustwide/rustup-home:ro,Z" "-e" "SOURCE_DIR=/opt/rustwide/workdir" "-e" "CARGO_TARGET_DIR=/opt/rustwide/target" "-e" "CARGO_INCREMENTAL=0" "-e" "RUST_BACKTRACE=full" "-e" "RUSTFLAGS=--cap-lints=warn" "-e" "RUSTDOCFLAGS=--cap-lints=warn" "-e" "CARGO_HOME=/opt/rustwide/cargo-home" "-e" "RUSTUP_HOME=/opt/rustwide/rustup-home" "-w" "/opt/rustwide/workdir" "-m" "1610612736" "--user" "0:0" "--network" "none" "ghcr.io/rust-lang/crates-build-env/linux@sha256:5ff2268d62e97bff2cde7d5815dd6ed5b47097566f13b8d0ca110b04b60e07ed" "/opt/rustwide/cargo-home/bin/cargo" "+1.69.0" "doc" "--frozen" "--no-deps" "--document-private-items" "--message-format=json", kill_on_drop: false }`
[INFO] [stdout] f391aaeb0d6f4aaf5bb1c6178aab9d07f8760a12086f3051bb0da4f5eccfbd1b
[INFO] running `Command { std: "docker" "start" "-a" "f391aaeb0d6f4aaf5bb1c6178aab9d07f8760a12086f3051bb0da4f5eccfbd1b", kill_on_drop: false }`
[INFO] [stderr]    Compiling libc v0.2.142
[INFO] [stderr]    Compiling proc-macro2 v1.0.56
[INFO] [stderr]    Compiling unicode-ident v1.0.8
[INFO] [stderr]    Compiling quote v1.0.26
[INFO] [stderr]    Compiling autocfg v1.1.0
[INFO] [stderr]    Compiling version_check v0.9.4
[INFO] [stderr]     Checking cfg-if v1.0.0
[INFO] [stderr]    Compiling syn v1.0.109
[INFO] [stderr]    Compiling memchr v2.5.0
[INFO] [stderr]    Compiling serde_derive v1.0.160
[INFO] [stderr]    Compiling serde v1.0.160
[INFO] [stderr]    Compiling anyhow v1.0.71
[INFO] [stderr]     Checking sval v1.0.0-alpha.5
[INFO] [stderr]    Compiling log v0.4.17
[INFO] [stderr]    Compiling typenum v1.16.0
[INFO] [stderr]    Compiling futures-core v0.3.28
[INFO] [stderr]    Compiling io-lifetimes v1.0.10
[INFO] [stderr]     Checking pin-project-lite v0.2.9
[INFO] [stderr]    Compiling rustix v0.37.18
[INFO] [stderr]     Checking futures-io v0.3.28
[INFO] [stderr]    Compiling thiserror v1.0.40
[INFO] [stderr]    Compiling value-bag v1.0.0-alpha.9
[INFO] [stderr]    Compiling generic-array v0.14.7
[INFO] [stderr]     Checking once_cell v1.17.1
[INFO] [stderr]    Compiling crossbeam-utils v0.8.15
[INFO] [stderr]    Compiling slab v0.4.8
[INFO] [stderr]     Checking pin-utils v0.1.0
[INFO] [stderr]    Compiling either v1.8.1
[INFO] [stderr]    Compiling bitflags v1.3.2
[INFO] [stderr]    Compiling regex-syntax v0.7.1
[INFO] [stderr]    Compiling futures-task v0.3.28
[INFO] [stderr]    Compiling futures-channel v0.3.28
[INFO] [stderr]    Compiling lazy_static v1.4.0
[INFO] [stderr]    Compiling futures-util v0.3.28
[INFO] [stderr]     Checking futures-sink v0.3.28
[INFO] [stderr]    Compiling itertools v0.10.5
[INFO] [stderr]    Compiling ahash v0.7.6
[INFO] [stderr]     Checking subtle v2.5.0
[INFO] [stderr]    Compiling aho-corasick v1.0.1
[INFO] [stderr]    Compiling indexmap v1.9.3
[INFO] [stderr]     Checking smallvec v1.10.0
[INFO] [stderr]     Checking ppv-lite86 v0.2.17
[INFO] [stderr]     Checking byteorder v1.4.3
[INFO] [stderr]    Compiling syn v2.0.15
[INFO] [stderr]    Compiling linux-raw-sys v0.3.6
[INFO] [stderr]    Compiling bytes v1.4.0
[INFO] [stderr]    Compiling hashbrown v0.12.3
[INFO] [stderr]     Checking opaque-debug v0.3.0
[INFO] [stderr]    Compiling unicode-segmentation v1.10.1
[INFO] [stderr]    Compiling fixedbitset v0.4.2
[INFO] [stderr]     Checking event-listener v2.5.3
[INFO] [stderr]    Compiling getrandom v0.1.16
[INFO] [stderr]    Compiling pkg-config v0.3.26
[INFO] [stderr]     Checking percent-encoding v2.2.0
[INFO] [stderr]    Compiling fastrand v1.9.0
[INFO] [stderr]     Checking scopeguard v1.1.0
[INFO] [stderr]     Checking getrandom v0.2.9
[INFO] [stderr]     Checking num_cpus v1.15.0
[INFO] [stderr]    Compiling heck v0.3.3
[INFO] [stderr]    Compiling jobserver v0.1.26
[INFO] [stderr]    Compiling which v4.4.0
[INFO] [stderr]     Checking rand_core v0.6.4
[INFO] [stderr]     Checking tinyvec_macros v0.1.1
[INFO] [stderr]     Checking digest v0.9.0
[INFO] [stderr]     Checking cpufeatures v0.2.7
[INFO] [stderr]    Compiling cc v1.0.79
[INFO] [stderr]    Compiling multimap v0.8.3
[INFO] [stderr]     Checking tinyvec v1.6.0
[INFO] [stderr]     Checking rand_chacha v0.3.1
[INFO] [stderr]    Compiling petgraph v0.6.3
[INFO] [stderr]     Checking form_urlencoded v1.1.0
[INFO] [stderr]     Checking concurrent-queue v2.2.0
[INFO] [stderr]    Compiling prost-build v0.9.0
[INFO] [stderr]     Checking unicode-bidi v0.3.13
[INFO] [stderr]     Checking rand_core v0.5.1
[INFO] [stderr]     Checking rand v0.8.5
[INFO] [stderr]     Checking block-buffer v0.9.0
[INFO] [stderr]     Checking parking v2.1.0
[INFO] [stderr]     Checking waker-fn v1.1.0
[INFO] [stderr]    Compiling regex v1.8.1
[INFO] [stderr]     Checking futures-lite v1.13.0
[INFO] [stderr]     Checking rand_chacha v0.2.2
[INFO] [stderr]     Checking sha2 v0.9.9
[INFO] [stderr]    Compiling polling v2.8.0
[INFO] [stderr]     Checking rand v0.7.3
[INFO] [stderr]     Checking unicode-normalization v0.1.22
[INFO] [stderr]     Checking socket2 v0.4.9
[INFO] [stderr]     Checking async-lock v2.7.0
[INFO] [stderr]    Compiling proc-macro-error-attr v1.0.4
[INFO] [stderr]    Compiling lock_api v0.4.9
[INFO] [stderr]    Compiling async-io v1.13.0
[INFO] [stderr]    Compiling proc-macro-error v1.0.4
[INFO] [stderr]     Checking crypto-common v0.1.6
[INFO] [stderr]     Checking idna v0.3.0
[INFO] [stderr]     Checking block-buffer v0.10.4
[INFO] [stderr]    Compiling unicode-xid v0.2.4
[INFO] [stderr]     Checking signature v1.6.4
[INFO] [stderr]     Checking stable_deref_trait v1.2.0
[INFO] [stderr]    Compiling pin-project-internal v0.4.30
[INFO] [stderr]     Checking digest v0.10.6
[INFO] [stderr]    Compiling ring v0.16.20
[INFO] [stderr]     Checking ed25519 v1.5.3
[INFO] [stderr]     Checking async-channel v1.8.0
[INFO] [stderr]     Checking instant v0.1.12
[INFO] [stderr]     Checking itoa v1.0.6
[INFO] [stderr]    Compiling parking_lot_core v0.9.7
[INFO] [stderr]     Checking static_assertions v1.1.0
[INFO] [stderr]     Checking fnv v1.0.7
[INFO] [stderr]     Checking sha2 v0.10.6
[INFO] [stderr]     Checking core2 v0.4.0
[INFO] [stderr]    Compiling paste v1.0.12
[INFO] [stderr]     Checking async-task v4.4.0
[INFO] [stderr]     Checking bs58 v0.4.0
[INFO] [stderr]     Checking atomic-waker v1.1.1
[INFO] [stderr]     Checking arrayref v0.3.7
[INFO] [stderr]     Checking untrusted v0.7.1
[INFO] [stderr]     Checking spin v0.5.2
[INFO] [stderr]     Checking data-encoding v2.3.3
[INFO] [stderr]    Compiling libz-sys v1.1.9
[INFO] [stderr]     Checking futures-timer v3.0.2
[INFO] [stderr]     Checking async-executor v1.5.1
[INFO] [stderr]     Checking asn1_der v0.7.6
[INFO] [stderr]     Checking void v1.0.2
[INFO] [stderr]    Compiling tempfile v3.5.0
[INFO] [stderr]    Compiling standback v0.2.17
[INFO] [stderr]     Checking fallible-iterator v0.2.0
[INFO] [stderr]    Compiling proc-macro-hack v0.5.20+deprecated
[INFO] [stderr]     Checking parking_lot v0.12.1
[INFO] [stderr]    Compiling target-lexicon v0.12.7
[INFO] [stderr]     Checking cipher v0.2.5
[INFO] [stderr]    Compiling num-traits v0.2.15
[INFO] [stderr]    Compiling glob v0.3.1
[INFO] [stderr]     Checking universal-hash v0.4.0
[INFO] [stderr]    Compiling memoffset v0.8.0
[INFO] [stderr]    Compiling signal-hook v0.3.15
[INFO] [stderr]    Compiling prettyplease v0.2.4
[INFO] [stderr]    Compiling cranelift-codegen-shared v0.82.3
[INFO] [stderr]     Checking base64 v0.13.1
[INFO] [stderr]     Checking cpuid-bool v0.2.0
[INFO] [stderr]    Compiling const_fn v0.4.9
[INFO] [stderr]    Compiling cranelift-codegen-meta v0.82.3
[INFO] [stderr]     Checking polyval v0.4.5
[INFO] [stderr]    Compiling clang-sys v1.6.1
[INFO] [stderr]     Checking aes-soft v0.6.4
[INFO] [stderr]     Checking crypto-mac v0.10.0
[INFO] [stderr]     Checking signal-hook-registry v1.4.1
[INFO] [stderr]    Compiling tokio v1.28.0
[INFO] [stderr]    Compiling crossbeam-epoch v0.9.14
[INFO] [stderr]    Compiling async-process v1.7.0
[INFO] [stderr]    Compiling time v0.2.27
[INFO] [stderr]    Compiling minimal-lexical v0.2.1
[INFO] [stderr]    Compiling crc32fast v1.3.2
[INFO] [stderr]     Checking aes v0.6.0
[INFO] [stderr]     Checking hmac v0.10.1
[INFO] [stderr]    Compiling synstructure v0.12.6
[INFO] [stderr]    Compiling nom v7.1.3
[INFO] [stderr]     Checking ghash v0.3.1
[INFO] [stderr]     Checking ctr v0.6.0
[INFO] [stderr]    Compiling libnghttp2-sys v0.1.7+1.45.0
[INFO] [stderr]    Compiling openssl-sys v0.9.87
[INFO] [stderr]     Checking aead v0.3.2
[INFO] [stderr]    Compiling libloading v0.7.4
[INFO] [stderr]    Compiling cookie v0.14.4
[INFO] [stderr]     Checking ryu v1.0.13
[INFO] [stderr]     Checking wasmparser v0.83.0
[INFO] [stderr]    Compiling bindgen v0.65.1
[INFO] [stderr]     Checking rustc-hash v1.1.0
[INFO] [stderr]    Compiling parking_lot_core v0.8.6
[INFO] [stderr]    Compiling serde_json v1.0.96
[INFO] [stderr]     Checking aes-gcm v0.8.0
[INFO] [stderr]     Checking hkdf v0.10.0
[INFO] [stderr]    Compiling bzip2-sys v0.1.11+1.0.8
[INFO] [stderr]    Compiling io-lifetimes v0.5.3
[INFO] [stderr]    Compiling toml v0.5.11
[INFO] [stderr]    Compiling peeking_take_while v0.1.2
[INFO] [stderr]    Compiling lazycell v1.3.0
[INFO] [stderr]    Compiling shlex v1.1.0
[INFO] [stderr]    Compiling http-types v2.12.0
[INFO] [stderr]    Compiling same-file v1.0.6
[INFO] [stderr]    Compiling async-trait v0.1.68
[INFO] [stderr]    Compiling crunchy v0.2.2
[INFO] [stderr]    Compiling walkdir v2.3.3
[INFO] [stderr]     Checking crossbeam-deque v0.8.3
[INFO] [stderr]    Compiling curl-sys v0.4.61+curl-8.0.1
[INFO] [stderr]    Compiling backtrace v0.3.67
[INFO] [stderr]     Checking nix v0.24.3
[INFO] [stderr]     Checking crossbeam-channel v0.5.8
[INFO] [stderr]    Compiling memoffset v0.6.5
[INFO] [stderr]     Checking hex v0.4.3
[INFO] [stderr]     Checking infer v0.2.3
[INFO] [stderr]     Checking gimli v0.27.2
[INFO] [stderr]     Checking more-asserts v0.2.2
[INFO] [stderr]     Checking adler v1.0.2
[INFO] [stderr]    Compiling rustix v0.33.7
[INFO] [stderr]    Compiling libsodium-sys v0.2.7
[INFO] [stderr]     Checking miniz_oxide v0.6.2
[INFO] [stderr]     Checking parking_lot v0.11.2
[INFO] [stderr]     Checking owning_ref v0.4.1
[INFO] [stderr]    Compiling wasmtime-runtime v0.35.3
[INFO] [stderr]    Compiling cexpr v0.6.0
[INFO] [stderr]     Checking object v0.30.3
[INFO] [stderr]    Compiling num-integer v0.1.45
[INFO] [stderr]     Checking rustc-demangle v0.1.23
[INFO] [stderr]     Checking ipnet v2.7.2
[INFO] [stderr]     Checking linux-raw-sys v0.0.42
[INFO] [stderr]    Compiling crossbeam-queue v0.3.8
[INFO] [stderr]    Compiling cranelift-codegen v0.82.3
[INFO] [stderr]    Compiling rayon-core v1.11.0
[INFO] [stderr]     Checking dtoa v1.0.6
[INFO] [stderr]    Compiling cpp_demangle v0.3.5
[INFO] [stderr]    Compiling thiserror-impl v1.0.40
[INFO] [stderr]    Compiling futures-macro v0.3.28
[INFO] [stderr]    Compiling zeroize_derive v1.4.2
[INFO] [stderr]    Compiling ctor v0.1.26
[INFO] [stderr]    Compiling prost-derive v0.9.0
[INFO] [stderr]    Compiling pin-project-internal v1.0.12
[INFO] [stderr]    Compiling time-macros-impl v0.1.2
[INFO] [stderr]    Compiling prometheus-client-derive-text-encode v0.2.0
[INFO] [stderr]     Checking zeroize v1.3.0
[INFO] [stderr]     Checking curve25519-dalek v3.2.1
[INFO] [stderr]     Checking addr2line v0.19.0
[INFO] [stderr]    Compiling httparse v1.8.0
[INFO] [stderr]     Checking time-macros v0.1.1
[INFO] [stderr]     Checking prometheus-client v0.15.1
[INFO] [stderr]     Checking blocking v1.3.1
[INFO] [stderr]     Checking kv-log-macro v1.0.7
[INFO] [stderr]     Checking regalloc v0.0.34
[INFO] [stderr]     Checking pin-project v1.0.12
[INFO] [stderr]     Checking netlink-packet-utils v0.5.2
[INFO] [stderr]     Checking async-global-executor v2.3.1
[INFO] [stderr]    Compiling proc-macro-crate v1.1.3
[INFO] [stderr]     Checking netlink-packet-core v0.4.2
[INFO] [stderr]     Checking async-std v1.12.0
[INFO] [stderr]     Checking pin-project v0.4.30
[INFO] [stderr]     Checking netlink-packet-route v0.12.0
[INFO] [stderr]    Compiling prost v0.9.0
[INFO] [stderr]    Compiling multihash-derive v0.8.1
[INFO] [stderr]     Checking uint v0.9.5
[INFO] [stderr]     Checking wasmtime-jit-debug v0.35.3
[INFO] [stderr]    Compiling psm v0.1.21
[INFO] [stderr]     Checking lru v0.7.8
[INFO] [stderr]     Checking region v2.2.0
[INFO] [stderr]    Compiling prost-types v0.9.0
[INFO] [stderr]     Checking simple-mutex v1.1.5
[INFO] [stderr]    Compiling atomic v0.5.1
[INFO] [stderr]     Checking arrayvec v0.5.2
[INFO] [stderr]     Checking hex_fmt v0.3.0
[INFO] [stderr]     Checking quick-error v1.2.3
[INFO] [stderr]    Compiling rust_decimal v1.29.1
[INFO] [stderr]     Checking dns-parser v0.8.0
[INFO] [stderr]     Checking async-dup v1.2.2
[INFO] [stderr]    Compiling tracing-attributes v0.1.24
[INFO] [stderr]     Checking time v0.1.45
[INFO] [stderr]     Checking tracing-core v0.1.30
[INFO] [stderr]     Checking nohash-hasher v0.2.0
[INFO] [stderr]    Compiling wasmtime v0.35.3
[INFO] [stderr]    Compiling time-core v0.1.0
[INFO] [stderr]    Compiling curl v0.4.44
[INFO] [stderr]     Checking pin-project-lite v0.1.12
[INFO] [stderr]     Checking arrayvec v0.7.2
[INFO] [stderr]     Checking futures-executor v0.3.28
[INFO] [stderr]     Checking asynchronous-codec v0.6.1
[INFO] [stderr]     Checking iana-time-zone v0.1.56
[INFO] [stderr]    Compiling enum-primitive-derive v0.2.2
[INFO] [stderr]    Compiling time-macros v0.2.8
[INFO] [stderr]     Checking chrono v0.4.24
[INFO] [stderr]     Checking futures v0.3.28
[INFO] [stderr]     Checking rayon v1.7.0
[INFO] [stderr]     Checking crossbeam v0.8.2
[INFO] [stderr]     Checking unsigned-varint v0.7.1
[INFO] [stderr]     Checking rw-stream-sink v0.2.1
[INFO] [stderr]     Checking netlink-sys v0.8.5
[INFO] [stderr]     Checking wasm-timer v0.2.5
[INFO] [stderr]    Compiling libp2p-swarm-derive v0.27.2
[INFO] [stderr]     Checking multihash v0.16.3
[INFO] [stderr]     Checking multistream-select v0.11.0
[INFO] [stderr]     Checking netlink-proto v0.10.0
[INFO] [stderr]     Checking rmp v0.8.11
[INFO] [stderr]     Checking ordered-float v2.10.0
[INFO] [stderr]     Checking rtnetlink v0.10.1
[INFO] [stderr]     Checking uuid v1.3.2
[INFO] [stderr]     Checking os_str_bytes v6.5.0
[INFO] [stderr]     Checking leb128 v0.2.5
[INFO] [stderr]    Compiling isahc v1.7.2
[INFO] [stderr]     Checking termcolor v1.1.3
[INFO] [stderr]     Checking route-recognizer v0.2.0
[INFO] [stderr]     Checking num_threads v0.1.6
[INFO] [stderr]     Checking openssl-probe v0.1.5
[INFO] [stderr]     Checking clap_lex v0.2.4
[INFO] [stderr]     Checking http v0.2.9
[INFO] [stderr]     Checking sluice v0.5.5
[INFO] [stderr]     Checking rand_pcg v0.3.1
[INFO] [stderr]    Compiling libp2p-core v0.32.1
[INFO] [stderr]    Compiling libp2p-kad v0.36.0
[INFO] [stderr]    Compiling libp2p-identify v0.35.0
[INFO] [stderr]    Compiling libp2p-gossipsub v0.37.0
[INFO] [stderr]     Checking if-watch v1.1.1
[INFO] [stderr]    Compiling libp2p-plaintext v0.32.0
[INFO] [stderr]     Checking atty v0.2.14
[INFO] [stderr]     Checking encoding_rs v0.8.32
[INFO] [stderr]     Checking textwrap v0.16.0
[INFO] [stderr]     Checking strsim v0.10.0
[INFO] [stderr]     Checking tracing v0.1.37
[INFO] [stderr]     Checking mime v0.3.17
[INFO] [stderr]     Checking castaway v0.1.2
[INFO] [stderr]     Checking ascii_table v4.0.2
[INFO] [stderr]     Checking tracing-futures v0.2.5
[INFO] [stderr]     Checking version-compare v0.1.1
[INFO] [stderr]     Checking time v0.3.20
[INFO] [stderr]    Compiling librocksdb-sys v0.6.3+6.28.2
[INFO] [stderr]     Checking simplelog v0.12.1
[INFO] [stderr]     Checking url v2.3.1
[INFO] [stderr]     Checking ed25519-dalek v1.0.1
[INFO] [stderr]     Checking cranelift-entity v0.82.3
[INFO] [stderr]     Checking serde_qs v0.8.5
[INFO] [stderr]     Checking serde_urlencoded v0.7.1
[INFO] [stderr]     Checking bincode v1.3.3
[INFO] [stderr]     Checking serde-value v0.7.0 (https://github.com/affidaty-blockchain/serde-value?branch=helper_macro#1d8a03e8)
[INFO] [stderr]     Checking serde_bytes v0.11.9
[INFO] [stderr]     Checking rmp-serde v1.1.1
[INFO] [stderr]     Checking wasmtime-types v0.35.3
[INFO] [stderr]     Checking cranelift-bforest v0.82.3
[INFO] [stderr]     Checking gimli v0.26.2
[INFO] [stderr]     Checking object v0.27.1
[INFO] [stderr]     Checking clap v3.2.25
[INFO] [stderr]     Checking multiaddr v0.14.0
[INFO] [stderr]     Checking libp2p-swarm v0.35.0
[INFO] [stderr]     Checking libp2p-mplex v0.32.0
[INFO] [stderr]     Checking libp2p-tcp v0.32.0
[INFO] [stderr]     Checking async-sse v4.1.0
[INFO] [stderr]     Checking async-h1 v2.3.3
[INFO] [stderr]     Checking http-client v6.5.3
[INFO] [stderr]     Checking libp2p-mdns v0.36.0
[INFO] [stderr]     Checking libp2p-request-response v0.17.0
[INFO] [stderr]     Checking tide v0.16.0
[INFO] [stderr]     Checking wasmtime-environ v0.35.3
[INFO] [stderr]     Checking addr2line v0.17.0
[INFO] [stderr]     Checking libp2p-metrics v0.5.0
[INFO] [stderr]     Checking libp2p v0.44.0
[INFO] [stderr] error: could not compile `cranelift-codegen`
[INFO] [stderr] 
[INFO] [stderr] Caused by:
[INFO] [stderr]   process didn't exit successfully: `rustc --crate-name cranelift_codegen --edition=2018 /opt/rustwide/cargo-home/registry/src/github.com-1ecc6299db9ec823/cranelift-codegen-0.82.3/src/lib.rs --error-format=json --json=diagnostic-rendered-ansi,artifacts,future-incompat --crate-type lib --emit=dep-info,metadata -C embed-bitcode=no -C debuginfo=2 --cfg 'feature="default"' --cfg 'feature="gimli"' --cfg 'feature="std"' --cfg 'feature="unwind"' -C metadata=b470bfcbb21df6b5 -C extra-filename=-b470bfcbb21df6b5 --out-dir /opt/rustwide/target/debug/deps -L dependency=/opt/rustwide/target/debug/deps --extern cranelift_bforest=/opt/rustwide/target/debug/deps/libcranelift_bforest-3f978443b6499644.rmeta --extern cranelift_codegen_shared=/opt/rustwide/target/debug/deps/libcranelift_codegen_shared-0f7ab458cfade68a.rmeta --extern cranelift_entity=/opt/rustwide/target/debug/deps/libcranelift_entity-3277c9180a4af5cd.rmeta --extern gimli=/opt/rustwide/target/debug/deps/libgimli-9908a793e9f5f08f.rmeta --extern log=/opt/rustwide/target/debug/deps/liblog-7cabc1cc29a500bb.rmeta --extern regalloc=/opt/rustwide/target/debug/deps/libregalloc-582b260ad72af365.rmeta --extern smallvec=/opt/rustwide/target/debug/deps/libsmallvec-24a86d324dae8e11.rmeta --extern target_lexicon=/opt/rustwide/target/debug/deps/libtarget_lexicon-74ac139d345774b8.rmeta --cap-lints allow --cap-lints=warn --cfg 'feature="x86"'` (signal: 9, SIGKILL: kill)
[INFO] [stderr] warning: build failed, waiting for other jobs to finish...
[INFO] [stderr] The following warnings were emitted during compilation:
[INFO] [stderr] 
[INFO] [stderr] warning: c++: fatal error: Killed signal terminated program cc1plus
[INFO] [stderr] warning: compilation terminated.
[INFO] [stderr] warning: c++: fatal error: Killed signal terminated program cc1plus
[INFO] [stderr] warning: compilation terminated.
[INFO] [stderr] warning: c++: fatal error: Killed signal terminated program cc1plus
[INFO] [stderr] warning: compilation terminated.
[INFO] [stderr] 
[INFO] [stderr] error: failed to run custom build command for `librocksdb-sys v0.6.3+6.28.2`
[INFO] [stderr] note: To improve backtraces for build dependencies, set the CARGO_PROFILE_DEV_BUILD_OVERRIDE_DEBUG=true environment variable to enable debug information generation.
[INFO] [stderr] 
[INFO] [stderr] Caused by:
[INFO] [stderr]   process didn't exit successfully: `/opt/rustwide/target/debug/build/librocksdb-sys-a0aba96a9260b0fb/build-script-build` (exit status: 1)
[INFO] [stderr]   --- stdout
[INFO] [stderr]   cargo:rerun-if-changed=rocksdb/
[INFO] [stderr]   TARGET = Some("x86_64-unknown-linux-gnu")
[INFO] [stderr]   OPT_LEVEL = Some("0")
[INFO] [stderr]   HOST = Some("x86_64-unknown-linux-gnu")
[INFO] [stderr]   cargo:rerun-if-env-changed=CXX_x86_64-unknown-linux-gnu
[INFO] [stderr]   CXX_x86_64-unknown-linux-gnu = None
[INFO] [stderr]   cargo:rerun-if-env-changed=CXX_x86_64_unknown_linux_gnu
[INFO] [stderr]   CXX_x86_64_unknown_linux_gnu = None
[INFO] [stderr]   cargo:rerun-if-env-changed=HOST_CXX
[INFO] [stderr]   HOST_CXX = None
[INFO] [stderr]   cargo:rerun-if-env-changed=CXX
[INFO] [stderr]   CXX = None
[INFO] [stderr]   cargo:rerun-if-env-changed=CXXFLAGS_x86_64-unknown-linux-gnu
[INFO] [stderr]   CXXFLAGS_x86_64-unknown-linux-gnu = None
[INFO] [stderr]   cargo:rerun-if-env-changed=CXXFLAGS_x86_64_unknown_linux_gnu
[INFO] [stderr]   CXXFLAGS_x86_64_unknown_linux_gnu = None
[INFO] [stderr]   cargo:rerun-if-env-changed=HOST_CXXFLAGS
[INFO] [stderr]   HOST_CXXFLAGS = None
[INFO] [stderr]   cargo:rerun-if-env-changed=CXXFLAGS
[INFO] [stderr]   CXXFLAGS = None
[INFO] [stderr]   cargo:rerun-if-env-changed=CRATE_CC_NO_DEFAULTS
[INFO] [stderr]   CRATE_CC_NO_DEFAULTS = None
[INFO] [stderr]   DEBUG = Some("true")
[INFO] [stderr]   CARGO_CFG_TARGET_FEATURE = Some("fxsr,sse,sse2")
[INFO] [stderr]   cargo:rerun-if-env-changed=CXX_x86_64-unknown-linux-gnu
[INFO] [stderr]   CXX_x86_64-unknown-linux-gnu = None
[INFO] [stderr]   cargo:rerun-if-env-changed=CXX_x86_64_unknown_linux_gnu
[INFO] [stderr]   CXX_x86_64_unknown_linux_gnu = None
[INFO] [stderr]   cargo:rerun-if-env-changed=HOST_CXX
[INFO] [stderr]   HOST_CXX = None
[INFO] [stderr]   cargo:rerun-if-env-changed=CXX
[INFO] [stderr]   CXX = None
[INFO] [stderr]   cargo:rerun-if-env-changed=CXXFLAGS_x86_64-unknown-linux-gnu
[INFO] [stderr]   CXXFLAGS_x86_64-unknown-linux-gnu = None
[INFO] [stderr]   cargo:rerun-if-env-changed=CXXFLAGS_x86_64_unknown_linux_gnu
[INFO] [stderr]   CXXFLAGS_x86_64_unknown_linux_gnu = None
[INFO] [stderr]   cargo:rerun-if-env-changed=HOST_CXXFLAGS
[INFO] [stderr]   HOST_CXXFLAGS = None
[INFO] [stderr]   cargo:rerun-if-env-changed=CXXFLAGS
[INFO] [stderr]   CXXFLAGS = None
[INFO] [stderr]   cargo:rerun-if-env-changed=CRATE_CC_NO_DEFAULTS
[INFO] [stderr]   CRATE_CC_NO_DEFAULTS = None
[INFO] [stderr]   CARGO_CFG_TARGET_FEATURE = Some("fxsr,sse,sse2")
[INFO] [stderr]   running: "c++" "-O0" "-ffunction-sections" "-fdata-sections" "-fPIC" "-gdwarf-4" "-fno-omit-frame-pointer" "-m64" "-I" "rocksdb/include/" "-I" "rocksdb/" "-I" "rocksdb/third-party/gtest-1.8.1/fused-src/" "-I" "snappy/" "-I" "." "-Wall" "-Wextra" "-std=c++11" "-Wno-unused-parameter" "-msse2" "-DSNAPPY=1" "-DNDEBUG=1" "-DOS_LINUX" "-DROCKSDB_PLATFORM_POSIX" "-DROCKSDB_LIB_IO_POSIX" "-DROCKSDB_SUPPORT_THREAD_LOCAL" "-o" "/opt/rustwide/target/debug/build/librocksdb-sys-ed7663be48e5eea8/out/rocksdb/cache/cache.o" "-c" "rocksdb/cache/cache.cc"
[INFO] [stderr]   running: "c++" "-O0" "-ffunction-sections" "-fdata-sections" "-fPIC" "-gdwarf-4" "-fno-omit-frame-pointer" "-m64" "-I" "rocksdb/include/" "-I" "rocksdb/" "-I" "rocksdb/third-party/gtest-1.8.1/fused-src/" "-I" "snappy/" "-I" "." "-Wall" "-Wextra" "-std=c++11" "-Wno-unused-parameter" "-msse2" "-DSNAPPY=1" "-DNDEBUG=1" "-DOS_LINUX" "-DROCKSDB_PLATFORM_POSIX" "-DROCKSDB_LIB_IO_POSIX" "-DROCKSDB_SUPPORT_THREAD_LOCAL" "-o" "/opt/rustwide/target/debug/build/librocksdb-sys-ed7663be48e5eea8/out/rocksdb/cache/cache_entry_roles.o" "-c" "rocksdb/cache/cache_entry_roles.cc"
[INFO] [stderr]   running: "c++" "-O0" "-ffunction-sections" "-fdata-sections" "-fPIC" "-gdwarf-4" "-fno-omit-frame-pointer" "-m64" "-I" "rocksdb/include/" "-I" "rocksdb/" "-I" "rocksdb/third-party/gtest-1.8.1/fused-src/" "-I" "snappy/" "-I" "." "-Wall" "-Wextra" "-std=c++11" "-Wno-unused-parameter" "-msse2" "-DSNAPPY=1" "-DNDEBUG=1" "-DOS_LINUX" "-DROCKSDB_PLATFORM_POSIX" "-DROCKSDB_LIB_IO_POSIX" "-DROCKSDB_SUPPORT_THREAD_LOCAL" "-o" "/opt/rustwide/target/debug/build/librocksdb-sys-ed7663be48e5eea8/out/rocksdb/cache/cache_key.o" "-c" "rocksdb/cache/cache_key.cc"
[INFO] [stderr]   running: "c++" "-O0" "-ffunction-sections" "-fdata-sections" "-fPIC" "-gdwarf-4" "-fno-omit-frame-pointer" "-m64" "-I" "rocksdb/include/" "-I" "rocksdb/" "-I" "rocksdb/third-party/gtest-1.8.1/fused-src/" "-I" "snappy/" "-I" "." "-Wall" "-Wextra" "-std=c++11" "-Wno-unused-parameter" "-msse2" "-DSNAPPY=1" "-DNDEBUG=1" "-DOS_LINUX" "-DROCKSDB_PLATFORM_POSIX" "-DROCKSDB_LIB_IO_POSIX" "-DROCKSDB_SUPPORT_THREAD_LOCAL" "-o" "/opt/rustwide/target/debug/build/librocksdb-sys-ed7663be48e5eea8/out/rocksdb/cache/clock_cache.o" "-c" "rocksdb/cache/clock_cache.cc"
[INFO] [stderr]   running: "c++" "-O0" "-ffunction-sections" "-fdata-sections" "-fPIC" "-gdwarf-4" "-fno-omit-frame-pointer" "-m64" "-I" "rocksdb/include/" "-I" "rocksdb/" "-I" "rocksdb/third-party/gtest-1.8.1/fused-src/" "-I" "snappy/" "-I" "." "-Wall" "-Wextra" "-std=c++11" "-Wno-unused-parameter" "-msse2" "-DSNAPPY=1" "-DNDEBUG=1" "-DOS_LINUX" "-DROCKSDB_PLATFORM_POSIX" "-DROCKSDB_LIB_IO_POSIX" "-DROCKSDB_SUPPORT_THREAD_LOCAL" "-o" "/opt/rustwide/target/debug/build/librocksdb-sys-ed7663be48e5eea8/out/rocksdb/cache/cache_reservation_manager.o" "-c" "rocksdb/cache/cache_reservation_manager.cc"
[INFO] [stderr]   running: "c++" "-O0" "-ffunction-sections" "-fdata-sections" "-fPIC" "-gdwarf-4" "-fno-omit-frame-pointer" "-m64" "-I" "rocksdb/include/" "-I" "rocksdb/" "-I" "rocksdb/third-party/gtest-1.8.1/fused-src/" "-I" "snappy/" "-I" "." "-Wall" "-Wextra" "-std=c++11" "-Wno-unused-parameter" "-msse2" "-DSNAPPY=1" "-DNDEBUG=1" "-DOS_LINUX" "-DROCKSDB_PLATFORM_POSIX" "-DROCKSDB_LIB_IO_POSIX" "-DROCKSDB_SUPPORT_THREAD_LOCAL" "-o" "/opt/rustwide/target/debug/build/librocksdb-sys-ed7663be48e5eea8/out/rocksdb/db/arena_wrapped_db_iter.o" "-c" "rocksdb/db/arena_wrapped_db_iter.cc"
[INFO] [stderr]   running: "c++" "-O0" "-ffunction-sections" "-fdata-sections" "-fPIC" "-gdwarf-4" "-fno-omit-frame-pointer" "-m64" "-I" "rocksdb/include/" "-I" "rocksdb/" "-I" "rocksdb/third-party/gtest-1.8.1/fused-src/" "-I" "snappy/" "-I" "." "-Wall" "-Wextra" "-std=c++11" "-Wno-unused-parameter" "-msse2" "-DSNAPPY=1" "-DNDEBUG=1" "-DOS_LINUX" "-DROCKSDB_PLATFORM_POSIX" "-DROCKSDB_LIB_IO_POSIX" "-DROCKSDB_SUPPORT_THREAD_LOCAL" "-o" "/opt/rustwide/target/debug/build/librocksdb-sys-ed7663be48e5eea8/out/rocksdb/cache/lru_cache.o" "-c" "rocksdb/cache/lru_cache.cc"
[INFO] [stderr]   running: "c++" "-O0" "-ffunction-sections" "-fdata-sections" "-fPIC" "-gdwarf-4" "-fno-omit-frame-pointer" "-m64" "-I" "rocksdb/include/" "-I" "rocksdb/" "-I" "rocksdb/third-party/gtest-1.8.1/fused-src/" "-I" "snappy/" "-I" "." "-Wall" "-Wextra" "-std=c++11" "-Wno-unused-parameter" "-msse2" "-DSNAPPY=1" "-DNDEBUG=1" "-DOS_LINUX" "-DROCKSDB_PLATFORM_POSIX" "-DROCKSDB_LIB_IO_POSIX" "-DROCKSDB_SUPPORT_THREAD_LOCAL" "-o" "/opt/rustwide/target/debug/build/librocksdb-sys-ed7663be48e5eea8/out/rocksdb/db/blob/blob_fetcher.o" "-c" "rocksdb/db/blob/blob_fetcher.cc"
[INFO] [stderr]   running: "c++" "-O0" "-ffunction-sections" "-fdata-sections" "-fPIC" "-gdwarf-4" "-fno-omit-frame-pointer" "-m64" "-I" "rocksdb/include/" "-I" "rocksdb/" "-I" "rocksdb/third-party/gtest-1.8.1/fused-src/" "-I" "snappy/" "-I" "." "-Wall" "-Wextra" "-std=c++11" "-Wno-unused-parameter" "-msse2" "-DSNAPPY=1" "-DNDEBUG=1" "-DOS_LINUX" "-DROCKSDB_PLATFORM_POSIX" "-DROCKSDB_LIB_IO_POSIX" "-DROCKSDB_SUPPORT_THREAD_LOCAL" "-o" "/opt/rustwide/target/debug/build/librocksdb-sys-ed7663be48e5eea8/out/rocksdb/cache/sharded_cache.o" "-c" "rocksdb/cache/sharded_cache.cc"
[INFO] [stderr]   running: "c++" "-O0" "-ffunction-sections" "-fdata-sections" "-fPIC" "-gdwarf-4" "-fno-omit-frame-pointer" "-m64" "-I" "rocksdb/include/" "-I" "rocksdb/" "-I" "rocksdb/third-party/gtest-1.8.1/fused-src/" "-I" "snappy/" "-I" "." "-Wall" "-Wextra" "-std=c++11" "-Wno-unused-parameter" "-msse2" "-DSNAPPY=1" "-DNDEBUG=1" "-DOS_LINUX" "-DROCKSDB_PLATFORM_POSIX" "-DROCKSDB_LIB_IO_POSIX" "-DROCKSDB_SUPPORT_THREAD_LOCAL" "-o" "/opt/rustwide/target/debug/build/librocksdb-sys-ed7663be48e5eea8/out/rocksdb/db/blob/blob_file_addition.o" "-c" "rocksdb/db/blob/blob_file_addition.cc"
[INFO] [stderr]   exit status: 0
[INFO] [stderr]   running: "c++" "-O0" "-ffunction-sections" "-fdata-sections" "-fPIC" "-gdwarf-4" "-fno-omit-frame-pointer" "-m64" "-I" "rocksdb/include/" "-I" "rocksdb/" "-I" "rocksdb/third-party/gtest-1.8.1/fused-src/" "-I" "snappy/" "-I" "." "-Wall" "-Wextra" "-std=c++11" "-Wno-unused-parameter" "-msse2" "-DSNAPPY=1" "-DNDEBUG=1" "-DOS_LINUX" "-DROCKSDB_PLATFORM_POSIX" "-DROCKSDB_LIB_IO_POSIX" "-DROCKSDB_SUPPORT_THREAD_LOCAL" "-o" "/opt/rustwide/target/debug/build/librocksdb-sys-ed7663be48e5eea8/out/rocksdb/db/blob/blob_file_builder.o" "-c" "rocksdb/db/blob/blob_file_builder.cc"
[INFO] [stderr]   exit status: 0
[INFO] [stderr]   running: "c++" "-O0" "-ffunction-sections" "-fdata-sections" "-fPIC" "-gdwarf-4" "-fno-omit-frame-pointer" "-m64" "-I" "rocksdb/include/" "-I" "rocksdb/" "-I" "rocksdb/third-party/gtest-1.8.1/fused-src/" "-I" "snappy/" "-I" "." "-Wall" "-Wextra" "-std=c++11" "-Wno-unused-parameter" "-msse2" "-DSNAPPY=1" "-DNDEBUG=1" "-DOS_LINUX" "-DROCKSDB_PLATFORM_POSIX" "-DROCKSDB_LIB_IO_POSIX" "-DROCKSDB_SUPPORT_THREAD_LOCAL" "-o" "/opt/rustwide/target/debug/build/librocksdb-sys-ed7663be48e5eea8/out/rocksdb/db/blob/blob_file_cache.o" "-c" "rocksdb/db/blob/blob_file_cache.cc"
[INFO] [stderr]   running: "c++" "-O0" "-ffunction-sections" "-fdata-sections" "-fPIC" "-gdwarf-4" "-fno-omit-frame-pointer" "-m64" "-I" "rocksdb/include/" "-I" "rocksdb/" "-I" "rocksdb/third-party/gtest-1.8.1/fused-src/" "-I" "snappy/" "-I" "." "-Wall" "-Wextra" "-std=c++11" "-Wno-unused-parameter" "-msse2" "-DSNAPPY=1" "-DNDEBUG=1" "-DOS_LINUX" "-DROCKSDB_PLATFORM_POSIX" "-DROCKSDB_LIB_IO_POSIX" "-DROCKSDB_SUPPORT_THREAD_LOCAL" "-o" "/opt/rustwide/target/debug/build/librocksdb-sys-ed7663be48e5eea8/out/rocksdb/db/blob/blob_file_garbage.o" "-c" "rocksdb/db/blob/blob_file_garbage.cc"
[INFO] [stderr]   running: "c++" "-O0" "-ffunction-sections" "-fdata-sections" "-fPIC" "-gdwarf-4" "-fno-omit-frame-pointer" "-m64" "-I" "rocksdb/include/" "-I" "rocksdb/" "-I" "rocksdb/third-party/gtest-1.8.1/fused-src/" "-I" "snappy/" "-I" "." "-Wall" "-Wextra" "-std=c++11" "-Wno-unused-parameter" "-msse2" "-DSNAPPY=1" "-DNDEBUG=1" "-DOS_LINUX" "-DROCKSDB_PLATFORM_POSIX" "-DROCKSDB_LIB_IO_POSIX" "-DROCKSDB_SUPPORT_THREAD_LOCAL" "-o" "/opt/rustwide/target/debug/build/librocksdb-sys-ed7663be48e5eea8/out/rocksdb/db/blob/blob_file_meta.o" "-c" "rocksdb/db/blob/blob_file_meta.cc"
[INFO] [stderr]   exit status: 0
[INFO] [stderr]   running: "c++" "-O0" "-ffunction-sections" "-fdata-sections" "-fPIC" "-gdwarf-4" "-fno-omit-frame-pointer" "-m64" "-I" "rocksdb/include/" "-I" "rocksdb/" "-I" "rocksdb/third-party/gtest-1.8.1/fused-src/" "-I" "snappy/" "-I" "." "-Wall" "-Wextra" "-std=c++11" "-Wno-unused-parameter" "-msse2" "-DSNAPPY=1" "-DNDEBUG=1" "-DOS_LINUX" "-DROCKSDB_PLATFORM_POSIX" "-DROCKSDB_LIB_IO_POSIX" "-DROCKSDB_SUPPORT_THREAD_LOCAL" "-o" "/opt/rustwide/target/debug/build/librocksdb-sys-ed7663be48e5eea8/out/rocksdb/db/blob/blob_file_reader.o" "-c" "rocksdb/db/blob/blob_file_reader.cc"
[INFO] [stderr]   exit status: 0
[INFO] [stderr]   running: "c++" "-O0" "-ffunction-sections" "-fdata-sections" "-fPIC" "-gdwarf-4" "-fno-omit-frame-pointer" "-m64" "-I" "rocksdb/include/" "-I" "rocksdb/" "-I" "rocksdb/third-party/gtest-1.8.1/fused-src/" "-I" "snappy/" "-I" "." "-Wall" "-Wextra" "-std=c++11" "-Wno-unused-parameter" "-msse2" "-DSNAPPY=1" "-DNDEBUG=1" "-DOS_LINUX" "-DROCKSDB_PLATFORM_POSIX" "-DROCKSDB_LIB_IO_POSIX" "-DROCKSDB_SUPPORT_THREAD_LOCAL" "-o" "/opt/rustwide/target/debug/build/librocksdb-sys-ed7663be48e5eea8/out/rocksdb/db/blob/blob_garbage_meter.o" "-c" "rocksdb/db/blob/blob_garbage_meter.cc"
[INFO] [stderr]   exit status: 0
[INFO] [stderr]   running: "c++" "-O0" "-ffunction-sections" "-fdata-sections" "-fPIC" "-gdwarf-4" "-fno-omit-frame-pointer" "-m64" "-I" "rocksdb/include/" "-I" "rocksdb/" "-I" "rocksdb/third-party/gtest-1.8.1/fused-src/" "-I" "snappy/" "-I" "." "-Wall" "-Wextra" "-std=c++11" "-Wno-unused-parameter" "-msse2" "-DSNAPPY=1" "-DNDEBUG=1" "-DOS_LINUX" "-DROCKSDB_PLATFORM_POSIX" "-DROCKSDB_LIB_IO_POSIX" "-DROCKSDB_SUPPORT_THREAD_LOCAL" "-o" "/opt/rustwide/target/debug/build/librocksdb-sys-ed7663be48e5eea8/out/rocksdb/db/blob/blob_log_format.o" "-c" "rocksdb/db/blob/blob_log_format.cc"
[INFO] [stderr]   running: "c++" "-O0" "-ffunction-sections" "-fdata-sections" "-fPIC" "-gdwarf-4" "-fno-omit-frame-pointer" "-m64" "-I" "rocksdb/include/" "-I" "rocksdb/" "-I" "rocksdb/third-party/gtest-1.8.1/fused-src/" "-I" "snappy/" "-I" "." "-Wall" "-Wextra" "-std=c++11" "-Wno-unused-parameter" "-msse2" "-DSNAPPY=1" "-DNDEBUG=1" "-DOS_LINUX" "-DROCKSDB_PLATFORM_POSIX" "-DROCKSDB_LIB_IO_POSIX" "-DROCKSDB_SUPPORT_THREAD_LOCAL" "-o" "/opt/rustwide/target/debug/build/librocksdb-sys-ed7663be48e5eea8/out/rocksdb/db/blob/blob_log_sequential_reader.o" "-c" "rocksdb/db/blob/blob_log_sequential_reader.cc"
[INFO] [stderr]   cargo:warning=c++: fatal error: Killed signal terminated program cc1plus
[INFO] [stderr]   cargo:warning=compilation terminated.
[INFO] [stderr]   exit status: 1
[INFO] [stderr]   running: "c++" "-O0" "-ffunction-sections" "-fdata-sections" "-fPIC" "-gdwarf-4" "-fno-omit-frame-pointer" "-m64" "-I" "rocksdb/include/" "-I" "rocksdb/" "-I" "rocksdb/third-party/gtest-1.8.1/fused-src/" "-I" "snappy/" "-I" "." "-Wall" "-Wextra" "-std=c++11" "-Wno-unused-parameter" "-msse2" "-DSNAPPY=1" "-DNDEBUG=1" "-DOS_LINUX" "-DROCKSDB_PLATFORM_POSIX" "-DROCKSDB_LIB_IO_POSIX" "-DROCKSDB_SUPPORT_THREAD_LOCAL" "-o" "/opt/rustwide/target/debug/build/librocksdb-sys-ed7663be48e5eea8/out/rocksdb/db/blob/blob_log_writer.o" "-c" "rocksdb/db/blob/blob_log_writer.cc"
[INFO] [stderr]   cargo:warning=c++: fatal error: Killed signal terminated program cc1plus
[INFO] [stderr]   cargo:warning=compilation terminated.
[INFO] [stderr]   exit status: 1
[INFO] [stderr]   cargo:warning=c++: fatal error: Killed signal terminated program cc1plus
[INFO] [stderr]   cargo:warning=compilation terminated.
[INFO] [stderr]   exit status: 1
[INFO] [stderr]   exit status: 0
[INFO] [stderr]   exit status: 0
[INFO] [stderr]   exit status: 0
[INFO] [stderr]   exit status: 0
[INFO] [stderr]   exit status: 0
[INFO] [stderr]   exit status: 0
[INFO] [stderr]   exit status: 0
[INFO] [stderr]   exit status: 0
[INFO] [stderr]   exit status: 0
[INFO] [stderr]   exit status: 0
[INFO] [stderr]   exit status: 0
[INFO] [stderr] 
[INFO] [stderr]   --- stderr
[INFO] [stderr]   error: 'rustfmt' is not installed for the toolchain '1.69.0-x86_64-unknown-linux-gnu'
[INFO] [stderr]   To install, run `rustup component add rustfmt --toolchain 1.69.0-x86_64-unknown-linux-gnu`
[INFO] [stderr]   Failed to run rustfmt: Internal rustfmt error (non-fatal, continuing)
[INFO] [stderr] 
[INFO] [stderr] 
[INFO] [stderr]   error occurred: Command "c++" "-O0" "-ffunction-sections" "-fdata-sections" "-fPIC" "-gdwarf-4" "-fno-omit-frame-pointer" "-m64" "-I" "rocksdb/include/" "-I" "rocksdb/" "-I" "rocksdb/third-party/gtest-1.8.1/fused-src/" "-I" "snappy/" "-I" "." "-Wall" "-Wextra" "-std=c++11" "-Wno-unused-parameter" "-msse2" "-DSNAPPY=1" "-DNDEBUG=1" "-DOS_LINUX" "-DROCKSDB_PLATFORM_POSIX" "-DROCKSDB_LIB_IO_POSIX" "-DROCKSDB_SUPPORT_THREAD_LOCAL" "-o" "/opt/rustwide/target/debug/build/librocksdb-sys-ed7663be48e5eea8/out/rocksdb/cache/cache.o" "-c" "rocksdb/cache/cache.cc" with args "c++" did not execute successfully (status code exit status: 1).
[INFO] [stderr] 
[INFO] [stderr] 
[INFO] running `Command { std: "docker" "inspect" "f391aaeb0d6f4aaf5bb1c6178aab9d07f8760a12086f3051bb0da4f5eccfbd1b", kill_on_drop: false }`
[INFO] running `Command { std: "docker" "rm" "-f" "f391aaeb0d6f4aaf5bb1c6178aab9d07f8760a12086f3051bb0da4f5eccfbd1b", kill_on_drop: false }`
[INFO] [stdout] f391aaeb0d6f4aaf5bb1c6178aab9d07f8760a12086f3051bb0da4f5eccfbd1b
