[INFO] cloning repository https://github.com/Vidrochka/anthill-game-engine
[INFO] running `Command { std: "git" "-c" "credential.helper=" "-c" "credential.helper=/workspace/cargo-home/bin/git-credential-null" "clone" "--bare" "https://github.com/Vidrochka/anthill-game-engine" "/workspace/cache/git-repos/https%3A%2F%2Fgithub.com%2FVidrochka%2Fanthill-game-engine", kill_on_drop: false }`
[INFO] [stderr] Cloning into bare repository '/workspace/cache/git-repos/https%3A%2F%2Fgithub.com%2FVidrochka%2Fanthill-game-engine'...
[INFO] running `Command { std: "git" "rev-parse" "HEAD", kill_on_drop: false }`
[INFO] [stdout] ae742a7d198fc5cbfbcc29c2fa38b8281a6a9298
[INFO] documenting Vidrochka/anthill-game-engine against 1.69.0 for beta-1.70-rustdoc-1
[INFO] running `Command { std: "git" "clone" "/workspace/cache/git-repos/https%3A%2F%2Fgithub.com%2FVidrochka%2Fanthill-game-engine" "/workspace/builds/worker-2-tc1/source", kill_on_drop: false }`
[INFO] [stderr] Cloning into '/workspace/builds/worker-2-tc1/source'...
[INFO] [stderr] done.
[INFO] validating manifest of git repo https://github.com/Vidrochka/anthill-game-engine on toolchain 1.69.0
[INFO] running `Command { std: CARGO_HOME="/workspace/cargo-home" RUSTUP_HOME="/workspace/rustup-home" "/workspace/cargo-home/bin/cargo" "+1.69.0" "metadata" "--manifest-path" "Cargo.toml" "--no-deps", kill_on_drop: false }`
[INFO] started tweaking git repo https://github.com/Vidrochka/anthill-game-engine
[INFO] finished tweaking git repo https://github.com/Vidrochka/anthill-game-engine
[INFO] tweaked toml for git repo https://github.com/Vidrochka/anthill-game-engine written to /workspace/builds/worker-2-tc1/source/Cargo.toml
[INFO] running `Command { std: CARGO_HOME="/workspace/cargo-home" RUSTUP_HOME="/workspace/rustup-home" __CARGO_TEST_CHANNEL_OVERRIDE_DO_NOT_USE_THIS="nightly" "/workspace/cargo-home/bin/cargo" "+1.69.0" "generate-lockfile" "--manifest-path" "Cargo.toml" "-Zno-index-update", kill_on_drop: false }`
[INFO] running `Command { std: CARGO_HOME="/workspace/cargo-home" RUSTUP_HOME="/workspace/rustup-home" "/workspace/cargo-home/bin/cargo" "+1.69.0" "fetch" "--manifest-path" "Cargo.toml", kill_on_drop: false }`
[INFO] [stderr]  Downloading crates ...
[INFO] [stderr]   Downloaded anthill-di v1.2.4
[INFO] [stderr]   Downloaded async-trait-with-sync v0.1.36
[INFO] running `Command { std: "docker" "create" "-v" "/var/lib/crater-agent-workspace/builds/worker-2-tc1/target:/opt/rustwide/target:rw,Z" "-v" "/var/lib/crater-agent-workspace/builds/worker-2-tc1/source:/opt/rustwide/workdir:ro,Z" "-v" "/var/lib/crater-agent-workspace/cargo-home:/opt/rustwide/cargo-home:ro,Z" "-v" "/var/lib/crater-agent-workspace/rustup-home:/opt/rustwide/rustup-home:ro,Z" "-e" "SOURCE_DIR=/opt/rustwide/workdir" "-e" "CARGO_TARGET_DIR=/opt/rustwide/target" "-e" "CARGO_HOME=/opt/rustwide/cargo-home" "-e" "RUSTUP_HOME=/opt/rustwide/rustup-home" "-w" "/opt/rustwide/workdir" "-m" "1610612736" "--user" "0:0" "--network" "none" "ghcr.io/rust-lang/crates-build-env/linux@sha256:5ff2268d62e97bff2cde7d5815dd6ed5b47097566f13b8d0ca110b04b60e07ed" "/opt/rustwide/cargo-home/bin/cargo" "+1.69.0" "metadata" "--no-deps" "--format-version=1", kill_on_drop: false }`
[INFO] [stdout] 67bb34eae82a34455290c03cc87568a6f379d8a296ef96164e2100c94fdfc240
[INFO] running `Command { std: "docker" "start" "-a" "67bb34eae82a34455290c03cc87568a6f379d8a296ef96164e2100c94fdfc240", kill_on_drop: false }`
[INFO] running `Command { std: "docker" "inspect" "67bb34eae82a34455290c03cc87568a6f379d8a296ef96164e2100c94fdfc240", kill_on_drop: false }`
[INFO] running `Command { std: "docker" "rm" "-f" "67bb34eae82a34455290c03cc87568a6f379d8a296ef96164e2100c94fdfc240", kill_on_drop: false }`
[INFO] [stdout] 67bb34eae82a34455290c03cc87568a6f379d8a296ef96164e2100c94fdfc240
[INFO] running `Command { std: "docker" "create" "-v" "/var/lib/crater-agent-workspace/builds/worker-2-tc1/target:/opt/rustwide/target:rw,Z" "-v" "/var/lib/crater-agent-workspace/builds/worker-2-tc1/source:/opt/rustwide/workdir:ro,Z" "-v" "/var/lib/crater-agent-workspace/cargo-home:/opt/rustwide/cargo-home:ro,Z" "-v" "/var/lib/crater-agent-workspace/rustup-home:/opt/rustwide/rustup-home:ro,Z" "-e" "SOURCE_DIR=/opt/rustwide/workdir" "-e" "CARGO_TARGET_DIR=/opt/rustwide/target" "-e" "CARGO_INCREMENTAL=0" "-e" "RUST_BACKTRACE=full" "-e" "RUSTFLAGS=--cap-lints=warn" "-e" "RUSTDOCFLAGS=--cap-lints=warn" "-e" "CARGO_HOME=/opt/rustwide/cargo-home" "-e" "RUSTUP_HOME=/opt/rustwide/rustup-home" "-w" "/opt/rustwide/workdir" "-m" "1610612736" "--user" "0:0" "--network" "none" "ghcr.io/rust-lang/crates-build-env/linux@sha256:5ff2268d62e97bff2cde7d5815dd6ed5b47097566f13b8d0ca110b04b60e07ed" "/opt/rustwide/cargo-home/bin/cargo" "+1.69.0" "doc" "--frozen" "--no-deps" "--document-private-items" "--message-format=json", kill_on_drop: false }`
[INFO] [stdout] 7e0453ec54c0e80385c6318c6e62469130af0e96ab252532dcbc69c44f1ad569
[INFO] running `Command { std: "docker" "start" "-a" "7e0453ec54c0e80385c6318c6e62469130af0e96ab252532dcbc69c44f1ad569", kill_on_drop: false }`
[INFO] [stderr]    Compiling proc-macro2 v1.0.56
[INFO] [stderr]    Compiling serde_derive v1.0.160
[INFO] [stderr]    Compiling serde v1.0.160
[INFO] [stderr]    Compiling libc v0.2.142
[INFO] [stderr]    Compiling syn v1.0.109
[INFO] [stderr]    Compiling log v0.4.17
[INFO] [stderr]    Compiling fnv v1.0.7
[INFO] [stderr]    Compiling ident_case v1.0.1
[INFO] [stderr]    Compiling khronos_api v3.1.0
[INFO] [stderr]    Compiling strsim v0.10.0
[INFO] [stderr]    Compiling num-traits v0.2.15
[INFO] [stderr]    Compiling version-compare v0.1.1
[INFO] [stderr]    Compiling thiserror v1.0.40
[INFO] [stderr]    Compiling serde_json v1.0.96
[INFO] [stderr]    Compiling anyhow v1.0.71
[INFO] [stderr]    Compiling tokio v1.28.0
[INFO] [stderr]    Compiling sdl2-sys v0.35.2
[INFO] [stderr]    Compiling num-integer v0.1.45
[INFO] [stderr]     Checking bytes v1.4.0
[INFO] [stderr]    Compiling quote v1.0.26
[INFO] [stderr]    Compiling sdl2 v0.35.2
[INFO] [stderr]     Checking ryu v1.0.13
[INFO] [stderr]    Compiling syn v2.0.15
[INFO] [stderr]     Checking parking_lot_core v0.9.7
[INFO] [stderr]     Checking socket2 v0.4.9
[INFO] [stderr]     Checking signal-hook-registry v1.4.1
[INFO] [stderr]     Checking num_cpus v1.15.0
[INFO] [stderr]     Checking parking_lot v0.12.1
[INFO] [stderr]     Checking pin-project-lite v0.2.9
[INFO] [stderr]     Checking destructure_traitobject v0.2.0
[INFO] [stderr]    Compiling anthill-window-lib v0.1.0 (/opt/rustwide/workdir/anthill-window-lib)
[INFO] [stderr]     Checking unicode-ident v1.0.8
[INFO] [stderr]     Checking unsafe-any-ors v1.0.0
[INFO] [stderr]     Checking yaml-rust v0.4.5
[INFO] [stderr]     Checking time v0.1.45
[INFO] [stderr]     Checking ordered-float v2.10.0
[INFO] [stderr]    Compiling itoa v1.0.6
[INFO] [stderr]     Checking iana-time-zone v0.1.56
[INFO] [stderr]     Checking typemap-ors v1.0.0
[INFO] [stderr]     Checking thread-id v4.0.0
[INFO] [stderr]     Checking chrono v0.4.24
[INFO] [stderr]     Checking arc-swap v1.6.0
[INFO] [stderr]     Checking log-mdc v0.1.0
[INFO] [stderr]    Compiling thiserror-impl v1.0.40
[INFO] [stderr]    Compiling tokio-macros v2.1.0
[INFO] [stderr]    Compiling darling_core v0.14.4
[INFO] [stderr]    Compiling derive-new v0.5.9
[INFO] [stderr]    Compiling async-trait-with-sync v0.1.36
[INFO] [stderr]    Compiling derivative v2.2.0
[INFO] [stderr]    Compiling darling_macro v0.14.4
[INFO] [stderr]    Compiling darling v0.14.4
[INFO] [stderr]    Compiling derive_builder_core v0.12.0
[INFO] [stderr]    Compiling derive_builder_macro v0.12.0
[INFO] [stderr]     Checking derive_builder v0.12.0
[INFO] [stderr]     Checking serde_yaml v0.8.26
[INFO] [stderr]     Checking serde-value v0.7.0
[INFO] [stderr]     Checking mio v0.8.6
[INFO] [stderr]    Compiling gl_generator v0.14.0
[INFO] [stderr]     Checking log4rs v1.2.0
[INFO] [stderr]  Documenting anthill-macros-lib v0.1.0 (/opt/rustwide/workdir/anthill-macros-lib)
[INFO] [stderr]    Compiling gl v0.14.0
[INFO] [stderr]    Compiling anthill-macros-lib v0.1.0 (/opt/rustwide/workdir/anthill-macros-lib)
[INFO] [stdout] error[E0433]: failed to resolve: could not find `NestedMeta` in `syn`
[INFO] [stdout]   --> anthill-macros-lib/src/lib.rs:13:14
[INFO] [stdout]    |
[INFO] [stdout] 13 |         syn::NestedMeta::Meta(meta) => {
[INFO] [stdout]    |              ^^^^^^^^^^ could not find `NestedMeta` in `syn`
[INFO] [stdout] 
[INFO] [stdout] 
[INFO] [stdout] error[E0412]: cannot find type `AttributeArgs` in crate `syn`
[INFO] [stdout]    --> anthill-macros-lib/src/lib.rs:10:53
[INFO] [stdout]     |
[INFO] [stdout] 10  |       let args = syn::parse_macro_input!(args as syn::AttributeArgs);
[INFO] [stdout]     |                                                       ^^^^^^^^^^^^^ help: a struct with a similar name exists: `Attribute`
[INFO] [stdout]     |
[INFO] [stdout]    ::: /opt/rustwide/cargo-home/registry/src/github.com-1ecc6299db9ec823/syn-2.0.15/src/attr.rs:11:1
[INFO] [stdout]     |
[INFO] [stdout] 11  | / ast_struct! {
[INFO] [stdout] 12  | |     /// An attribute, like `#[repr(transparent)]`.
[INFO] [stdout] 13  | |     ///
[INFO] [stdout] 14  | |     /// <br>
[INFO] [stdout] ...   |
[INFO] [stdout] 170 | |     }
[INFO] [stdout] 171 | | }
[INFO] [stdout]     | |_- similarly named struct `Attribute` defined here
[INFO] [stdout] 
[INFO] [stdout] 
[INFO] [stdout] error[E0609]: no field `lit` on type `MetaNameValue`
[INFO] [stdout]   --> anthill-macros-lib/src/lib.rs:20:33
[INFO] [stdout]    |
[INFO] [stdout] 20 |                     match &attr.lit {
[INFO] [stdout]    |                                 ^^^ unknown field
[INFO] [stdout]    |
[INFO] [stdout]    = note: available fields are: `path`, `eq_token`, `value`
[INFO] [stdout] 
[INFO] [stdout] 
[INFO] [stdout] error: aborting due to 3 previous errors
[INFO] [stdout] 
[INFO] [stdout] 
[INFO] [stdout] Some errors have detailed explanations: E0412, E0433, E0609.
[INFO] [stdout] 
[INFO] [stdout] For more information about an error, try `rustc --explain E0412`.
[INFO] [stdout] 
[INFO] [stderr] error: could not compile `anthill-macros-lib` due to 4 previous errors
[INFO] [stderr] warning: build failed, waiting for other jobs to finish...
[INFO] running `Command { std: "docker" "inspect" "7e0453ec54c0e80385c6318c6e62469130af0e96ab252532dcbc69c44f1ad569", kill_on_drop: false }`
[INFO] running `Command { std: "docker" "rm" "-f" "7e0453ec54c0e80385c6318c6e62469130af0e96ab252532dcbc69c44f1ad569", kill_on_drop: false }`
[INFO] [stdout] 7e0453ec54c0e80385c6318c6e62469130af0e96ab252532dcbc69c44f1ad569
