[INFO] cloning repository https://github.com/Phate6660/rsfetch
[INFO] running `Command { std: "git" "-c" "credential.helper=" "-c" "credential.helper=/workspace/cargo-home/bin/git-credential-null" "clone" "--bare" "https://github.com/Phate6660/rsfetch" "/workspace/cache/git-repos/https%3A%2F%2Fgithub.com%2FPhate6660%2Frsfetch", kill_on_drop: false }`
[INFO] [stderr] Cloning into bare repository '/workspace/cache/git-repos/https%3A%2F%2Fgithub.com%2FPhate6660%2Frsfetch'...
[INFO] running `Command { std: "git" "rev-parse" "HEAD", kill_on_drop: false }`
[INFO] [stdout] 18948de607963d0fee35e533ef549c142d5f75c6
[INFO] documenting Phate6660/rsfetch against 1.69.0 for beta-1.70-rustdoc-1
[INFO] running `Command { std: "git" "clone" "/workspace/cache/git-repos/https%3A%2F%2Fgithub.com%2FPhate6660%2Frsfetch" "/workspace/builds/worker-0-tc1/source", kill_on_drop: false }`
[INFO] [stderr] Cloning into '/workspace/builds/worker-0-tc1/source'...
[INFO] [stderr] done.
[INFO] validating manifest of git repo https://github.com/Phate6660/rsfetch on toolchain 1.69.0
[INFO] running `Command { std: CARGO_HOME="/workspace/cargo-home" RUSTUP_HOME="/workspace/rustup-home" "/workspace/cargo-home/bin/cargo" "+1.69.0" "metadata" "--manifest-path" "Cargo.toml" "--no-deps", kill_on_drop: false }`
[INFO] removed /workspace/builds/worker-0-tc1/source/.cargo/config.toml
[INFO] started tweaking git repo https://github.com/Phate6660/rsfetch
[INFO] finished tweaking git repo https://github.com/Phate6660/rsfetch
[INFO] tweaked toml for git repo https://github.com/Phate6660/rsfetch written to /workspace/builds/worker-0-tc1/source/Cargo.toml
[INFO] running `Command { std: CARGO_HOME="/workspace/cargo-home" RUSTUP_HOME="/workspace/rustup-home" __CARGO_TEST_CHANNEL_OVERRIDE_DO_NOT_USE_THIS="nightly" "/workspace/cargo-home/bin/cargo" "+1.69.0" "generate-lockfile" "--manifest-path" "Cargo.toml" "-Zno-index-update", kill_on_drop: false }`
[INFO] [stderr]     Updating git repository `https://github.com/Phate6660/nixinfo`
[INFO] running `Command { std: CARGO_HOME="/workspace/cargo-home" RUSTUP_HOME="/workspace/rustup-home" "/workspace/cargo-home/bin/cargo" "+1.69.0" "fetch" "--manifest-path" "Cargo.toml", kill_on_drop: false }`
[INFO] [stderr]  Downloading crates ...
[INFO] [stderr]   Downloaded mpd v0.0.12
[INFO] running `Command { std: "docker" "create" "-v" "/var/lib/crater-agent-workspace/builds/worker-0-tc1/target:/opt/rustwide/target:rw,Z" "-v" "/var/lib/crater-agent-workspace/builds/worker-0-tc1/source:/opt/rustwide/workdir:ro,Z" "-v" "/var/lib/crater-agent-workspace/cargo-home:/opt/rustwide/cargo-home:ro,Z" "-v" "/var/lib/crater-agent-workspace/rustup-home:/opt/rustwide/rustup-home:ro,Z" "-e" "SOURCE_DIR=/opt/rustwide/workdir" "-e" "CARGO_TARGET_DIR=/opt/rustwide/target" "-e" "CARGO_HOME=/opt/rustwide/cargo-home" "-e" "RUSTUP_HOME=/opt/rustwide/rustup-home" "-w" "/opt/rustwide/workdir" "-m" "1610612736" "--user" "0:0" "--network" "none" "ghcr.io/rust-lang/crates-build-env/linux@sha256:5ff2268d62e97bff2cde7d5815dd6ed5b47097566f13b8d0ca110b04b60e07ed" "/opt/rustwide/cargo-home/bin/cargo" "+1.69.0" "metadata" "--no-deps" "--format-version=1", kill_on_drop: false }`
[INFO] [stdout] bf41b975c7143e217f69cb2e39b91b40efb1c625b3f7edb7d1c9d1e698bdf73a
[INFO] running `Command { std: "docker" "start" "-a" "bf41b975c7143e217f69cb2e39b91b40efb1c625b3f7edb7d1c9d1e698bdf73a", kill_on_drop: false }`
[INFO] running `Command { std: "docker" "inspect" "bf41b975c7143e217f69cb2e39b91b40efb1c625b3f7edb7d1c9d1e698bdf73a", kill_on_drop: false }`
[INFO] running `Command { std: "docker" "rm" "-f" "bf41b975c7143e217f69cb2e39b91b40efb1c625b3f7edb7d1c9d1e698bdf73a", kill_on_drop: false }`
[INFO] [stdout] bf41b975c7143e217f69cb2e39b91b40efb1c625b3f7edb7d1c9d1e698bdf73a
[INFO] running `Command { std: "docker" "create" "-v" "/var/lib/crater-agent-workspace/builds/worker-0-tc1/target:/opt/rustwide/target:rw,Z" "-v" "/var/lib/crater-agent-workspace/builds/worker-0-tc1/source:/opt/rustwide/workdir:ro,Z" "-v" "/var/lib/crater-agent-workspace/cargo-home:/opt/rustwide/cargo-home:ro,Z" "-v" "/var/lib/crater-agent-workspace/rustup-home:/opt/rustwide/rustup-home:ro,Z" "-e" "SOURCE_DIR=/opt/rustwide/workdir" "-e" "CARGO_TARGET_DIR=/opt/rustwide/target" "-e" "CARGO_INCREMENTAL=0" "-e" "RUST_BACKTRACE=full" "-e" "RUSTFLAGS=--cap-lints=warn" "-e" "RUSTDOCFLAGS=--cap-lints=warn" "-e" "CARGO_HOME=/opt/rustwide/cargo-home" "-e" "RUSTUP_HOME=/opt/rustwide/rustup-home" "-w" "/opt/rustwide/workdir" "-m" "1610612736" "--user" "0:0" "--network" "none" "ghcr.io/rust-lang/crates-build-env/linux@sha256:5ff2268d62e97bff2cde7d5815dd6ed5b47097566f13b8d0ca110b04b60e07ed" "/opt/rustwide/cargo-home/bin/cargo" "+1.69.0" "doc" "--frozen" "--no-deps" "--document-private-items" "--message-format=json", kill_on_drop: false }`
[INFO] [stdout] 647edcdeaa5e3dbec46585a771c146d52e3cb2753e1a95873675e7c76adef5e0
[INFO] running `Command { std: "docker" "start" "-a" "647edcdeaa5e3dbec46585a771c146d52e3cb2753e1a95873675e7c76adef5e0", kill_on_drop: false }`
[INFO] [stderr]    Compiling libc v0.2.142
[INFO] [stderr]     Checking unicode-width v0.1.10
[INFO] [stderr]     Checking ansi_term v0.12.1
[INFO] [stderr]     Checking vec_map v0.8.2
[INFO] [stderr]     Checking bitflags v1.3.2
[INFO] [stderr]     Checking strsim v0.8.0
[INFO] [stderr]     Checking glob v0.3.1
[INFO] [stderr]     Checking textwrap v0.11.0
[INFO] [stderr]     Checking nixinfo v0.4.0 (https://github.com/Phate6660/nixinfo#3361cdec)
[INFO] [stdout] error[E0583]: file not found for module `error`
[INFO] [stdout]   --> /opt/rustwide/cargo-home/git/checkouts/nixinfo-ec18917e9a2c8a41/3361cde/src/lib.rs:14:1
[INFO] [stdout]    |
[INFO] [stdout] 14 | mod error;
[INFO] [stdout]    | ^^^^^^^^^^
[INFO] [stdout]    |
[INFO] [stdout]    = help: to create the module `error`, create file "/opt/rustwide/cargo-home/git/checkouts/nixinfo-ec18917e9a2c8a41/3361cde/src/error.rs" or "/opt/rustwide/cargo-home/git/checkouts/nixinfo-ec18917e9a2c8a41/3361cde/src/error/mod.rs"
[INFO] [stdout] 
[INFO] [stdout] 
[INFO] [stdout] error[E0432]: unresolved import `self::error::Error`
[INFO] [stdout]  --> /opt/rustwide/cargo-home/git/checkouts/nixinfo-ec18917e9a2c8a41/3361cde/src/lib.rs:9:5
[INFO] [stdout]   |
[INFO] [stdout] 9 | use self::error::Error;
[INFO] [stdout]   |     ^^^^^^^^^^^^^^^^^^ no `Error` in `error`
[INFO] [stdout]   |
[INFO] [stdout] help: consider importing one of these items instead
[INFO] [stdout]   |
[INFO] [stdout] 9 | use core::error::Error;
[INFO] [stdout]   |     ~~~~~~~~~~~~~~~~~~
[INFO] [stdout] 9 | use core::fmt::Error;
[INFO] [stdout]   |     ~~~~~~~~~~~~~~~~
[INFO] [stdout] 9 | use crate::io::Error;
[INFO] [stdout]   |     ~~~~~~~~~~~~~~~~
[INFO] [stdout] 9 | use std::error::Error;
[INFO] [stdout]   |     ~~~~~~~~~~~~~~~~~
[INFO] [stdout]     and 2 other candidates
[INFO] [stdout] 
[INFO] [stdout] 
[INFO] [stdout] error[E0432]: unresolved import `crate::error::Error`
[INFO] [stdout]  --> /opt/rustwide/cargo-home/git/checkouts/nixinfo-ec18917e9a2c8a41/3361cde/src/distro.rs:1:5
[INFO] [stdout]   |
[INFO] [stdout] 1 | use crate::error::Error;
[INFO] [stdout]   |     ^^^^^^^^^^^^^^^^^^^ no `Error` in `error`
[INFO] [stdout]   |
[INFO] [stdout] help: consider importing one of these items instead
[INFO] [stdout]   |
[INFO] [stdout] 1 | use core::error::Error;
[INFO] [stdout]   |     ~~~~~~~~~~~~~~~~~~
[INFO] [stdout] 1 | use core::fmt::Error;
[INFO] [stdout]   |     ~~~~~~~~~~~~~~~~
[INFO] [stdout] 1 | use crate::Error;
[INFO] [stdout]   |     ~~~~~~~~~~~~
[INFO] [stdout] 1 | use crate::io::Error;
[INFO] [stdout]   |     ~~~~~~~~~~~~~~~~
[INFO] [stdout]     and 3 other candidates
[INFO] [stdout] 
[INFO] [stdout] 
[INFO] [stdout] error[E0432]: unresolved import `crate::error::Error`
[INFO] [stdout]  --> /opt/rustwide/cargo-home/git/checkouts/nixinfo-ec18917e9a2c8a41/3361cde/src/environment.rs:3:5
[INFO] [stdout]   |
[INFO] [stdout] 3 | use crate::error::Error;
[INFO] [stdout]   |     ^^^^^^^^^^^^^^^^^^^ no `Error` in `error`
[INFO] [stdout]   |
[INFO] [stdout] help: consider importing one of these items instead
[INFO] [stdout]   |
[INFO] [stdout] 3 | use core::error::Error;
[INFO] [stdout]   |     ~~~~~~~~~~~~~~~~~~
[INFO] [stdout] 3 | use core::fmt::Error;
[INFO] [stdout]   |     ~~~~~~~~~~~~~~~~
[INFO] [stdout] 3 | use crate::Error;
[INFO] [stdout]   |     ~~~~~~~~~~~~
[INFO] [stdout] 3 | use crate::io::Error;
[INFO] [stdout]   |     ~~~~~~~~~~~~~~~~
[INFO] [stdout]     and 3 other candidates
[INFO] [stdout] 
[INFO] [stdout] 
[INFO] [stdout] error[E0432]: unresolved import `crate::error::Error`
[INFO] [stdout]  --> /opt/rustwide/cargo-home/git/checkouts/nixinfo-ec18917e9a2c8a41/3361cde/src/shared_functions.rs:4:5
[INFO] [stdout]   |
[INFO] [stdout] 4 | use crate::error::Error;
[INFO] [stdout]   |     ^^^^^^^^^^^^^^^^^^^ no `Error` in `error`
[INFO] [stdout]   |
[INFO] [stdout] help: consider importing one of these items instead
[INFO] [stdout]   |
[INFO] [stdout] 4 | use core::error::Error;
[INFO] [stdout]   |     ~~~~~~~~~~~~~~~~~~
[INFO] [stdout] 4 | use core::fmt::Error;
[INFO] [stdout]   |     ~~~~~~~~~~~~~~~~
[INFO] [stdout] 4 | use crate::Error;
[INFO] [stdout]   |     ~~~~~~~~~~~~
[INFO] [stdout] 4 | use crate::io::Error;
[INFO] [stdout]   |     ~~~~~~~~~~~~~~~~
[INFO] [stdout]     and 3 other candidates
[INFO] [stdout] 
[INFO] [stdout] 
[INFO] [stdout] error[E0432]: unresolved import `crate::error::Error`
[INFO] [stdout]  --> /opt/rustwide/cargo-home/git/checkouts/nixinfo-ec18917e9a2c8a41/3361cde/src/terminal.rs:3:13
[INFO] [stdout]   |
[INFO] [stdout] 3 | use crate::{error::Error, shared_functions::line};
[INFO] [stdout]   |             ^^^^^^^^^^^^ no `Error` in `error`
[INFO] [stdout]   |
[INFO] [stdout]   = help: consider importing one of these items instead:
[INFO] [stdout]           crate::Error
[INFO] [stdout]           crate::io::Error
[INFO] [stdout]           std::error::Error
[INFO] [stdout]           std::fmt::Error
[INFO] [stdout]           std::io::Error
[INFO] [stdout]           core::error::Error
[INFO] [stdout]           core::fmt::Error
[INFO] [stdout] 
[INFO] [stdout] 
[INFO] [stdout] error: aborting due to 6 previous errors
[INFO] [stdout] 
[INFO] [stdout] 
[INFO] [stdout] Some errors have detailed explanations: E0432, E0583.
[INFO] [stdout] 
[INFO] [stdout] For more information about an error, try `rustc --explain E0432`.
[INFO] [stdout] 
[INFO] [stderr] error: could not compile `nixinfo` due to 7 previous errors
[INFO] [stderr] warning: build failed, waiting for other jobs to finish...
[INFO] running `Command { std: "docker" "inspect" "647edcdeaa5e3dbec46585a771c146d52e3cb2753e1a95873675e7c76adef5e0", kill_on_drop: false }`
[INFO] running `Command { std: "docker" "rm" "-f" "647edcdeaa5e3dbec46585a771c146d52e3cb2753e1a95873675e7c76adef5e0", kill_on_drop: false }`
[INFO] [stdout] 647edcdeaa5e3dbec46585a771c146d52e3cb2753e1a95873675e7c76adef5e0
