[INFO] cloning repository https://github.com/DougLau/earthwyrm
[INFO] running `Command { std: "git" "-c" "credential.helper=" "-c" "credential.helper=/workspace/cargo-home/bin/git-credential-null" "clone" "--bare" "https://github.com/DougLau/earthwyrm" "/workspace/cache/git-repos/https%3A%2F%2Fgithub.com%2FDougLau%2Fearthwyrm", kill_on_drop: false }`
[INFO] [stderr] Cloning into bare repository '/workspace/cache/git-repos/https%3A%2F%2Fgithub.com%2FDougLau%2Fearthwyrm'...
[INFO] running `Command { std: "git" "rev-parse" "HEAD", kill_on_drop: false }`
[INFO] [stdout] 98d66dc650dc7da797180e8847792caeec2eba0b
[INFO] documenting DougLau/earthwyrm against 1.69.0 for beta-1.70-rustdoc-1
[INFO] running `Command { std: "git" "clone" "/workspace/cache/git-repos/https%3A%2F%2Fgithub.com%2FDougLau%2Fearthwyrm" "/workspace/builds/worker-0-tc1/source", kill_on_drop: false }`
[INFO] [stderr] Cloning into '/workspace/builds/worker-0-tc1/source'...
[INFO] [stderr] done.
[INFO] validating manifest of git repo https://github.com/DougLau/earthwyrm on toolchain 1.69.0
[INFO] running `Command { std: CARGO_HOME="/workspace/cargo-home" RUSTUP_HOME="/workspace/rustup-home" "/workspace/cargo-home/bin/cargo" "+1.69.0" "metadata" "--manifest-path" "Cargo.toml" "--no-deps", kill_on_drop: false }`
[INFO] started tweaking git repo https://github.com/DougLau/earthwyrm
[INFO] finished tweaking git repo https://github.com/DougLau/earthwyrm
[INFO] tweaked toml for git repo https://github.com/DougLau/earthwyrm written to /workspace/builds/worker-0-tc1/source/Cargo.toml
[INFO] running `Command { std: CARGO_HOME="/workspace/cargo-home" RUSTUP_HOME="/workspace/rustup-home" __CARGO_TEST_CHANNEL_OVERRIDE_DO_NOT_USE_THIS="nightly" "/workspace/cargo-home/bin/cargo" "+1.69.0" "generate-lockfile" "--manifest-path" "Cargo.toml" "-Zno-index-update", kill_on_drop: false }`
[INFO] running `Command { std: CARGO_HOME="/workspace/cargo-home" RUSTUP_HOME="/workspace/rustup-home" "/workspace/cargo-home/bin/cargo" "+1.69.0" "fetch" "--manifest-path" "Cargo.toml", kill_on_drop: false }`
[INFO] [stderr]  Downloading crates ...
[INFO] [stderr]   Downloaded pub-iterator-type v0.1.1
[INFO] [stderr]   Downloaded protobuf-codegen-pure v2.17.0
[INFO] [stderr]   Downloaded muon-rs v0.2.3
[INFO] [stderr]   Downloaded par-map v0.1.4
[INFO] [stderr]   Downloaded pointy v0.3.0
[INFO] [stderr]   Downloaded protobuf-codegen v2.17.0
[INFO] [stderr]   Downloaded flat_map v0.0.10
[INFO] [stderr]   Downloaded mvt v0.7.0
[INFO] [stderr]   Downloaded pointy v0.2.1
[INFO] [stderr]   Downloaded loam v0.1.0
[INFO] [stderr]   Downloaded rosewood v0.1.0
[INFO] [stderr]   Downloaded osmpbfreader v0.15.2
[INFO] running `Command { std: "docker" "create" "-v" "/var/lib/crater-agent-workspace/builds/worker-0-tc1/target:/opt/rustwide/target:rw,Z" "-v" "/var/lib/crater-agent-workspace/builds/worker-0-tc1/source:/opt/rustwide/workdir:ro,Z" "-v" "/var/lib/crater-agent-workspace/cargo-home:/opt/rustwide/cargo-home:ro,Z" "-v" "/var/lib/crater-agent-workspace/rustup-home:/opt/rustwide/rustup-home:ro,Z" "-e" "SOURCE_DIR=/opt/rustwide/workdir" "-e" "CARGO_TARGET_DIR=/opt/rustwide/target" "-e" "CARGO_HOME=/opt/rustwide/cargo-home" "-e" "RUSTUP_HOME=/opt/rustwide/rustup-home" "-w" "/opt/rustwide/workdir" "-m" "1610612736" "--user" "0:0" "--network" "none" "ghcr.io/rust-lang/crates-build-env/linux@sha256:5ff2268d62e97bff2cde7d5815dd6ed5b47097566f13b8d0ca110b04b60e07ed" "/opt/rustwide/cargo-home/bin/cargo" "+1.69.0" "metadata" "--no-deps" "--format-version=1", kill_on_drop: false }`
[INFO] [stdout] 4ea1b990e1d876ae1634b8640c91c0b930cb0f28260c7683346922eb3a63e7fa
[INFO] running `Command { std: "docker" "start" "-a" "4ea1b990e1d876ae1634b8640c91c0b930cb0f28260c7683346922eb3a63e7fa", kill_on_drop: false }`
[INFO] running `Command { std: "docker" "inspect" "4ea1b990e1d876ae1634b8640c91c0b930cb0f28260c7683346922eb3a63e7fa", kill_on_drop: false }`
[INFO] running `Command { std: "docker" "rm" "-f" "4ea1b990e1d876ae1634b8640c91c0b930cb0f28260c7683346922eb3a63e7fa", kill_on_drop: false }`
[INFO] [stdout] 4ea1b990e1d876ae1634b8640c91c0b930cb0f28260c7683346922eb3a63e7fa
[INFO] running `Command { std: "docker" "create" "-v" "/var/lib/crater-agent-workspace/builds/worker-0-tc1/target:/opt/rustwide/target:rw,Z" "-v" "/var/lib/crater-agent-workspace/builds/worker-0-tc1/source:/opt/rustwide/workdir:ro,Z" "-v" "/var/lib/crater-agent-workspace/cargo-home:/opt/rustwide/cargo-home:ro,Z" "-v" "/var/lib/crater-agent-workspace/rustup-home:/opt/rustwide/rustup-home:ro,Z" "-e" "SOURCE_DIR=/opt/rustwide/workdir" "-e" "CARGO_TARGET_DIR=/opt/rustwide/target" "-e" "CARGO_INCREMENTAL=0" "-e" "RUST_BACKTRACE=full" "-e" "RUSTFLAGS=--cap-lints=warn" "-e" "RUSTDOCFLAGS=--cap-lints=warn" "-e" "CARGO_HOME=/opt/rustwide/cargo-home" "-e" "RUSTUP_HOME=/opt/rustwide/rustup-home" "-w" "/opt/rustwide/workdir" "-m" "1610612736" "--user" "0:0" "--network" "none" "ghcr.io/rust-lang/crates-build-env/linux@sha256:5ff2268d62e97bff2cde7d5815dd6ed5b47097566f13b8d0ca110b04b60e07ed" "/opt/rustwide/cargo-home/bin/cargo" "+1.69.0" "doc" "--frozen" "--no-deps" "--document-private-items" "--message-format=json", kill_on_drop: false }`
[INFO] [stdout] 4c87532a464856313e835158bfa4ce1d74aeb8703f2fa1a0aa807ae34d5cd3c1
[INFO] running `Command { std: "docker" "start" "-a" "4c87532a464856313e835158bfa4ce1d74aeb8703f2fa1a0aa807ae34d5cd3c1", kill_on_drop: false }`
[INFO] [stderr] warning: output filename collision.
[INFO] [stderr] The bin target `earthwyrm` in package `earthwyrm-bin v0.1.0 (/opt/rustwide/workdir/earthwyrm-bin)` has the same output filename as the lib target `earthwyrm` in package `earthwyrm v0.4.3 (/opt/rustwide/workdir/earthwyrm)`.
[INFO] [stderr] Colliding filename is: /opt/rustwide/target/doc/earthwyrm/index.html
[INFO] [stderr] The targets should have unique names.
[INFO] [stderr] This is a known bug where multiple crates with the same name use
[INFO] [stderr] the same path; see <https://github.com/rust-lang/cargo/issues/6313>.
[INFO] [stderr]    Compiling libc v0.2.142
[INFO] [stderr]    Compiling protobuf v2.17.0
[INFO] [stderr]    Compiling futures-core v0.3.28
[INFO] [stderr]    Compiling futures-task v0.3.28
[INFO] [stderr]    Compiling syn v2.0.15
[INFO] [stderr]    Compiling futures-util v0.3.28
[INFO] [stderr]    Compiling tokio v1.28.0
[INFO] [stderr]    Compiling num-traits v0.2.15
[INFO] [stderr]     Checking fnv v1.0.7
[INFO] [stderr]     Checking pin-utils v0.1.0
[INFO] [stderr]     Checking tracing-core v0.1.30
[INFO] [stderr]     Checking http v0.2.9
[INFO] [stderr]     Checking tower-service v0.3.2
[INFO] [stderr]     Checking futures v0.1.31
[INFO] [stderr]     Checking tracing v0.1.37
[INFO] [stderr]     Checking miniz_oxide v0.7.1
[INFO] [stderr]     Checking http-body v0.4.5
[INFO] [stderr]     Checking num_cpus v1.15.0
[INFO] [stderr]     Checking mio v0.8.6
[INFO] [stderr]     Checking socket2 v0.4.9
[INFO] [stderr]     Checking memmap2 v0.3.1
[INFO] [stderr]     Checking futures-cpupool v0.1.8
[INFO] [stderr]    Compiling async-trait v0.1.68
[INFO] [stderr]     Checking static_assertions v1.1.0
[INFO] [stderr]    Compiling futures-channel v0.3.28
[INFO] [stderr]     Checking tower-layer v0.3.2
[INFO] [stderr]     Checking pub-iterator-type v0.1.1
[INFO] [stderr]    Compiling httparse v1.8.0
[INFO] [stderr]     Checking par-map v0.1.4
[INFO] [stderr]     Checking flate2 v1.0.26
[INFO] [stderr]    Compiling serde_json v1.0.96
[INFO] [stderr]     Checking try-lock v0.2.4
[INFO] [stderr]     Checking self_cell v0.10.2
[INFO] [stderr]     Checking pointy v0.2.1
[INFO] [stderr]     Checking form_urlencoded v1.1.0
[INFO] [stderr]     Checking want v0.3.0
[INFO] [stderr]    Compiling argh_shared v0.1.10
[INFO] [stderr]     Checking httpdate v1.0.2
[INFO] [stderr]     Checking quick-error v1.2.3
[INFO] [stderr]     Checking regex-syntax v0.7.1
[INFO] [stderr]     Checking http-range-header v0.3.0
[INFO] [stderr]     Checking mime v0.3.17
[INFO] [stderr]    Compiling argh_derive v0.1.10
[INFO] [stderr]     Checking humantime v1.3.0
[INFO] [stderr]    Compiling protobuf-codegen v2.17.0
[INFO] [stderr]     Checking atty v0.2.14
[INFO] [stderr]     Checking mvt v0.7.0
[INFO] [stderr]     Checking matchit v0.5.0
[INFO] [stderr]     Checking sync_wrapper v0.1.2
[INFO] [stderr]     Checking tower v0.4.13
[INFO] [stderr]     Checking hyper v0.14.26
[INFO] [stderr]    Compiling protobuf-codegen-pure v2.17.0
[INFO] [stderr]     Checking tower-http v0.3.5
[INFO] [stderr]    Compiling serde_derive v1.0.160
[INFO] [stderr]    Compiling thiserror-impl v1.0.40
[INFO] [stderr]     Checking regex v1.8.1
[INFO] [stderr]     Checking argh v0.1.10
[INFO] [stderr]     Checking env_logger v0.7.1
[INFO] [stderr]     Checking axum-core v0.2.9
[INFO] [stderr]     Checking thiserror v1.0.40
[INFO] [stderr]    Compiling osmpbfreader v0.15.2
[INFO] [stderr]     Checking serde v1.0.160
[INFO] [stderr]     Checking bincode v1.3.3
[INFO] [stderr]     Checking smartstring v0.2.10
[INFO] [stderr]     Checking flat_map v0.0.10
[INFO] [stderr]     Checking pointy v0.3.0
[INFO] [stderr]     Checking muon-rs v0.2.3
[INFO] [stderr]     Checking serde_urlencoded v0.7.1
[INFO] [stderr]     Checking loam v0.1.0
[INFO] [stdout] error[E0599]: no function or associated item named `parse_from_bytes` found for trait object `(dyn protobuf::Message + 'static)` in the current scope
[INFO] [stdout]    --> /opt/rustwide/cargo-home/registry/src/github.com-1ecc6299db9ec823/osmpbfreader-0.15.2/src/reader.rs:211:43
[INFO] [stdout]     |
[INFO] [stdout] 211 |         let header: BlobHeader = Message::parse_from_bytes(&self.buf)?;
[INFO] [stdout]     |                                           ^^^^^^^^^^^^^^^^
[INFO] [stdout]     |                                           |
[INFO] [stdout]     |                                           function or associated item not found in `dyn Message`
[INFO] [stdout]     |                                           help: there is a method with a similar name: `merge_from_bytes`
[INFO] [stdout] 
[INFO] [stdout] 
[INFO] [stdout] error[E0599]: no function or associated item named `parse_from_bytes` found for trait object `(dyn protobuf::Message + 'static)` in the current scope
[INFO] [stdout]    --> /opt/rustwide/cargo-home/registry/src/github.com-1ecc6299db9ec823/osmpbfreader-0.15.2/src/reader.rs:214:35
[INFO] [stdout]     |
[INFO] [stdout] 214 |         let blob: Blob = Message::parse_from_bytes(&self.buf)?;
[INFO] [stdout]     |                                   ^^^^^^^^^^^^^^^^
[INFO] [stdout]     |                                   |
[INFO] [stdout]     |                                   function or associated item not found in `dyn Message`
[INFO] [stdout]     |                                   help: there is a method with a similar name: `merge_from_bytes`
[INFO] [stdout] 
[INFO] [stdout] 
[INFO] [stdout] error[E0599]: no function or associated item named `parse_from_bytes` found for trait object `(dyn protobuf::Message + 'static)` in the current scope
[INFO] [stdout]    --> /opt/rustwide/cargo-home/registry/src/github.com-1ecc6299db9ec823/osmpbfreader-0.15.2/src/reader.rs:273:18
[INFO] [stdout]     |
[INFO] [stdout] 273 |         Message::parse_from_bytes(blob.get_raw()).map_err(From::from)
[INFO] [stdout]     |                  ^^^^^^^^^^^^^^^^
[INFO] [stdout]     |                  |
[INFO] [stdout]     |                  function or associated item not found in `dyn Message`
[INFO] [stdout]     |                  help: there is a method with a similar name: `merge_from_bytes`
[INFO] [stdout] 
[INFO] [stdout] 
[INFO] [stdout] error[E0599]: no function or associated item named `parse_from_reader` found for trait object `(dyn protobuf::Message + 'static)` in the current scope
[INFO] [stdout]    --> /opt/rustwide/cargo-home/registry/src/github.com-1ecc6299db9ec823/osmpbfreader-0.15.2/src/reader.rs:278:18
[INFO] [stdout]     |
[INFO] [stdout] 278 |         Message::parse_from_reader(&mut zr).map_err(From::from)
[INFO] [stdout]     |                  ^^^^^^^^^^^^^^^^^ function or associated item not found in `dyn Message`
[INFO] [stdout] 
[INFO] [stdout] 
[INFO] [stderr]     Checking rosewood v0.1.0
[INFO] [stdout] error: aborting due to 4 previous errors
[INFO] [stdout] 
[INFO] [stdout] 
[INFO] [stdout] For more information about this error, try `rustc --explain E0599`.
[INFO] [stdout] 
[INFO] [stderr] error: could not compile `osmpbfreader` due to 5 previous errors
[INFO] [stderr] warning: build failed, waiting for other jobs to finish...
[INFO] running `Command { std: "docker" "inspect" "4c87532a464856313e835158bfa4ce1d74aeb8703f2fa1a0aa807ae34d5cd3c1", kill_on_drop: false }`
[INFO] running `Command { std: "docker" "rm" "-f" "4c87532a464856313e835158bfa4ce1d74aeb8703f2fa1a0aa807ae34d5cd3c1", kill_on_drop: false }`
[INFO] [stdout] 4c87532a464856313e835158bfa4ce1d74aeb8703f2fa1a0aa807ae34d5cd3c1
