[INFO] fetching crate zman 2.0.2...
[INFO] testing zman-2.0.2 against beta-2023-04-20 for beta-1.70-1
[INFO] extracting crate zman 2.0.2 into /workspace/builds/worker-1-tc2/source
[INFO] validating manifest of crates.io crate zman 2.0.2 on toolchain beta-2023-04-20
[INFO] running `Command { std: CARGO_HOME="/workspace/cargo-home" RUSTUP_HOME="/workspace/rustup-home" "/workspace/cargo-home/bin/cargo" "+beta-2023-04-20" "metadata" "--manifest-path" "Cargo.toml" "--no-deps", kill_on_drop: false }`
[INFO] started tweaking crates.io crate zman 2.0.2
[INFO] finished tweaking crates.io crate zman 2.0.2
[INFO] tweaked toml for crates.io crate zman 2.0.2 written to /workspace/builds/worker-1-tc2/source/Cargo.toml
[INFO] crate crates.io crate zman 2.0.2 already has a lockfile, it will not be regenerated
[INFO] running `Command { std: CARGO_HOME="/workspace/cargo-home" RUSTUP_HOME="/workspace/rustup-home" "/workspace/cargo-home/bin/cargo" "+beta-2023-04-20" "fetch" "--manifest-path" "Cargo.toml", kill_on_drop: false }`
[INFO] [stderr]     Updating crates.io index
[INFO] [stderr]     Blocking waiting for file lock on package cache
[INFO] [stderr]  Downloading crates ...
[INFO] [stderr]   Downloaded cargo-husky v1.5.0
[INFO] running `Command { std: "docker" "create" "-v" "/var/lib/crater-agent-workspace/builds/worker-1-tc2/target:/opt/rustwide/target:rw,Z" "-v" "/var/lib/crater-agent-workspace/builds/worker-1-tc2/source:/opt/rustwide/workdir:ro,Z" "-v" "/var/lib/crater-agent-workspace/cargo-home:/opt/rustwide/cargo-home:ro,Z" "-v" "/var/lib/crater-agent-workspace/rustup-home:/opt/rustwide/rustup-home:ro,Z" "-e" "SOURCE_DIR=/opt/rustwide/workdir" "-e" "CARGO_TARGET_DIR=/opt/rustwide/target" "-e" "CARGO_HOME=/opt/rustwide/cargo-home" "-e" "RUSTUP_HOME=/opt/rustwide/rustup-home" "-w" "/opt/rustwide/workdir" "-m" "1610612736" "--user" "0:0" "--network" "none" "ghcr.io/rust-lang/crates-build-env/linux@sha256:5ff2268d62e97bff2cde7d5815dd6ed5b47097566f13b8d0ca110b04b60e07ed" "/opt/rustwide/cargo-home/bin/cargo" "+beta-2023-04-20" "metadata" "--no-deps" "--format-version=1", kill_on_drop: false }`
[INFO] [stdout] 4c761ccd1c521a2d461aa85f89e75aa5f0ff113a987654836732d3b30a4734a9
[INFO] running `Command { std: "docker" "start" "-a" "4c761ccd1c521a2d461aa85f89e75aa5f0ff113a987654836732d3b30a4734a9", kill_on_drop: false }`
[INFO] running `Command { std: "docker" "inspect" "4c761ccd1c521a2d461aa85f89e75aa5f0ff113a987654836732d3b30a4734a9", kill_on_drop: false }`
[INFO] running `Command { std: "docker" "rm" "-f" "4c761ccd1c521a2d461aa85f89e75aa5f0ff113a987654836732d3b30a4734a9", kill_on_drop: false }`
[INFO] [stdout] 4c761ccd1c521a2d461aa85f89e75aa5f0ff113a987654836732d3b30a4734a9
[INFO] running `Command { std: "docker" "create" "-v" "/var/lib/crater-agent-workspace/builds/worker-1-tc2/target:/opt/rustwide/target:rw,Z" "-v" "/var/lib/crater-agent-workspace/builds/worker-1-tc2/source:/opt/rustwide/workdir:ro,Z" "-v" "/var/lib/crater-agent-workspace/cargo-home:/opt/rustwide/cargo-home:ro,Z" "-v" "/var/lib/crater-agent-workspace/rustup-home:/opt/rustwide/rustup-home:ro,Z" "-e" "SOURCE_DIR=/opt/rustwide/workdir" "-e" "CARGO_TARGET_DIR=/opt/rustwide/target" "-e" "CARGO_INCREMENTAL=0" "-e" "RUST_BACKTRACE=full" "-e" "RUSTFLAGS=--cap-lints=warn" "-e" "RUSTDOCFLAGS=--cap-lints=warn" "-e" "CARGO_HOME=/opt/rustwide/cargo-home" "-e" "RUSTUP_HOME=/opt/rustwide/rustup-home" "-w" "/opt/rustwide/workdir" "-m" "1610612736" "--user" "0:0" "--network" "none" "ghcr.io/rust-lang/crates-build-env/linux@sha256:5ff2268d62e97bff2cde7d5815dd6ed5b47097566f13b8d0ca110b04b60e07ed" "/opt/rustwide/cargo-home/bin/cargo" "+beta-2023-04-20" "build" "--frozen" "--message-format=json", kill_on_drop: false }`
[INFO] [stdout] 2b22786ea9dcc4b4df1ce809afe1a4f1a02e166e0afcfff80569d97836543e99
[INFO] running `Command { std: "docker" "start" "-a" "2b22786ea9dcc4b4df1ce809afe1a4f1a02e166e0afcfff80569d97836543e99", kill_on_drop: false }`
[INFO] [stderr]    Compiling proc-macro2 v1.0.49
[INFO] [stderr]    Compiling quote v1.0.23
[INFO] [stderr]    Compiling unicode-ident v1.0.6
[INFO] [stderr]    Compiling version_check v0.9.4
[INFO] [stderr]    Compiling libc v0.2.139
[INFO] [stderr]    Compiling syn v1.0.107
[INFO] [stderr]    Compiling io-lifetimes v1.0.3
[INFO] [stderr]    Compiling rustix v0.36.6
[INFO] [stderr]    Compiling linux-raw-sys v0.1.4
[INFO] [stderr]    Compiling anyhow v1.0.68
[INFO] [stderr]    Compiling proc-macro-error-attr v1.0.4
[INFO] [stderr]    Compiling proc-macro-error v1.0.4
[INFO] [stderr]    Compiling time-core v0.1.0
[INFO] [stderr]    Compiling os_str_bytes v6.4.1
[INFO] [stderr]    Compiling thiserror v1.0.38
[INFO] [stderr]    Compiling heck v0.4.0
[INFO] [stderr]    Compiling time-macros v0.2.6
[INFO] [stderr]    Compiling clap_lex v0.3.0
[INFO] [stderr]    Compiling once_cell v1.17.0
[INFO] [stderr]    Compiling termcolor v1.1.3
[INFO] [stderr]    Compiling itoa v1.0.5
[INFO] [stderr]    Compiling num_threads v0.1.6
[INFO] [stderr]    Compiling strsim v0.10.0
[INFO] [stderr]    Compiling owo-colors v3.5.0
[INFO] [stderr]    Compiling time v0.3.17
[INFO] [stderr]    Compiling is-terminal v0.4.2
[INFO] [stderr]    Compiling clap_derive v4.0.21
[INFO] [stderr]    Compiling thiserror-impl v1.0.38
[INFO] [stderr]    Compiling clap v4.0.32
[INFO] [stderr]    Compiling zman v2.0.2 (/opt/rustwide/workdir)
[INFO] [stderr]     Finished dev [unoptimized + debuginfo] target(s) in 14.87s
[INFO] running `Command { std: "docker" "inspect" "2b22786ea9dcc4b4df1ce809afe1a4f1a02e166e0afcfff80569d97836543e99", kill_on_drop: false }`
[INFO] running `Command { std: "docker" "rm" "-f" "2b22786ea9dcc4b4df1ce809afe1a4f1a02e166e0afcfff80569d97836543e99", kill_on_drop: false }`
[INFO] [stdout] 2b22786ea9dcc4b4df1ce809afe1a4f1a02e166e0afcfff80569d97836543e99
[INFO] running `Command { std: "docker" "create" "-v" "/var/lib/crater-agent-workspace/builds/worker-1-tc2/target:/opt/rustwide/target:rw,Z" "-v" "/var/lib/crater-agent-workspace/builds/worker-1-tc2/source:/opt/rustwide/workdir:ro,Z" "-v" "/var/lib/crater-agent-workspace/cargo-home:/opt/rustwide/cargo-home:ro,Z" "-v" "/var/lib/crater-agent-workspace/rustup-home:/opt/rustwide/rustup-home:ro,Z" "-e" "SOURCE_DIR=/opt/rustwide/workdir" "-e" "CARGO_TARGET_DIR=/opt/rustwide/target" "-e" "CARGO_INCREMENTAL=0" "-e" "RUST_BACKTRACE=full" "-e" "RUSTFLAGS=--cap-lints=warn" "-e" "RUSTDOCFLAGS=--cap-lints=warn" "-e" "CARGO_HOME=/opt/rustwide/cargo-home" "-e" "RUSTUP_HOME=/opt/rustwide/rustup-home" "-w" "/opt/rustwide/workdir" "-m" "1610612736" "--user" "0:0" "--network" "none" "ghcr.io/rust-lang/crates-build-env/linux@sha256:5ff2268d62e97bff2cde7d5815dd6ed5b47097566f13b8d0ca110b04b60e07ed" "/opt/rustwide/cargo-home/bin/cargo" "+beta-2023-04-20" "test" "--frozen" "--no-run" "--message-format=json", kill_on_drop: false }`
[INFO] [stdout] 40b195804bc410b540dfcbd0b92b2334470e89a704bea3dd5bcc349e0c28d6fa
[INFO] running `Command { std: "docker" "start" "-a" "40b195804bc410b540dfcbd0b92b2334470e89a704bea3dd5bcc349e0c28d6fa", kill_on_drop: false }`
[INFO] [stderr]    Compiling memchr v2.5.0
[INFO] [stderr]    Compiling autocfg v1.1.0
[INFO] [stderr]    Compiling regex-syntax v0.6.28
[INFO] [stderr]    Compiling predicates-core v1.0.5
[INFO] [stderr]    Compiling either v1.8.0
[INFO] [stderr]    Compiling doc-comment v0.3.3
[INFO] [stderr]    Compiling normalize-line-endings v0.3.0
[INFO] [stderr]    Compiling difflib v0.4.0
[INFO] [stderr]    Compiling termtree v0.4.0
[INFO] [stderr]    Compiling itertools v0.10.5
[INFO] [stderr]    Compiling cargo-husky v1.5.0
[INFO] [stderr]    Compiling predicates-tree v1.0.7
[INFO] [stderr]    Compiling wait-timeout v0.2.0
[INFO] [stderr]    Compiling num-traits v0.2.15
[INFO] [stderr]    Compiling aho-corasick v0.7.20
[INFO] [stderr]    Compiling bstr v1.1.0
[INFO] [stderr]    Compiling float-cmp v0.9.0
[INFO] [stderr]    Compiling regex v1.7.0
[INFO] [stderr]    Compiling predicates v2.1.5
[INFO] [stderr]    Compiling assert_cmd v2.0.7
[INFO] [stderr]    Compiling zman v2.0.2 (/opt/rustwide/workdir)
[INFO] [stderr]     Finished test [unoptimized + debuginfo] target(s) in 11.37s
[INFO] running `Command { std: "docker" "inspect" "40b195804bc410b540dfcbd0b92b2334470e89a704bea3dd5bcc349e0c28d6fa", kill_on_drop: false }`
[INFO] running `Command { std: "docker" "rm" "-f" "40b195804bc410b540dfcbd0b92b2334470e89a704bea3dd5bcc349e0c28d6fa", kill_on_drop: false }`
[INFO] [stdout] 40b195804bc410b540dfcbd0b92b2334470e89a704bea3dd5bcc349e0c28d6fa
[INFO] running `Command { std: "docker" "create" "-v" "/var/lib/crater-agent-workspace/builds/worker-1-tc2/target:/opt/rustwide/target:rw,Z" "-v" "/var/lib/crater-agent-workspace/builds/worker-1-tc2/source:/opt/rustwide/workdir:ro,Z" "-v" "/var/lib/crater-agent-workspace/cargo-home:/opt/rustwide/cargo-home:ro,Z" "-v" "/var/lib/crater-agent-workspace/rustup-home:/opt/rustwide/rustup-home:ro,Z" "-e" "SOURCE_DIR=/opt/rustwide/workdir" "-e" "CARGO_TARGET_DIR=/opt/rustwide/target" "-e" "CARGO_INCREMENTAL=0" "-e" "RUST_BACKTRACE=full" "-e" "RUSTFLAGS=--cap-lints=warn" "-e" "RUSTDOCFLAGS=--cap-lints=warn" "-e" "CARGO_HOME=/opt/rustwide/cargo-home" "-e" "RUSTUP_HOME=/opt/rustwide/rustup-home" "-w" "/opt/rustwide/workdir" "-m" "1610612736" "--user" "0:0" "--network" "none" "ghcr.io/rust-lang/crates-build-env/linux@sha256:5ff2268d62e97bff2cde7d5815dd6ed5b47097566f13b8d0ca110b04b60e07ed" "/opt/rustwide/cargo-home/bin/cargo" "+beta-2023-04-20" "test" "--frozen", kill_on_drop: false }`
[INFO] [stdout] 7bfd3661de75b8bf677633ba25fc14758261be52cf324498390bfa049419a49d
[INFO] running `Command { std: "docker" "start" "-a" "7bfd3661de75b8bf677633ba25fc14758261be52cf324498390bfa049419a49d", kill_on_drop: false }`
[INFO] [stderr]     Finished test [unoptimized + debuginfo] target(s) in 0.05s
[INFO] [stderr]      Running unittests src/lib.rs (/opt/rustwide/target/debug/deps/zman-1ef62b11c4d9cf82)
[INFO] [stdout] 
[INFO] [stdout] running 9 tests
[INFO] [stdout] test progress::month::tests::month_should_be_0 ... ok
[INFO] [stdout] test progress::week::tests::week_should_be_0 ... ok
[INFO] [stdout] test progress::month::tests::month_should_be_50 ... ok
[INFO] [stdout] test progress::year::tests::year_should_be_100 ... ok
[INFO] [stdout] test progress::month::tests::month_should_be_100 ... ok
[INFO] [stdout] test progress::year::tests::year_should_be_0 ... ok
[INFO] [stdout] test progress::year::tests::year_should_be_50 ... ok
[INFO] [stdout] test progress::week::tests::week_should_be_50 ... ok
[INFO] [stdout] test progress::week::tests::week_should_be_100 ... ok
[INFO] [stdout] 
[INFO] [stdout] test result: ok. 9 passed; 0 failed; 0 ignored; 0 measured; 0 filtered out; finished in 0.00s
[INFO] [stdout] 
[INFO] [stderr]      Running unittests src/main.rs (/opt/rustwide/target/debug/deps/zman-6d6295406fa9934b)
[INFO] [stdout] 
[INFO] [stdout] running 0 tests
[INFO] [stdout] 
[INFO] [stdout] test result: ok. 0 passed; 0 failed; 0 ignored; 0 measured; 0 filtered out; finished in 0.00s
[INFO] [stdout] 
[INFO] [stderr]      Running tests/integration.rs (/opt/rustwide/target/debug/deps/integration-3e5692153143f9c6)
[INFO] [stdout] 
[INFO] [stdout] running 5 tests
[INFO] [stdout] test full_bar ... FAILED
[INFO] [stdout] test rest_bar ... FAILED
[INFO] [stdout] test year ... ok
[INFO] [stdout] test year_json ... ok
[INFO] [stdout] test help ... ok
[INFO] [stderr] error: test failed, to rerun pass `--test integration`
[INFO] [stdout] 
[INFO] [stdout] failures:
[INFO] [stdout] 
[INFO] [stdout] ---- full_bar stdout ----
[INFO] [stdout] Error: The system's UTC offset could not be determined
[INFO] [stdout] 
[INFO] [stdout] ---- rest_bar stdout ----
[INFO] [stdout] Error: The system's UTC offset could not be determined
[INFO] [stdout] 
[INFO] [stdout] 
[INFO] [stdout] failures:
[INFO] [stdout]     full_bar
[INFO] [stdout]     rest_bar
[INFO] [stdout] 
[INFO] [stdout] test result: FAILED. 3 passed; 2 failed; 0 ignored; 0 measured; 0 filtered out; finished in 0.01s
[INFO] [stdout] 
[INFO] running `Command { std: "docker" "inspect" "7bfd3661de75b8bf677633ba25fc14758261be52cf324498390bfa049419a49d", kill_on_drop: false }`
[INFO] running `Command { std: "docker" "rm" "-f" "7bfd3661de75b8bf677633ba25fc14758261be52cf324498390bfa049419a49d", kill_on_drop: false }`
[INFO] [stdout] 7bfd3661de75b8bf677633ba25fc14758261be52cf324498390bfa049419a49d
