[INFO] fetching crate zki_sieve 3.0.0...
[INFO] testing zki_sieve-3.0.0 against beta-2023-04-20 for beta-1.70-1
[INFO] extracting crate zki_sieve 3.0.0 into /workspace/builds/worker-4-tc2/source
[INFO] validating manifest of crates.io crate zki_sieve 3.0.0 on toolchain beta-2023-04-20
[INFO] running `Command { std: CARGO_HOME="/workspace/cargo-home" RUSTUP_HOME="/workspace/rustup-home" "/workspace/cargo-home/bin/cargo" "+beta-2023-04-20" "metadata" "--manifest-path" "Cargo.toml" "--no-deps", kill_on_drop: false }`
[INFO] removed /workspace/builds/worker-4-tc2/source/rust-toolchain
[INFO] started tweaking crates.io crate zki_sieve 3.0.0
[INFO] finished tweaking crates.io crate zki_sieve 3.0.0
[INFO] tweaked toml for crates.io crate zki_sieve 3.0.0 written to /workspace/builds/worker-4-tc2/source/Cargo.toml
[INFO] crate crates.io crate zki_sieve 3.0.0 already has a lockfile, it will not be regenerated
[INFO] running `Command { std: CARGO_HOME="/workspace/cargo-home" RUSTUP_HOME="/workspace/rustup-home" "/workspace/cargo-home/bin/cargo" "+beta-2023-04-20" "fetch" "--manifest-path" "Cargo.toml", kill_on_drop: false }`
[INFO] [stderr]     Updating crates.io index
[INFO] [stderr]  Downloading crates ...
[INFO] [stderr]   Downloaded serde_yaml v0.8.13
[INFO] [stderr]   Downloaded serde v1.0.111
[INFO] [stderr]   Downloaded memchr v2.1.3
[INFO] [stderr]   Downloaded flatbuffers v0.6.1
[INFO] [stderr]   Downloaded serde_derive v1.0.111
[INFO] [stderr]   Downloaded structopt v0.3.17
[INFO] [stderr]   Downloaded smallvec v0.6.7
[INFO] [stderr]   Downloaded num-bigint-dig v0.8.1
[INFO] [stderr]   Downloaded flatbuffers v0.5.0
[INFO] [stderr]   Downloaded aho-corasick v0.6.9
[INFO] [stderr]   Downloaded regex v1.1.0
[INFO] [stderr]   Downloaded syn v1.0.30
[INFO] [stderr]   Downloaded structopt-derive v0.4.10
[INFO] [stderr]   Downloaded zkinterface v1.3.2
[INFO] running `Command { std: "docker" "create" "-v" "/var/lib/crater-agent-workspace/builds/worker-4-tc2/target:/opt/rustwide/target:rw,Z" "-v" "/var/lib/crater-agent-workspace/builds/worker-4-tc2/source:/opt/rustwide/workdir:ro,Z" "-v" "/var/lib/crater-agent-workspace/cargo-home:/opt/rustwide/cargo-home:ro,Z" "-v" "/var/lib/crater-agent-workspace/rustup-home:/opt/rustwide/rustup-home:ro,Z" "-e" "SOURCE_DIR=/opt/rustwide/workdir" "-e" "CARGO_TARGET_DIR=/opt/rustwide/target" "-e" "CARGO_HOME=/opt/rustwide/cargo-home" "-e" "RUSTUP_HOME=/opt/rustwide/rustup-home" "-w" "/opt/rustwide/workdir" "-m" "1610612736" "--user" "0:0" "--network" "none" "ghcr.io/rust-lang/crates-build-env/linux@sha256:5ff2268d62e97bff2cde7d5815dd6ed5b47097566f13b8d0ca110b04b60e07ed" "/opt/rustwide/cargo-home/bin/cargo" "+beta-2023-04-20" "metadata" "--no-deps" "--format-version=1", kill_on_drop: false }`
[INFO] [stdout] 23474c2215de9841a26787530a6f93b260b418220210777bd1cb867fa0608b84
[INFO] running `Command { std: "docker" "start" "-a" "23474c2215de9841a26787530a6f93b260b418220210777bd1cb867fa0608b84", kill_on_drop: false }`
[INFO] running `Command { std: "docker" "inspect" "23474c2215de9841a26787530a6f93b260b418220210777bd1cb867fa0608b84", kill_on_drop: false }`
[INFO] running `Command { std: "docker" "rm" "-f" "23474c2215de9841a26787530a6f93b260b418220210777bd1cb867fa0608b84", kill_on_drop: false }`
[INFO] [stdout] 23474c2215de9841a26787530a6f93b260b418220210777bd1cb867fa0608b84
[INFO] running `Command { std: "docker" "create" "-v" "/var/lib/crater-agent-workspace/builds/worker-4-tc2/target:/opt/rustwide/target:rw,Z" "-v" "/var/lib/crater-agent-workspace/builds/worker-4-tc2/source:/opt/rustwide/workdir:ro,Z" "-v" "/var/lib/crater-agent-workspace/cargo-home:/opt/rustwide/cargo-home:ro,Z" "-v" "/var/lib/crater-agent-workspace/rustup-home:/opt/rustwide/rustup-home:ro,Z" "-e" "SOURCE_DIR=/opt/rustwide/workdir" "-e" "CARGO_TARGET_DIR=/opt/rustwide/target" "-e" "CARGO_INCREMENTAL=0" "-e" "RUST_BACKTRACE=full" "-e" "RUSTFLAGS=--cap-lints=warn" "-e" "RUSTDOCFLAGS=--cap-lints=warn" "-e" "CARGO_HOME=/opt/rustwide/cargo-home" "-e" "RUSTUP_HOME=/opt/rustwide/rustup-home" "-w" "/opt/rustwide/workdir" "-m" "1610612736" "--user" "0:0" "--network" "none" "ghcr.io/rust-lang/crates-build-env/linux@sha256:5ff2268d62e97bff2cde7d5815dd6ed5b47097566f13b8d0ca110b04b60e07ed" "/opt/rustwide/cargo-home/bin/cargo" "+beta-2023-04-20" "build" "--frozen" "--message-format=json", kill_on_drop: false }`
[INFO] [stdout] 3503e0ea7ec9ad7e5765457d29e14cd6a355b9926b21c962cf5aca9f7b6b0e62
[INFO] running `Command { std: "docker" "start" "-a" "3503e0ea7ec9ad7e5765457d29e14cd6a355b9926b21c962cf5aca9f7b6b0e62", kill_on_drop: false }`
[INFO] [stderr]    Compiling libc v0.2.126
[INFO] [stderr]    Compiling autocfg v1.0.1
[INFO] [stderr]    Compiling proc-macro2 v1.0.18
[INFO] [stderr]    Compiling spin v0.5.2
[INFO] [stderr]    Compiling syn v1.0.30
[INFO] [stderr]    Compiling version_check v0.9.2
[INFO] [stderr]    Compiling memchr v2.1.3
[INFO] [stderr]    Compiling cfg-if v0.1.6
[INFO] [stderr]    Compiling regex v1.1.0
[INFO] [stderr]    Compiling lazy_static v1.4.0
[INFO] [stderr]    Compiling ucd-util v0.1.3
[INFO] [stderr]    Compiling num-traits v0.2.12
[INFO] [stderr]    Compiling num-integer v0.1.43
[INFO] [stderr]    Compiling regex-syntax v0.6.5
[INFO] [stderr]    Compiling thread_local v0.3.6
[INFO] [stderr]    Compiling proc-macro-error-attr v1.0.4
[INFO] [stderr]    Compiling serde v1.0.111
[INFO] [stderr]    Compiling utf8-ranges v1.0.2
[INFO] [stderr]    Compiling quote v1.0.6
[INFO] [stderr]    Compiling proc-macro-error v1.0.4
[INFO] [stderr]    Compiling ryu v1.0.5
[INFO] [stderr]    Compiling unicode-width v0.1.8
[INFO] [stderr]    Compiling atty v0.2.14
[INFO] [stderr]    Compiling getrandom v0.2.7
[INFO] [stderr]    Compiling unicode-segmentation v1.6.0
[INFO] [stderr]    Compiling void v1.0.2
[INFO] [stderr]    Compiling aho-corasick v0.6.9
[INFO] [stderr]    Compiling unreachable v1.0.0
[INFO] [stderr]    Compiling rand_core v0.6.3
[INFO] [stderr]    Compiling textwrap v0.11.0
[INFO] [stderr]    Compiling heck v0.3.1
[INFO] [stderr]    Compiling num-bigint v0.3.0
[INFO] [stderr]    Compiling num-iter v0.1.43
[INFO] [stderr]    Compiling linked-hash-map v0.5.3
[INFO] [stderr]    Compiling vec_map v0.8.2
[INFO] [stderr]    Compiling libm v0.2.2
[INFO] [stderr]    Compiling strsim v0.8.0
[INFO] [stderr]    Compiling ansi_term v0.11.0
[INFO] [stderr]    Compiling ppv-lite86 v0.2.16
[INFO] [stderr]    Compiling clap v2.33.3
[INFO] [stderr]    Compiling yaml-rust v0.4.4
[INFO] [stderr]    Compiling rand_chacha v0.3.1
[INFO] [stderr]    Compiling smallvec v0.6.7
[INFO] [stderr]    Compiling dtoa v0.4.6
[INFO] [stderr]    Compiling num-bigint-dig v0.8.1
[INFO] [stderr]    Compiling itoa v0.4.5
[INFO] [stderr]    Compiling smallvec v1.6.1
[INFO] [stderr]    Compiling rand v0.8.5
[INFO] [stderr]    Compiling flatbuffers v0.5.0
[INFO] [stderr]    Compiling colored v2.0.0
[INFO] [stderr]    Compiling either v1.6.1
[INFO] [stderr]    Compiling byteorder v1.4.3
[INFO] [stderr]    Compiling itertools v0.10.3
[INFO] [stderr]    Compiling flatbuffers v0.6.1
[INFO] [stderr]    Compiling serde_derive v1.0.111
[INFO] [stderr]    Compiling structopt-derive v0.4.10
[INFO] [stderr]    Compiling zkinterface v1.3.2
[INFO] [stderr]    Compiling zki_sieve v3.0.0 (/opt/rustwide/workdir)
[INFO] [stderr]    Compiling structopt v0.3.17
[INFO] [stderr]    Compiling serde_yaml v0.8.13
[INFO] [stderr]    Compiling serde_json v1.0.53
[INFO] [stderr]     Finished dev [unoptimized + debuginfo] target(s) in 54.66s
[INFO] running `Command { std: "docker" "inspect" "3503e0ea7ec9ad7e5765457d29e14cd6a355b9926b21c962cf5aca9f7b6b0e62", kill_on_drop: false }`
[INFO] running `Command { std: "docker" "rm" "-f" "3503e0ea7ec9ad7e5765457d29e14cd6a355b9926b21c962cf5aca9f7b6b0e62", kill_on_drop: false }`
[INFO] [stdout] 3503e0ea7ec9ad7e5765457d29e14cd6a355b9926b21c962cf5aca9f7b6b0e62
[INFO] running `Command { std: "docker" "create" "-v" "/var/lib/crater-agent-workspace/builds/worker-4-tc2/target:/opt/rustwide/target:rw,Z" "-v" "/var/lib/crater-agent-workspace/builds/worker-4-tc2/source:/opt/rustwide/workdir:ro,Z" "-v" "/var/lib/crater-agent-workspace/cargo-home:/opt/rustwide/cargo-home:ro,Z" "-v" "/var/lib/crater-agent-workspace/rustup-home:/opt/rustwide/rustup-home:ro,Z" "-e" "SOURCE_DIR=/opt/rustwide/workdir" "-e" "CARGO_TARGET_DIR=/opt/rustwide/target" "-e" "CARGO_INCREMENTAL=0" "-e" "RUST_BACKTRACE=full" "-e" "RUSTFLAGS=--cap-lints=warn" "-e" "RUSTDOCFLAGS=--cap-lints=warn" "-e" "CARGO_HOME=/opt/rustwide/cargo-home" "-e" "RUSTUP_HOME=/opt/rustwide/rustup-home" "-w" "/opt/rustwide/workdir" "-m" "1610612736" "--user" "0:0" "--network" "none" "ghcr.io/rust-lang/crates-build-env/linux@sha256:5ff2268d62e97bff2cde7d5815dd6ed5b47097566f13b8d0ca110b04b60e07ed" "/opt/rustwide/cargo-home/bin/cargo" "+beta-2023-04-20" "test" "--frozen" "--no-run" "--message-format=json", kill_on_drop: false }`
[INFO] [stdout] 3ba3d4ae2c848d2556a8f987b169ba439155d9ff4e92c6f05624b7b29ce1827f
[INFO] running `Command { std: "docker" "start" "-a" "3ba3d4ae2c848d2556a8f987b169ba439155d9ff4e92c6f05624b7b29ce1827f", kill_on_drop: false }`
[INFO] [stderr]    Compiling zki_sieve v3.0.0 (/opt/rustwide/workdir)
[INFO] [stderr]     Finished test [unoptimized + debuginfo] target(s) in 9.55s
[INFO] running `Command { std: "docker" "inspect" "3ba3d4ae2c848d2556a8f987b169ba439155d9ff4e92c6f05624b7b29ce1827f", kill_on_drop: false }`
[INFO] running `Command { std: "docker" "rm" "-f" "3ba3d4ae2c848d2556a8f987b169ba439155d9ff4e92c6f05624b7b29ce1827f", kill_on_drop: false }`
[INFO] [stdout] 3ba3d4ae2c848d2556a8f987b169ba439155d9ff4e92c6f05624b7b29ce1827f
[INFO] running `Command { std: "docker" "create" "-v" "/var/lib/crater-agent-workspace/builds/worker-4-tc2/target:/opt/rustwide/target:rw,Z" "-v" "/var/lib/crater-agent-workspace/builds/worker-4-tc2/source:/opt/rustwide/workdir:ro,Z" "-v" "/var/lib/crater-agent-workspace/cargo-home:/opt/rustwide/cargo-home:ro,Z" "-v" "/var/lib/crater-agent-workspace/rustup-home:/opt/rustwide/rustup-home:ro,Z" "-e" "SOURCE_DIR=/opt/rustwide/workdir" "-e" "CARGO_TARGET_DIR=/opt/rustwide/target" "-e" "CARGO_INCREMENTAL=0" "-e" "RUST_BACKTRACE=full" "-e" "RUSTFLAGS=--cap-lints=warn" "-e" "RUSTDOCFLAGS=--cap-lints=warn" "-e" "CARGO_HOME=/opt/rustwide/cargo-home" "-e" "RUSTUP_HOME=/opt/rustwide/rustup-home" "-w" "/opt/rustwide/workdir" "-m" "1610612736" "--user" "0:0" "--network" "none" "ghcr.io/rust-lang/crates-build-env/linux@sha256:5ff2268d62e97bff2cde7d5815dd6ed5b47097566f13b8d0ca110b04b60e07ed" "/opt/rustwide/cargo-home/bin/cargo" "+beta-2023-04-20" "test" "--frozen", kill_on_drop: false }`
[INFO] [stdout] 6e00354bc30e338d205d49988f0235ada8ee472be14baea44e8a4d1df325d6df
[INFO] running `Command { std: "docker" "start" "-a" "6e00354bc30e338d205d49988f0235ada8ee472be14baea44e8a4d1df325d6df", kill_on_drop: false }`
[INFO] [stderr]     Finished test [unoptimized + debuginfo] target(s) in 0.05s
[INFO] [stdout] 
[INFO] [stderr]      Running unittests src/lib.rs (/opt/rustwide/target/debug/deps/zki_sieve-e742aa000948a8be)
[INFO] [stdout] running 37 tests
[INFO] [stdout] test cli::test_cli ... FAILED
[INFO] [stdout] test consumers::evaluator::test_evaluator ... ok
[INFO] [stdout] test consumers::evaluator::test_evaluator_as_verifier ... ok
[INFO] [stdout] test consumers::to_r1cs::test_tor1cs_check_witnesses_instances ... FAILED
[INFO] [stdout] test consumers::to_r1cs::test_tor1cs_validate_2ways_conversion_bigger_field ... FAILED
[INFO] [stdout] test consumers::to_r1cs::test_tor1cs_validate_converted_circuit_bigger_field ... FAILED
[INFO] [stdout] test consumers::evaluator::test_evaluator_wrong_result ... ok
[INFO] [stdout] test consumers::to_r1cs::test_tor1cs_validate_converted_circuit_same_field ... FAILED
[INFO] [stdout] test consumers::stats::test_stats ... ok
[INFO] [stdout] test consumers::to_r1cs::test_tor1cs_validate_2ways_conversion_same_field ... FAILED
[INFO] [stdout] test consumers::flattening::test_evaluate_flattening ... ok
[INFO] [stdout] test consumers::evaluator::test_exponentiation ... ok
[INFO] [stdout] test producers::boolean_examples::test_boolean_examples ... ok
[INFO] [stdout] test producers::builder::test_switch_builder ... ok
[INFO] [stdout] test producers::builder::test_builder_with_several_functions ... ok
[INFO] [stdout] test producers::builder::test_switch_nested_in_function ... ok
[INFO] [stdout] test consumers::flattening::test_validate_flattening ... ok
[INFO] [stdout] test producers::examples::test_examples ... ok
[INFO] [stdout] test producers::from_r1cs::test_r1cs_to_gates ... ok
[INFO] [stdout] test producers::from_r1cs::test_r1cs_stats ... ok
[INFO] [stdout] test structs::gates::test_replace_output_wires ... ok
[INFO] [stdout] test producers::builder::test_builder_with_function ... ok
[INFO] [stdout] test structs::gates::test_replace_output_wires_with_for ... ok
[INFO] [stdout] test structs::gates::test_replace_output_wires_with_forbidden_free ... ok
[INFO] [stdout] test structs::relation::test_create_feature_toggles ... ok
[INFO] [stdout] test structs::relation::test_parse_feature_toggles ... ok
[INFO] [stdout] test structs::relation::test_create_gateset_string ... ok
[INFO] [stdout] test structs::relation::test_parse_gate_set ... ok
[INFO] [stdout] test structs::wire::test_expand_wirelist ... ok
[INFO] [stdout] test structs::wire::test_replace_wire ... ok
[INFO] [stdout] test structs::value::test_is_probably_prime ... ok
[INFO] [stdout] test structs::wire::test_replace_wire_in_wirelist ... ok
[INFO] [stdout] test consumers::validator::test_validator_free_violations ... ok
[INFO] [stdout] test consumers::validator::test_validator_as_verifier ... ok
[INFO] [stdout] test consumers::validator::test_validator_violations ... ok
[INFO] [stdout] test consumers::validator::test_validator ... ok
[INFO] [stdout] test producers::sink::test_sink ... FAILED
[INFO] [stdout] 
[INFO] [stdout] failures:
[INFO] [stdout] 
[INFO] [stdout] ---- cli::test_cli stdout ----
[INFO] [stdout] Error: Os { code: 30, kind: ReadOnlyFilesystem, message: "Read-only file system" }
[INFO] [stdout] 
[INFO] [stdout] ---- consumers::to_r1cs::test_tor1cs_check_witnesses_instances stdout ----
[INFO] [stdout] Error: Os { code: 30, kind: ReadOnlyFilesystem, message: "Read-only file system" }
[INFO] [stdout] 
[INFO] [stdout] ---- consumers::to_r1cs::test_tor1cs_validate_2ways_conversion_bigger_field stdout ----
[INFO] [stdout] Error: Os { code: 30, kind: ReadOnlyFilesystem, message: "Read-only file system" }
[INFO] [stdout] 
[INFO] [stdout] ---- consumers::to_r1cs::test_tor1cs_validate_converted_circuit_bigger_field stdout ----
[INFO] [stdout] Error: Os { code: 30, kind: ReadOnlyFilesystem, message: "Read-only file system" }
[INFO] [stdout] 
[INFO] [stdout] ---- consumers::to_r1cs::test_tor1cs_validate_converted_circuit_same_field stdout ----
[INFO] [stdout] Error: Os { code: 30, kind: ReadOnlyFilesystem, message: "Read-only file system" }
[INFO] [stdout] 
[INFO] [stdout] ---- consumers::to_r1cs::test_tor1cs_validate_2ways_conversion_same_field stdout ----
[INFO] [stdout] Error: Os { code: 30, kind: ReadOnlyFilesystem, message: "Read-only file system" }
[INFO] [stdout] 
[INFO] [stdout] ---- producers::sink::test_sink stdout ----
[INFO] [stdout] thread 'producers::sink::test_sink' panicked at 'called `Result::unwrap()` on an `Err` value: Os { code: 30, kind: ReadOnlyFilesystem, message: "Read-only file system" }', src/producers/sink.rs:175:53
[INFO] [stdout] stack backtrace:
[INFO] [stdout]    0:     0x55d9c73245fa - std::backtrace_rs::backtrace::libunwind::trace::h2f05d0192276a8f6
[INFO] [stdout]                                at /rustc/1b7dd2252b99671ce5d1cb9664c5f8636329436d/library/std/src/../../backtrace/src/backtrace/libunwind.rs:93:5
[INFO] [stdout]    1:     0x55d9c73245fa - std::backtrace_rs::backtrace::trace_unsynchronized::hedc23dff7a1af150
[INFO] [stdout]                                at /rustc/1b7dd2252b99671ce5d1cb9664c5f8636329436d/library/std/src/../../backtrace/src/backtrace/mod.rs:66:5
[INFO] [stdout]    2:     0x55d9c73245fa - std::sys_common::backtrace::_print_fmt::h17541ef7592f3ce2
[INFO] [stdout]                                at /rustc/1b7dd2252b99671ce5d1cb9664c5f8636329436d/library/std/src/sys_common/backtrace.rs:65:5
[INFO] [stdout]    3:     0x55d9c73245fa - <std::sys_common::backtrace::_print::DisplayBacktrace as core::fmt::Display>::fmt::h20f75df5ab0c0792
[INFO] [stdout]                                at /rustc/1b7dd2252b99671ce5d1cb9664c5f8636329436d/library/std/src/sys_common/backtrace.rs:44:22
[INFO] [stdout]    4:     0x55d9c734aeaf - core::fmt::write::h78109e6f466b3af6
[INFO] [stdout]                                at /rustc/1b7dd2252b99671ce5d1cb9664c5f8636329436d/library/core/src/fmt/mod.rs:1254:17
[INFO] [stdout]    5:     0x55d9c73211d5 - std::io::Write::write_fmt::hd24bfb68a1b35a25
[INFO] [stdout]                                at /rustc/1b7dd2252b99671ce5d1cb9664c5f8636329436d/library/std/src/io/mod.rs:1698:15
[INFO] [stdout]    6:     0x55d9c73243c5 - std::sys_common::backtrace::_print::h8dac57a9f8fbf9a5
[INFO] [stdout]                                at /rustc/1b7dd2252b99671ce5d1cb9664c5f8636329436d/library/std/src/sys_common/backtrace.rs:47:5
[INFO] [stdout]    7:     0x55d9c73243c5 - std::sys_common::backtrace::print::hf9ecbf41d1aa712f
[INFO] [stdout]                                at /rustc/1b7dd2252b99671ce5d1cb9664c5f8636329436d/library/std/src/sys_common/backtrace.rs:34:9
[INFO] [stdout]    8:     0x55d9c732607e - std::panicking::default_hook::{{closure}}::h04c07acfc84ca028
[INFO] [stdout]                                at /rustc/1b7dd2252b99671ce5d1cb9664c5f8636329436d/library/std/src/panicking.rs:269:22
[INFO] [stdout]    9:     0x55d9c7325db1 - std::panicking::default_hook::h01f6bb23e1eceb2c
[INFO] [stdout]                                at /rustc/1b7dd2252b99671ce5d1cb9664c5f8636329436d/library/std/src/panicking.rs:285:9
[INFO] [stdout]   10:     0x55d9c702eeab - <alloc::boxed::Box<F,A> as core::ops::function::Fn<Args>>::call::h87fe9f7b2fd49e4c
[INFO] [stdout]                                at /rustc/1b7dd2252b99671ce5d1cb9664c5f8636329436d/library/alloc/src/boxed.rs:1987:9
[INFO] [stdout]   11:     0x55d9c702eeab - test::test_main::{{closure}}::he94d679243a7531b
[INFO] [stdout]                                at /rustc/1b7dd2252b99671ce5d1cb9664c5f8636329436d/library/test/src/lib.rs:134:21
[INFO] [stdout]   12:     0x55d9c7326764 - <alloc::boxed::Box<F,A> as core::ops::function::Fn<Args>>::call::h3f2d6d8b14c4769f
[INFO] [stdout]                                at /rustc/1b7dd2252b99671ce5d1cb9664c5f8636329436d/library/alloc/src/boxed.rs:1987:9
[INFO] [stdout]   13:     0x55d9c7326764 - std::panicking::rust_panic_with_hook::h2bb3722bbaf2f6df
[INFO] [stdout]                                at /rustc/1b7dd2252b99671ce5d1cb9664c5f8636329436d/library/std/src/panicking.rs:695:13
[INFO] [stdout]   14:     0x55d9c73264d9 - std::panicking::begin_panic_handler::{{closure}}::h91bc7f36a4be011b
[INFO] [stdout]                                at /rustc/1b7dd2252b99671ce5d1cb9664c5f8636329436d/library/std/src/panicking.rs:582:13
[INFO] [stdout]   15:     0x55d9c7324a66 - std::sys_common::backtrace::__rust_end_short_backtrace::h8b3d3717114f9e59
[INFO] [stdout]                                at /rustc/1b7dd2252b99671ce5d1cb9664c5f8636329436d/library/std/src/sys_common/backtrace.rs:150:18
[INFO] [stdout]   16:     0x55d9c7326232 - rust_begin_unwind
[INFO] [stdout]                                at /rustc/1b7dd2252b99671ce5d1cb9664c5f8636329436d/library/std/src/panicking.rs:578:5
[INFO] [stdout]   17:     0x55d9c6da9753 - core::panicking::panic_fmt::hfd368e3fbdabea26
[INFO] [stdout]                                at /rustc/1b7dd2252b99671ce5d1cb9664c5f8636329436d/library/core/src/panicking.rs:67:14
[INFO] [stdout]   18:     0x55d9c6da9cf3 - core::result::unwrap_failed::he54eb4b2f125b26f
[INFO] [stdout]                                at /rustc/1b7dd2252b99671ce5d1cb9664c5f8636329436d/library/core/src/result.rs:1687:5
[INFO] [stdout]   19:     0x55d9c6fe7f6c - core::result::Result<T,E>::unwrap::h1ec57c64d388a776
[INFO] [stdout]                                at /rustc/1b7dd2252b99671ce5d1cb9664c5f8636329436d/library/core/src/result.rs:1089:23
[INFO] [stdout]   20:     0x55d9c6e47d8b - zki_sieve::producers::sink::test_sink::h5ec6b743cec41ad3
[INFO] [stdout]                                at /opt/rustwide/workdir/src/producers/sink.rs:175:20
[INFO] [stdout]   21:     0x55d9c6e47cd7 - zki_sieve::producers::sink::test_sink::{{closure}}::h67e2e7970c3d2871
[INFO] [stdout]                                at /opt/rustwide/workdir/src/producers/sink.rs:147:16
[INFO] [stdout]   22:     0x55d9c6ef8945 - core::ops::function::FnOnce::call_once::h8d8861152174adf4
[INFO] [stdout]                                at /rustc/1b7dd2252b99671ce5d1cb9664c5f8636329436d/library/core/src/ops/function.rs:250:5
[INFO] [stdout]   23:     0x55d9c7033d7f - core::ops::function::FnOnce::call_once::ha6a70e79f7481a7e
[INFO] [stdout]                                at /rustc/1b7dd2252b99671ce5d1cb9664c5f8636329436d/library/core/src/ops/function.rs:250:5
[INFO] [stdout]   24:     0x55d9c7033d7f - test::__rust_begin_short_backtrace::hce33033019b61e69
[INFO] [stdout]                                at /rustc/1b7dd2252b99671ce5d1cb9664c5f8636329436d/library/test/src/lib.rs:655:18
[INFO] [stdout]   25:     0x55d9c700156c - test::run_test::{{closure}}::h858d3528838ae3e5
[INFO] [stdout]                                at /rustc/1b7dd2252b99671ce5d1cb9664c5f8636329436d/library/test/src/lib.rs:646:30
[INFO] [stdout]   26:     0x55d9c700156c - core::ops::function::FnOnce::call_once{{vtable.shim}}::he8ac2b00f01ae79e
[INFO] [stdout]                                at /rustc/1b7dd2252b99671ce5d1cb9664c5f8636329436d/library/core/src/ops/function.rs:250:5
[INFO] [stdout]   27:     0x55d9c7032e56 - <alloc::boxed::Box<F,A> as core::ops::function::FnOnce<Args>>::call_once::h8093d25b522725ef
[INFO] [stdout]                                at /rustc/1b7dd2252b99671ce5d1cb9664c5f8636329436d/library/alloc/src/boxed.rs:1973:9
[INFO] [stdout]   28:     0x55d9c7032e56 - <core::panic::unwind_safe::AssertUnwindSafe<F> as core::ops::function::FnOnce<()>>::call_once::h5c334c204e4a3913
[INFO] [stdout]                                at /rustc/1b7dd2252b99671ce5d1cb9664c5f8636329436d/library/core/src/panic/unwind_safe.rs:271:9
[INFO] [stdout]   29:     0x55d9c7032e56 - std::panicking::try::do_call::ha8b740c7b9478074
[INFO] [stdout]                                at /rustc/1b7dd2252b99671ce5d1cb9664c5f8636329436d/library/std/src/panicking.rs:485:40
[INFO] [stdout]   30:     0x55d9c7032e56 - std::panicking::try::h5d34f63d0e41b64e
[INFO] [stdout]                                at /rustc/1b7dd2252b99671ce5d1cb9664c5f8636329436d/library/std/src/panicking.rs:449:19
[INFO] [stdout]   31:     0x55d9c7032e56 - std::panic::catch_unwind::hcfbb511e1aa7fc67
[INFO] [stdout]                                at /rustc/1b7dd2252b99671ce5d1cb9664c5f8636329436d/library/std/src/panic.rs:140:14
[INFO] [stdout]   32:     0x55d9c7032e56 - test::run_test_in_process::h9abda90f802eaf21
[INFO] [stdout]                                at /rustc/1b7dd2252b99671ce5d1cb9664c5f8636329436d/library/test/src/lib.rs:678:27
[INFO] [stdout]   33:     0x55d9c7032e56 - test::run_test::run_test_inner::{{closure}}::h0f058de91f6c6edf
[INFO] [stdout]                                at /rustc/1b7dd2252b99671ce5d1cb9664c5f8636329436d/library/test/src/lib.rs:572:39
[INFO] [stdout]   34:     0x55d9c6ffbd75 - test::run_test::run_test_inner::{{closure}}::h5ca48a4c59c6c1fb
[INFO] [stdout]                                at /rustc/1b7dd2252b99671ce5d1cb9664c5f8636329436d/library/test/src/lib.rs:599:37
[INFO] [stdout]   35:     0x55d9c6ffbd75 - std::sys_common::backtrace::__rust_begin_short_backtrace::h32bd51e1495d4a33
[INFO] [stdout]                                at /rustc/1b7dd2252b99671ce5d1cb9664c5f8636329436d/library/std/src/sys_common/backtrace.rs:134:18
[INFO] [stdout]   36:     0x55d9c70012b1 - std::thread::Builder::spawn_unchecked_::{{closure}}::{{closure}}::hc086fae9b128b2db
[INFO] [stdout]                                at /rustc/1b7dd2252b99671ce5d1cb9664c5f8636329436d/library/std/src/thread/mod.rs:526:17
[INFO] [stdout]   37:     0x55d9c70012b1 - <core::panic::unwind_safe::AssertUnwindSafe<F> as core::ops::function::FnOnce<()>>::call_once::hb66571888d270d43
[INFO] [stdout]                                at /rustc/1b7dd2252b99671ce5d1cb9664c5f8636329436d/library/core/src/panic/unwind_safe.rs:271:9
[INFO] [stdout]   38:     0x55d9c70012b1 - std::panicking::try::do_call::h4fa2ef4f6e51fecf
[INFO] [stdout]                                at /rustc/1b7dd2252b99671ce5d1cb9664c5f8636329436d/library/std/src/panicking.rs:485:40
[INFO] [stdout]   39:     0x55d9c70012b1 - std::panicking::try::h1e9e22b8584489b5
[INFO] [stdout]                                at /rustc/1b7dd2252b99671ce5d1cb9664c5f8636329436d/library/std/src/panicking.rs:449:19
[INFO] [stdout]   40:     0x55d9c70012b1 - std::panic::catch_unwind::h44698a3de0e0769e
[INFO] [stdout]                                at /rustc/1b7dd2252b99671ce5d1cb9664c5f8636329436d/library/std/src/panic.rs:140:14
[INFO] [stdout]   41:     0x55d9c70012b1 - std::thread::Builder::spawn_unchecked_::{{closure}}::h50153abde3fe239e
[INFO] [stdout]                                at /rustc/1b7dd2252b99671ce5d1cb9664c5f8636329436d/library/std/src/thread/mod.rs:525:30
[INFO] [stdout]   42:     0x55d9c70012b1 - core::ops::function::FnOnce::call_once{{vtable.shim}}::hbe5bbf6f38394364
[INFO] [stdout]                                at /rustc/1b7dd2252b99671ce5d1cb9664c5f8636329436d/library/core/src/ops/function.rs:250:5
[INFO] [stdout]   43:     0x55d9c732b825 - <alloc::boxed::Box<F,A> as core::ops::function::FnOnce<Args>>::call_once::h0d83cb2920a49046
[INFO] [stdout]                                at /rustc/1b7dd2252b99671ce5d1cb9664c5f8636329436d/library/alloc/src/boxed.rs:1973:9
[INFO] [stdout]   44:     0x55d9c732b825 - <alloc::boxed::Box<F,A> as core::ops::function::FnOnce<Args>>::call_once::hbe0a008aa7d9ef59
[INFO] [stdout]                                at /rustc/1b7dd2252b99671ce5d1cb9664c5f8636329436d/library/alloc/src/boxed.rs:1973:9
[INFO] [stdout]   45:     0x55d9c732b825 - std::sys::unix::thread::Thread::new::thread_start::h3a466996bdf6b1f9
[INFO] [stdout]                                at /rustc/1b7dd2252b99671ce5d1cb9664c5f8636329436d/library/std/src/sys/unix/thread.rs:108:17
[INFO] [stdout]   46:     0x7fc7d6252b43 - <unknown>
[INFO] [stdout]   47:     0x7fc7d62e3bb4 - __clone
[INFO] [stdout]   48:                0x0 - <unknown>
[INFO] [stdout] 
[INFO] [stdout] 
[INFO] [stdout] failures:
[INFO] [stdout]     cli::test_cli
[INFO] [stdout]     consumers::to_r1cs::test_tor1cs_check_witnesses_instances
[INFO] [stdout]     consumers::to_r1cs::test_tor1cs_validate_2ways_conversion_bigger_field
[INFO] [stdout]     consumers::to_r1cs::test_tor1cs_validate_2ways_conversion_same_field
[INFO] [stdout]     consumers::to_r1cs::test_tor1cs_validate_converted_circuit_bigger_field
[INFO] [stdout]     consumers::to_r1cs::test_tor1cs_validate_converted_circuit_same_field
[INFO] [stdout]     producers::sink::test_sink
[INFO] [stdout] 
[INFO] [stdout] test result: FAILED. 30 passed; 7 failed; 0 ignored; 0 measured; 0 filtered out; finished in 0.27s
[INFO] [stdout] 
[INFO] [stderr] error: test failed, to rerun pass `--lib`
[INFO] running `Command { std: "docker" "inspect" "6e00354bc30e338d205d49988f0235ada8ee472be14baea44e8a4d1df325d6df", kill_on_drop: false }`
[INFO] running `Command { std: "docker" "rm" "-f" "6e00354bc30e338d205d49988f0235ada8ee472be14baea44e8a4d1df325d6df", kill_on_drop: false }`
[INFO] [stdout] 6e00354bc30e338d205d49988f0235ada8ee472be14baea44e8a4d1df325d6df
