[INFO] fetching crate zflow 0.1.12...
[INFO] testing zflow-0.1.12 against beta-2023-04-20 for beta-1.70-1
[INFO] extracting crate zflow 0.1.12 into /workspace/builds/worker-1-tc2/source
[INFO] validating manifest of crates.io crate zflow 0.1.12 on toolchain beta-2023-04-20
[INFO] running `Command { std: CARGO_HOME="/workspace/cargo-home" RUSTUP_HOME="/workspace/rustup-home" "/workspace/cargo-home/bin/cargo" "+beta-2023-04-20" "metadata" "--manifest-path" "Cargo.toml" "--no-deps", kill_on_drop: false }`
[INFO] started tweaking crates.io crate zflow 0.1.12
[INFO] finished tweaking crates.io crate zflow 0.1.12
[INFO] tweaked toml for crates.io crate zflow 0.1.12 written to /workspace/builds/worker-1-tc2/source/Cargo.toml
[INFO] crate crates.io crate zflow 0.1.12 already has a lockfile, it will not be regenerated
[INFO] running `Command { std: CARGO_HOME="/workspace/cargo-home" RUSTUP_HOME="/workspace/rustup-home" "/workspace/cargo-home/bin/cargo" "+beta-2023-04-20" "fetch" "--manifest-path" "Cargo.toml", kill_on_drop: false }`
[INFO] [stderr]     Updating crates.io index
[INFO] [stderr]     Blocking waiting for file lock on package cache
[INFO] [stderr]  Downloading crates ...
[INFO] [stderr]   Downloaded foreach v0.3.0
[INFO] [stderr]   Downloaded nuid v0.3.2
[INFO] [stderr]   Downloaded beady v0.6.0
[INFO] running `Command { std: "docker" "create" "-v" "/var/lib/crater-agent-workspace/builds/worker-1-tc2/target:/opt/rustwide/target:rw,Z" "-v" "/var/lib/crater-agent-workspace/builds/worker-1-tc2/source:/opt/rustwide/workdir:ro,Z" "-v" "/var/lib/crater-agent-workspace/cargo-home:/opt/rustwide/cargo-home:ro,Z" "-v" "/var/lib/crater-agent-workspace/rustup-home:/opt/rustwide/rustup-home:ro,Z" "-e" "SOURCE_DIR=/opt/rustwide/workdir" "-e" "CARGO_TARGET_DIR=/opt/rustwide/target" "-e" "CARGO_HOME=/opt/rustwide/cargo-home" "-e" "RUSTUP_HOME=/opt/rustwide/rustup-home" "-w" "/opt/rustwide/workdir" "-m" "1610612736" "--user" "0:0" "--network" "none" "ghcr.io/rust-lang/crates-build-env/linux@sha256:5ff2268d62e97bff2cde7d5815dd6ed5b47097566f13b8d0ca110b04b60e07ed" "/opt/rustwide/cargo-home/bin/cargo" "+beta-2023-04-20" "metadata" "--no-deps" "--format-version=1", kill_on_drop: false }`
[INFO] [stdout] 424db4d0ef1b59c96af691fc485032c80db29d6d53250525c62fcb60bf6d38cc
[INFO] running `Command { std: "docker" "start" "-a" "424db4d0ef1b59c96af691fc485032c80db29d6d53250525c62fcb60bf6d38cc", kill_on_drop: false }`
[INFO] running `Command { std: "docker" "inspect" "424db4d0ef1b59c96af691fc485032c80db29d6d53250525c62fcb60bf6d38cc", kill_on_drop: false }`
[INFO] running `Command { std: "docker" "rm" "-f" "424db4d0ef1b59c96af691fc485032c80db29d6d53250525c62fcb60bf6d38cc", kill_on_drop: false }`
[INFO] [stdout] 424db4d0ef1b59c96af691fc485032c80db29d6d53250525c62fcb60bf6d38cc
[INFO] running `Command { std: "docker" "create" "-v" "/var/lib/crater-agent-workspace/builds/worker-1-tc2/target:/opt/rustwide/target:rw,Z" "-v" "/var/lib/crater-agent-workspace/builds/worker-1-tc2/source:/opt/rustwide/workdir:ro,Z" "-v" "/var/lib/crater-agent-workspace/cargo-home:/opt/rustwide/cargo-home:ro,Z" "-v" "/var/lib/crater-agent-workspace/rustup-home:/opt/rustwide/rustup-home:ro,Z" "-e" "SOURCE_DIR=/opt/rustwide/workdir" "-e" "CARGO_TARGET_DIR=/opt/rustwide/target" "-e" "CARGO_INCREMENTAL=0" "-e" "RUST_BACKTRACE=full" "-e" "RUSTFLAGS=--cap-lints=warn" "-e" "RUSTDOCFLAGS=--cap-lints=warn" "-e" "CARGO_HOME=/opt/rustwide/cargo-home" "-e" "RUSTUP_HOME=/opt/rustwide/rustup-home" "-w" "/opt/rustwide/workdir" "-m" "1610612736" "--user" "0:0" "--network" "none" "ghcr.io/rust-lang/crates-build-env/linux@sha256:5ff2268d62e97bff2cde7d5815dd6ed5b47097566f13b8d0ca110b04b60e07ed" "/opt/rustwide/cargo-home/bin/cargo" "+beta-2023-04-20" "build" "--frozen" "--message-format=json", kill_on_drop: false }`
[INFO] [stdout] c42a0abc34501a7aa212373cd5edcdf21d29187341068cdcd96cd57685445ee3
[INFO] running `Command { std: "docker" "start" "-a" "c42a0abc34501a7aa212373cd5edcdf21d29187341068cdcd96cd57685445ee3", kill_on_drop: false }`
[INFO] [stderr]    Compiling proc-macro2 v1.0.47
[INFO] [stderr]    Compiling unicode-ident v1.0.5
[INFO] [stderr]    Compiling quote v1.0.21
[INFO] [stderr]    Compiling syn v1.0.103
[INFO] [stderr]    Compiling libc v0.2.137
[INFO] [stderr]    Compiling autocfg v1.1.0
[INFO] [stderr]    Compiling futures-core v0.3.25
[INFO] [stderr]    Compiling cfg-if v1.0.0
[INFO] [stderr]    Compiling futures-task v0.3.25
[INFO] [stderr]    Compiling futures-channel v0.3.25
[INFO] [stderr]    Compiling memchr v2.5.0
[INFO] [stderr]    Compiling serde_derive v1.0.147
[INFO] [stderr]    Compiling serde v1.0.147
[INFO] [stderr]    Compiling futures-sink v0.3.25
[INFO] [stderr]    Compiling futures-util v0.3.25
[INFO] [stderr]    Compiling pin-utils v0.1.0
[INFO] [stderr]    Compiling futures-io v0.3.25
[INFO] [stderr]    Compiling serde_json v1.0.87
[INFO] [stderr]    Compiling pin-project-lite v0.2.9
[INFO] [stderr]    Compiling ppv-lite86 v0.2.17
[INFO] [stderr]    Compiling log v0.4.17
[INFO] [stderr]    Compiling ryu v1.0.11
[INFO] [stderr]    Compiling itoa v1.0.4
[INFO] [stderr]    Compiling lazy_static v1.4.0
[INFO] [stderr]    Compiling foreach v0.3.0
[INFO] [stderr]    Compiling slab v0.4.7
[INFO] [stderr]    Compiling getrandom v0.2.8
[INFO] [stderr]    Compiling rand_core v0.6.4
[INFO] [stderr]    Compiling rand_chacha v0.3.1
[INFO] [stderr]    Compiling rand v0.8.5
[INFO] [stderr]    Compiling nuid v0.3.2
[INFO] [stderr]    Compiling futures-macro v0.3.25
[INFO] [stderr]    Compiling beady v0.6.0
[INFO] [stderr]    Compiling futures-executor v0.3.25
[INFO] [stderr]    Compiling futures v0.3.25
[INFO] [stderr]    Compiling assert-json-diff v2.0.2
[INFO] [stderr]    Compiling zflow v0.1.12 (/opt/rustwide/workdir)
[INFO] [stderr]     Finished dev [unoptimized + debuginfo] target(s) in 27.28s
[INFO] running `Command { std: "docker" "inspect" "c42a0abc34501a7aa212373cd5edcdf21d29187341068cdcd96cd57685445ee3", kill_on_drop: false }`
[INFO] running `Command { std: "docker" "rm" "-f" "c42a0abc34501a7aa212373cd5edcdf21d29187341068cdcd96cd57685445ee3", kill_on_drop: false }`
[INFO] [stdout] c42a0abc34501a7aa212373cd5edcdf21d29187341068cdcd96cd57685445ee3
[INFO] running `Command { std: "docker" "create" "-v" "/var/lib/crater-agent-workspace/builds/worker-1-tc2/target:/opt/rustwide/target:rw,Z" "-v" "/var/lib/crater-agent-workspace/builds/worker-1-tc2/source:/opt/rustwide/workdir:ro,Z" "-v" "/var/lib/crater-agent-workspace/cargo-home:/opt/rustwide/cargo-home:ro,Z" "-v" "/var/lib/crater-agent-workspace/rustup-home:/opt/rustwide/rustup-home:ro,Z" "-e" "SOURCE_DIR=/opt/rustwide/workdir" "-e" "CARGO_TARGET_DIR=/opt/rustwide/target" "-e" "CARGO_INCREMENTAL=0" "-e" "RUST_BACKTRACE=full" "-e" "RUSTFLAGS=--cap-lints=warn" "-e" "RUSTDOCFLAGS=--cap-lints=warn" "-e" "CARGO_HOME=/opt/rustwide/cargo-home" "-e" "RUSTUP_HOME=/opt/rustwide/rustup-home" "-w" "/opt/rustwide/workdir" "-m" "1610612736" "--user" "0:0" "--network" "none" "ghcr.io/rust-lang/crates-build-env/linux@sha256:5ff2268d62e97bff2cde7d5815dd6ed5b47097566f13b8d0ca110b04b60e07ed" "/opt/rustwide/cargo-home/bin/cargo" "+beta-2023-04-20" "test" "--frozen" "--no-run" "--message-format=json", kill_on_drop: false }`
[INFO] [stdout] 62de3e6c82c1b0fd7caecb5bc3783e321d65652542a519a35f49d29b330af356
[INFO] running `Command { std: "docker" "start" "-a" "62de3e6c82c1b0fd7caecb5bc3783e321d65652542a519a35f49d29b330af356", kill_on_drop: false }`
[INFO] [stderr]     Blocking waiting for file lock on package cache
[INFO] [stderr]    Compiling zflow v0.1.12 (/opt/rustwide/workdir)
[INFO] [stderr]     Finished test [unoptimized + debuginfo] target(s) in 5.59s
[INFO] running `Command { std: "docker" "inspect" "62de3e6c82c1b0fd7caecb5bc3783e321d65652542a519a35f49d29b330af356", kill_on_drop: false }`
[INFO] running `Command { std: "docker" "rm" "-f" "62de3e6c82c1b0fd7caecb5bc3783e321d65652542a519a35f49d29b330af356", kill_on_drop: false }`
[INFO] [stdout] 62de3e6c82c1b0fd7caecb5bc3783e321d65652542a519a35f49d29b330af356
[INFO] running `Command { std: "docker" "create" "-v" "/var/lib/crater-agent-workspace/builds/worker-1-tc2/target:/opt/rustwide/target:rw,Z" "-v" "/var/lib/crater-agent-workspace/builds/worker-1-tc2/source:/opt/rustwide/workdir:ro,Z" "-v" "/var/lib/crater-agent-workspace/cargo-home:/opt/rustwide/cargo-home:ro,Z" "-v" "/var/lib/crater-agent-workspace/rustup-home:/opt/rustwide/rustup-home:ro,Z" "-e" "SOURCE_DIR=/opt/rustwide/workdir" "-e" "CARGO_TARGET_DIR=/opt/rustwide/target" "-e" "CARGO_INCREMENTAL=0" "-e" "RUST_BACKTRACE=full" "-e" "RUSTFLAGS=--cap-lints=warn" "-e" "RUSTDOCFLAGS=--cap-lints=warn" "-e" "CARGO_HOME=/opt/rustwide/cargo-home" "-e" "RUSTUP_HOME=/opt/rustwide/rustup-home" "-w" "/opt/rustwide/workdir" "-m" "1610612736" "--user" "0:0" "--network" "none" "ghcr.io/rust-lang/crates-build-env/linux@sha256:5ff2268d62e97bff2cde7d5815dd6ed5b47097566f13b8d0ca110b04b60e07ed" "/opt/rustwide/cargo-home/bin/cargo" "+beta-2023-04-20" "test" "--frozen", kill_on_drop: false }`
[INFO] [stdout] 9799ee641a9cd2d7219ba41a144295e4f3af3cf4881728d5c27239701ae55208
[INFO] running `Command { std: "docker" "start" "-a" "9799ee641a9cd2d7219ba41a144295e4f3af3cf4881728d5c27239701ae55208", kill_on_drop: false }`
[INFO] [stderr]     Finished test [unoptimized + debuginfo] target(s) in 0.04s
[INFO] [stderr]      Running unittests src/lib.rs (/opt/rustwide/target/debug/deps/zflow-0de2eeb2a0fbb88b)
[INFO] [stdout] 
[INFO] [stdout] running 110 tests
[INFO] [stdout] test graph::graph_test::tests::fbp_graph::given::a_case_sensitive_graph::when::a_new_instance_with_name::and::given_a_new_edge::then::it_should_emit_an_event::and::it_should_add_an_edge ... ok
[INFO] [stdout] test graph::graph_test::tests::fbp_graph::given::a_case_sensitive_graph::when::a_new_instance_with_name::and::given_a_new_edge::then::it_should_emit_an_event::and::it_should_add_an_edge::and::it_should_refuse_to_add_duplicate_edge ... ok
[INFO] [stdout] test graph::graph_test::tests::fbp_graph::given::a_case_sensitive_graph::when::a_new_instance_with_name::and::given_a_new_node::then::it_should_emit_an_event ... ok
[INFO] [stdout] test graph::graph_test::tests::fbp_graph::given::a_case_sensitive_graph::when::a_new_instance_with_name::and::given_a_new_node::then::it_should_emit_an_event::and::it_should_be_accessible_via_getter ... ok
[INFO] [stdout] test graph::graph_test::tests::fbp_graph::given::a_case_sensitive_graph::when::a_new_instance_with_name::and::given_a_new_node::then::it_should_emit_an_event::and::metadata_should_be_empty ... ok
[INFO] [stdout] test graph::graph_test::tests::fbp_graph::given::a_case_sensitive_graph::when::a_new_instance_with_name::and::given_a_new_edge::then::it_should_emit_an_event::and::it_should_add_an_edge::and::when_a_new_edge_with_index::and::it_should_emit_an_event ... ok
[INFO] [stdout] test graph::graph_test::tests::fbp_graph::given::a_case_sensitive_graph::when::a_new_instance_with_name::and::given_a_new_edge::then::it_should_emit_an_event::and::it_should_add_an_edge::and::when_a_new_edge_with_index ... ok
[INFO] [stdout] test graph::graph_test::tests::fbp_graph::given::a_case_sensitive_graph::when::a_new_instance_with_name::and::given_a_new_edge::then::it_should_emit_an_event ... ok
[INFO] [stdout] test graph::graph_test::tests::fbp_graph::given::a_case_sensitive_graph::when::a_new_instance_with_name::and::given_a_new_edge::then::it_should_emit_an_event::and::it_should_add_an_edge::and::when_a_new_edge_with_index::and::it_should_emit_an_event::and::it_should_add_an_edge ... ok
[INFO] [stdout] test graph::graph_test::tests::fbp_graph::given::a_case_sensitive_graph::when::a_new_instance_with_name::and::given_a_new_node::then::it_should_emit_an_event::and::it_should_be_available_in_json_export ... ok
[INFO] [stdout] test graph::graph_test::tests::fbp_graph::given::a_case_sensitive_graph::when::a_new_instance_with_name::and::given_a_new_node::then::it_should_emit_an_event::and::it_should_be_graph_list_of_nodes ... ok
[INFO] [stdout] test graph::graph_test::tests::fbp_graph::given::a_case_sensitive_graph::when::a_new_instance_with_name::then::it_should_have_no_initializers_initially ... ok
[INFO] [stdout] test graph::graph_test::tests::fbp_graph::given::a_case_sensitive_graph::when::a_new_instance_with_name::then::it_should_have_no_edhes_initially ... ok
[INFO] [stdout] test graph::graph_test::tests::fbp_graph::given::a_case_sensitive_graph::when::given_a_json_string::then::it_should_parse::and::it_should_produce_a_graph_from_json_object::and::it_should_allow_modifying_node_metadata ... ok
[INFO] [stdout] test graph::graph_test::tests::fbp_graph::given::a_case_sensitive_graph::when::given_a_json_string::then::it_should_parse::and::it_should_produce_a_graph_from_json_object::and::it_should_allow_modifying_group_metadata ... ok
[INFO] [stdout] test graph::graph_test::tests::fbp_graph::given::a_case_sensitive_graph::when::a_new_instance_with_name::then::it_should_get_a_name_from_instance ... ok
[INFO] [stdout] test graph::graph_test::tests::fbp_graph::given::a_case_sensitive_graph::when::given_a_json_string::then::it_should_parse::and::it_should_produce_a_graph_from_json_object::and::it_should_allow_renaming_a_node::and::it_should_emit_an_event::and::it_should_allow_removing_a_node ... ok
[INFO] [stdout] test graph::graph_test::tests::fbp_graph::given::a_case_sensitive_graph::when::given_a_json_string::then::it_should_parse::and::it_should_produce_a_graph_from_json_object::and::it_should_allow_renaming_a_node::and::it_should_emit_an_event::and::it_should_allow_removing_a_node::and::it_should_emit_an_event ... ok
[INFO] [stdout] test graph::graph_test::tests::fbp_graph::given::a_case_sensitive_graph::when::given_a_json_string::then::it_should_parse::and::it_should_produce_a_graph_from_json_object::and::it_should_allow_renaming_a_node::and::it_should_emit_an_event::and::it_should_allow_removing_a_node::and::it_should_emit_an_event::and::it_should_not_affect_other_group ... ok
[INFO] [stdout] test graph::graph_test::tests::fbp_graph::given::a_case_sensitive_graph::when::a_new_instance_with_name::then::it_should_have_no_inports_initially ... ok
[INFO] [stdout] test graph::graph_test::tests::fbp_graph::given::a_case_sensitive_graph::when::given_a_json_string::then::it_should_parse::and::it_should_produce_a_graph_from_json_object::and::it_should_allow_renaming_a_node::and::it_should_emit_an_event::and::it_should_allow_removing_a_node::and::it_should_emit_an_event::and::it_should_not_be_grouped ... ok
[INFO] [stdout] test graph::graph_test::tests::fbp_graph::given::a_case_sensitive_graph::when::given_a_json_string::then::it_should_parse::and::it_should_produce_a_graph_from_json_object::and::it_should_allow_renaming_a_node::and::it_should_emit_an_event::and::it_should_allow_removing_a_node::and::it_should_emit_an_event::and::it_should_not_have_iips_behind ... ok
[INFO] [stdout] test graph::graph_test::tests::fbp_graph::given::a_case_sensitive_graph::when::a_new_instance_with_name::then::it_should_have_no_outports_initially ... ok
[INFO] [stdout] test graph::graph_test::tests::fbp_graph::given::a_case_sensitive_graph::when::given_a_json_string::then::it_should_parse::and::it_should_produce_a_graph_from_json_object::and::it_should_allow_modifying_edge_metadata ... ok
[INFO] [stdout] test graph::graph_test::tests::fbp_graph::given::a_case_sensitive_graph::when::given_a_json_string::then::it_should_parse::and::it_should_produce_a_graph_from_json_object ... ok
[INFO] [stdout] test graph::graph_test::tests::fbp_graph::given::a_case_sensitive_graph::when::given_a_json_string::then::it_should_parse::and::it_should_produce_a_graph_from_json_object::and::it_should_allow_renaming_a_node::and::it_should_emit_an_event::and::it_should_allow_removing_a_node::and::it_should_emit_an_event::and::it_should_not_have_edges_behind ... ok
[INFO] [stdout] test graph::graph_test::tests::fbp_graph::given::a_case_sensitive_graph::when::a_new_instance_with_name::then::it_should_have_no_nodes_initially ... ok
[INFO] [stdout] test graph::graph_test::tests::fbp_graph::given::a_case_sensitive_graph::when::a_new_instance_with_name::and::given_a_new_node::then::it_should_emit_an_event::and::removing_a_node_should_emit_event ... ok
[INFO] [stdout] test graph::graph_test::tests::fbp_graph::given::a_case_sensitive_graph::when::given_a_json_string::then::it_should_parse::and::it_should_produce_a_graph_from_json_object::and::it_should_allow_modifying_node_metadata::and::it_should_contain_two_connections ... ok
[INFO] [stdout] test graph::graph_test::tests::fbp_graph::given::a_case_sensitive_graph::when::given_a_json_string::then::it_should_parse::and::it_should_produce_a_graph_from_json_object::and::it_should_allow_renaming_a_node::and::it_should_emit_an_event ... ok
[INFO] [stdout] test graph::graph_test::tests::fbp_graph::given::a_case_sensitive_graph::when::given_a_json_string::then::it_should_parse::and::it_should_produce_a_graph_from_json_object::and::it_should_allow_modifying_graph_metadata ... ok
[INFO] [stdout] test graph::graph_test::tests::fbp_graph::given::a_case_sensitive_graph::when::given_a_json_string::then::it_should_parse::and::it_should_produce_a_graph_from_json_object::and::it_should_allow_renaming_a_node::and::it_should_emit_an_event::and::it_should_not_be_available_with_the_old_name ... ok
[INFO] [stdout] test graph::graph_test::tests::fbp_graph::given::a_case_sensitive_graph::when::given_a_json_string::then::it_should_parse::and::it_should_produce_a_graph_from_json_object::and::it_should_allow_renaming_a_node::and::it_should_emit_an_event::and::it_should_still_be_grouped ... ok
[INFO] [stdout] test graph::graph_test::tests::fbp_graph::given::a_case_sensitive_graph::when::given_a_json_string::then::it_should_parse::and::it_should_produce_a_graph_from_json_object::and::it_should_allow_renaming_groups ... ok
[INFO] [stdout] test graph::graph_test::tests::fbp_graph::given::a_case_sensitive_graph::when::given_a_json_string::then::it_should_parse::and::it_should_produce_a_graph_from_json_object::and::it_should_contain_four_iips ... ok
[INFO] [stdout] test graph::graph_test::tests::fbp_graph::given::a_case_sensitive_graph::when::given_a_json_string::then::it_should_parse::and::it_should_produce_a_graph_from_json_object::and::it_should_contain_four_nodes ... ok
[INFO] [stdout] test graph::graph_test::tests::fbp_graph::given::a_case_sensitive_graph::when::given_a_json_string::then::it_should_parse::and::it_should_produce_a_graph_from_json_object::and::it_should_contain_one_published_inport ... ok
[INFO] [stdout] test graph::graph_test::tests::fbp_graph::given::a_case_sensitive_graph::when::given_a_json_string::then::it_should_parse::and::it_should_produce_a_graph_from_json_object::and::it_should_contain_one_published_outport ... ok
[INFO] [stdout] test graph::graph_test::tests::fbp_graph::given::a_case_sensitive_graph::when::given_a_json_string::then::it_should_parse::and::it_should_produce_a_graph_from_json_object::and::it_should_contain_two_groups ... ok
[INFO] [stdout] test graph::graph_test::tests::fbp_graph::given::a_case_sensitive_graph::when::given_a_json_string::then::it_should_parse::and::it_should_produce_a_graph_from_json_object::and::it_should_allow_renaming_a_node::and::it_should_emit_an_event::and::it_should_still_be_exported ... ok
[INFO] [stdout] test graph::graph_test::tests::fbp_graph::given::a_case_sensitive_graph::when::a_new_instance_with_name::and::given_a_new_node::then::it_should_emit_an_event::and::removing_a_node_should_emit_event::and::node_should_not_be_available_after_removal ... ok
[INFO] [stdout] test graph::graph_test::tests::fbp_graph::given::a_case_sensitive_graph::when::given_a_json_string::then::it_should_parse::and::it_should_produce_a_graph_from_json_object::and::it_should_allow_renaming_a_node::and::it_should_emit_an_event::and::it_should_allow_renaming_an_inport ... ok
[INFO] [stdout] test graph::graph_test::tests::fbp_graph::given::a_case_sensitive_graph::when::given_a_json_string::then::it_should_parse::and::it_should_produce_a_graph_from_json_object::and::it_should_allow_renaming_a_node::and::it_should_emit_an_event::and::it_should_allow_renaming_an_inport::and::it_should_emit_an_event ... ok
[INFO] [stdout] test graph::graph_test::tests::fbp_graph::given::a_case_sensitive_graph::when::given_a_json_string::then::it_should_parse::and::it_should_produce_a_graph_from_json_object::and::it_should_allow_renaming_a_node::and::it_should_emit_an_event::and::it_should_allow_renaming_an_outport::and::it_should_emit_an_event ... ok
[INFO] [stdout] test graph::graph_test::tests::fbp_graph::given::a_case_sensitive_graph::when::given_a_json_string::then::it_should_parse::and::it_should_produce_a_graph_from_json_object::and::it_should_allow_renaming_a_node::and::it_should_emit_an_event::and::it_should_be_available_with_the_new_name ... ok
[INFO] [stdout] test graph::graph_test::tests::fbp_graph::given::a_case_sensitive_graph::when::given_a_json_string::then::it_should_parse::and::it_should_produce_a_graph_from_json_object::and::it_should_allow_renaming_a_node::and::it_should_emit_an_event::and::it_should_allow_renaming_an_outport ... ok
[INFO] [stdout] test graph::graph_test::tests::fbp_graph::given::a_case_sensitive_graph::when::given_a_json_string::then::it_should_parse::and::it_should_produce_a_graph_from_json_object::and::it_should_allow_renaming_a_node::and::it_should_emit_an_event::and::it_should_have_the_edge_still_going_from_it ... ok
[INFO] [stdout] test graph::graph_test::tests::fbp_graph::given::a_case_sensitive_graph::when::given_a_json_string::then::it_should_parse::and::it_should_produce_a_graph_from_json_object::and::it_should_allow_renaming_a_node::and::it_should_emit_an_event::and::it_should_have_iips_still_going_into_it ... ok
[INFO] [stdout] test graph::graph_test::tests::fbp_graph::given::a_case_sensitive_graph::when::given_a_json_string::then::it_should_parse ... ok
[INFO] [stdout] test graph::graph_test::tests::fbp_graph::given::a_case_sensitive_graph::when::given_a_json_string::then::it_should_parse::and::it_should_produce_a_graph_from_json_object::and::it_should_allow_renaming_a_node::and::it_should_emit_an_event::and::it_should_not_have_iips_still_going_to_the_old_name ... ok
[INFO] [stdout] test graph::graph_test::tests::fbp_graph::given::a_case_sensitive_graph::when::given_a_json_string::then::it_should_parse::and::it_should_produce_a_graph_from_json_object::and::it_should_have_a_name ... ok
[INFO] [stdout] test graph::graph_test::tests::fbp_graph::given::a_case_sensitive_graph::when::given_a_json_string::then::it_should_parse::and::it_should_produce_a_graph_from_json_object::and::it_should_allow_renaming_a_node::and::it_should_emit_an_event::and::it_should_not_be_grouped_with_old_name ... ok
[INFO] [stdout] test graph::graph_test::tests::fbp_graph::given::a_case_sensitive_graph::when::given_a_json_string::then::it_should_parse::and::it_should_produce_a_graph ... ok
[INFO] [stdout] test graph::graph_test::tests::fbp_graph::given::a_case_sensitive_graph::when::given_a_json_string::then::it_should_parse::and::it_should_produce_a_graph_from_json_object::and::it_should_have_graph_metadata_intact ... ok
[INFO] [stdout] test graph::graph_test::tests::fbp_graph::given::a_case_sensitive_graph::when::given_a_json_string::then::it_should_parse::and::it_should_produce_a_graph_from_json_object::and::it_should_keep_output_export_metadata_intact ... ok
[INFO] [stdout] test graph::graph_test::tests::fbp_graph::given::a_case_sensitive_graph::when::given_a_json_string::then::it_should_parse::and::it_should_produce_a_graph_from_json_object::and::the_first_edge_should_have_metadata_intact ... ok
[INFO] [stdout] test graph::graph_test::tests::fbp_graph::given::a_case_sensitive_graph::when::given_a_multiple_connected_array_ports::then::it_should_contain_four_edges ... ok
[INFO] [stdout] test graph::graph_test::tests::fbp_graph::given::a_case_sensitive_graph::when::given_a_json_string::then::it_should_parse::and::it_should_produce_a_graph_from_json_object::and::it_should_allow_renaming_a_node ... ok
[INFO] [stdout] test graph::graph_test::tests::fbp_graph::given::a_case_sensitive_graph::when::given_a_json_string::then::it_should_parse::and::it_should_produce_a_graph_from_json_object::and::it_should_allow_renaming_a_node::and::it_should_emit_an_event::and::it_should_not_have_edges_with_the_old_name ... ok
[INFO] [stdout] test graph::graph_test::tests::fbp_graph::given::a_case_sensitive_graph::when::given_a_json_string::then::it_should_parse::and::it_should_produce_a_graph_from_json_object::and::it_should_produce_same_json_when_serialized ... ok
[INFO] [stdout] test graph::graph_test::tests::fbp_graph::given::a_case_sensitive_graph::when::given_a_json_string::then::it_should_parse::and::it_should_produce_a_graph_from_json_object::and::the_first_node_should_have_its_metadata_intact ... ok
[INFO] [stdout] test graph::graph_test::tests::fbp_graph::given::a_case_sensitive_graph::when::given_a_multiple_connected_array_ports::then::it_should_allow_a_specific_edge_to_be_removed::and::it_should_contain_the_other_connection_from_split1 ... ok
[INFO] [stdout] test graph::graph_test::tests::fbp_graph::given::a_case_sensitive_graph::when::given_a_multiple_connected_array_ports::then::it_should_contain_four_nodes ... ok
[INFO] [stdout] test graph::graph_test::tests::fbp_graph::given::a_case_sensitive_graph::when::given_an_indexed_inport_initial_information_packet::then::it_should_contain_no_edges ... ok
[INFO] [stdout] test graph::graph_test::tests::fbp_graph::given::a_case_sensitive_graph::when::given_a_multiple_connected_array_ports::then::it_should_allow_a_specific_edge_to_be_removed ... ok
[INFO] [stdout] test graph::graph_test::tests::fbp_graph::given::a_case_sensitive_graph::when::given_a_multiple_connected_array_ports::then::it_should_allow_a_specific_edge_to_be_removed::and::it_should_not_contain_removed_connection_from_split1 ... ok
[INFO] [stdout] test graph::graph_test::tests::fbp_graph::given::a_case_sensitive_graph::when::given_an_initial_information_packet::then::when_removing_that_iip::and::it_should_emit_an_event::and::it_should_contain_no_iips ... ok
[INFO] [stdout] test graph::graph_test::tests::fbp_graph::given::a_case_sensitive_graph::when::given_an_inport_initial_information_packet::then::it_should_contain_no_edges ... ok
[INFO] [stdout] test graph::graph_test::tests::fbp_graph::given::a_case_sensitive_graph::when::given_an_inport_initial_information_packet::then::when_removing_that_iip ... ok
[INFO] [stdout] test graph::graph_test::tests::fbp_graph::given::a_case_sensitive_graph::when::given_an_inport_initial_information_packet::then::when_removing_that_iip::and::it_should_emit_an_event ... ok
[INFO] [stdout] test graph::graph_test::tests::fbp_graph::given::a_case_sensitive_graph::when::given_an_inport_initial_information_packet::then::when_removing_that_iip::and::it_should_emit_an_event::and::it_should_contain_no_iips ... ok
[INFO] [stdout] test graph::graph_test::tests::fbp_graph::given::a_case_sensitive_graph::when::given_an_inport_initial_information_packet::then::when_removing_that_iip::and::it_should_emit_an_event::and::when_adding_iip_for_a_non_existent_inport ... ok
[INFO] [stdout] test graph::graph_test::tests::fbp_graph::given::a_case_sensitive_graph::when::given_an_inport_initial_information_packet::then::when_removing_that_iip::and::it_should_emit_an_event::and::when_adding_iip_for_a_non_existent_inport::and::it_should_not_add_any_iip ... ok
[INFO] [stdout] test graph::graph_test::tests::fbp_graph::given::a_case_sensitive_graph::when::given_no_nodes::then::it_should_not_allow_adding_edges ... ok
[INFO] [stdout] test graph::graph_test::tests::fbp_graph::given::a_case_sensitive_graph::when::given_no_nodes::then::it_should_not_allow_adding_iips ... ok
[INFO] [stdout] test graph::graph_test::tests::fbp_graph::given::a_case_sensitive_graph::when::saving_and_loading_files::then::when_saving_with_json_file_extension ... ok
[INFO] [stdout] test graph::graph_test::tests::fbp_graph::given::a_case_sensitive_graph::when::given_an_indexed_inport_initial_information_packet::then::when_removing_that_iip ... ok
[INFO] [stdout] test graph::graph_test::tests::fbp_graph::given::a_case_sensitive_graph::when::given_an_initial_information_packet::then::it_should_contain_no_edges ... ok
[INFO] [stdout] test graph::graph_test::tests::fbp_graph::given::a_case_sensitive_graph::when::given_an_inport_initial_information_packet::then::it_should_contain_one_iip_for_the_correct_node ... ok
[INFO] [stdout] test graph::graph_test::tests::fbp_graph::given::a_case_sensitive_graph::when::given_an_indexed_inport_initial_information_packet::then::when_removing_that_iip::and::it_should_emit_an_event::and::it_should_contain_no_iips ... ok
[INFO] [stdout] test graph::graph_test::tests::fbp_graph::given::a_case_sensitive_graph::when::given_an_indexed_inport_initial_information_packet::then::when_removing_that_iip::and::it_should_emit_an_event ... ok
[INFO] [stdout] test graph::graph_test::tests::fbp_graph::given::a_case_sensitive_graph::when::given_an_indexed_inport_initial_information_packet::then::it_should_contain_one_node ... ok
[INFO] [stdout] test graph::graph_test::tests::fbp_graph::given::a_case_sensitive_graph::when::given_an_indexed_inport_initial_information_packet::then::when_removing_that_iip::and::it_should_emit_an_event::and::when_adding_iip_for_a_non_existent_inport ... ok
[INFO] [stdout] test graph::graph_test::tests::fbp_graph::given::a_case_sensitive_graph::when::given_an_indexed_inport_initial_information_packet::then::it_should_contain_one_iip_for_the_correct_node ... ok
[INFO] [stdout] test graph::graph_test::tests::fbp_graph::given::a_case_sensitive_graph::when::given_an_indexed_inport_initial_information_packet::then::when_removing_that_iip::and::it_should_emit_an_event::and::when_adding_iip_for_a_non_existent_inport::and::it_should_not_add_any_iip ... ok
[INFO] [stdout] test graph::graph_test::tests::fbp_graph::given::a_case_sensitive_graph::when::given_an_initial_information_packet::then::when_removing_that_iip::and::it_should_emit_an_event ... ok
[INFO] [stdout] test graph::graph_test::tests::fbp_graph::given::a_case_sensitive_graph::when::given_an_initial_information_packet::then::when_removing_that_iip ... ok
[INFO] [stdout] test graph::graph_test::tests::fbp_graph::given::a_case_sensitive_graph::when::given_an_initial_information_packet::then::it_should_contain_one_iip ... ok
[INFO] [stdout] test graph::graph_test::tests::fbp_graph::given::a_case_sensitive_graph::when::given_an_initial_information_packet::then::it_should_contain_one_node ... ok
[INFO] [stdout] test graph::graph_test::tests::fbp_graph::given::a_case_sensitive_graph::when::given_an_inport_initial_information_packet::then::it_should_contain_one_node ... ok
[INFO] [stdout] test graph::graph_test::tests::fbp_graph::given::without_case_sensitivity::then::graph_operations_should_convert_port_names_to_lowercase ... ok
[INFO] [stdout] test graph::journal::tests::fbp_graph_journal::given::a_journaled_graph::when::connected_to_initialized_graph::then::it_should_have_just_the_initial_transaction ... ok
[INFO] [stdout] test graph::journal::tests::fbp_graph_journal::given::a_journaled_graph::when::following_basic_graph_changes::then::it_should_create_one_transaction_per_change ... ok
[INFO] [stdout] test graph::journal::tests::fbp_graph_journal::given::a_journaled_graph::when::linear_undo_or_redo::then::undo_should_restore_previous_revision ... ok
[INFO] [stdout] test graph::journal::tests::fbp_graph_journal::given::a_journaled_graph::when::jumping_to_revision::then::it_should_change_the_graph ... ok
[INFO] [stdout] test graph::graph_test::tests::fbp_graph::given::a_case_sensitive_graph::when::the_graph_instance_is_unnamed::then::it_should_have_an_empty_name ... ok
[INFO] [stdout] test graph::journal::tests::fbp_graph_journal::given::a_journaled_graph::when::undo_or_redo_of_metadata_changes::then::when_adding_group::and::when_undoing_group_add::and::when_redoing_group_add::and::when_changing_group_metadata_adds_revision ... ok
[INFO] [stdout] test graph::journal::tests::fbp_graph_journal::given::a_journaled_graph::when::undo_or_redo_of_metadata_changes::then::when_adding_group::and::when_undoing_group_add::and::when_redoing_group_add::and::when_changing_group_metadata_adds_revision::and::when_undoing_group_metadata_change::and::when_redoing_group_metadata_change ... ok
[INFO] [stdout] test graph::graph_test::tests::fbp_graph::given::without_case_sensitivity::then::graph_operations_should_convert_port_names_to_lowercase::and::it_should_have_case_insensitive_ports_on_the_edges ... ok
[INFO] [stdout] test graph::journal::tests::fbp_graph_journal::given::a_journaled_graph::when::undo_or_redo_of_metadata_changes::then::when_adding_group ... ok
[INFO] [stdout] test graph::journal::tests::fbp_graph_journal::given::a_journaled_graph::when::undo_or_redo_of_metadata_changes::then::when_adding_group::and::when_undoing_group_add::and::when_redoing_group_add ... ok
[INFO] [stdout] test graph::journal::tests::fbp_graph_journal::given::a_journaled_graph::when::undo_or_redo_of_metadata_changes::then::when_adding_group::and::when_undoing_group_add ... ok
[INFO] [stdout] test graph::journal::tests::fbp_graph_journal::given::a_journaled_graph::when::linear_undo_or_redo::then::undo_should_restore_previous_revision::and::it_redo_should_apply_the_same_change_again::and::undo_should_also_work_multiple_revisions_back ... ok
[INFO] [stdout] test graph::journal::tests::fbp_graph_journal::given::a_journaled_graph::when::undo_or_redo_of_metadata_changes::then::when_adding_group::and::when_undoing_group_add::and::when_redoing_group_add::and::when_changing_group_metadata_adds_revision::and::when_undoing_group_metadata_change::and::when_redoing_group_metadata_change::and::when_setting_node_metadata ... ok
[INFO] [stdout] test graph::journal::tests::fbp_graph_journal::given::a_journaled_graph::when::linear_undo_or_redo::then::undo_should_restore_previous_revision::and::it_redo_should_apply_the_same_change_again ... ok
[INFO] [stdout] test graph::journal::tests::fbp_graph_journal::given::a_journaled_graph::when::undo_or_redo_of_metadata_changes::then::when_adding_group::and::when_undoing_group_add::and::when_redoing_group_add::and::when_changing_group_metadata_adds_revision::and::when_undoing_group_metadata_change::and::when_redoing_group_metadata_change::and::when_setting_node_metadata::and::when_undoing_node_metadata_change ... ok
[INFO] [stdout] test graph::journal::tests::fbp_graph_journal::given::a_journaled_graph::when::undo_or_redo_of_metadata_changes::then::when_adding_group::and::when_undoing_group_add::and::when_redoing_group_add::and::when_changing_group_metadata_adds_revision::and::when_undoing_group_metadata_change ... ok
[INFO] [stdout] test graph::journal::tests::fbp_graph_journal::given::a_journaled_graph::when::undo_or_redo_of_metadata_changes::then::when_adding_group::and::when_undoing_group_add::and::when_redoing_group_add::and::when_changing_group_metadata_adds_revision::and::when_undoing_group_metadata_change::and::when_redoing_group_metadata_change::and::when_setting_node_metadata::and::when_undoing_node_metadata_change::and::when_redoing_node_metadata_change ... ok
[INFO] [stdout] test graph::graph_test::tests::fbp_graph::given::a_case_sensitive_graph::when::saving_and_loading_files::then::when_saving_with_json_file_extension::and::it_should_be_able_save_file ... FAILED
[INFO] [stdout] test graph::graph_test::tests::fbp_graph::given::a_case_sensitive_graph::when::saving_and_loading_files::then::when_saving_with_json_file_extension::and::it_should_be_able_save_file::and::it_should_be_possible_to_load_a_graph_from_file ... FAILED
[INFO] [stdout] 
[INFO] [stdout] failures:
[INFO] [stdout] 
[INFO] [stdout] ---- graph::graph_test::tests::fbp_graph::given::a_case_sensitive_graph::when::saving_and_loading_files::then::when_saving_with_json_file_extension::and::it_should_be_able_save_file stdout ----
[INFO] [stdout] 
[INFO] [stdout] Scenario: fbp graph
[INFO] [stdout]    Given: a case sensitive graph
[INFO] [stdout]     When: saving and loading files
[INFO] [stdout]     Then: when saving with json file extension
[INFO] [stdout]      and: it should be able save file
[INFO] [stdout] 
[INFO] [stdout] thread 'graph::graph_test::tests::fbp_graph::given::a_case_sensitive_graph::when::saving_and_loading_files::then::when_saving_with_json_file_extension::and::it_should_be_able_save_file' panicked at 'assertion failed: `(left == right)`
[INFO] [stdout]   left: `true`,
[INFO] [stdout]  right: `false`', src/graph/graph_test.rs:871:25
[INFO] [stdout] stack backtrace:
[INFO] [stdout]    0:     0x5615419c7e8a - std::backtrace_rs::backtrace::libunwind::trace::h2f05d0192276a8f6
[INFO] [stdout]                                at /rustc/1b7dd2252b99671ce5d1cb9664c5f8636329436d/library/std/src/../../backtrace/src/backtrace/libunwind.rs:93:5
[INFO] [stdout]    1:     0x5615419c7e8a - std::backtrace_rs::backtrace::trace_unsynchronized::hedc23dff7a1af150
[INFO] [stdout]                                at /rustc/1b7dd2252b99671ce5d1cb9664c5f8636329436d/library/std/src/../../backtrace/src/backtrace/mod.rs:66:5
[INFO] [stdout]    2:     0x5615419c7e8a - std::sys_common::backtrace::_print_fmt::h17541ef7592f3ce2
[INFO] [stdout]                                at /rustc/1b7dd2252b99671ce5d1cb9664c5f8636329436d/library/std/src/sys_common/backtrace.rs:65:5
[INFO] [stdout]    3:     0x5615419c7e8a - <std::sys_common::backtrace::_print::DisplayBacktrace as core::fmt::Display>::fmt::h20f75df5ab0c0792
[INFO] [stdout]                                at /rustc/1b7dd2252b99671ce5d1cb9664c5f8636329436d/library/std/src/sys_common/backtrace.rs:44:22
[INFO] [stdout]    4:     0x5615419ec77f - core::fmt::write::h78109e6f466b3af6
[INFO] [stdout]                                at /rustc/1b7dd2252b99671ce5d1cb9664c5f8636329436d/library/core/src/fmt/mod.rs:1254:17
[INFO] [stdout]    5:     0x5615419c5095 - std::io::Write::write_fmt::hd24bfb68a1b35a25
[INFO] [stdout]                                at /rustc/1b7dd2252b99671ce5d1cb9664c5f8636329436d/library/std/src/io/mod.rs:1698:15
[INFO] [stdout]    6:     0x5615419c7c55 - std::sys_common::backtrace::_print::h8dac57a9f8fbf9a5
[INFO] [stdout]                                at /rustc/1b7dd2252b99671ce5d1cb9664c5f8636329436d/library/std/src/sys_common/backtrace.rs:47:5
[INFO] [stdout]    7:     0x5615419c7c55 - std::sys_common::backtrace::print::hf9ecbf41d1aa712f
[INFO] [stdout]                                at /rustc/1b7dd2252b99671ce5d1cb9664c5f8636329436d/library/std/src/sys_common/backtrace.rs:34:9
[INFO] [stdout]    8:     0x5615419c990e - std::panicking::default_hook::{{closure}}::h04c07acfc84ca028
[INFO] [stdout]                                at /rustc/1b7dd2252b99671ce5d1cb9664c5f8636329436d/library/std/src/panicking.rs:269:22
[INFO] [stdout]    9:     0x5615419c9641 - std::panicking::default_hook::h01f6bb23e1eceb2c
[INFO] [stdout]                                at /rustc/1b7dd2252b99671ce5d1cb9664c5f8636329436d/library/std/src/panicking.rs:285:9
[INFO] [stdout]   10:     0x56154194e98b - <alloc::boxed::Box<F,A> as core::ops::function::Fn<Args>>::call::h87fe9f7b2fd49e4c
[INFO] [stdout]                                at /rustc/1b7dd2252b99671ce5d1cb9664c5f8636329436d/library/alloc/src/boxed.rs:1987:9
[INFO] [stdout]   11:     0x56154194e98b - test::test_main::{{closure}}::he94d679243a7531b
[INFO] [stdout]                                at /rustc/1b7dd2252b99671ce5d1cb9664c5f8636329436d/library/test/src/lib.rs:134:21
[INFO] [stdout]   12:     0x5615419c9ff4 - <alloc::boxed::Box<F,A> as core::ops::function::Fn<Args>>::call::h3f2d6d8b14c4769f
[INFO] [stdout]                                at /rustc/1b7dd2252b99671ce5d1cb9664c5f8636329436d/library/alloc/src/boxed.rs:1987:9
[INFO] [stdout]   13:     0x5615419c9ff4 - std::panicking::rust_panic_with_hook::h2bb3722bbaf2f6df
[INFO] [stdout]                                at /rustc/1b7dd2252b99671ce5d1cb9664c5f8636329436d/library/std/src/panicking.rs:695:13
[INFO] [stdout]   14:     0x5615419c9d69 - std::panicking::begin_panic_handler::{{closure}}::h91bc7f36a4be011b
[INFO] [stdout]                                at /rustc/1b7dd2252b99671ce5d1cb9664c5f8636329436d/library/std/src/panicking.rs:582:13
[INFO] [stdout]   15:     0x5615419c82f6 - std::sys_common::backtrace::__rust_end_short_backtrace::h8b3d3717114f9e59
[INFO] [stdout]                                at /rustc/1b7dd2252b99671ce5d1cb9664c5f8636329436d/library/std/src/sys_common/backtrace.rs:150:18
[INFO] [stdout]   16:     0x5615419c9ac2 - rust_begin_unwind
[INFO] [stdout]                                at /rustc/1b7dd2252b99671ce5d1cb9664c5f8636329436d/library/std/src/panicking.rs:578:5
[INFO] [stdout]   17:     0x5615417ea113 - core::panicking::panic_fmt::hfd368e3fbdabea26
[INFO] [stdout]                                at /rustc/1b7dd2252b99671ce5d1cb9664c5f8636329436d/library/core/src/panicking.rs:67:14
[INFO] [stdout]   18:     0x5615417ea4df - core::panicking::assert_failed_inner::haef49168e1798a91
[INFO] [stdout]   19:     0x5615418a54ca - core::panicking::assert_failed::hffe6e327581b1582
[INFO] [stdout]                                at /rustc/1b7dd2252b99671ce5d1cb9664c5f8636329436d/library/core/src/panicking.rs:228:5
[INFO] [stdout]   20:     0x5615418d9791 - zflow::graph::graph_test::tests::fbp_graph::given::a_case_sensitive_graph::when::saving_and_loading_files::then::when_saving_with_json_file_extension::and::it_should_be_able_save_file::hf57982683c08b67a
[INFO] [stdout]                                at /opt/rustwide/workdir/src/graph/graph_test.rs:871:25
[INFO] [stdout]   21:     0x5615418d93d7 - zflow::graph::graph_test::tests::fbp_graph::given::a_case_sensitive_graph::when::saving_and_loading_files::then::when_saving_with_json_file_extension::and::it_should_be_able_save_file::{{closure}}::hf8045d853f8f2211
[INFO] [stdout]                                at /opt/rustwide/workdir/src/graph/graph_test.rs:16:5
[INFO] [stdout]   22:     0x56154185cc85 - core::ops::function::FnOnce::call_once::hf0ad761e351e6600
[INFO] [stdout]                                at /rustc/1b7dd2252b99671ce5d1cb9664c5f8636329436d/library/core/src/ops/function.rs:250:5
[INFO] [stdout]   23:     0x56154195385f - core::ops::function::FnOnce::call_once::ha6a70e79f7481a7e
[INFO] [stdout]                                at /rustc/1b7dd2252b99671ce5d1cb9664c5f8636329436d/library/core/src/ops/function.rs:250:5
[INFO] [stdout]   24:     0x56154195385f - test::__rust_begin_short_backtrace::hce33033019b61e69
[INFO] [stdout]                                at /rustc/1b7dd2252b99671ce5d1cb9664c5f8636329436d/library/test/src/lib.rs:655:18
[INFO] [stdout]   25:     0x56154192104c - test::run_test::{{closure}}::h858d3528838ae3e5
[INFO] [stdout]                                at /rustc/1b7dd2252b99671ce5d1cb9664c5f8636329436d/library/test/src/lib.rs:646:30
[INFO] [stdout]   26:     0x56154192104c - core::ops::function::FnOnce::call_once{{vtable.shim}}::he8ac2b00f01ae79e
[INFO] [stdout]                                at /rustc/1b7dd2252b99671ce5d1cb9664c5f8636329436d/library/core/src/ops/function.rs:250:5
[INFO] [stdout]   27:     0x561541952936 - <alloc::boxed::Box<F,A> as core::ops::function::FnOnce<Args>>::call_once::h8093d25b522725ef
[INFO] [stdout]                                at /rustc/1b7dd2252b99671ce5d1cb9664c5f8636329436d/library/alloc/src/boxed.rs:1973:9
[INFO] [stdout]   28:     0x561541952936 - <core::panic::unwind_safe::AssertUnwindSafe<F> as core::ops::function::FnOnce<()>>::call_once::h5c334c204e4a3913
[INFO] [stdout]                                at /rustc/1b7dd2252b99671ce5d1cb9664c5f8636329436d/library/core/src/panic/unwind_safe.rs:271:9
[INFO] [stdout]   29:     0x561541952936 - std::panicking::try::do_call::ha8b740c7b9478074
[INFO] [stdout]                                at /rustc/1b7dd2252b99671ce5d1cb9664c5f8636329436d/library/std/src/panicking.rs:485:40
[INFO] [stdout]   30:     0x561541952936 - std::panicking::try::h5d34f63d0e41b64e
[INFO] [stdout]                                at /rustc/1b7dd2252b99671ce5d1cb9664c5f8636329436d/library/std/src/panicking.rs:449:19
[INFO] [stdout]   31:     0x561541952936 - std::panic::catch_unwind::hcfbb511e1aa7fc67
[INFO] [stdout]                                at /rustc/1b7dd2252b99671ce5d1cb9664c5f8636329436d/library/std/src/panic.rs:140:14
[INFO] [stdout]   32:     0x561541952936 - test::run_test_in_process::h9abda90f802eaf21
[INFO] [stdout]                                at /rustc/1b7dd2252b99671ce5d1cb9664c5f8636329436d/library/test/src/lib.rs:678:27
[INFO] [stdout]   33:     0x561541952936 - test::run_test::run_test_inner::{{closure}}::h0f058de91f6c6edf
[INFO] [stdout]                                at /rustc/1b7dd2252b99671ce5d1cb9664c5f8636329436d/library/test/src/lib.rs:572:39
[INFO] [stdout]   34:     0x56154191b855 - test::run_test::run_test_inner::{{closure}}::h5ca48a4c59c6c1fb
[INFO] [stdout]                                at /rustc/1b7dd2252b99671ce5d1cb9664c5f8636329436d/library/test/src/lib.rs:599:37
[INFO] [stdout]   35:     0x56154191b855 - std::sys_common::backtrace::__rust_begin_short_backtrace::h32bd51e1495d4a33
[INFO] [stdout]                                at /rustc/1b7dd2252b99671ce5d1cb9664c5f8636329436d/library/std/src/sys_common/backtrace.rs:134:18
[INFO] [stdout]   36:     0x561541920d91 - std::thread::Builder::spawn_unchecked_::{{closure}}::{{closure}}::hc086fae9b128b2db
[INFO] [stdout]                                at /rustc/1b7dd2252b99671ce5d1cb9664c5f8636329436d/library/std/src/thread/mod.rs:526:17
[INFO] [stdout]   37:     0x561541920d91 - <core::panic::unwind_safe::AssertUnwindSafe<F> as core::ops::function::FnOnce<()>>::call_once::hb66571888d270d43
[INFO] [stdout]                                at /rustc/1b7dd2252b99671ce5d1cb9664c5f8636329436d/library/core/src/panic/unwind_safe.rs:271:9
[INFO] [stdout]   38:     0x561541920d91 - std::panicking::try::do_call::h4fa2ef4f6e51fecf
[INFO] [stdout]                                at /rustc/1b7dd2252b99671ce5d1cb9664c5f8636329436d/library/std/src/panicking.rs:485:40
[INFO] [stdout]   39:     0x561541920d91 - std::panicking::try::h1e9e22b8584489b5
[INFO] [stdout]                                at /rustc/1b7dd2252b99671ce5d1cb9664c5f8636329436d/library/std/src/panicking.rs:449:19
[INFO] [stdout]   40:     0x561541920d91 - std::panic::catch_unwind::h44698a3de0e0769e
[INFO] [stdout]                                at /rustc/1b7dd2252b99671ce5d1cb9664c5f8636329436d/library/std/src/panic.rs:140:14
[INFO] [stdout]   41:     0x561541920d91 - std::thread::Builder::spawn_unchecked_::{{closure}}::h50153abde3fe239e
[INFO] [stdout]                                at /rustc/1b7dd2252b99671ce5d1cb9664c5f8636329436d/library/std/src/thread/mod.rs:525:30
[INFO] [stdout]   42:     0x561541920d91 - core::ops::function::FnOnce::call_once{{vtable.shim}}::hbe5bbf6f38394364
[INFO] [stdout]                                at /rustc/1b7dd2252b99671ce5d1cb9664c5f8636329436d/library/core/src/ops/function.rs:250:5
[INFO] [stdout]   43:     0x5615419ce575 - <alloc::boxed::Box<F,A> as core::ops::function::FnOnce<Args>>::call_once::h0d83cb2920a49046
[INFO] [stdout]                                at /rustc/1b7dd2252b99671ce5d1cb9664c5f8636329436d/library/alloc/src/boxed.rs:1973:9
[INFO] [stdout]   44:     0x5615419ce575 - <alloc::boxed::Box<F,A> as core::ops::function::FnOnce<Args>>::call_once::hbe0a008aa7d9ef59
[INFO] [stdout]                                at /rustc/1b7dd2252b99671ce5d1cb9664c5f8636329436d/library/alloc/src/boxed.rs:1973:9
[INFO] [stdout]   45:     0x5615419ce575 - std::sys::unix::thread::Thread::new::thread_start::h3a466996bdf6b1f9
[INFO] [stdout]                                at /rustc/1b7dd2252b99671ce5d1cb9664c5f8636329436d/library/std/src/sys/unix/thread.rs:108:17
[INFO] [stdout]   46:     0x7f947b8efb43 - <unknown>
[INFO] [stdout]   47:     0x7f947b980bb4 - __clone
[INFO] [stdout]   48:                0x0 - <unknown>
[INFO] [stdout] 
[INFO] [stdout] ---- graph::graph_test::tests::fbp_graph::given::a_case_sensitive_graph::when::saving_and_loading_files::then::when_saving_with_json_file_extension::and::it_should_be_able_save_file::and::it_should_be_possible_to_load_a_graph_from_file stdout ----
[INFO] [stdout] 
[INFO] [stdout] Scenario: fbp graph
[INFO] [stdout]    Given: a case sensitive graph
[INFO] [stdout]     When: saving and loading files
[INFO] [stdout]     Then: when saving with json file extension
[INFO] [stdout]      and: it should be able save file
[INFO] [stdout]      and: it should be possible to load a graph from file
[INFO] [stdout] 
[INFO] [stdout] thread 'graph::graph_test::tests::fbp_graph::given::a_case_sensitive_graph::when::saving_and_loading_files::then::when_saving_with_json_file_extension::and::it_should_be_able_save_file::and::it_should_be_possible_to_load_a_graph_from_file' panicked at 'assertion failed: `(left == right)`
[INFO] [stdout]   left: `true`,
[INFO] [stdout]  right: `false`', src/graph/graph_test.rs:871:25
[INFO] [stdout] stack backtrace:
[INFO] [stdout]    0:     0x5615419c7e8a - std::backtrace_rs::backtrace::libunwind::trace::h2f05d0192276a8f6
[INFO] [stdout]                                at /rustc/1b7dd2252b99671ce5d1cb9664c5f8636329436d/library/std/src/../../backtrace/src/backtrace/libunwind.rs:93:5
[INFO] [stdout]    1:     0x5615419c7e8a - std::backtrace_rs::backtrace::trace_unsynchronized::hedc23dff7a1af150
[INFO] [stdout]                                at /rustc/1b7dd2252b99671ce5d1cb9664c5f8636329436d/library/std/src/../../backtrace/src/backtrace/mod.rs:66:5
[INFO] [stdout]    2:     0x5615419c7e8a - std::sys_common::backtrace::_print_fmt::h17541ef7592f3ce2
[INFO] [stdout]                                at /rustc/1b7dd2252b99671ce5d1cb9664c5f8636329436d/library/std/src/sys_common/backtrace.rs:65:5
[INFO] [stdout]    3:     0x5615419c7e8a - <std::sys_common::backtrace::_print::DisplayBacktrace as core::fmt::Display>::fmt::h20f75df5ab0c0792
[INFO] [stdout]                                at /rustc/1b7dd2252b99671ce5d1cb9664c5f8636329436d/library/std/src/sys_common/backtrace.rs:44:22
[INFO] [stdout]    4:     0x5615419ec77f - core::fmt::write::h78109e6f466b3af6
[INFO] [stdout]                                at /rustc/1b7dd2252b99671ce5d1cb9664c5f8636329436d/library/core/src/fmt/mod.rs:1254:17
[INFO] [stdout]    5:     0x5615419c5095 - std::io::Write::write_fmt::hd24bfb68a1b35a25
[INFO] [stdout]                                at /rustc/1b7dd2252b99671ce5d1cb9664c5f8636329436d/library/std/src/io/mod.rs:1698:15
[INFO] [stdout]    6:     0x5615419c7c55 - std::sys_common::backtrace::_print::h8dac57a9f8fbf9a5
[INFO] [stdout]                                at /rustc/1b7dd2252b99671ce5d1cb9664c5f8636329436d/library/std/src/sys_common/backtrace.rs:47:5
[INFO] [stdout]    7:     0x5615419c7c55 - std::sys_common::backtrace::print::hf9ecbf41d1aa712f
[INFO] [stdout]                                at /rustc/1b7dd2252b99671ce5d1cb9664c5f8636329436d/library/std/src/sys_common/backtrace.rs:34:9
[INFO] [stdout]    8:     0x5615419c990e - std::panicking::default_hook::{{closure}}::h04c07acfc84ca028
[INFO] [stdout]                                at /rustc/1b7dd2252b99671ce5d1cb9664c5f8636329436d/library/std/src/panicking.rs:269:22
[INFO] [stdout]    9:     0x5615419c9641 - std::panicking::default_hook::h01f6bb23e1eceb2c
[INFO] [stdout]                                at /rustc/1b7dd2252b99671ce5d1cb9664c5f8636329436d/library/std/src/panicking.rs:285:9
[INFO] [stdout]   10:     0x56154194e98b - <alloc::boxed::Box<F,A> as core::ops::function::Fn<Args>>::call::h87fe9f7b2fd49e4c
[INFO] [stdout]                                at /rustc/1b7dd2252b99671ce5d1cb9664c5f8636329436d/library/alloc/src/boxed.rs:1987:9
[INFO] [stdout]   11:     0x56154194e98b - test::test_main::{{closure}}::he94d679243a7531b
[INFO] [stdout]                                at /rustc/1b7dd2252b99671ce5d1cb9664c5f8636329436d/library/test/src/lib.rs:134:21
[INFO] [stdout]   12:     0x5615419c9ff4 - <alloc::boxed::Box<F,A> as core::ops::function::Fn<Args>>::call::h3f2d6d8b14c4769f
[INFO] [stdout]                                at /rustc/1b7dd2252b99671ce5d1cb9664c5f8636329436d/library/alloc/src/boxed.rs:1987:9
[INFO] [stdout]   13:     0x5615419c9ff4 - std::panicking::rust_panic_with_hook::h2bb3722bbaf2f6df
[INFO] [stdout]                                at /rustc/1b7dd2252b99671ce5d1cb9664c5f8636329436d/library/std/src/panicking.rs:695:13
[INFO] [stdout]   14:     0x5615419c9d69 - std::panicking::begin_panic_handler::{{closure}}::h91bc7f36a4be011b
[INFO] [stdout]                                at /rustc/1b7dd2252b99671ce5d1cb9664c5f8636329436d/library/std/src/panicking.rs:582:13
[INFO] [stdout]   15:     0x5615419c82f6 - std::sys_common::backtrace::__rust_end_short_backtrace::h8b3d3717114f9e59
[INFO] [stdout]                                at /rustc/1b7dd2252b99671ce5d1cb9664c5f8636329436d/library/std/src/sys_common/backtrace.rs:150:18
[INFO] [stdout]   16:     0x5615419c9ac2 - rust_begin_unwind
[INFO] [stdout]                                at /rustc/1b7dd2252b99671ce5d1cb9664c5f8636329436d/library/std/src/panicking.rs:578:5
[INFO] [stdout]   17:     0x5615417ea113 - core::panicking::panic_fmt::hfd368e3fbdabea26
[INFO] [stdout]                                at /rustc/1b7dd2252b99671ce5d1cb9664c5f8636329436d/library/core/src/panicking.rs:67:14
[INFO] [stdout]   18:     0x5615417ea4df - core::panicking::assert_failed_inner::haef49168e1798a91
[INFO] [stdout]   19:     0x5615418a54ca - core::panicking::assert_failed::hffe6e327581b1582
[INFO] [stdout]                                at /rustc/1b7dd2252b99671ce5d1cb9664c5f8636329436d/library/core/src/panicking.rs:228:5
[INFO] [stdout]   20:     0x56154183f43b - zflow::graph::graph_test::tests::fbp_graph::given::a_case_sensitive_graph::when::saving_and_loading_files::then::when_saving_with_json_file_extension::and::it_should_be_able_save_file::and::it_should_be_possible_to_load_a_graph_from_file::h091cdace58e12ee3
[INFO] [stdout]                                at /opt/rustwide/workdir/src/graph/graph_test.rs:871:25
[INFO] [stdout]   21:     0x56154183f067 - zflow::graph::graph_test::tests::fbp_graph::given::a_case_sensitive_graph::when::saving_and_loading_files::then::when_saving_with_json_file_extension::and::it_should_be_able_save_file::and::it_should_be_possible_to_load_a_graph_from_file::{{closure}}::h1b70e8bb4d2b0d25
[INFO] [stdout]                                at /opt/rustwide/workdir/src/graph/graph_test.rs:16:5
[INFO] [stdout]   22:     0x5615418598a5 - core::ops::function::FnOnce::call_once::h1ea3d69d074c5444
[INFO] [stdout]                                at /rustc/1b7dd2252b99671ce5d1cb9664c5f8636329436d/library/core/src/ops/function.rs:250:5
[INFO] [stdout]   23:     0x56154195385f - core::ops::function::FnOnce::call_once::ha6a70e79f7481a7e
[INFO] [stdout]                                at /rustc/1b7dd2252b99671ce5d1cb9664c5f8636329436d/library/core/src/ops/function.rs:250:5
[INFO] [stdout]   24:     0x56154195385f - test::__rust_begin_short_backtrace::hce33033019b61e69
[INFO] [stdout]                                at /rustc/1b7dd2252b99671ce5d1cb9664c5f8636329436d/library/test/src/lib.rs:655:18
[INFO] [stdout]   25:     0x56154192104c - test::run_test::{{closure}}::h858d3528838ae3e5
[INFO] [stdout]                                at /rustc/1b7dd2252b99671ce5d1cb9664c5f8636329436d/library/test/src/lib.rs:646:30
[INFO] [stdout]   26:     0x56154192104c - core::ops::function::FnOnce::call_once{{vtable.shim}}::he8ac2b00f01ae79e
[INFO] [stdout]                                at /rustc/1b7dd2252b99671ce5d1cb9664c5f8636329436d/library/core/src/ops/function.rs:250:5
[INFO] [stdout]   27:     0x561541952936 - <alloc::boxed::Box<F,A> as core::ops::function::FnOnce<Args>>::call_once::h8093d25b522725ef
[INFO] [stdout]                                at /rustc/1b7dd2252b99671ce5d1cb9664c5f8636329436d/library/alloc/src/boxed.rs:1973:9
[INFO] [stdout]   28:     0x561541952936 - <core::panic::unwind_safe::AssertUnwindSafe<F> as core::ops::function::FnOnce<()>>::call_once::h5c334c204e4a3913
[INFO] [stdout]                                at /rustc/1b7dd2252b99671ce5d1cb9664c5f8636329436d/library/core/src/panic/unwind_safe.rs:271:9
[INFO] [stdout]   29:     0x561541952936 - std::panicking::try::do_call::ha8b740c7b9478074
[INFO] [stdout]                                at /rustc/1b7dd2252b99671ce5d1cb9664c5f8636329436d/library/std/src/panicking.rs:485:40
[INFO] [stdout]   30:     0x561541952936 - std::panicking::try::h5d34f63d0e41b64e
[INFO] [stdout]                                at /rustc/1b7dd2252b99671ce5d1cb9664c5f8636329436d/library/std/src/panicking.rs:449:19
[INFO] [stdout]   31:     0x561541952936 - std::panic::catch_unwind::hcfbb511e1aa7fc67
[INFO] [stdout]                                at /rustc/1b7dd2252b99671ce5d1cb9664c5f8636329436d/library/std/src/panic.rs:140:14
[INFO] [stdout]   32:     0x561541952936 - test::run_test_in_process::h9abda90f802eaf21
[INFO] [stdout]                                at /rustc/1b7dd2252b99671ce5d1cb9664c5f8636329436d/library/test/src/lib.rs:678:27
[INFO] [stdout]   33:     0x561541952936 - test::run_test::run_test_inner::{{closure}}::h0f058de91f6c6edf
[INFO] [stdout]                                at /rustc/1b7dd2252b99671ce5d1cb9664c5f8636329436d/library/test/src/lib.rs:572:39
[INFO] [stdout]   34:     0x56154191b855 - test::run_test::run_test_inner::{{closure}}::h5ca48a4c59c6c1fb
[INFO] [stdout]                                at /rustc/1b7dd2252b99671ce5d1cb9664c5f8636329436d/library/test/src/lib.rs:599:37
[INFO] [stdout]   35:     0x56154191b855 - std::sys_common::backtrace::__rust_begin_short_backtrace::h32bd51e1495d4a33
[INFO] [stdout]                                at /rustc/1b7dd2252b99671ce5d1cb9664c5f8636329436d/library/std/src/sys_common/backtrace.rs:134:18
[INFO] [stdout]   36:     0x561541920d91 - std::thread::Builder::spawn_unchecked_::{{closure}}::{{closure}}::hc086fae9b128b2db
[INFO] [stdout]                                at /rustc/1b7dd2252b99671ce5d1cb9664c5f8636329436d/library/std/src/thread/mod.rs:526:17
[INFO] [stdout]   37:     0x561541920d91 - <core::panic::unwind_safe::AssertUnwindSafe<F> as core::ops::function::FnOnce<()>>::call_once::hb66571888d270d43
[INFO] [stdout]                                at /rustc/1b7dd2252b99671ce5d1cb9664c5f8636329436d/library/core/src/panic/unwind_safe.rs:271:9
[INFO] [stdout]   38:     0x561541920d91 - std::panicking::try::do_call::h4fa2ef4f6e51fecf
[INFO] [stdout]                                at /rustc/1b7dd2252b99671ce5d1cb9664c5f8636329436d/library/std/src/panicking.rs:485:40
[INFO] [stdout]   39:     0x561541920d91 - std::panicking::try::h1e9e22b8584489b5
[INFO] [stdout]                                at /rustc/1b7dd2252b99671ce5d1cb9664c5f8636329436d/library/std/src/panicking.rs:449:19
[INFO] [stdout]   40:     0x561541920d91 - std::panic::catch_unwind::h44698a3de0e0769e
[INFO] [stdout]                                at /rustc/1b7dd2252b99671ce5d1cb9664c5f8636329436d/library/std/src/panic.rs:140:14
[INFO] [stdout]   41:     0x561541920d91 - std::thread::Builder::spawn_unchecked_::{{closure}}::h50153abde3fe239e
[INFO] [stdout]                                at /rustc/1b7dd2252b99671ce5d1cb9664c5f8636329436d/library/std/src/thread/mod.rs:525:30
[INFO] [stdout]   42:     0x561541920d91 - core::ops::function::FnOnce::call_once{{vtable.shim}}::hbe5bbf6f38394364
[INFO] [stdout]                                at /rustc/1b7dd2252b99671ce5d1cb9664c5f8636329436d/library/core/src/ops/function.rs:250:5
[INFO] [stdout]   43:     0x5615419ce575 - <alloc::boxed::Box<F,A> as core::ops::function::FnOnce<Args>>::call_once::h0d83cb2920a49046
[INFO] [stdout]                                at /rustc/1b7dd2252b99671ce5d1cb9664c5f8636329436d/library/alloc/src/boxed.rs:1973:9
[INFO] [stdout]   44:     0x5615419ce575 - <alloc::boxed::Box<F,A> as core::ops::function::FnOnce<Args>>::call_once::hbe0a008aa7d9ef59
[INFO] [stdout]                                at /rustc/1b7dd2252b99671ce5d1cb9664c5f8636329436d/library/alloc/src/boxed.rs:1973:9
[INFO] [stdout]   45:     0x5615419ce575 - std::sys::unix::thread::Thread::new::thread_start::h3a466996bdf6b1f9
[INFO] [stdout]                                at /rustc/1b7dd2252b99671ce5d1cb9664c5f8636329436d/library/std/src/sys/unix/thread.rs:108:17
[INFO] [stdout]   46:     0x7f947b8efb43 - <unknown>
[INFO] [stdout]   47:     0x7f947b980bb4 - __clone
[INFO] [stdout]   48:                0x0 - <unknown>
[INFO] [stdout] 
[INFO] [stdout] 
[INFO] [stdout] failures:
[INFO] [stdout]     graph::graph_test::tests::fbp_graph::given::a_case_sensitive_graph::when::saving_and_loading_files::then::when_saving_with_json_file_extension::and::it_should_be_able_save_file
[INFO] [stdout]     graph::graph_test::tests::fbp_graph::given::a_case_sensitive_graph::when::saving_and_loading_files::then::when_saving_with_json_file_extension::and::it_should_be_able_save_file::and::it_should_be_possible_to_load_a_graph_from_file
[INFO] [stdout] 
[INFO] [stdout] test result: FAILED. 108 passed; 2 failed; 0 ignored; 0 measured; 0 filtered out; finished in 0.18s
[INFO] [stdout] 
[INFO] [stderr] error: test failed, to rerun pass `--lib`
[INFO] running `Command { std: "docker" "inspect" "9799ee641a9cd2d7219ba41a144295e4f3af3cf4881728d5c27239701ae55208", kill_on_drop: false }`
[INFO] running `Command { std: "docker" "rm" "-f" "9799ee641a9cd2d7219ba41a144295e4f3af3cf4881728d5c27239701ae55208", kill_on_drop: false }`
[INFO] [stdout] 9799ee641a9cd2d7219ba41a144295e4f3af3cf4881728d5c27239701ae55208
