[INFO] fetching crate ysn_minigrep 0.1.0...
[INFO] testing ysn_minigrep-0.1.0 against 1.69.0 for beta-1.70-1
[INFO] extracting crate ysn_minigrep 0.1.0 into /workspace/builds/worker-7-tc1/source
[INFO] validating manifest of crates.io crate ysn_minigrep 0.1.0 on toolchain 1.69.0
[INFO] running `Command { std: CARGO_HOME="/workspace/cargo-home" RUSTUP_HOME="/workspace/rustup-home" "/workspace/cargo-home/bin/cargo" "+1.69.0" "metadata" "--manifest-path" "Cargo.toml" "--no-deps", kill_on_drop: false }`
[INFO] started tweaking crates.io crate ysn_minigrep 0.1.0
[INFO] finished tweaking crates.io crate ysn_minigrep 0.1.0
[INFO] tweaked toml for crates.io crate ysn_minigrep 0.1.0 written to /workspace/builds/worker-7-tc1/source/Cargo.toml
[INFO] running `Command { std: CARGO_HOME="/workspace/cargo-home" RUSTUP_HOME="/workspace/rustup-home" __CARGO_TEST_CHANNEL_OVERRIDE_DO_NOT_USE_THIS="nightly" "/workspace/cargo-home/bin/cargo" "+1.69.0" "generate-lockfile" "--manifest-path" "Cargo.toml" "-Zno-index-update", kill_on_drop: false }`
[INFO] [stderr]     Blocking waiting for file lock on package cache
[INFO] running `Command { std: CARGO_HOME="/workspace/cargo-home" RUSTUP_HOME="/workspace/rustup-home" "/workspace/cargo-home/bin/cargo" "+1.69.0" "fetch" "--manifest-path" "Cargo.toml", kill_on_drop: false }`
[INFO] [stderr]     Blocking waiting for file lock on package cache
[INFO] running `Command { std: "docker" "create" "-v" "/var/lib/crater-agent-workspace/builds/worker-7-tc1/target:/opt/rustwide/target:rw,Z" "-v" "/var/lib/crater-agent-workspace/builds/worker-7-tc1/source:/opt/rustwide/workdir:ro,Z" "-v" "/var/lib/crater-agent-workspace/cargo-home:/opt/rustwide/cargo-home:ro,Z" "-v" "/var/lib/crater-agent-workspace/rustup-home:/opt/rustwide/rustup-home:ro,Z" "-e" "SOURCE_DIR=/opt/rustwide/workdir" "-e" "CARGO_TARGET_DIR=/opt/rustwide/target" "-e" "CARGO_HOME=/opt/rustwide/cargo-home" "-e" "RUSTUP_HOME=/opt/rustwide/rustup-home" "-w" "/opt/rustwide/workdir" "-m" "1610612736" "--user" "0:0" "--network" "none" "ghcr.io/rust-lang/crates-build-env/linux@sha256:5ff2268d62e97bff2cde7d5815dd6ed5b47097566f13b8d0ca110b04b60e07ed" "/opt/rustwide/cargo-home/bin/cargo" "+1.69.0" "metadata" "--no-deps" "--format-version=1", kill_on_drop: false }`
[INFO] [stdout] 428c3154129d398dd2e3201297117eebe80564c004b423ee0a3fd1d0c13bad9b
[INFO] running `Command { std: "docker" "start" "-a" "428c3154129d398dd2e3201297117eebe80564c004b423ee0a3fd1d0c13bad9b", kill_on_drop: false }`
[INFO] running `Command { std: "docker" "inspect" "428c3154129d398dd2e3201297117eebe80564c004b423ee0a3fd1d0c13bad9b", kill_on_drop: false }`
[INFO] running `Command { std: "docker" "rm" "-f" "428c3154129d398dd2e3201297117eebe80564c004b423ee0a3fd1d0c13bad9b", kill_on_drop: false }`
[INFO] [stdout] 428c3154129d398dd2e3201297117eebe80564c004b423ee0a3fd1d0c13bad9b
[INFO] running `Command { std: "docker" "create" "-v" "/var/lib/crater-agent-workspace/builds/worker-7-tc1/target:/opt/rustwide/target:rw,Z" "-v" "/var/lib/crater-agent-workspace/builds/worker-7-tc1/source:/opt/rustwide/workdir:ro,Z" "-v" "/var/lib/crater-agent-workspace/cargo-home:/opt/rustwide/cargo-home:ro,Z" "-v" "/var/lib/crater-agent-workspace/rustup-home:/opt/rustwide/rustup-home:ro,Z" "-e" "SOURCE_DIR=/opt/rustwide/workdir" "-e" "CARGO_TARGET_DIR=/opt/rustwide/target" "-e" "CARGO_INCREMENTAL=0" "-e" "RUST_BACKTRACE=full" "-e" "RUSTFLAGS=--cap-lints=warn" "-e" "RUSTDOCFLAGS=--cap-lints=warn" "-e" "CARGO_HOME=/opt/rustwide/cargo-home" "-e" "RUSTUP_HOME=/opt/rustwide/rustup-home" "-w" "/opt/rustwide/workdir" "-m" "1610612736" "--user" "0:0" "--network" "none" "ghcr.io/rust-lang/crates-build-env/linux@sha256:5ff2268d62e97bff2cde7d5815dd6ed5b47097566f13b8d0ca110b04b60e07ed" "/opt/rustwide/cargo-home/bin/cargo" "+1.69.0" "build" "--frozen" "--message-format=json", kill_on_drop: false }`
[INFO] [stdout] a22c616c733113d193277a7c2c2f56cc174307efaab1491108350fd75140e9be
[INFO] running `Command { std: "docker" "start" "-a" "a22c616c733113d193277a7c2c2f56cc174307efaab1491108350fd75140e9be", kill_on_drop: false }`
[INFO] [stderr]    Compiling ysn_minigrep v0.1.0 (/opt/rustwide/workdir)
[INFO] [stderr]     Finished dev [unoptimized + debuginfo] target(s) in 0.38s
[INFO] running `Command { std: "docker" "inspect" "a22c616c733113d193277a7c2c2f56cc174307efaab1491108350fd75140e9be", kill_on_drop: false }`
[INFO] running `Command { std: "docker" "rm" "-f" "a22c616c733113d193277a7c2c2f56cc174307efaab1491108350fd75140e9be", kill_on_drop: false }`
[INFO] [stdout] a22c616c733113d193277a7c2c2f56cc174307efaab1491108350fd75140e9be
[INFO] running `Command { std: "docker" "create" "-v" "/var/lib/crater-agent-workspace/builds/worker-7-tc1/target:/opt/rustwide/target:rw,Z" "-v" "/var/lib/crater-agent-workspace/builds/worker-7-tc1/source:/opt/rustwide/workdir:ro,Z" "-v" "/var/lib/crater-agent-workspace/cargo-home:/opt/rustwide/cargo-home:ro,Z" "-v" "/var/lib/crater-agent-workspace/rustup-home:/opt/rustwide/rustup-home:ro,Z" "-e" "SOURCE_DIR=/opt/rustwide/workdir" "-e" "CARGO_TARGET_DIR=/opt/rustwide/target" "-e" "CARGO_INCREMENTAL=0" "-e" "RUST_BACKTRACE=full" "-e" "RUSTFLAGS=--cap-lints=warn" "-e" "RUSTDOCFLAGS=--cap-lints=warn" "-e" "CARGO_HOME=/opt/rustwide/cargo-home" "-e" "RUSTUP_HOME=/opt/rustwide/rustup-home" "-w" "/opt/rustwide/workdir" "-m" "1610612736" "--user" "0:0" "--network" "none" "ghcr.io/rust-lang/crates-build-env/linux@sha256:5ff2268d62e97bff2cde7d5815dd6ed5b47097566f13b8d0ca110b04b60e07ed" "/opt/rustwide/cargo-home/bin/cargo" "+1.69.0" "test" "--frozen" "--no-run" "--message-format=json", kill_on_drop: false }`
[INFO] [stdout] 5915bad1b508d2914ebfe65f89efd24242afbbb0dcc0731a6676d5844ff12c5a
[INFO] running `Command { std: "docker" "start" "-a" "5915bad1b508d2914ebfe65f89efd24242afbbb0dcc0731a6676d5844ff12c5a", kill_on_drop: false }`
[INFO] [stderr]    Compiling ysn_minigrep v0.1.0 (/opt/rustwide/workdir)
[INFO] [stderr]     Finished test [unoptimized + debuginfo] target(s) in 0.57s
[INFO] running `Command { std: "docker" "inspect" "5915bad1b508d2914ebfe65f89efd24242afbbb0dcc0731a6676d5844ff12c5a", kill_on_drop: false }`
[INFO] running `Command { std: "docker" "rm" "-f" "5915bad1b508d2914ebfe65f89efd24242afbbb0dcc0731a6676d5844ff12c5a", kill_on_drop: false }`
[INFO] [stdout] 5915bad1b508d2914ebfe65f89efd24242afbbb0dcc0731a6676d5844ff12c5a
[INFO] running `Command { std: "docker" "create" "-v" "/var/lib/crater-agent-workspace/builds/worker-7-tc1/target:/opt/rustwide/target:rw,Z" "-v" "/var/lib/crater-agent-workspace/builds/worker-7-tc1/source:/opt/rustwide/workdir:ro,Z" "-v" "/var/lib/crater-agent-workspace/cargo-home:/opt/rustwide/cargo-home:ro,Z" "-v" "/var/lib/crater-agent-workspace/rustup-home:/opt/rustwide/rustup-home:ro,Z" "-e" "SOURCE_DIR=/opt/rustwide/workdir" "-e" "CARGO_TARGET_DIR=/opt/rustwide/target" "-e" "CARGO_INCREMENTAL=0" "-e" "RUST_BACKTRACE=full" "-e" "RUSTFLAGS=--cap-lints=warn" "-e" "RUSTDOCFLAGS=--cap-lints=warn" "-e" "CARGO_HOME=/opt/rustwide/cargo-home" "-e" "RUSTUP_HOME=/opt/rustwide/rustup-home" "-w" "/opt/rustwide/workdir" "-m" "1610612736" "--user" "0:0" "--network" "none" "ghcr.io/rust-lang/crates-build-env/linux@sha256:5ff2268d62e97bff2cde7d5815dd6ed5b47097566f13b8d0ca110b04b60e07ed" "/opt/rustwide/cargo-home/bin/cargo" "+1.69.0" "test" "--frozen", kill_on_drop: false }`
[INFO] [stdout] 4532b681b77606b0bae21915770bc659295daa1b0eb06ccdcc585e477740ef65
[INFO] running `Command { std: "docker" "start" "-a" "4532b681b77606b0bae21915770bc659295daa1b0eb06ccdcc585e477740ef65", kill_on_drop: false }`
[INFO] [stderr]     Finished test [unoptimized + debuginfo] target(s) in 0.00s
[INFO] [stderr]      Running unittests src/lib.rs (/opt/rustwide/target/debug/deps/ysn_minigrep-bcedb268560a8cd4)
[INFO] [stdout] 
[INFO] [stdout] running 2 tests
[INFO] [stdout] test tests::case_insensitive ... ok
[INFO] [stdout] test tests::case_sensitive ... ok
[INFO] [stdout] 
[INFO] [stdout] test result: ok. 2 passed; 0 failed; 0 ignored; 0 measured; 0 filtered out; finished in 0.00s
[INFO] [stdout] 
[INFO] [stderr]    Doc-tests ysn_minigrep
[INFO] [stdout] 
[INFO] [stdout] running 2 tests
[INFO] [stdout] test src/lib.rs - Config (line 65) ... FAILED
[INFO] [stdout] test src/lib.rs - (line 7) ... FAILED
[INFO] [stdout] 
[INFO] [stdout] failures:
[INFO] [stdout] 
[INFO] [stdout] ---- src/lib.rs - Config (line 65) stdout ----
[INFO] [stdout] error[E0432]: unresolved import `minigrep`
[INFO] [stdout]  --> src/lib.rs:66:5
[INFO] [stdout]   |
[INFO] [stdout] 3 | use minigrep::Config;
[INFO] [stdout]   |     ^^^^^^^^ use of undeclared crate or module `minigrep`
[INFO] [stdout] 
[INFO] [stdout] error: aborting due to previous error
[INFO] [stdout] 
[INFO] [stdout] For more information about this error, try `rustc --explain E0432`.
[INFO] [stdout] Couldn't compile the test.
[INFO] [stdout] ---- src/lib.rs - (line 7) stdout ----
[INFO] [stdout] error[E0432]: unresolved import `minigrep`
[INFO] [stdout]  --> src/lib.rs:10:5
[INFO] [stdout]   |
[INFO] [stdout] 4 | use minigrep::Config;
[INFO] [stdout]   |     ^^^^^^^^ use of undeclared crate or module `minigrep`
[INFO] [stdout] 
[INFO] [stdout] error[E0432]: unresolved import `minigrep`
[INFO] [stdout]  --> src/lib.rs:11:5
[INFO] [stdout]   |
[INFO] [stdout] 5 | use minigrep::mix;
[INFO] [stdout]   |     ^^^^^^^^ use of undeclared crate or module `minigrep`
[INFO] [stdout] 
[INFO] [stdout] error[E0432]: unresolved import `minigrep`
[INFO] [stdout]  --> src/lib.rs:12:5
[INFO] [stdout]   |
[INFO] [stdout] 6 | use minigrep::PrimaryColor;
[INFO] [stdout]   |     ^^^^^^^^ use of undeclared crate or module `minigrep`
[INFO] [stdout] 
[INFO] [stdout] error[E0433]: failed to resolve: use of undeclared crate or module `minigrep`
[INFO] [stdout]   --> src/lib.rs:18:20
[INFO] [stdout]    |
[INFO] [stdout] 12 |    if let Err(e) = minigrep::run(config) {
[INFO] [stdout]    |                    ^^^^^^^^ use of undeclared crate or module `minigrep`
[INFO] [stdout] 
[INFO] [stdout] error: aborting due to 4 previous errors
[INFO] [stdout] 
[INFO] [stdout] Some errors have detailed explanations: E0432, E0433.
[INFO] [stdout] For more information about an error, try `rustc --explain E0432`.
[INFO] [stdout] Couldn't compile the test.
[INFO] [stdout] 
[INFO] [stdout] failures:
[INFO] [stdout]     src/lib.rs - (line 7)
[INFO] [stdout]     src/lib.rs - Config (line 65)
[INFO] [stdout] 
[INFO] [stdout] test result: FAILED. 0 passed; 2 failed; 0 ignored; 0 measured; 0 filtered out; finished in 0.05s
[INFO] [stdout] 
[INFO] [stderr] error: doctest failed, to rerun pass `--doc`
[INFO] running `Command { std: "docker" "inspect" "4532b681b77606b0bae21915770bc659295daa1b0eb06ccdcc585e477740ef65", kill_on_drop: false }`
[INFO] running `Command { std: "docker" "rm" "-f" "4532b681b77606b0bae21915770bc659295daa1b0eb06ccdcc585e477740ef65", kill_on_drop: false }`
[INFO] [stdout] 4532b681b77606b0bae21915770bc659295daa1b0eb06ccdcc585e477740ef65
