[INFO] fetching crate yomo 0.1.3...
[INFO] testing yomo-0.1.3 against beta-2023-04-20 for beta-1.70-1
[INFO] extracting crate yomo 0.1.3 into /workspace/builds/worker-4-tc2/source
[INFO] validating manifest of crates.io crate yomo 0.1.3 on toolchain beta-2023-04-20
[INFO] running `Command { std: CARGO_HOME="/workspace/cargo-home" RUSTUP_HOME="/workspace/rustup-home" "/workspace/cargo-home/bin/cargo" "+beta-2023-04-20" "metadata" "--manifest-path" "Cargo.toml" "--no-deps", kill_on_drop: false }`
[INFO] started tweaking crates.io crate yomo 0.1.3
[INFO] finished tweaking crates.io crate yomo 0.1.3
[INFO] tweaked toml for crates.io crate yomo 0.1.3 written to /workspace/builds/worker-4-tc2/source/Cargo.toml
[INFO] running `Command { std: CARGO_HOME="/workspace/cargo-home" RUSTUP_HOME="/workspace/rustup-home" __CARGO_TEST_CHANNEL_OVERRIDE_DO_NOT_USE_THIS="nightly" "/workspace/cargo-home/bin/cargo" "+beta-2023-04-20" "generate-lockfile" "--manifest-path" "Cargo.toml" "-Zno-index-update", kill_on_drop: false }`
[INFO] running `Command { std: CARGO_HOME="/workspace/cargo-home" RUSTUP_HOME="/workspace/rustup-home" "/workspace/cargo-home/bin/cargo" "+beta-2023-04-20" "fetch" "--manifest-path" "Cargo.toml", kill_on_drop: false }`
[INFO] running `Command { std: "docker" "create" "-v" "/var/lib/crater-agent-workspace/builds/worker-4-tc2/target:/opt/rustwide/target:rw,Z" "-v" "/var/lib/crater-agent-workspace/builds/worker-4-tc2/source:/opt/rustwide/workdir:ro,Z" "-v" "/var/lib/crater-agent-workspace/cargo-home:/opt/rustwide/cargo-home:ro,Z" "-v" "/var/lib/crater-agent-workspace/rustup-home:/opt/rustwide/rustup-home:ro,Z" "-e" "SOURCE_DIR=/opt/rustwide/workdir" "-e" "CARGO_TARGET_DIR=/opt/rustwide/target" "-e" "CARGO_HOME=/opt/rustwide/cargo-home" "-e" "RUSTUP_HOME=/opt/rustwide/rustup-home" "-w" "/opt/rustwide/workdir" "-m" "1610612736" "--user" "0:0" "--network" "none" "ghcr.io/rust-lang/crates-build-env/linux@sha256:5ff2268d62e97bff2cde7d5815dd6ed5b47097566f13b8d0ca110b04b60e07ed" "/opt/rustwide/cargo-home/bin/cargo" "+beta-2023-04-20" "metadata" "--no-deps" "--format-version=1", kill_on_drop: false }`
[INFO] [stdout] bbd028946c7441402f89cc57fc2fa2d00e1e91ac8bc87d24fa7ee6a9f557278f
[INFO] running `Command { std: "docker" "start" "-a" "bbd028946c7441402f89cc57fc2fa2d00e1e91ac8bc87d24fa7ee6a9f557278f", kill_on_drop: false }`
[INFO] running `Command { std: "docker" "inspect" "bbd028946c7441402f89cc57fc2fa2d00e1e91ac8bc87d24fa7ee6a9f557278f", kill_on_drop: false }`
[INFO] running `Command { std: "docker" "rm" "-f" "bbd028946c7441402f89cc57fc2fa2d00e1e91ac8bc87d24fa7ee6a9f557278f", kill_on_drop: false }`
[INFO] [stdout] bbd028946c7441402f89cc57fc2fa2d00e1e91ac8bc87d24fa7ee6a9f557278f
[INFO] running `Command { std: "docker" "create" "-v" "/var/lib/crater-agent-workspace/builds/worker-4-tc2/target:/opt/rustwide/target:rw,Z" "-v" "/var/lib/crater-agent-workspace/builds/worker-4-tc2/source:/opt/rustwide/workdir:ro,Z" "-v" "/var/lib/crater-agent-workspace/cargo-home:/opt/rustwide/cargo-home:ro,Z" "-v" "/var/lib/crater-agent-workspace/rustup-home:/opt/rustwide/rustup-home:ro,Z" "-e" "SOURCE_DIR=/opt/rustwide/workdir" "-e" "CARGO_TARGET_DIR=/opt/rustwide/target" "-e" "CARGO_INCREMENTAL=0" "-e" "RUST_BACKTRACE=full" "-e" "RUSTFLAGS=--cap-lints=warn" "-e" "RUSTDOCFLAGS=--cap-lints=warn" "-e" "CARGO_HOME=/opt/rustwide/cargo-home" "-e" "RUSTUP_HOME=/opt/rustwide/rustup-home" "-w" "/opt/rustwide/workdir" "-m" "1610612736" "--user" "0:0" "--network" "none" "ghcr.io/rust-lang/crates-build-env/linux@sha256:5ff2268d62e97bff2cde7d5815dd6ed5b47097566f13b8d0ca110b04b60e07ed" "/opt/rustwide/cargo-home/bin/cargo" "+beta-2023-04-20" "build" "--frozen" "--message-format=json", kill_on_drop: false }`
[INFO] [stdout] 3f979ca270f4c27d7f21008300dbc948158c04b2b0e7d7f5debda2b3d2ec3319
[INFO] running `Command { std: "docker" "start" "-a" "3f979ca270f4c27d7f21008300dbc948158c04b2b0e7d7f5debda2b3d2ec3319", kill_on_drop: false }`
[INFO] [stderr]    Compiling proc-macro2 v1.0.56
[INFO] [stderr]    Compiling syn v1.0.109
[INFO] [stderr]    Compiling quote v1.0.26
[INFO] [stderr]    Compiling yomo v0.1.3 (/opt/rustwide/workdir)
[INFO] [stderr]     Finished dev [unoptimized + debuginfo] target(s) in 4.49s
[INFO] running `Command { std: "docker" "inspect" "3f979ca270f4c27d7f21008300dbc948158c04b2b0e7d7f5debda2b3d2ec3319", kill_on_drop: false }`
[INFO] running `Command { std: "docker" "rm" "-f" "3f979ca270f4c27d7f21008300dbc948158c04b2b0e7d7f5debda2b3d2ec3319", kill_on_drop: false }`
[INFO] [stdout] 3f979ca270f4c27d7f21008300dbc948158c04b2b0e7d7f5debda2b3d2ec3319
[INFO] running `Command { std: "docker" "create" "-v" "/var/lib/crater-agent-workspace/builds/worker-4-tc2/target:/opt/rustwide/target:rw,Z" "-v" "/var/lib/crater-agent-workspace/builds/worker-4-tc2/source:/opt/rustwide/workdir:ro,Z" "-v" "/var/lib/crater-agent-workspace/cargo-home:/opt/rustwide/cargo-home:ro,Z" "-v" "/var/lib/crater-agent-workspace/rustup-home:/opt/rustwide/rustup-home:ro,Z" "-e" "SOURCE_DIR=/opt/rustwide/workdir" "-e" "CARGO_TARGET_DIR=/opt/rustwide/target" "-e" "CARGO_INCREMENTAL=0" "-e" "RUST_BACKTRACE=full" "-e" "RUSTFLAGS=--cap-lints=warn" "-e" "RUSTDOCFLAGS=--cap-lints=warn" "-e" "CARGO_HOME=/opt/rustwide/cargo-home" "-e" "RUSTUP_HOME=/opt/rustwide/rustup-home" "-w" "/opt/rustwide/workdir" "-m" "1610612736" "--user" "0:0" "--network" "none" "ghcr.io/rust-lang/crates-build-env/linux@sha256:5ff2268d62e97bff2cde7d5815dd6ed5b47097566f13b8d0ca110b04b60e07ed" "/opt/rustwide/cargo-home/bin/cargo" "+beta-2023-04-20" "test" "--frozen" "--no-run" "--message-format=json", kill_on_drop: false }`
[INFO] [stdout] db2712afbaf5a2b626a3b03be22a41a13068b81c28d9f9e2e7e34f0f11f90cfe
[INFO] running `Command { std: "docker" "start" "-a" "db2712afbaf5a2b626a3b03be22a41a13068b81c28d9f9e2e7e34f0f11f90cfe", kill_on_drop: false }`
[INFO] [stderr]    Compiling yomo v0.1.3 (/opt/rustwide/workdir)
[INFO] [stderr]     Finished test [unoptimized + debuginfo] target(s) in 0.55s
[INFO] running `Command { std: "docker" "inspect" "db2712afbaf5a2b626a3b03be22a41a13068b81c28d9f9e2e7e34f0f11f90cfe", kill_on_drop: false }`
[INFO] running `Command { std: "docker" "rm" "-f" "db2712afbaf5a2b626a3b03be22a41a13068b81c28d9f9e2e7e34f0f11f90cfe", kill_on_drop: false }`
[INFO] [stdout] db2712afbaf5a2b626a3b03be22a41a13068b81c28d9f9e2e7e34f0f11f90cfe
[INFO] running `Command { std: "docker" "create" "-v" "/var/lib/crater-agent-workspace/builds/worker-4-tc2/target:/opt/rustwide/target:rw,Z" "-v" "/var/lib/crater-agent-workspace/builds/worker-4-tc2/source:/opt/rustwide/workdir:ro,Z" "-v" "/var/lib/crater-agent-workspace/cargo-home:/opt/rustwide/cargo-home:ro,Z" "-v" "/var/lib/crater-agent-workspace/rustup-home:/opt/rustwide/rustup-home:ro,Z" "-e" "SOURCE_DIR=/opt/rustwide/workdir" "-e" "CARGO_TARGET_DIR=/opt/rustwide/target" "-e" "CARGO_INCREMENTAL=0" "-e" "RUST_BACKTRACE=full" "-e" "RUSTFLAGS=--cap-lints=warn" "-e" "RUSTDOCFLAGS=--cap-lints=warn" "-e" "CARGO_HOME=/opt/rustwide/cargo-home" "-e" "RUSTUP_HOME=/opt/rustwide/rustup-home" "-w" "/opt/rustwide/workdir" "-m" "1610612736" "--user" "0:0" "--network" "none" "ghcr.io/rust-lang/crates-build-env/linux@sha256:5ff2268d62e97bff2cde7d5815dd6ed5b47097566f13b8d0ca110b04b60e07ed" "/opt/rustwide/cargo-home/bin/cargo" "+beta-2023-04-20" "test" "--frozen", kill_on_drop: false }`
[INFO] [stdout] 05337e15e690f58fd12bc18eb8bbe42f69c014d3b62610c19d9afa99fcc7822f
[INFO] running `Command { std: "docker" "start" "-a" "05337e15e690f58fd12bc18eb8bbe42f69c014d3b62610c19d9afa99fcc7822f", kill_on_drop: false }`
[INFO] [stderr]     Finished test [unoptimized + debuginfo] target(s) in 0.00s
[INFO] [stderr]      Running unittests src/lib.rs (/opt/rustwide/target/debug/deps/yomo-28e56bf266610bf3)
[INFO] [stdout] 
[INFO] [stdout] running 0 tests
[INFO] [stdout] 
[INFO] [stdout] test result: ok. 0 passed; 0 failed; 0 ignored; 0 measured; 0 filtered out; finished in 0.00s
[INFO] [stdout] 
[INFO] [stderr]    Doc-tests yomo
[INFO] [stdout] 
[INFO] [stdout] running 2 tests
[INFO] [stdout] test src/lib.rs - init (line 13) ... FAILED
[INFO] [stdout] test src/lib.rs - handler (line 59) ... FAILED
[INFO] [stdout] 
[INFO] [stdout] failures:
[INFO] [stdout] 
[INFO] [stdout] ---- src/lib.rs - init (line 13) stdout ----
[INFO] [stdout] error[E0433]: failed to resolve: use of undeclared crate or module `anyhow`
[INFO] [stdout]  --> src/lib.rs:15:14
[INFO] [stdout]   |
[INFO] [stdout] 5 | fn init() -> anyhow::Result<Vec<u32>> {
[INFO] [stdout]   |              ^^^^^^ use of undeclared crate or module `anyhow`
[INFO] [stdout] 
[INFO] [stdout] error: aborting due to previous error
[INFO] [stdout] 
[INFO] [stdout] For more information about this error, try `rustc --explain E0433`.
[INFO] [stdout] Couldn't compile the test.
[INFO] [stdout] ---- src/lib.rs - handler (line 59) stdout ----
[INFO] [stdout] error[E0433]: failed to resolve: use of undeclared crate or module `anyhow`
[INFO] [stdout]  --> src/lib.rs:61:29
[INFO] [stdout]   |
[INFO] [stdout] 5 | fn handler(input: &[u8]) -> anyhow::Result<(u32, Vec<u8>)> {
[INFO] [stdout]   |                             ^^^^^^ use of undeclared crate or module `anyhow`
[INFO] [stdout] 
[INFO] [stdout] error[E0425]: cannot find function `yomo_dump_output` in this scope
[INFO] [stdout]  --> src/lib.rs:60:1
[INFO] [stdout]   |
[INFO] [stdout] 4 | #[yomo::handler]
[INFO] [stdout]   | ^^^^^^^^^^^^^^^^ not found in this scope
[INFO] [stdout]   |
[INFO] [stdout]   = note: this error originates in the attribute macro `yomo::handler` (in Nightly builds, run with -Z macro-backtrace for more info)
[INFO] [stdout] 
[INFO] [stdout] error: aborting due to 2 previous errors
[INFO] [stdout] 
[INFO] [stdout] Some errors have detailed explanations: E0425, E0433.
[INFO] [stdout] For more information about an error, try `rustc --explain E0425`.
[INFO] [stdout] Couldn't compile the test.
[INFO] [stdout] 
[INFO] [stdout] failures:
[INFO] [stdout]     src/lib.rs - handler (line 59)
[INFO] [stdout]     src/lib.rs - init (line 13)
[INFO] [stdout] 
[INFO] [stdout] test result: FAILED. 0 passed; 2 failed; 0 ignored; 0 measured; 0 filtered out; finished in 0.04s
[INFO] [stdout] 
[INFO] [stderr] error: doctest failed, to rerun pass `--doc`
[INFO] running `Command { std: "docker" "inspect" "05337e15e690f58fd12bc18eb8bbe42f69c014d3b62610c19d9afa99fcc7822f", kill_on_drop: false }`
[INFO] running `Command { std: "docker" "rm" "-f" "05337e15e690f58fd12bc18eb8bbe42f69c014d3b62610c19d9afa99fcc7822f", kill_on_drop: false }`
[INFO] [stdout] 05337e15e690f58fd12bc18eb8bbe42f69c014d3b62610c19d9afa99fcc7822f
