[INFO] fetching crate yabfi 1.0.1...
[INFO] testing yabfi-1.0.1 against 1.69.0 for beta-1.70-1
[INFO] extracting crate yabfi 1.0.1 into /workspace/builds/worker-7-tc1/source
[INFO] validating manifest of crates.io crate yabfi 1.0.1 on toolchain 1.69.0
[INFO] running `Command { std: CARGO_HOME="/workspace/cargo-home" RUSTUP_HOME="/workspace/rustup-home" "/workspace/cargo-home/bin/cargo" "+1.69.0" "metadata" "--manifest-path" "Cargo.toml" "--no-deps", kill_on_drop: false }`
[INFO] started tweaking crates.io crate yabfi 1.0.1
[INFO] finished tweaking crates.io crate yabfi 1.0.1
[INFO] tweaked toml for crates.io crate yabfi 1.0.1 written to /workspace/builds/worker-7-tc1/source/Cargo.toml
[INFO] crate crates.io crate yabfi 1.0.1 already has a lockfile, it will not be regenerated
[INFO] running `Command { std: CARGO_HOME="/workspace/cargo-home" RUSTUP_HOME="/workspace/rustup-home" "/workspace/cargo-home/bin/cargo" "+1.69.0" "fetch" "--manifest-path" "Cargo.toml", kill_on_drop: false }`
[INFO] [stderr]     Blocking waiting for file lock on package cache
[INFO] running `Command { std: "docker" "create" "-v" "/var/lib/crater-agent-workspace/builds/worker-7-tc1/target:/opt/rustwide/target:rw,Z" "-v" "/var/lib/crater-agent-workspace/builds/worker-7-tc1/source:/opt/rustwide/workdir:ro,Z" "-v" "/var/lib/crater-agent-workspace/cargo-home:/opt/rustwide/cargo-home:ro,Z" "-v" "/var/lib/crater-agent-workspace/rustup-home:/opt/rustwide/rustup-home:ro,Z" "-e" "SOURCE_DIR=/opt/rustwide/workdir" "-e" "CARGO_TARGET_DIR=/opt/rustwide/target" "-e" "CARGO_HOME=/opt/rustwide/cargo-home" "-e" "RUSTUP_HOME=/opt/rustwide/rustup-home" "-w" "/opt/rustwide/workdir" "-m" "1610612736" "--user" "0:0" "--network" "none" "ghcr.io/rust-lang/crates-build-env/linux@sha256:5ff2268d62e97bff2cde7d5815dd6ed5b47097566f13b8d0ca110b04b60e07ed" "/opt/rustwide/cargo-home/bin/cargo" "+1.69.0" "metadata" "--no-deps" "--format-version=1", kill_on_drop: false }`
[INFO] [stdout] 52e2c0bef45431fe1ed13393a4813692a94cda0f5cf0dc33d9d6950a0b93cff5
[INFO] running `Command { std: "docker" "start" "-a" "52e2c0bef45431fe1ed13393a4813692a94cda0f5cf0dc33d9d6950a0b93cff5", kill_on_drop: false }`
[INFO] running `Command { std: "docker" "inspect" "52e2c0bef45431fe1ed13393a4813692a94cda0f5cf0dc33d9d6950a0b93cff5", kill_on_drop: false }`
[INFO] running `Command { std: "docker" "rm" "-f" "52e2c0bef45431fe1ed13393a4813692a94cda0f5cf0dc33d9d6950a0b93cff5", kill_on_drop: false }`
[INFO] [stdout] 52e2c0bef45431fe1ed13393a4813692a94cda0f5cf0dc33d9d6950a0b93cff5
[INFO] running `Command { std: "docker" "create" "-v" "/var/lib/crater-agent-workspace/builds/worker-7-tc1/target:/opt/rustwide/target:rw,Z" "-v" "/var/lib/crater-agent-workspace/builds/worker-7-tc1/source:/opt/rustwide/workdir:ro,Z" "-v" "/var/lib/crater-agent-workspace/cargo-home:/opt/rustwide/cargo-home:ro,Z" "-v" "/var/lib/crater-agent-workspace/rustup-home:/opt/rustwide/rustup-home:ro,Z" "-e" "SOURCE_DIR=/opt/rustwide/workdir" "-e" "CARGO_TARGET_DIR=/opt/rustwide/target" "-e" "CARGO_INCREMENTAL=0" "-e" "RUST_BACKTRACE=full" "-e" "RUSTFLAGS=--cap-lints=warn" "-e" "RUSTDOCFLAGS=--cap-lints=warn" "-e" "CARGO_HOME=/opt/rustwide/cargo-home" "-e" "RUSTUP_HOME=/opt/rustwide/rustup-home" "-w" "/opt/rustwide/workdir" "-m" "1610612736" "--user" "0:0" "--network" "none" "ghcr.io/rust-lang/crates-build-env/linux@sha256:5ff2268d62e97bff2cde7d5815dd6ed5b47097566f13b8d0ca110b04b60e07ed" "/opt/rustwide/cargo-home/bin/cargo" "+1.69.0" "build" "--frozen" "--message-format=json", kill_on_drop: false }`
[INFO] [stdout] 3fedbe86747b46a48b4aac8c8175d183def605fcb310493eb69baee62e3af12c
[INFO] running `Command { std: "docker" "start" "-a" "3fedbe86747b46a48b4aac8c8175d183def605fcb310493eb69baee62e3af12c", kill_on_drop: false }`
[INFO] [stderr]    Compiling memchr v2.5.0
[INFO] [stderr]    Compiling minimal-lexical v0.2.1
[INFO] [stderr]    Compiling nom v7.1.3
[INFO] [stderr]    Compiling yabfi v1.0.1 (/opt/rustwide/workdir)
[INFO] [stderr]     Finished dev [unoptimized + debuginfo] target(s) in 3.69s
[INFO] running `Command { std: "docker" "inspect" "3fedbe86747b46a48b4aac8c8175d183def605fcb310493eb69baee62e3af12c", kill_on_drop: false }`
[INFO] running `Command { std: "docker" "rm" "-f" "3fedbe86747b46a48b4aac8c8175d183def605fcb310493eb69baee62e3af12c", kill_on_drop: false }`
[INFO] [stdout] 3fedbe86747b46a48b4aac8c8175d183def605fcb310493eb69baee62e3af12c
[INFO] running `Command { std: "docker" "create" "-v" "/var/lib/crater-agent-workspace/builds/worker-7-tc1/target:/opt/rustwide/target:rw,Z" "-v" "/var/lib/crater-agent-workspace/builds/worker-7-tc1/source:/opt/rustwide/workdir:ro,Z" "-v" "/var/lib/crater-agent-workspace/cargo-home:/opt/rustwide/cargo-home:ro,Z" "-v" "/var/lib/crater-agent-workspace/rustup-home:/opt/rustwide/rustup-home:ro,Z" "-e" "SOURCE_DIR=/opt/rustwide/workdir" "-e" "CARGO_TARGET_DIR=/opt/rustwide/target" "-e" "CARGO_INCREMENTAL=0" "-e" "RUST_BACKTRACE=full" "-e" "RUSTFLAGS=--cap-lints=warn" "-e" "RUSTDOCFLAGS=--cap-lints=warn" "-e" "CARGO_HOME=/opt/rustwide/cargo-home" "-e" "RUSTUP_HOME=/opt/rustwide/rustup-home" "-w" "/opt/rustwide/workdir" "-m" "1610612736" "--user" "0:0" "--network" "none" "ghcr.io/rust-lang/crates-build-env/linux@sha256:5ff2268d62e97bff2cde7d5815dd6ed5b47097566f13b8d0ca110b04b60e07ed" "/opt/rustwide/cargo-home/bin/cargo" "+1.69.0" "test" "--frozen" "--no-run" "--message-format=json", kill_on_drop: false }`
[INFO] [stdout] acfd6a9aa5da6a5085a98e82ed39a5baf6e96b0cfb30492fbfb8bd9766c7773b
[INFO] running `Command { std: "docker" "start" "-a" "acfd6a9aa5da6a5085a98e82ed39a5baf6e96b0cfb30492fbfb8bd9766c7773b", kill_on_drop: false }`
[INFO] [stderr]    Compiling yabfi v1.0.1 (/opt/rustwide/workdir)
[INFO] [stderr]     Finished test [unoptimized + debuginfo] target(s) in 0.74s
[INFO] running `Command { std: "docker" "inspect" "acfd6a9aa5da6a5085a98e82ed39a5baf6e96b0cfb30492fbfb8bd9766c7773b", kill_on_drop: false }`
[INFO] running `Command { std: "docker" "rm" "-f" "acfd6a9aa5da6a5085a98e82ed39a5baf6e96b0cfb30492fbfb8bd9766c7773b", kill_on_drop: false }`
[INFO] [stdout] acfd6a9aa5da6a5085a98e82ed39a5baf6e96b0cfb30492fbfb8bd9766c7773b
[INFO] running `Command { std: "docker" "create" "-v" "/var/lib/crater-agent-workspace/builds/worker-7-tc1/target:/opt/rustwide/target:rw,Z" "-v" "/var/lib/crater-agent-workspace/builds/worker-7-tc1/source:/opt/rustwide/workdir:ro,Z" "-v" "/var/lib/crater-agent-workspace/cargo-home:/opt/rustwide/cargo-home:ro,Z" "-v" "/var/lib/crater-agent-workspace/rustup-home:/opt/rustwide/rustup-home:ro,Z" "-e" "SOURCE_DIR=/opt/rustwide/workdir" "-e" "CARGO_TARGET_DIR=/opt/rustwide/target" "-e" "CARGO_INCREMENTAL=0" "-e" "RUST_BACKTRACE=full" "-e" "RUSTFLAGS=--cap-lints=warn" "-e" "RUSTDOCFLAGS=--cap-lints=warn" "-e" "CARGO_HOME=/opt/rustwide/cargo-home" "-e" "RUSTUP_HOME=/opt/rustwide/rustup-home" "-w" "/opt/rustwide/workdir" "-m" "1610612736" "--user" "0:0" "--network" "none" "ghcr.io/rust-lang/crates-build-env/linux@sha256:5ff2268d62e97bff2cde7d5815dd6ed5b47097566f13b8d0ca110b04b60e07ed" "/opt/rustwide/cargo-home/bin/cargo" "+1.69.0" "test" "--frozen", kill_on_drop: false }`
[INFO] [stdout] d570add4dfe42e8f03b96e9160dd16bb4771d30d7993ec7f6a4c926a1d807f6a
[INFO] running `Command { std: "docker" "start" "-a" "d570add4dfe42e8f03b96e9160dd16bb4771d30d7993ec7f6a4c926a1d807f6a", kill_on_drop: false }`
[INFO] [stderr]     Finished test [unoptimized + debuginfo] target(s) in 0.01s
[INFO] [stderr]      Running unittests src/lib.rs (/opt/rustwide/target/debug/deps/yabfi-4a347f44e8743214)
[INFO] [stdout] 
[INFO] [stdout] running 1 test
[INFO] [stdout] test test::hello_world ... ok
[INFO] [stdout] 
[INFO] [stdout] test result: ok. 1 passed; 0 failed; 0 ignored; 0 measured; 0 filtered out; finished in 0.00s
[INFO] [stdout] 
[INFO] [stderr]      Running unittests src/main.rs (/opt/rustwide/target/debug/deps/yabfi-b3791a180d8a834b)
[INFO] [stdout] 
[INFO] [stdout] running 0 tests
[INFO] [stdout] 
[INFO] [stdout] test result: ok. 0 passed; 0 failed; 0 ignored; 0 measured; 0 filtered out; finished in 0.00s
[INFO] [stdout] 
[INFO] [stderr]    Doc-tests yabfi
[INFO] [stdout] 
[INFO] [stdout] running 1 test
[INFO] [stdout] test src/context.rs - context::Context (line 10) ... FAILED
[INFO] [stdout] 
[INFO] [stdout] failures:
[INFO] [stdout] 
[INFO] [stdout] ---- src/context.rs - context::Context (line 10) stdout ----
[INFO] [stdout] error[E0433]: failed to resolve: use of undeclared crate or module `fuck_rs`
[INFO] [stdout]  --> src/context.rs:11:5
[INFO] [stdout]   |
[INFO] [stdout] 3 | use fuck_rs::prelude::*;
[INFO] [stdout]   |     ^^^^^^^ use of undeclared crate or module `fuck_rs`
[INFO] [stdout] 
[INFO] [stdout] error[E0433]: failed to resolve: use of undeclared type `Context`
[INFO] [stdout]  --> src/context.rs:13:15
[INFO] [stdout]   |
[INFO] [stdout] 5 | let context = Context::new();
[INFO] [stdout]   |               ^^^^^^^ use of undeclared type `Context`
[INFO] [stdout]   |
[INFO] [stdout] help: consider importing one of these items
[INFO] [stdout]   |
[INFO] [stdout] 2 | use core::task::Context;
[INFO] [stdout]   |
[INFO] [stdout] 2 | use std::task::Context;
[INFO] [stdout]   |
[INFO] [stdout] 2 | use yabfi::prelude::Context;
[INFO] [stdout]   |
[INFO] [stdout] 
[INFO] [stdout] error: aborting due to 2 previous errors
[INFO] [stdout] 
[INFO] [stdout] For more information about this error, try `rustc --explain E0433`.
[INFO] [stdout] Couldn't compile the test.
[INFO] [stdout] 
[INFO] [stdout] failures:
[INFO] [stdout]     src/context.rs - context::Context (line 10)
[INFO] [stdout] 
[INFO] [stdout] test result: FAILED. 0 passed; 1 failed; 0 ignored; 0 measured; 0 filtered out; finished in 0.05s
[INFO] [stdout] 
[INFO] [stderr] error: doctest failed, to rerun pass `--doc`
[INFO] running `Command { std: "docker" "inspect" "d570add4dfe42e8f03b96e9160dd16bb4771d30d7993ec7f6a4c926a1d807f6a", kill_on_drop: false }`
[INFO] running `Command { std: "docker" "rm" "-f" "d570add4dfe42e8f03b96e9160dd16bb4771d30d7993ec7f6a4c926a1d807f6a", kill_on_drop: false }`
[INFO] [stdout] d570add4dfe42e8f03b96e9160dd16bb4771d30d7993ec7f6a4c926a1d807f6a
