[INFO] fetching crate xor_cryptor 1.1.0...
[INFO] testing xor_cryptor-1.1.0 against 1.69.0 for beta-1.70-1
[INFO] extracting crate xor_cryptor 1.1.0 into /workspace/builds/worker-7-tc1/source
[INFO] validating manifest of crates.io crate xor_cryptor 1.1.0 on toolchain 1.69.0
[INFO] running `Command { std: CARGO_HOME="/workspace/cargo-home" RUSTUP_HOME="/workspace/rustup-home" "/workspace/cargo-home/bin/cargo" "+1.69.0" "metadata" "--manifest-path" "Cargo.toml" "--no-deps", kill_on_drop: false }`
[INFO] started tweaking crates.io crate xor_cryptor 1.1.0
[INFO] finished tweaking crates.io crate xor_cryptor 1.1.0
[INFO] tweaked toml for crates.io crate xor_cryptor 1.1.0 written to /workspace/builds/worker-7-tc1/source/Cargo.toml
[INFO] running `Command { std: CARGO_HOME="/workspace/cargo-home" RUSTUP_HOME="/workspace/rustup-home" __CARGO_TEST_CHANNEL_OVERRIDE_DO_NOT_USE_THIS="nightly" "/workspace/cargo-home/bin/cargo" "+1.69.0" "generate-lockfile" "--manifest-path" "Cargo.toml" "-Zno-index-update", kill_on_drop: false }`
[INFO] running `Command { std: CARGO_HOME="/workspace/cargo-home" RUSTUP_HOME="/workspace/rustup-home" "/workspace/cargo-home/bin/cargo" "+1.69.0" "fetch" "--manifest-path" "Cargo.toml", kill_on_drop: false }`
[INFO] running `Command { std: "docker" "create" "-v" "/var/lib/crater-agent-workspace/builds/worker-7-tc1/target:/opt/rustwide/target:rw,Z" "-v" "/var/lib/crater-agent-workspace/builds/worker-7-tc1/source:/opt/rustwide/workdir:ro,Z" "-v" "/var/lib/crater-agent-workspace/cargo-home:/opt/rustwide/cargo-home:ro,Z" "-v" "/var/lib/crater-agent-workspace/rustup-home:/opt/rustwide/rustup-home:ro,Z" "-e" "SOURCE_DIR=/opt/rustwide/workdir" "-e" "CARGO_TARGET_DIR=/opt/rustwide/target" "-e" "CARGO_HOME=/opt/rustwide/cargo-home" "-e" "RUSTUP_HOME=/opt/rustwide/rustup-home" "-w" "/opt/rustwide/workdir" "-m" "1610612736" "--user" "0:0" "--network" "none" "ghcr.io/rust-lang/crates-build-env/linux@sha256:5ff2268d62e97bff2cde7d5815dd6ed5b47097566f13b8d0ca110b04b60e07ed" "/opt/rustwide/cargo-home/bin/cargo" "+1.69.0" "metadata" "--no-deps" "--format-version=1", kill_on_drop: false }`
[INFO] [stdout] a03869c32b026ef36399a55d0c630eb2827d89b62fa761cc0ec974475e6516c8
[INFO] running `Command { std: "docker" "start" "-a" "a03869c32b026ef36399a55d0c630eb2827d89b62fa761cc0ec974475e6516c8", kill_on_drop: false }`
[INFO] running `Command { std: "docker" "inspect" "a03869c32b026ef36399a55d0c630eb2827d89b62fa761cc0ec974475e6516c8", kill_on_drop: false }`
[INFO] running `Command { std: "docker" "rm" "-f" "a03869c32b026ef36399a55d0c630eb2827d89b62fa761cc0ec974475e6516c8", kill_on_drop: false }`
[INFO] [stdout] a03869c32b026ef36399a55d0c630eb2827d89b62fa761cc0ec974475e6516c8
[INFO] running `Command { std: "docker" "create" "-v" "/var/lib/crater-agent-workspace/builds/worker-7-tc1/target:/opt/rustwide/target:rw,Z" "-v" "/var/lib/crater-agent-workspace/builds/worker-7-tc1/source:/opt/rustwide/workdir:ro,Z" "-v" "/var/lib/crater-agent-workspace/cargo-home:/opt/rustwide/cargo-home:ro,Z" "-v" "/var/lib/crater-agent-workspace/rustup-home:/opt/rustwide/rustup-home:ro,Z" "-e" "SOURCE_DIR=/opt/rustwide/workdir" "-e" "CARGO_TARGET_DIR=/opt/rustwide/target" "-e" "CARGO_INCREMENTAL=0" "-e" "RUST_BACKTRACE=full" "-e" "RUSTFLAGS=--cap-lints=warn" "-e" "RUSTDOCFLAGS=--cap-lints=warn" "-e" "CARGO_HOME=/opt/rustwide/cargo-home" "-e" "RUSTUP_HOME=/opt/rustwide/rustup-home" "-w" "/opt/rustwide/workdir" "-m" "1610612736" "--user" "0:0" "--network" "none" "ghcr.io/rust-lang/crates-build-env/linux@sha256:5ff2268d62e97bff2cde7d5815dd6ed5b47097566f13b8d0ca110b04b60e07ed" "/opt/rustwide/cargo-home/bin/cargo" "+1.69.0" "build" "--frozen" "--message-format=json", kill_on_drop: false }`
[INFO] [stdout] 04d014eaf75d6c1fd9eec41aca01861803cf69b76114b786c1187f3840fd7ab2
[INFO] running `Command { std: "docker" "start" "-a" "04d014eaf75d6c1fd9eec41aca01861803cf69b76114b786c1187f3840fd7ab2", kill_on_drop: false }`
[INFO] [stderr]    Compiling xor_cryptor v1.1.0 (/opt/rustwide/workdir)
[INFO] [stderr]     Finished dev [unoptimized + debuginfo] target(s) in 0.37s
[INFO] running `Command { std: "docker" "inspect" "04d014eaf75d6c1fd9eec41aca01861803cf69b76114b786c1187f3840fd7ab2", kill_on_drop: false }`
[INFO] running `Command { std: "docker" "rm" "-f" "04d014eaf75d6c1fd9eec41aca01861803cf69b76114b786c1187f3840fd7ab2", kill_on_drop: false }`
[INFO] [stdout] 04d014eaf75d6c1fd9eec41aca01861803cf69b76114b786c1187f3840fd7ab2
[INFO] running `Command { std: "docker" "create" "-v" "/var/lib/crater-agent-workspace/builds/worker-7-tc1/target:/opt/rustwide/target:rw,Z" "-v" "/var/lib/crater-agent-workspace/builds/worker-7-tc1/source:/opt/rustwide/workdir:ro,Z" "-v" "/var/lib/crater-agent-workspace/cargo-home:/opt/rustwide/cargo-home:ro,Z" "-v" "/var/lib/crater-agent-workspace/rustup-home:/opt/rustwide/rustup-home:ro,Z" "-e" "SOURCE_DIR=/opt/rustwide/workdir" "-e" "CARGO_TARGET_DIR=/opt/rustwide/target" "-e" "CARGO_INCREMENTAL=0" "-e" "RUST_BACKTRACE=full" "-e" "RUSTFLAGS=--cap-lints=warn" "-e" "RUSTDOCFLAGS=--cap-lints=warn" "-e" "CARGO_HOME=/opt/rustwide/cargo-home" "-e" "RUSTUP_HOME=/opt/rustwide/rustup-home" "-w" "/opt/rustwide/workdir" "-m" "1610612736" "--user" "0:0" "--network" "none" "ghcr.io/rust-lang/crates-build-env/linux@sha256:5ff2268d62e97bff2cde7d5815dd6ed5b47097566f13b8d0ca110b04b60e07ed" "/opt/rustwide/cargo-home/bin/cargo" "+1.69.0" "test" "--frozen" "--no-run" "--message-format=json", kill_on_drop: false }`
[INFO] [stdout] 365daf8382cf3695ebde8f1e5468bd2e2e446d6e2cab582ea8ffcd6fb6c2bceb
[INFO] running `Command { std: "docker" "start" "-a" "365daf8382cf3695ebde8f1e5468bd2e2e446d6e2cab582ea8ffcd6fb6c2bceb", kill_on_drop: false }`
[INFO] [stderr]    Compiling xor_cryptor v1.1.0 (/opt/rustwide/workdir)
[INFO] [stderr]     Finished test [unoptimized + debuginfo] target(s) in 0.68s
[INFO] running `Command { std: "docker" "inspect" "365daf8382cf3695ebde8f1e5468bd2e2e446d6e2cab582ea8ffcd6fb6c2bceb", kill_on_drop: false }`
[INFO] running `Command { std: "docker" "rm" "-f" "365daf8382cf3695ebde8f1e5468bd2e2e446d6e2cab582ea8ffcd6fb6c2bceb", kill_on_drop: false }`
[INFO] [stdout] 365daf8382cf3695ebde8f1e5468bd2e2e446d6e2cab582ea8ffcd6fb6c2bceb
[INFO] running `Command { std: "docker" "create" "-v" "/var/lib/crater-agent-workspace/builds/worker-7-tc1/target:/opt/rustwide/target:rw,Z" "-v" "/var/lib/crater-agent-workspace/builds/worker-7-tc1/source:/opt/rustwide/workdir:ro,Z" "-v" "/var/lib/crater-agent-workspace/cargo-home:/opt/rustwide/cargo-home:ro,Z" "-v" "/var/lib/crater-agent-workspace/rustup-home:/opt/rustwide/rustup-home:ro,Z" "-e" "SOURCE_DIR=/opt/rustwide/workdir" "-e" "CARGO_TARGET_DIR=/opt/rustwide/target" "-e" "CARGO_INCREMENTAL=0" "-e" "RUST_BACKTRACE=full" "-e" "RUSTFLAGS=--cap-lints=warn" "-e" "RUSTDOCFLAGS=--cap-lints=warn" "-e" "CARGO_HOME=/opt/rustwide/cargo-home" "-e" "RUSTUP_HOME=/opt/rustwide/rustup-home" "-w" "/opt/rustwide/workdir" "-m" "1610612736" "--user" "0:0" "--network" "none" "ghcr.io/rust-lang/crates-build-env/linux@sha256:5ff2268d62e97bff2cde7d5815dd6ed5b47097566f13b8d0ca110b04b60e07ed" "/opt/rustwide/cargo-home/bin/cargo" "+1.69.0" "test" "--frozen", kill_on_drop: false }`
[INFO] [stdout] 60706bb9b100f6ceb050d8a95841c8bbe3aa27b1d8b5edefdbaac5d76692a237
[INFO] running `Command { std: "docker" "start" "-a" "60706bb9b100f6ceb050d8a95841c8bbe3aa27b1d8b5edefdbaac5d76692a237", kill_on_drop: false }`
[INFO] [stderr]     Finished test [unoptimized + debuginfo] target(s) in 0.01s
[INFO] [stderr]      Running unittests src/lib.rs (/opt/rustwide/target/debug/deps/xor_cryptor-883e66f65abc5496)
[INFO] [stdout] 
[INFO] [stderr]    Doc-tests xor_cryptor
[INFO] [stdout] running 1 test
[INFO] [stdout] test test::integrity_check ... ok
[INFO] [stdout] 
[INFO] [stdout] test result: ok. 1 passed; 0 failed; 0 ignored; 0 measured; 0 filtered out; finished in 0.00s
[INFO] [stdout] 
[INFO] [stdout] 
[INFO] [stdout] running 2 tests
[INFO] [stdout] test src/lib.rs - (line 41) - compile ... FAILED
[INFO] [stderr] error: doctest failed, to rerun pass `--doc`
[INFO] [stdout] test src/lib.rs - (line 6) ... ok
[INFO] [stdout] 
[INFO] [stdout] failures:
[INFO] [stdout] 
[INFO] [stdout] ---- src/lib.rs - (line 41) stdout ----
[INFO] [stdout] error[E0308]: mismatched types
[INFO] [stdout]    --> src/lib.rs:54:20
[INFO] [stdout]     |
[INFO] [stdout] 15  |    xrc.encrypt_vec(&mut buffer);
[INFO] [stdout]     |        ----------- ^^^^^^^^^^^ expected `Vec<u8>`, found `&mut Vec<u8>`
[INFO] [stdout]     |        |
[INFO] [stdout]     |        arguments to this method are incorrect
[INFO] [stdout]     |
[INFO] [stdout]     = note:         expected struct `Vec<u8>`
[INFO] [stdout]             found mutable reference `&mut Vec<u8>`
[INFO] [stdout] note: method defined here
[INFO] [stdout]    --> /opt/rustwide/workdir/src/lib.rs:190:12
[INFO] [stdout]     |
[INFO] [stdout] 190 |     pub fn encrypt_vec(&self, buffer: Vec<u8>) -> Vec<u8> {
[INFO] [stdout]     |            ^^^^^^^^^^^
[INFO] [stdout] help: consider removing the borrow
[INFO] [stdout]     |
[INFO] [stdout] 15  -    xrc.encrypt_vec(&mut buffer);
[INFO] [stdout] 15  +    xrc.encrypt_vec(buffer);
[INFO] [stdout]     |
[INFO] [stdout] 
[INFO] [stdout] error[E0308]: mismatched types
[INFO] [stdout]    --> src/lib.rs:62:20
[INFO] [stdout]     |
[INFO] [stdout] 23  |    xrc.decrypt_vec(&mut d_buff);
[INFO] [stdout]     |        ----------- ^^^^^^^^^^^ expected `Vec<u8>`, found `&mut Vec<u8>`
[INFO] [stdout]     |        |
[INFO] [stdout]     |        arguments to this method are incorrect
[INFO] [stdout]     |
[INFO] [stdout]     = note:         expected struct `Vec<u8>`
[INFO] [stdout]             found mutable reference `&mut Vec<u8>`
[INFO] [stdout] note: method defined here
[INFO] [stdout]    --> /opt/rustwide/workdir/src/lib.rs:208:12
[INFO] [stdout]     |
[INFO] [stdout] 208 |     pub fn decrypt_vec(&self, buffer: Vec<u8>) -> Vec<u8> {
[INFO] [stdout]     |            ^^^^^^^^^^^
[INFO] [stdout] help: consider removing the borrow
[INFO] [stdout]     |
[INFO] [stdout] 23  -    xrc.decrypt_vec(&mut d_buff);
[INFO] [stdout] 23  +    xrc.decrypt_vec(d_buff);
[INFO] [stdout]     |
[INFO] [stdout] 
[INFO] [stdout] error[E0308]: mismatched types
[INFO] [stdout]    --> src/lib.rs:65:20
[INFO] [stdout]     |
[INFO] [stdout] 26  |    xrc.decrypt_vec(&mut buffer);
[INFO] [stdout]     |        ----------- ^^^^^^^^^^^ expected `Vec<u8>`, found `&mut Vec<u8>`
[INFO] [stdout]     |        |
[INFO] [stdout]     |        arguments to this method are incorrect
[INFO] [stdout]     |
[INFO] [stdout]     = note:         expected struct `Vec<u8>`
[INFO] [stdout]             found mutable reference `&mut Vec<u8>`
[INFO] [stdout] note: method defined here
[INFO] [stdout]    --> /opt/rustwide/workdir/src/lib.rs:208:12
[INFO] [stdout]     |
[INFO] [stdout] 208 |     pub fn decrypt_vec(&self, buffer: Vec<u8>) -> Vec<u8> {
[INFO] [stdout]     |            ^^^^^^^^^^^
[INFO] [stdout] help: consider removing the borrow
[INFO] [stdout]     |
[INFO] [stdout] 26  -    xrc.decrypt_vec(&mut buffer);
[INFO] [stdout] 26  +    xrc.decrypt_vec(buffer);
[INFO] [stdout]     |
[INFO] [stdout] 
[INFO] [stdout] error: aborting due to 3 previous errors
[INFO] [stdout] 
[INFO] [stdout] For more information about this error, try `rustc --explain E0308`.
[INFO] [stdout] Couldn't compile the test.
[INFO] [stdout] 
[INFO] [stdout] failures:
[INFO] [stdout]     src/lib.rs - (line 41)
[INFO] [stdout] 
[INFO] [stdout] test result: FAILED. 1 passed; 1 failed; 0 ignored; 0 measured; 0 filtered out; finished in 0.33s
[INFO] [stdout] 
[INFO] running `Command { std: "docker" "inspect" "60706bb9b100f6ceb050d8a95841c8bbe3aa27b1d8b5edefdbaac5d76692a237", kill_on_drop: false }`
[INFO] running `Command { std: "docker" "rm" "-f" "60706bb9b100f6ceb050d8a95841c8bbe3aa27b1d8b5edefdbaac5d76692a237", kill_on_drop: false }`
[INFO] [stdout] 60706bb9b100f6ceb050d8a95841c8bbe3aa27b1d8b5edefdbaac5d76692a237
