[INFO] fetching crate xenon-rs 0.4.3...
[INFO] testing xenon-rs-0.4.3 against beta-2023-04-20 for beta-1.70-1
[INFO] extracting crate xenon-rs 0.4.3 into /workspace/builds/worker-0-tc2/source
[INFO] validating manifest of crates.io crate xenon-rs 0.4.3 on toolchain beta-2023-04-20
[INFO] running `Command { std: CARGO_HOME="/workspace/cargo-home" RUSTUP_HOME="/workspace/rustup-home" "/workspace/cargo-home/bin/cargo" "+beta-2023-04-20" "metadata" "--manifest-path" "Cargo.toml" "--no-deps", kill_on_drop: false }`
[INFO] started tweaking crates.io crate xenon-rs 0.4.3
[INFO] finished tweaking crates.io crate xenon-rs 0.4.3
[INFO] tweaked toml for crates.io crate xenon-rs 0.4.3 written to /workspace/builds/worker-0-tc2/source/Cargo.toml
[INFO] crate crates.io crate xenon-rs 0.4.3 already has a lockfile, it will not be regenerated
[INFO] running `Command { std: CARGO_HOME="/workspace/cargo-home" RUSTUP_HOME="/workspace/rustup-home" "/workspace/cargo-home/bin/cargo" "+beta-2023-04-20" "fetch" "--manifest-path" "Cargo.toml", kill_on_drop: false }`
[INFO] [stderr]  Downloading crates ...
[INFO] [stderr]   Downloaded tonic v0.6.1
[INFO] [stderr]   Downloaded tokio-io-timeout v1.1.1
[INFO] [stderr]   Downloaded anyhow v1.0.47
[INFO] [stderr]   Downloaded tonic-build v0.6.0
[INFO] [stderr]   Downloaded tower v0.4.11
[INFO] running `Command { std: "docker" "create" "-v" "/var/lib/crater-agent-workspace/builds/worker-0-tc2/target:/opt/rustwide/target:rw,Z" "-v" "/var/lib/crater-agent-workspace/builds/worker-0-tc2/source:/opt/rustwide/workdir:ro,Z" "-v" "/var/lib/crater-agent-workspace/cargo-home:/opt/rustwide/cargo-home:ro,Z" "-v" "/var/lib/crater-agent-workspace/rustup-home:/opt/rustwide/rustup-home:ro,Z" "-e" "SOURCE_DIR=/opt/rustwide/workdir" "-e" "CARGO_TARGET_DIR=/opt/rustwide/target" "-e" "CARGO_HOME=/opt/rustwide/cargo-home" "-e" "RUSTUP_HOME=/opt/rustwide/rustup-home" "-w" "/opt/rustwide/workdir" "-m" "1610612736" "--user" "0:0" "--network" "none" "ghcr.io/rust-lang/crates-build-env/linux@sha256:5ff2268d62e97bff2cde7d5815dd6ed5b47097566f13b8d0ca110b04b60e07ed" "/opt/rustwide/cargo-home/bin/cargo" "+beta-2023-04-20" "metadata" "--no-deps" "--format-version=1", kill_on_drop: false }`
[INFO] [stdout] c89fc6931ba76cf372c688c49f0efd7f1de430a1df1dc6e3b2c61fef953ac626
[INFO] running `Command { std: "docker" "start" "-a" "c89fc6931ba76cf372c688c49f0efd7f1de430a1df1dc6e3b2c61fef953ac626", kill_on_drop: false }`
[INFO] running `Command { std: "docker" "inspect" "c89fc6931ba76cf372c688c49f0efd7f1de430a1df1dc6e3b2c61fef953ac626", kill_on_drop: false }`
[INFO] running `Command { std: "docker" "rm" "-f" "c89fc6931ba76cf372c688c49f0efd7f1de430a1df1dc6e3b2c61fef953ac626", kill_on_drop: false }`
[INFO] [stdout] c89fc6931ba76cf372c688c49f0efd7f1de430a1df1dc6e3b2c61fef953ac626
[INFO] running `Command { std: "docker" "create" "-v" "/var/lib/crater-agent-workspace/builds/worker-0-tc2/target:/opt/rustwide/target:rw,Z" "-v" "/var/lib/crater-agent-workspace/builds/worker-0-tc2/source:/opt/rustwide/workdir:ro,Z" "-v" "/var/lib/crater-agent-workspace/cargo-home:/opt/rustwide/cargo-home:ro,Z" "-v" "/var/lib/crater-agent-workspace/rustup-home:/opt/rustwide/rustup-home:ro,Z" "-e" "SOURCE_DIR=/opt/rustwide/workdir" "-e" "CARGO_TARGET_DIR=/opt/rustwide/target" "-e" "CARGO_INCREMENTAL=0" "-e" "RUST_BACKTRACE=full" "-e" "RUSTFLAGS=--cap-lints=warn" "-e" "RUSTDOCFLAGS=--cap-lints=warn" "-e" "CARGO_HOME=/opt/rustwide/cargo-home" "-e" "RUSTUP_HOME=/opt/rustwide/rustup-home" "-w" "/opt/rustwide/workdir" "-m" "1610612736" "--user" "0:0" "--network" "none" "ghcr.io/rust-lang/crates-build-env/linux@sha256:5ff2268d62e97bff2cde7d5815dd6ed5b47097566f13b8d0ca110b04b60e07ed" "/opt/rustwide/cargo-home/bin/cargo" "+beta-2023-04-20" "build" "--frozen" "--message-format=json", kill_on_drop: false }`
[INFO] [stdout] 690ad70dc00ecb70a14043bf7ab309765b8a7a3a4f8990a6ada30493f133a843
[INFO] running `Command { std: "docker" "start" "-a" "690ad70dc00ecb70a14043bf7ab309765b8a7a3a4f8990a6ada30493f133a843", kill_on_drop: false }`
[INFO] [stderr]    Compiling syn v1.0.81
[INFO] [stderr]    Compiling either v1.6.1
[INFO] [stderr]    Compiling proc-macro-hack v0.5.19
[INFO] [stderr]    Compiling anyhow v1.0.47
[INFO] [stderr]    Compiling futures-macro v0.3.17
[INFO] [stderr]    Compiling tokio v1.14.0
[INFO] [stderr]    Compiling proc-macro-nested v0.1.7
[INFO] [stderr]    Compiling futures-channel v0.3.17
[INFO] [stderr]    Compiling futures-util v0.3.17
[INFO] [stderr]    Compiling getrandom v0.2.3
[INFO] [stderr]    Compiling ppv-lite86 v0.2.15
[INFO] [stderr]    Compiling aho-corasick v0.7.18
[INFO] [stderr]    Compiling regex-syntax v0.6.25
[INFO] [stderr]    Compiling fixedbitset v0.4.0
[INFO] [stderr]    Compiling unicode-segmentation v1.8.0
[INFO] [stderr]    Compiling remove_dir_all v0.5.3
[INFO] [stderr]    Compiling multimap v0.8.3
[INFO] [stderr]    Compiling rand_core v0.6.3
[INFO] [stderr]    Compiling itertools v0.10.1
[INFO] [stderr]    Compiling which v4.2.2
[INFO] [stderr]    Compiling petgraph v0.6.0
[INFO] [stderr]    Compiling heck v0.3.3
[INFO] [stderr]    Compiling async-trait v0.1.51
[INFO] [stderr]    Compiling num-traits v0.2.14
[INFO] [stderr]    Compiling rand_chacha v0.3.1
[INFO] [stderr]    Compiling tower-layer v0.3.1
[INFO] [stderr]    Compiling prost-build v0.9.0
[INFO] [stderr]    Compiling rand v0.8.4
[INFO] [stderr]    Compiling tempfile v3.2.0
[INFO] [stderr]    Compiling regex v1.5.4
[INFO] [stderr]    Compiling tokio-macros v1.6.0
[INFO] [stderr]    Compiling prost-derive v0.9.0
[INFO] [stderr]    Compiling tracing-attributes v0.1.18
[INFO] [stderr]    Compiling pin-project-internal v1.0.8
[INFO] [stderr]    Compiling async-stream-impl v0.3.2
[INFO] [stderr]    Compiling num-derive v0.3.3
[INFO] [stderr]    Compiling async-stream v0.3.2
[INFO] [stderr]    Compiling pin-project v1.0.8
[INFO] [stderr]    Compiling tracing v0.1.29
[INFO] [stderr]    Compiling tracing-futures v0.2.5
[INFO] [stderr]    Compiling prost v0.9.0
[INFO] [stderr]    Compiling prost-types v0.9.0
[INFO] [stderr]    Compiling tonic-build v0.6.0
[INFO] [stderr]    Compiling futures-executor v0.3.17
[INFO] [stderr]    Compiling futures v0.3.17
[INFO] [stderr]    Compiling tokio-util v0.6.9
[INFO] [stderr]    Compiling tokio-io-timeout v1.1.1
[INFO] [stderr]    Compiling tokio-stream v0.1.8
[INFO] [stderr]    Compiling xenon-rs v0.4.3 (/opt/rustwide/workdir)
[INFO] [stderr]    Compiling h2 v0.3.7
[INFO] [stderr]    Compiling tower v0.4.11
[INFO] [stderr]    Compiling hyper v0.14.15
[INFO] [stderr]    Compiling hyper-timeout v0.4.1
[INFO] [stderr]    Compiling tonic v0.6.1
[INFO] [stdout] warning: associated type `readFromFileStream` should have an upper camel case name
[INFO] [stdout]    --> /opt/rustwide/target/debug/build/xenon-rs-952ec34562987142/out/xenon.rs:724:48455
[INFO] [stdout]     |
[INFO] [stdout] 724 | ...omFile method."] type readFromFileStream : futures_core :: Stream < Item = Result < super :: ReadFromFileResponse , tonic :: Status >>...
[INFO] [stdout]     |                          ^^^^^^^^^^^^^^^^^^ help: convert the identifier to upper camel case: `ReadFromFileStream`
[INFO] [stdout]     |
[INFO] [stdout]     = note: `#[warn(non_camel_case_types)]` on by default
[INFO] [stdout] 
[INFO] [stdout] 
[INFO] [stdout] warning: associated type `listStream` should have an upper camel case name
[INFO] [stdout]    --> /opt/rustwide/target/debug/build/xenon-rs-952ec34562987142/out/xenon.rs:724:49632
[INFO] [stdout]     |
[INFO] [stdout] 724 | ...e for the list method."] type listStream : futures_core :: Stream < Item = Result < super :: PathAttributes , tonic :: Status >> + Sen...
[INFO] [stdout]     |                                  ^^^^^^^^^^ help: convert the identifier to upper camel case: `ListStream`
[INFO] [stdout] 
[INFO] [stdout] 
[INFO] [stdout] warning: associated type `submitInteractiveJobStream` should have an upper camel case name
[INFO] [stdout]    --> /opt/rustwide/target/debug/build/xenon-rs-952ec34562987142/out/xenon.rs:724:96372
[INFO] [stdout]     |
[INFO] [stdout] 724 | ...or the submitInteractiveJob method."] type submitInteractiveJobStream : futures_core :: Stream < Item = Result < super :: SubmitIntera...
[INFO] [stdout]     |                                               ^^^^^^^^^^^^^^^^^^^^^^^^^^ help: convert the identifier to upper camel case (notice the capitalization): `SubmitInteractiveJobStream`
[INFO] [stdout] 
[INFO] [stdout] 
[INFO] [stdout] warning: 3 warnings emitted
[INFO] [stdout] 
[INFO] [stdout] 
[INFO] [stderr]     Finished dev [unoptimized + debuginfo] target(s) in 29.90s
[INFO] running `Command { std: "docker" "inspect" "690ad70dc00ecb70a14043bf7ab309765b8a7a3a4f8990a6ada30493f133a843", kill_on_drop: false }`
[INFO] running `Command { std: "docker" "rm" "-f" "690ad70dc00ecb70a14043bf7ab309765b8a7a3a4f8990a6ada30493f133a843", kill_on_drop: false }`
[INFO] [stdout] 690ad70dc00ecb70a14043bf7ab309765b8a7a3a4f8990a6ada30493f133a843
[INFO] running `Command { std: "docker" "create" "-v" "/var/lib/crater-agent-workspace/builds/worker-0-tc2/target:/opt/rustwide/target:rw,Z" "-v" "/var/lib/crater-agent-workspace/builds/worker-0-tc2/source:/opt/rustwide/workdir:ro,Z" "-v" "/var/lib/crater-agent-workspace/cargo-home:/opt/rustwide/cargo-home:ro,Z" "-v" "/var/lib/crater-agent-workspace/rustup-home:/opt/rustwide/rustup-home:ro,Z" "-e" "SOURCE_DIR=/opt/rustwide/workdir" "-e" "CARGO_TARGET_DIR=/opt/rustwide/target" "-e" "CARGO_INCREMENTAL=0" "-e" "RUST_BACKTRACE=full" "-e" "RUSTFLAGS=--cap-lints=warn" "-e" "RUSTDOCFLAGS=--cap-lints=warn" "-e" "CARGO_HOME=/opt/rustwide/cargo-home" "-e" "RUSTUP_HOME=/opt/rustwide/rustup-home" "-w" "/opt/rustwide/workdir" "-m" "1610612736" "--user" "0:0" "--network" "none" "ghcr.io/rust-lang/crates-build-env/linux@sha256:5ff2268d62e97bff2cde7d5815dd6ed5b47097566f13b8d0ca110b04b60e07ed" "/opt/rustwide/cargo-home/bin/cargo" "+beta-2023-04-20" "test" "--frozen" "--no-run" "--message-format=json", kill_on_drop: false }`
[INFO] [stdout] 98ca7d848448c870db3c38a9925a9a91102f2ec8212d019ad7b8987a3b2d537b
[INFO] running `Command { std: "docker" "start" "-a" "98ca7d848448c870db3c38a9925a9a91102f2ec8212d019ad7b8987a3b2d537b", kill_on_drop: false }`
[INFO] [stdout] warning: associated type `readFromFileStream` should have an upper camel case name
[INFO] [stdout]    --> /opt/rustwide/target/debug/build/xenon-rs-952ec34562987142/out/xenon.rs:724:48455
[INFO] [stdout]     |
[INFO] [stdout] 724 | ...omFile method."] type readFromFileStream : futures_core :: Stream < Item = Result < super :: ReadFromFileResponse , tonic :: Status >>...
[INFO] [stdout]     |                          ^^^^^^^^^^^^^^^^^^ help: convert the identifier to upper camel case: `ReadFromFileStream`
[INFO] [stdout]     |
[INFO] [stdout]     = note: `#[warn(non_camel_case_types)]` on by default
[INFO] [stdout] 
[INFO] [stdout] 
[INFO] [stdout] warning: associated type `listStream` should have an upper camel case name
[INFO] [stdout]    --> /opt/rustwide/target/debug/build/xenon-rs-952ec34562987142/out/xenon.rs:724:49632
[INFO] [stdout]     |
[INFO] [stdout] 724 | ...e for the list method."] type listStream : futures_core :: Stream < Item = Result < super :: PathAttributes , tonic :: Status >> + Sen...
[INFO] [stdout]     |                                  ^^^^^^^^^^ help: convert the identifier to upper camel case: `ListStream`
[INFO] [stdout] 
[INFO] [stdout] 
[INFO] [stdout] warning: associated type `submitInteractiveJobStream` should have an upper camel case name
[INFO] [stdout]    --> /opt/rustwide/target/debug/build/xenon-rs-952ec34562987142/out/xenon.rs:724:96372
[INFO] [stdout]     |
[INFO] [stdout] 724 | ...or the submitInteractiveJob method."] type submitInteractiveJobStream : futures_core :: Stream < Item = Result < super :: SubmitIntera...
[INFO] [stdout]     |                                               ^^^^^^^^^^^^^^^^^^^^^^^^^^ help: convert the identifier to upper camel case (notice the capitalization): `SubmitInteractiveJobStream`
[INFO] [stdout] 
[INFO] [stdout] 
[INFO] [stderr]    Compiling xenon-rs v0.4.3 (/opt/rustwide/workdir)
[INFO] [stdout] warning: 3 warnings emitted
[INFO] [stdout] 
[INFO] [stdout] 
[INFO] [stdout] warning: associated type `readFromFileStream` should have an upper camel case name
[INFO] [stdout]    --> /opt/rustwide/target/debug/build/xenon-rs-952ec34562987142/out/xenon.rs:724:48455
[INFO] [stdout]     |
[INFO] [stdout] 724 | ...omFile method."] type readFromFileStream : futures_core :: Stream < Item = Result < super :: ReadFromFileResponse , tonic :: Status >>...
[INFO] [stdout]     |                          ^^^^^^^^^^^^^^^^^^ help: convert the identifier to upper camel case: `ReadFromFileStream`
[INFO] [stdout]     |
[INFO] [stdout]     = note: `#[warn(non_camel_case_types)]` on by default
[INFO] [stdout] 
[INFO] [stdout] 
[INFO] [stdout] warning: associated type `listStream` should have an upper camel case name
[INFO] [stdout]    --> /opt/rustwide/target/debug/build/xenon-rs-952ec34562987142/out/xenon.rs:724:49632
[INFO] [stdout]     |
[INFO] [stdout] 724 | ...e for the list method."] type listStream : futures_core :: Stream < Item = Result < super :: PathAttributes , tonic :: Status >> + Sen...
[INFO] [stdout]     |                                  ^^^^^^^^^^ help: convert the identifier to upper camel case: `ListStream`
[INFO] [stdout] 
[INFO] [stdout] 
[INFO] [stdout] warning: associated type `submitInteractiveJobStream` should have an upper camel case name
[INFO] [stdout]    --> /opt/rustwide/target/debug/build/xenon-rs-952ec34562987142/out/xenon.rs:724:96372
[INFO] [stdout]     |
[INFO] [stdout] 724 | ...or the submitInteractiveJob method."] type submitInteractiveJobStream : futures_core :: Stream < Item = Result < super :: SubmitIntera...
[INFO] [stdout]     |                                               ^^^^^^^^^^^^^^^^^^^^^^^^^^ help: convert the identifier to upper camel case (notice the capitalization): `SubmitInteractiveJobStream`
[INFO] [stdout] 
[INFO] [stdout] 
[INFO] [stdout] warning: 3 warnings emitted
[INFO] [stdout] 
[INFO] [stdout] 
[INFO] [stderr]     Finished test [unoptimized + debuginfo] target(s) in 4.55s
[INFO] running `Command { std: "docker" "inspect" "98ca7d848448c870db3c38a9925a9a91102f2ec8212d019ad7b8987a3b2d537b", kill_on_drop: false }`
[INFO] running `Command { std: "docker" "rm" "-f" "98ca7d848448c870db3c38a9925a9a91102f2ec8212d019ad7b8987a3b2d537b", kill_on_drop: false }`
[INFO] [stdout] 98ca7d848448c870db3c38a9925a9a91102f2ec8212d019ad7b8987a3b2d537b
[INFO] running `Command { std: "docker" "create" "-v" "/var/lib/crater-agent-workspace/builds/worker-0-tc2/target:/opt/rustwide/target:rw,Z" "-v" "/var/lib/crater-agent-workspace/builds/worker-0-tc2/source:/opt/rustwide/workdir:ro,Z" "-v" "/var/lib/crater-agent-workspace/cargo-home:/opt/rustwide/cargo-home:ro,Z" "-v" "/var/lib/crater-agent-workspace/rustup-home:/opt/rustwide/rustup-home:ro,Z" "-e" "SOURCE_DIR=/opt/rustwide/workdir" "-e" "CARGO_TARGET_DIR=/opt/rustwide/target" "-e" "CARGO_INCREMENTAL=0" "-e" "RUST_BACKTRACE=full" "-e" "RUSTFLAGS=--cap-lints=warn" "-e" "RUSTDOCFLAGS=--cap-lints=warn" "-e" "CARGO_HOME=/opt/rustwide/cargo-home" "-e" "RUSTUP_HOME=/opt/rustwide/rustup-home" "-w" "/opt/rustwide/workdir" "-m" "1610612736" "--user" "0:0" "--network" "none" "ghcr.io/rust-lang/crates-build-env/linux@sha256:5ff2268d62e97bff2cde7d5815dd6ed5b47097566f13b8d0ca110b04b60e07ed" "/opt/rustwide/cargo-home/bin/cargo" "+beta-2023-04-20" "test" "--frozen", kill_on_drop: false }`
[INFO] [stdout] d801386851c37ed6a740e78014f6dcb1ceabe23efc9086a09dd47518d52239b8
[INFO] running `Command { std: "docker" "start" "-a" "d801386851c37ed6a740e78014f6dcb1ceabe23efc9086a09dd47518d52239b8", kill_on_drop: false }`
[INFO] [stderr] warning: associated type `readFromFileStream` should have an upper camel case name
[INFO] [stderr]    --> /opt/rustwide/target/debug/build/xenon-rs-952ec34562987142/out/xenon.rs:724:48455
[INFO] [stderr]     |
[INFO] [stderr] 724 | ...omFile method."] type readFromFileStream : futures_core :: Stream < Item = Result < super :: ReadFromFileResponse , tonic :: Status >>...
[INFO] [stderr]     |                          ^^^^^^^^^^^^^^^^^^ help: convert the identifier to upper camel case: `ReadFromFileStream`
[INFO] [stderr]     |
[INFO] [stderr]     = note: `#[warn(non_camel_case_types)]` on by default
[INFO] [stderr] 
[INFO] [stderr] warning: associated type `listStream` should have an upper camel case name
[INFO] [stderr]    --> /opt/rustwide/target/debug/build/xenon-rs-952ec34562987142/out/xenon.rs:724:49632
[INFO] [stderr]     |
[INFO] [stderr] 724 | ...e for the list method."] type listStream : futures_core :: Stream < Item = Result < super :: PathAttributes , tonic :: Status >> + Sen...
[INFO] [stderr]     |                                  ^^^^^^^^^^ help: convert the identifier to upper camel case: `ListStream`
[INFO] [stderr] 
[INFO] [stderr] warning: associated type `submitInteractiveJobStream` should have an upper camel case name
[INFO] [stderr]    --> /opt/rustwide/target/debug/build/xenon-rs-952ec34562987142/out/xenon.rs:724:96372
[INFO] [stderr]     |
[INFO] [stderr] 724 | ...or the submitInteractiveJob method."] type submitInteractiveJobStream : futures_core :: Stream < Item = Result < super :: SubmitIntera...
[INFO] [stderr]     |                                               ^^^^^^^^^^^^^^^^^^^^^^^^^^ help: convert the identifier to upper camel case (notice the capitalization): `SubmitInteractiveJobStream`
[INFO] [stderr] 
[INFO] [stderr] warning: `xenon-rs` (lib) generated 3 warnings
[INFO] [stderr] warning: `xenon-rs` (lib test) generated 3 warnings (3 duplicates)
[INFO] [stderr]     Finished test [unoptimized + debuginfo] target(s) in 0.07s
[INFO] [stderr]      Running unittests src/lib.rs (/opt/rustwide/target/debug/deps/xenon-411d1c67ecbb10c9)
[INFO] [stdout] 
[INFO] [stdout] running 6 tests
[INFO] [stdout] test credentials::tests::credential_newpassword_variant ... ok
[INFO] [stdout] test credentials::tests::credential_newcertificate_variant ... ok
[INFO] [stdout] test credentials::tests::certificate_proto_ok ... ok
[INFO] [stdout] test credentials::tests::password_proto_ok ... ok
[INFO] [stdout] test storage::tests::filesystempermission_fromproto_ok ... ok
[INFO] [stdout] test storage::tests::filesystempermission_toproto_ok ... ok
[INFO] [stdout] 
[INFO] [stdout] test result: ok. 6 passed; 0 failed; 0 ignored; 0 measured; 0 filtered out; finished in 0.00s
[INFO] [stdout] 
[INFO] [stderr]      Running tests/compute.rs (/opt/rustwide/target/debug/deps/compute-eec4c7de97d2689b)
[INFO] [stdout] 
[INFO] [stdout] running 29 tests
[INFO] [stdout] test canceljob_nonexisting_err ... FAILED
[INFO] [stdout] test getjobs_existing_ok ... FAILED
[INFO] [stdout] test canceljob_existing_ok ... FAILED
[INFO] [stdout] test getjobstatus_nonexisting_err ... FAILED
[INFO] [stdout] test getjobstatuses_existing_ok ... FAILED
[INFO] [stdout] test getjobs_none_ok ... FAILED
[INFO] [stdout] test getdefaultqueuename_default_ok ... FAILED
[INFO] [stdout] test getjobs_nonexisting_err ... FAILED
[INFO] [stdout] test getjobstatus_existing_ok ... FAILED
[INFO] [stdout] test getjobstatuses_nonexisting_err ... FAILED
[INFO] [stdout] test getjobstatuses_none_empty ... FAILED
[INFO] [stdout] test getproperties_default_ok ... FAILED
[INFO] [stdout] test getqueuenames_default_ok ... FAILED
[INFO] [stdout] test isopen_open_true ... FAILED
[INFO] [stdout] test getqueuestatuses_existing_ok ... FAILED
[INFO] [stdout] test restore_closed_err ... FAILED
[INFO] [stdout] test restore_open_ok ... FAILED
[INFO] [stdout] test getqueuestatus_existing_ok ... FAILED
[INFO] [stdout] test getqueuestatuses_nonexisting_ok ... FAILED
[INFO] [stdout] test getqueuestatus_nonexisting_err ... FAILED
[INFO] [stdout] test getqueuestatuses_none_ok ... FAILED
[INFO] [stdout] test isopen_closed_false ... FAILED
[INFO] [stdout] test waituntildone_nonexisting_err ... FAILED
[INFO] [stdout] test waituntildone_existing_ok ... FAILED
[INFO] [stdout] test submitbatchjob_valid_ok ... FAILED
[INFO] [stdout] test waituntilrunning_existing_ok ... FAILED
[INFO] [stdout] test waituntilrunning_nonexisting_err ... FAILED
[INFO] [stdout] test create_passwordcredential_ok ... FAILED
[INFO] [stdout] test create_certificatecredential_ok ... FAILED
[INFO] [stdout] 
[INFO] [stdout] failures:
[INFO] [stdout] 
[INFO] [stdout] ---- canceljob_nonexisting_err stdout ----
[INFO] [stdout] Error: transport error
[INFO] [stdout] 
[INFO] [stdout] Caused by:
[INFO] [stdout]     0: error trying to connect: tcp connect error: Cannot assign requested address (os error 99)
[INFO] [stdout]     1: tcp connect error: Cannot assign requested address (os error 99)
[INFO] [stdout]     2: Cannot assign requested address (os error 99)
[INFO] [stdout] 
[INFO] [stdout] ---- getjobs_existing_ok stdout ----
[INFO] [stdout] Error: transport error
[INFO] [stdout] 
[INFO] [stdout] Caused by:
[INFO] [stdout]     0: error trying to connect: tcp connect error: Cannot assign requested address (os error 99)
[INFO] [stdout]     1: tcp connect error: Cannot assign requested address (os error 99)
[INFO] [stdout]     2: Cannot assign requested address (os error 99)
[INFO] [stdout] 
[INFO] [stdout] ---- canceljob_existing_ok stdout ----
[INFO] [stdout] Error: transport error
[INFO] [stdout] 
[INFO] [stdout] Caused by:
[INFO] [stdout]     0: error trying to connect: tcp connect error: Cannot assign requested address (os error 99)
[INFO] [stdout]     1: tcp connect error: Cannot assign requested address (os error 99)
[INFO] [stdout]     2: Cannot assign requested address (os error 99)
[INFO] [stdout] 
[INFO] [stdout] ---- getjobstatus_nonexisting_err stdout ----
[INFO] [stdout] Error: transport error
[INFO] [stdout] 
[INFO] [stdout] Caused by:
[INFO] [stdout]     0: error trying to connect: tcp connect error: Cannot assign requested address (os error 99)
[INFO] [stdout]     1: tcp connect error: Cannot assign requested address (os error 99)
[INFO] [stdout]     2: Cannot assign requested address (os error 99)
[INFO] [stdout] 
[INFO] [stdout] ---- getjobstatuses_existing_ok stdout ----
[INFO] [stdout] Error: transport error
[INFO] [stdout] 
[INFO] [stdout] Caused by:
[INFO] [stdout]     0: error trying to connect: tcp connect error: Cannot assign requested address (os error 99)
[INFO] [stdout]     1: tcp connect error: Cannot assign requested address (os error 99)
[INFO] [stdout]     2: Cannot assign requested address (os error 99)
[INFO] [stdout] 
[INFO] [stdout] ---- getjobs_none_ok stdout ----
[INFO] [stdout] Error: transport error
[INFO] [stdout] 
[INFO] [stdout] Caused by:
[INFO] [stdout]     0: error trying to connect: tcp connect error: Cannot assign requested address (os error 99)
[INFO] [stdout]     1: tcp connect error: Cannot assign requested address (os error 99)
[INFO] [stdout]     2: Cannot assign requested address (os error 99)
[INFO] [stdout] 
[INFO] [stdout] ---- getdefaultqueuename_default_ok stdout ----
[INFO] [stdout] Error: transport error
[INFO] [stdout] 
[INFO] [stdout] Caused by:
[INFO] [stdout]     0: error trying to connect: tcp connect error: Cannot assign requested address (os error 99)
[INFO] [stdout]     1: tcp connect error: Cannot assign requested address (os error 99)
[INFO] [stdout]     2: Cannot assign requested address (os error 99)
[INFO] [stdout] 
[INFO] [stdout] ---- getjobs_nonexisting_err stdout ----
[INFO] [stdout] Error: transport error
[INFO] [stdout] 
[INFO] [stdout] Caused by:
[INFO] [stdout]     0: error trying to connect: tcp connect error: Cannot assign requested address (os error 99)
[INFO] [stdout]     1: tcp connect error: Cannot assign requested address (os error 99)
[INFO] [stdout]     2: Cannot assign requested address (os error 99)
[INFO] [stdout] 
[INFO] [stdout] ---- getjobstatus_existing_ok stdout ----
[INFO] [stdout] Error: transport error
[INFO] [stdout] 
[INFO] [stdout] Caused by:
[INFO] [stdout]     0: error trying to connect: tcp connect error: Cannot assign requested address (os error 99)
[INFO] [stdout]     1: tcp connect error: Cannot assign requested address (os error 99)
[INFO] [stdout]     2: Cannot assign requested address (os error 99)
[INFO] [stdout] 
[INFO] [stdout] ---- getjobstatuses_nonexisting_err stdout ----
[INFO] [stdout] Error: transport error
[INFO] [stdout] 
[INFO] [stdout] Caused by:
[INFO] [stdout]     0: error trying to connect: tcp connect error: Cannot assign requested address (os error 99)
[INFO] [stdout]     1: tcp connect error: Cannot assign requested address (os error 99)
[INFO] [stdout]     2: Cannot assign requested address (os error 99)
[INFO] [stdout] 
[INFO] [stdout] ---- getjobstatuses_none_empty stdout ----
[INFO] [stdout] Error: transport error
[INFO] [stdout] 
[INFO] [stdout] Caused by:
[INFO] [stdout]     0: error trying to connect: tcp connect error: Cannot assign requested address (os error 99)
[INFO] [stdout]     1: tcp connect error: Cannot assign requested address (os error 99)
[INFO] [stdout]     2: Cannot assign requested address (os error 99)
[INFO] [stdout] 
[INFO] [stdout] ---- getproperties_default_ok stdout ----
[INFO] [stdout] Error: transport error
[INFO] [stdout] 
[INFO] [stdout] Caused by:
[INFO] [stdout]     0: error trying to connect: tcp connect error: Cannot assign requested address (os error 99)
[INFO] [stdout]     1: tcp connect error: Cannot assign requested address (os error 99)
[INFO] [stdout]     2: Cannot assign requested address (os error 99)
[INFO] [stdout] 
[INFO] [stdout] ---- getqueuenames_default_ok stdout ----
[INFO] [stdout] Error: transport error
[INFO] [stdout] 
[INFO] [stdout] Caused by:
[INFO] [stdout]     0: error trying to connect: tcp connect error: Cannot assign requested address (os error 99)
[INFO] [stdout]     1: tcp connect error: Cannot assign requested address (os error 99)
[INFO] [stdout]     2: Cannot assign requested address (os error 99)
[INFO] [stdout] 
[INFO] [stdout] ---- isopen_open_true stdout ----
[INFO] [stdout] Error: transport error
[INFO] [stdout] 
[INFO] [stdout] Caused by:
[INFO] [stdout]     0: error trying to connect: tcp connect error: Cannot assign requested address (os error 99)
[INFO] [stdout]     1: tcp connect error: Cannot assign requested address (os error 99)
[INFO] [stdout]     2: Cannot assign requested address (os error 99)
[INFO] [stdout] 
[INFO] [stdout] ---- getqueuestatuses_existing_ok stdout ----
[INFO] [stdout] Error: transport error
[INFO] [stdout] 
[INFO] [stdout] Caused by:
[INFO] [stdout]     0: error trying to connect: tcp connect error: Cannot assign requested address (os error 99)
[INFO] [stdout]     1: tcp connect error: Cannot assign requested address (os error 99)
[INFO] [stdout]     2: Cannot assign requested address (os error 99)
[INFO] [stdout] 
[INFO] [stdout] ---- restore_closed_err stdout ----
[INFO] [stdout] Error: transport error
[INFO] [stdout] 
[INFO] [stdout] Caused by:
[INFO] [stdout]     0: error trying to connect: tcp connect error: Cannot assign requested address (os error 99)
[INFO] [stdout]     1: tcp connect error: Cannot assign requested address (os error 99)
[INFO] [stdout]     2: Cannot assign requested address (os error 99)
[INFO] [stdout] 
[INFO] [stdout] ---- restore_open_ok stdout ----
[INFO] [stdout] Error: transport error
[INFO] [stdout] 
[INFO] [stdout] Caused by:
[INFO] [stdout]     0: error trying to connect: tcp connect error: Cannot assign requested address (os error 99)
[INFO] [stdout]     1: tcp connect error: Cannot assign requested address (os error 99)
[INFO] [stdout]     2: Cannot assign requested address (os error 99)
[INFO] [stdout] 
[INFO] [stdout] ---- getqueuestatus_existing_ok stdout ----
[INFO] [stdout] Error: transport error
[INFO] [stdout] 
[INFO] [stdout] Caused by:
[INFO] [stdout]     0: error trying to connect: tcp connect error: Cannot assign requested address (os error 99)
[INFO] [stdout]     1: tcp connect error: Cannot assign requested address (os error 99)
[INFO] [stdout]     2: Cannot assign requested address (os error 99)
[INFO] [stdout] 
[INFO] [stdout] ---- getqueuestatuses_nonexisting_ok stdout ----
[INFO] [stdout] Error: transport error
[INFO] [stdout] 
[INFO] [stdout] Caused by:
[INFO] [stdout]     0: error trying to connect: tcp connect error: Cannot assign requested address (os error 99)
[INFO] [stdout]     1: tcp connect error: Cannot assign requested address (os error 99)
[INFO] [stdout]     2: Cannot assign requested address (os error 99)
[INFO] [stdout] 
[INFO] [stdout] ---- getqueuestatus_nonexisting_err stdout ----
[INFO] [stdout] Error: transport error
[INFO] [stdout] 
[INFO] [stdout] Caused by:
[INFO] [stdout]     0: error trying to connect: tcp connect error: Cannot assign requested address (os error 99)
[INFO] [stdout]     1: tcp connect error: Cannot assign requested address (os error 99)
[INFO] [stdout]     2: Cannot assign requested address (os error 99)
[INFO] [stdout] 
[INFO] [stdout] ---- getqueuestatuses_none_ok stdout ----
[INFO] [stdout] Error: transport error
[INFO] [stdout] 
[INFO] [stdout] Caused by:
[INFO] [stdout]     0: error trying to connect: tcp connect error: Cannot assign requested address (os error 99)
[INFO] [stdout]     1: tcp connect error: Cannot assign requested address (os error 99)
[INFO] [stdout]     2: Cannot assign requested address (os error 99)
[INFO] [stdout] 
[INFO] [stdout] ---- isopen_closed_false stdout ----
[INFO] [stdout] Error: transport error
[INFO] [stdout] 
[INFO] [stdout] Caused by:
[INFO] [stdout]     0: error trying to connect: tcp connect error: Cannot assign requested address (os error 99)
[INFO] [stdout]     1: tcp connect error: Cannot assign requested address (os error 99)
[INFO] [stdout]     2: Cannot assign requested address (os error 99)
[INFO] [stdout] 
[INFO] [stdout] ---- waituntildone_nonexisting_err stdout ----
[INFO] [stdout] Error: transport error
[INFO] [stdout] 
[INFO] [stdout] Caused by:
[INFO] [stdout]     0: error trying to connect: tcp connect error: Cannot assign requested address (os error 99)
[INFO] [stdout]     1: tcp connect error: Cannot assign requested address (os error 99)
[INFO] [stdout]     2: Cannot assign requested address (os error 99)
[INFO] [stdout] 
[INFO] [stdout] ---- waituntildone_existing_ok stdout ----
[INFO] [stdout] Error: transport error
[INFO] [stdout] 
[INFO] [stdout] Caused by:
[INFO] [stdout]     0: error trying to connect: tcp connect error: Cannot assign requested address (os error 99)
[INFO] [stdout]     1: tcp connect error: Cannot assign requested address (os error 99)
[INFO] [stdout]     2: Cannot assign requested address (os error 99)
[INFO] [stdout] 
[INFO] [stdout] ---- submitbatchjob_valid_ok stdout ----
[INFO] [stdout] Error: transport error
[INFO] [stdout] 
[INFO] [stdout] Caused by:
[INFO] [stdout]     0: error trying to connect: tcp connect error: Cannot assign requested address (os error 99)
[INFO] [stdout]     1: tcp connect error: Cannot assign requested address (os error 99)
[INFO] [stdout]     2: Cannot assign requested address (os error 99)
[INFO] [stdout] 
[INFO] [stdout] ---- waituntilrunning_existing_ok stdout ----
[INFO] [stdout] Error: transport error
[INFO] [stdout] 
[INFO] [stdout] Caused by:
[INFO] [stdout]     0: error trying to connect: tcp connect error: Cannot assign requested address (os error 99)
[INFO] [stdout]     1: tcp connect error: Cannot assign requested address (os error 99)
[INFO] [stdout]     2: Cannot assign requested address (os error 99)
[INFO] [stdout] 
[INFO] [stdout] ---- waituntilrunning_nonexisting_err stdout ----
[INFO] [stdout] Error: transport error
[INFO] [stdout] 
[INFO] [stdout] Caused by:
[INFO] [stdout]     0: error trying to connect: tcp connect error: Cannot assign requested address (os error 99)
[INFO] [stdout]     1: tcp connect error: Cannot assign requested address (os error 99)
[INFO] [stdout]     2: Cannot assign requested address (os error 99)
[INFO] [stdout] 
[INFO] [stdout] ---- create_passwordcredential_ok stdout ----
[INFO] [stdout] thread 'create_passwordcredential_ok' panicked at 'assertion failed: scheduler.is_ok()', tests/compute.rs:69:5
[INFO] [stdout] stack backtrace:
[INFO] [stdout]    0:     0x562e3f3b41ea - std::backtrace_rs::backtrace::libunwind::trace::h2f05d0192276a8f6
[INFO] [stdout]                                at /rustc/1b7dd2252b99671ce5d1cb9664c5f8636329436d/library/std/src/../../backtrace/src/backtrace/libunwind.rs:93:5
[INFO] [stdout]    1:     0x562e3f3b41ea - std::backtrace_rs::backtrace::trace_unsynchronized::hedc23dff7a1af150
[INFO] [stdout]                                at /rustc/1b7dd2252b99671ce5d1cb9664c5f8636329436d/library/std/src/../../backtrace/src/backtrace/mod.rs:66:5
[INFO] [stdout]    2:     0x562e3f3b41ea - std::sys_common::backtrace::_print_fmt::h17541ef7592f3ce2
[INFO] [stdout]                                at /rustc/1b7dd2252b99671ce5d1cb9664c5f8636329436d/library/std/src/sys_common/backtrace.rs:65:5
[INFO] [stdout]    3:     0x562e3f3b41ea - <std::sys_common::backtrace::_print::DisplayBacktrace as core::fmt::Display>::fmt::h20f75df5ab0c0792
[INFO] [stdout]                                at /rustc/1b7dd2252b99671ce5d1cb9664c5f8636329436d/library/std/src/sys_common/backtrace.rs:44:22
[INFO] [stdout]    4:     0x562e3f3db39f - core::fmt::write::h78109e6f466b3af6
[INFO] [stdout]                                at /rustc/1b7dd2252b99671ce5d1cb9664c5f8636329436d/library/core/src/fmt/mod.rs:1254:17
[INFO] [stdout]    5:     0x562e3f3b0c65 - std::io::Write::write_fmt::hd24bfb68a1b35a25
[INFO] [stdout]                                at /rustc/1b7dd2252b99671ce5d1cb9664c5f8636329436d/library/std/src/io/mod.rs:1698:15
[INFO] [stdout]    6:     0x562e3f3b3fb5 - std::sys_common::backtrace::_print::h8dac57a9f8fbf9a5
[INFO] [stdout]                                at /rustc/1b7dd2252b99671ce5d1cb9664c5f8636329436d/library/std/src/sys_common/backtrace.rs:47:5
[INFO] [stdout]    7:     0x562e3f3b3fb5 - std::sys_common::backtrace::print::hf9ecbf41d1aa712f
[INFO] [stdout]                                at /rustc/1b7dd2252b99671ce5d1cb9664c5f8636329436d/library/std/src/sys_common/backtrace.rs:34:9
[INFO] [stdout]    8:     0x562e3f3b5c6e - std::panicking::default_hook::{{closure}}::h04c07acfc84ca028
[INFO] [stdout]                                at /rustc/1b7dd2252b99671ce5d1cb9664c5f8636329436d/library/std/src/panicking.rs:269:22
[INFO] [stdout]    9:     0x562e3f3b59a1 - std::panicking::default_hook::h01f6bb23e1eceb2c
[INFO] [stdout]                                at /rustc/1b7dd2252b99671ce5d1cb9664c5f8636329436d/library/std/src/panicking.rs:285:9
[INFO] [stdout]   10:     0x562e3ef2469b - <alloc::boxed::Box<F,A> as core::ops::function::Fn<Args>>::call::h87fe9f7b2fd49e4c
[INFO] [stdout]                                at /rustc/1b7dd2252b99671ce5d1cb9664c5f8636329436d/library/alloc/src/boxed.rs:1987:9
[INFO] [stdout]   11:     0x562e3ef2469b - test::test_main::{{closure}}::he94d679243a7531b
[INFO] [stdout]                                at /rustc/1b7dd2252b99671ce5d1cb9664c5f8636329436d/library/test/src/lib.rs:134:21
[INFO] [stdout]   12:     0x562e3f3b6354 - <alloc::boxed::Box<F,A> as core::ops::function::Fn<Args>>::call::h3f2d6d8b14c4769f
[INFO] [stdout]                                at /rustc/1b7dd2252b99671ce5d1cb9664c5f8636329436d/library/alloc/src/boxed.rs:1987:9
[INFO] [stdout]   13:     0x562e3f3b6354 - std::panicking::rust_panic_with_hook::h2bb3722bbaf2f6df
[INFO] [stdout]                                at /rustc/1b7dd2252b99671ce5d1cb9664c5f8636329436d/library/std/src/panicking.rs:695:13
[INFO] [stdout]   14:     0x562e3f3b6082 - std::panicking::begin_panic_handler::{{closure}}::h91bc7f36a4be011b
[INFO] [stdout]                                at /rustc/1b7dd2252b99671ce5d1cb9664c5f8636329436d/library/std/src/panicking.rs:580:13
[INFO] [stdout]   15:     0x562e3f3b4656 - std::sys_common::backtrace::__rust_end_short_backtrace::h8b3d3717114f9e59
[INFO] [stdout]                                at /rustc/1b7dd2252b99671ce5d1cb9664c5f8636329436d/library/std/src/sys_common/backtrace.rs:150:18
[INFO] [stdout]   16:     0x562e3f3b5e22 - rust_begin_unwind
[INFO] [stdout]                                at /rustc/1b7dd2252b99671ce5d1cb9664c5f8636329436d/library/std/src/panicking.rs:578:5
[INFO] [stdout]   17:     0x562e3ed931f3 - core::panicking::panic_fmt::hfd368e3fbdabea26
[INFO] [stdout]                                at /rustc/1b7dd2252b99671ce5d1cb9664c5f8636329436d/library/core/src/panicking.rs:67:14
[INFO] [stdout]   18:     0x562e3ed9328d - core::panicking::panic::h3f9042d09bd0bf2e
[INFO] [stdout]                                at /rustc/1b7dd2252b99671ce5d1cb9664c5f8636329436d/library/core/src/panicking.rs:117:5
[INFO] [stdout]   19:     0x562e3edf21b2 - compute::create_passwordcredential_ok::{{closure}}::h2972650c75de7474
[INFO] [stdout]                                at /opt/rustwide/workdir/tests/compute.rs:69:5
[INFO] [stdout]   20:     0x562e3eef05db - <core::pin::Pin<P> as core::future::future::Future>::poll::hd93e663a3038a410
[INFO] [stdout]                                at /rustc/1b7dd2252b99671ce5d1cb9664c5f8636329436d/library/core/src/future/future.rs:125:9
[INFO] [stdout]   21:     0x562e3ee8d974 - tokio::runtime::basic_scheduler::Inner<P>::block_on::{{closure}}::{{closure}}::hac9116c3cce6ffdc
[INFO] [stdout]                                at /opt/rustwide/cargo-home/registry/src/index.crates.io-6f17d22bba15001f/tokio-1.14.0/src/runtime/basic_scheduler.rs:240:62
[INFO] [stdout]   22:     0x562e3ee2e6f9 - tokio::coop::with_budget::{{closure}}::ha3e9bd6ac51445ab
[INFO] [stdout]                                at /opt/rustwide/cargo-home/registry/src/index.crates.io-6f17d22bba15001f/tokio-1.14.0/src/coop.rs:106:9
[INFO] [stdout]   23:     0x562e3ee6bb3f - std::thread::local::LocalKey<T>::try_with::h22b1614dbb8c5496
[INFO] [stdout]                                at /rustc/1b7dd2252b99671ce5d1cb9664c5f8636329436d/library/std/src/thread/local.rs:252:16
[INFO] [stdout]   24:     0x562e3ee67cba - std::thread::local::LocalKey<T>::with::h4c77dab11b4fe042
[INFO] [stdout]                                at /rustc/1b7dd2252b99671ce5d1cb9664c5f8636329436d/library/std/src/thread/local.rs:228:9
[INFO] [stdout]   25:     0x562e3ee77925 - tokio::coop::with_budget::h4fc370c131c834d0
[INFO] [stdout]                                at /opt/rustwide/cargo-home/registry/src/index.crates.io-6f17d22bba15001f/tokio-1.14.0/src/coop.rs:99:5
[INFO] [stdout]   26:     0x562e3ee77925 - tokio::coop::budget::hd30c63a0ce7e88a0
[INFO] [stdout]                                at /opt/rustwide/cargo-home/registry/src/index.crates.io-6f17d22bba15001f/tokio-1.14.0/src/coop.rs:76:5
[INFO] [stdout]   27:     0x562e3ee77925 - tokio::runtime::basic_scheduler::Inner<P>::block_on::{{closure}}::h11b185b2e4a8a8c6
[INFO] [stdout]                                at /opt/rustwide/cargo-home/registry/src/index.crates.io-6f17d22bba15001f/tokio-1.14.0/src/runtime/basic_scheduler.rs:240:39
[INFO] [stdout]   28:     0x562e3ee9ed61 - tokio::runtime::basic_scheduler::enter::{{closure}}::h7670e8851bbaf883
[INFO] [stdout]                                at /opt/rustwide/cargo-home/registry/src/index.crates.io-6f17d22bba15001f/tokio-1.14.0/src/runtime/basic_scheduler.rs:349:29
[INFO] [stdout]   29:     0x562e3eed4a87 - tokio::macros::scoped_tls::ScopedKey<T>::set::h972ef9b6704bcaea
[INFO] [stdout]                                at /opt/rustwide/cargo-home/registry/src/index.crates.io-6f17d22bba15001f/tokio-1.14.0/src/macros/scoped_tls.rs:61:9
[INFO] [stdout]   30:     0x562e3ee9e91d - tokio::runtime::basic_scheduler::enter::hff1d4074e358c398
[INFO] [stdout]                                at /opt/rustwide/cargo-home/registry/src/index.crates.io-6f17d22bba15001f/tokio-1.14.0/src/runtime/basic_scheduler.rs:349:5
[INFO] [stdout]   31:     0x562e3ee7752b - tokio::runtime::basic_scheduler::Inner<P>::block_on::ha0ef76f0e4b8e8c5
[INFO] [stdout]                                at /opt/rustwide/cargo-home/registry/src/index.crates.io-6f17d22bba15001f/tokio-1.14.0/src/runtime/basic_scheduler.rs:230:9
[INFO] [stdout]   32:     0x562e3ee8f3b2 - tokio::runtime::basic_scheduler::InnerGuard<P>::block_on::hee0ae00283ac4c89
[INFO] [stdout]                                at /opt/rustwide/cargo-home/registry/src/index.crates.io-6f17d22bba15001f/tokio-1.14.0/src/runtime/basic_scheduler.rs:501:9
[INFO] [stdout]   33:     0x562e3ee91913 - tokio::runtime::basic_scheduler::BasicScheduler<P>::block_on::h3c85655a07cdf01b
[INFO] [stdout]                                at /opt/rustwide/cargo-home/registry/src/index.crates.io-6f17d22bba15001f/tokio-1.14.0/src/runtime/basic_scheduler.rs:186:24
[INFO] [stdout]   34:     0x562e3eeecce6 - tokio::runtime::Runtime::block_on::h516bd2f1ab986376
[INFO] [stdout]                                at /opt/rustwide/cargo-home/registry/src/index.crates.io-6f17d22bba15001f/tokio-1.14.0/src/runtime/mod.rs:461:46
[INFO] [stdout]   35:     0x562e3edf1e93 - compute::create_passwordcredential_ok::hde656e6bd2704707
[INFO] [stdout]                                at /opt/rustwide/workdir/tests/compute.rs:71:5
[INFO] [stdout]   36:     0x562e3edf1d57 - compute::create_passwordcredential_ok::{{closure}}::h9457dd82444724fa
[INFO] [stdout]                                at /opt/rustwide/workdir/tests/compute.rs:67:44
[INFO] [stdout]   37:     0x562e3edd1395 - core::ops::function::FnOnce::call_once::he99e9faf970116e6
[INFO] [stdout]                                at /rustc/1b7dd2252b99671ce5d1cb9664c5f8636329436d/library/core/src/ops/function.rs:250:5
[INFO] [stdout]   38:     0x562e3ef2956f - core::ops::function::FnOnce::call_once::ha6a70e79f7481a7e
[INFO] [stdout]                                at /rustc/1b7dd2252b99671ce5d1cb9664c5f8636329436d/library/core/src/ops/function.rs:250:5
[INFO] [stdout]   39:     0x562e3ef2956f - test::__rust_begin_short_backtrace::hce33033019b61e69
[INFO] [stdout]                                at /rustc/1b7dd2252b99671ce5d1cb9664c5f8636329436d/library/test/src/lib.rs:655:18
[INFO] [stdout]   40:     0x562e3eef6d5c - test::run_test::{{closure}}::h858d3528838ae3e5
[INFO] [stdout]                                at /rustc/1b7dd2252b99671ce5d1cb9664c5f8636329436d/library/test/src/lib.rs:646:30
[INFO] [stdout]   41:     0x562e3eef6d5c - core::ops::function::FnOnce::call_once{{vtable.shim}}::he8ac2b00f01ae79e
[INFO] [stdout]                                at /rustc/1b7dd2252b99671ce5d1cb9664c5f8636329436d/library/core/src/ops/function.rs:250:5
[INFO] [stdout]   42:     0x562e3ef28646 - <alloc::boxed::Box<F,A> as core::ops::function::FnOnce<Args>>::call_once::h8093d25b522725ef
[INFO] [stdout]                                at /rustc/1b7dd2252b99671ce5d1cb9664c5f8636329436d/library/alloc/src/boxed.rs:1973:9
[INFO] [stdout]   43:     0x562e3ef28646 - <core::panic::unwind_safe::AssertUnwindSafe<F> as core::ops::function::FnOnce<()>>::call_once::h5c334c204e4a3913
[INFO] [stdout]                                at /rustc/1b7dd2252b99671ce5d1cb9664c5f8636329436d/library/core/src/panic/unwind_safe.rs:271:9
[INFO] [stdout]   44:     0x562e3ef28646 - std::panicking::try::do_call::ha8b740c7b9478074
[INFO] [stdout]                                at /rustc/1b7dd2252b99671ce5d1cb9664c5f8636329436d/library/std/src/panicking.rs:485:40
[INFO] [stdout]   45:     0x562e3ef28646 - std::panicking::try::h5d34f63d0e41b64e
[INFO] [stdout]                                at /rustc/1b7dd2252b99671ce5d1cb9664c5f8636329436d/library/std/src/panicking.rs:449:19
[INFO] [stdout]   46:     0x562e3ef28646 - std::panic::catch_unwind::hcfbb511e1aa7fc67
[INFO] [stdout]                                at /rustc/1b7dd2252b99671ce5d1cb9664c5f8636329436d/library/std/src/panic.rs:140:14
[INFO] [stdout]   47:     0x562e3ef28646 - test::run_test_in_process::h9abda90f802eaf21
[INFO] [stdout]                                at /rustc/1b7dd2252b99671ce5d1cb9664c5f8636329436d/library/test/src/lib.rs:678:27
[INFO] [stdout]   48:     0x562e3ef28646 - test::run_test::run_test_inner::{{closure}}::h0f058de91f6c6edf
[INFO] [stdout]                                at /rustc/1b7dd2252b99671ce5d1cb9664c5f8636329436d/library/test/src/lib.rs:572:39
[INFO] [stdout]   49:     0x562e3eef1565 - test::run_test::run_test_inner::{{closure}}::h5ca48a4c59c6c1fb
[INFO] [stdout]                                at /rustc/1b7dd2252b99671ce5d1cb9664c5f8636329436d/library/test/src/lib.rs:599:37
[INFO] [stdout]   50:     0x562e3eef1565 - std::sys_common::backtrace::__rust_begin_short_backtrace::h32bd51e1495d4a33
[INFO] [stdout]                                at /rustc/1b7dd2252b99671ce5d1cb9664c5f8636329436d/library/std/src/sys_common/backtrace.rs:134:18
[INFO] [stdout]   51:     0x562e3eef6aa1 - std::thread::Builder::spawn_unchecked_::{{closure}}::{{closure}}::hc086fae9b128b2db
[INFO] [stdout]                                at /rustc/1b7dd2252b99671ce5d1cb9664c5f8636329436d/library/std/src/thread/mod.rs:526:17
[INFO] [stdout]   52:     0x562e3eef6aa1 - <core::panic::unwind_safe::AssertUnwindSafe<F> as core::ops::function::FnOnce<()>>::call_once::hb66571888d270d43
[INFO] [stdout]                                at /rustc/1b7dd2252b99671ce5d1cb9664c5f8636329436d/library/core/src/panic/unwind_safe.rs:271:9
[INFO] [stdout]   53:     0x562e3eef6aa1 - std::panicking::try::do_call::h4fa2ef4f6e51fecf
[INFO] [stdout]                                at /rustc/1b7dd2252b99671ce5d1cb9664c5f8636329436d/library/std/src/panicking.rs:485:40
[INFO] [stdout]   54:     0x562e3eef6aa1 - std::panicking::try::h1e9e22b8584489b5
[INFO] [stdout]                                at /rustc/1b7dd2252b99671ce5d1cb9664c5f8636329436d/library/std/src/panicking.rs:449:19
[INFO] [stdout]   55:     0x562e3eef6aa1 - std::panic::catch_unwind::h44698a3de0e0769e
[INFO] [stdout]                                at /rustc/1b7dd2252b99671ce5d1cb9664c5f8636329436d/library/std/src/panic.rs:140:14
[INFO] [stdout]   56:     0x562e3eef6aa1 - std::thread::Builder::spawn_unchecked_::{{closure}}::h50153abde3fe239e
[INFO] [stdout]                                at /rustc/1b7dd2252b99671ce5d1cb9664c5f8636329436d/library/std/src/thread/mod.rs:525:30
[INFO] [stdout]   57:     0x562e3eef6aa1 - core::ops::function::FnOnce::call_once{{vtable.shim}}::hbe5bbf6f38394364
[INFO] [stdout]                                at /rustc/1b7dd2252b99671ce5d1cb9664c5f8636329436d/library/core/src/ops/function.rs:250:5
[INFO] [stdout]   58:     0x562e3f3ba935 - <alloc::boxed::Box<F,A> as core::ops::function::FnOnce<Args>>::call_once::h0d83cb2920a49046
[INFO] [stdout]                                at /rustc/1b7dd2252b99671ce5d1cb9664c5f8636329436d/library/alloc/src/boxed.rs:1973:9
[INFO] [stdout]   59:     0x562e3f3ba935 - <alloc::boxed::Box<F,A> as core::ops::function::FnOnce<Args>>::call_once::hbe0a008aa7d9ef59
[INFO] [stdout]                                at /rustc/1b7dd2252b99671ce5d1cb9664c5f8636329436d/library/alloc/src/boxed.rs:1973:9
[INFO] [stdout]   60:     0x562e3f3ba935 - std::sys::unix::thread::Thread::new::thread_start::h3a466996bdf6b1f9
[INFO] [stdout]                                at /rustc/1b7dd2252b99671ce5d1cb9664c5f8636329436d/library/std/src/sys/unix/thread.rs:108:17
[INFO] [stdout]   61:     0x7f4a3faddb43 - <unknown>
[INFO] [stdout]   62:     0x7f4a3fb6ebb4 - __clone
[INFO] [stdout]   63:                0x0 - <unknown>
[INFO] [stdout] 
[INFO] [stdout] ---- create_certificatecredential_ok stdout ----
[INFO] [stdout] thread 'create_certificatecredential_ok' panicked at 'assertion failed: scheduler.is_ok()', tests/compute.rs:78:5
[INFO] [stdout] stack backtrace:
[INFO] [stdout]    0:     0x562e3f3b41ea - std::backtrace_rs::backtrace::libunwind::trace::h2f05d0192276a8f6
[INFO] [stdout]                                at /rustc/1b7dd2252b99671ce5d1cb9664c5f8636329436d/library/std/src/../../backtrace/src/backtrace/libunwind.rs:93:5
[INFO] [stdout]    1:     0x562e3f3b41ea - std::backtrace_rs::backtrace::trace_unsynchronized::hedc23dff7a1af150
[INFO] [stdout]                                at /rustc/1b7dd2252b99671ce5d1cb9664c5f8636329436d/library/std/src/../../backtrace/src/backtrace/mod.rs:66:5
[INFO] [stdout]    2:     0x562e3f3b41ea - std::sys_common::backtrace::_print_fmt::h17541ef7592f3ce2
[INFO] [stdout]                                at /rustc/1b7dd2252b99671ce5d1cb9664c5f8636329436d/library/std/src/sys_common/backtrace.rs:65:5
[INFO] [stdout]    3:     0x562e3f3b41ea - <std::sys_common::backtrace::_print::DisplayBacktrace as core::fmt::Display>::fmt::h20f75df5ab0c0792
[INFO] [stdout]                                at /rustc/1b7dd2252b99671ce5d1cb9664c5f8636329436d/library/std/src/sys_common/backtrace.rs:44:22
[INFO] [stdout]    4:     0x562e3f3db39f - core::fmt::write::h78109e6f466b3af6
[INFO] [stdout]                                at /rustc/1b7dd2252b99671ce5d1cb9664c5f8636329436d/library/core/src/fmt/mod.rs:1254:17
[INFO] [stdout]    5:     0x562e3f3b0c65 - std::io::Write::write_fmt::hd24bfb68a1b35a25
[INFO] [stdout]                                at /rustc/1b7dd2252b99671ce5d1cb9664c5f8636329436d/library/std/src/io/mod.rs:1698:15
[INFO] [stdout]    6:     0x562e3f3b3fb5 - std::sys_common::backtrace::_print::h8dac57a9f8fbf9a5
[INFO] [stdout]                                at /rustc/1b7dd2252b99671ce5d1cb9664c5f8636329436d/library/std/src/sys_common/backtrace.rs:47:5
[INFO] [stdout]    7:     0x562e3f3b3fb5 - std::sys_common::backtrace::print::hf9ecbf41d1aa712f
[INFO] [stdout]                                at /rustc/1b7dd2252b99671ce5d1cb9664c5f8636329436d/library/std/src/sys_common/backtrace.rs:34:9
[INFO] [stdout]    8:     0x562e3f3b5c6e - std::panicking::default_hook::{{closure}}::h04c07acfc84ca028
[INFO] [stdout]                                at /rustc/1b7dd2252b99671ce5d1cb9664c5f8636329436d/library/std/src/panicking.rs:269:22
[INFO] [stdout]    9:     0x562e3f3b59a1 - std::panicking::default_hook::h01f6bb23e1eceb2c
[INFO] [stdout]                                at /rustc/1b7dd2252b99671ce5d1cb9664c5f8636329436d/library/std/src/panicking.rs:285:9
[INFO] [stdout]   10:     0x562e3ef2469b - <alloc::boxed::Box<F,A> as core::ops::function::Fn<Args>>::call::h87fe9f7b2fd49e4c
[INFO] [stdout]                                at /rustc/1b7dd2252b99671ce5d1cb9664c5f8636329436d/library/alloc/src/boxed.rs:1987:9
[INFO] [stdout]   11:     0x562e3ef2469b - test::test_main::{{closure}}::he94d679243a7531b
[INFO] [stdout]                                at /rustc/1b7dd2252b99671ce5d1cb9664c5f8636329436d/library/test/src/lib.rs:134:21
[INFO] [stdout]   12:     0x562e3f3b6354 - <alloc::boxed::Box<F,A> as core::ops::function::Fn<Args>>::call::h3f2d6d8b14c4769f
[INFO] [stdout]                                at /rustc/1b7dd2252b99671ce5d1cb9664c5f8636329436d/library/alloc/src/boxed.rs:1987:9
[INFO] [stdout]   13:     0x562e3f3b6354 - std::panicking::rust_panic_with_hook::h2bb3722bbaf2f6df
[INFO] [stdout]                                at /rustc/1b7dd2252b99671ce5d1cb9664c5f8636329436d/library/std/src/panicking.rs:695:13
[INFO] [stdout]   14:     0x562e3f3b6082 - std::panicking::begin_panic_handler::{{closure}}::h91bc7f36a4be011b
[INFO] [stdout]                                at /rustc/1b7dd2252b99671ce5d1cb9664c5f8636329436d/library/std/src/panicking.rs:580:13
[INFO] [stdout]   15:     0x562e3f3b4656 - std::sys_common::backtrace::__rust_end_short_backtrace::h8b3d3717114f9e59
[INFO] [stdout]                                at /rustc/1b7dd2252b99671ce5d1cb9664c5f8636329436d/library/std/src/sys_common/backtrace.rs:150:18
[INFO] [stdout]   16:     0x562e3f3b5e22 - rust_begin_unwind
[INFO] [stdout]                                at /rustc/1b7dd2252b99671ce5d1cb9664c5f8636329436d/library/std/src/panicking.rs:578:5
[INFO] [stdout]   17:     0x562e3ed931f3 - core::panicking::panic_fmt::hfd368e3fbdabea26
[INFO] [stdout]                                at /rustc/1b7dd2252b99671ce5d1cb9664c5f8636329436d/library/core/src/panicking.rs:67:14
[INFO] [stdout]   18:     0x562e3ed9328d - core::panicking::panic::h3f9042d09bd0bf2e
[INFO] [stdout]                                at /rustc/1b7dd2252b99671ce5d1cb9664c5f8636329436d/library/core/src/panicking.rs:117:5
[INFO] [stdout]   19:     0x562e3edf26f9 - compute::create_certificatecredential_ok::{{closure}}::h145fc95a3771e07c
[INFO] [stdout]                                at /opt/rustwide/workdir/tests/compute.rs:78:5
[INFO] [stdout]   20:     0x562e3eef001b - <core::pin::Pin<P> as core::future::future::Future>::poll::h0c43de09c2609618
[INFO] [stdout]                                at /rustc/1b7dd2252b99671ce5d1cb9664c5f8636329436d/library/core/src/future/future.rs:125:9
[INFO] [stdout]   21:     0x562e3ee8e504 - tokio::runtime::basic_scheduler::Inner<P>::block_on::{{closure}}::{{closure}}::hfbdf0b4c356446f2
[INFO] [stdout]                                at /opt/rustwide/cargo-home/registry/src/index.crates.io-6f17d22bba15001f/tokio-1.14.0/src/runtime/basic_scheduler.rs:240:62
[INFO] [stdout]   22:     0x562e3ee2a679 - tokio::coop::with_budget::{{closure}}::h1d3132b1ce56082e
[INFO] [stdout]                                at /opt/rustwide/cargo-home/registry/src/index.crates.io-6f17d22bba15001f/tokio-1.14.0/src/coop.rs:106:9
[INFO] [stdout]   23:     0x562e3ee6a16f - std::thread::local::LocalKey<T>::try_with::h0d0b4e46cffd475c
[INFO] [stdout]                                at /rustc/1b7dd2252b99671ce5d1cb9664c5f8636329436d/library/std/src/thread/local.rs:252:16
[INFO] [stdout]   24:     0x562e3ee68cfa - std::thread::local::LocalKey<T>::with::hdc48c25bb2702eb5
[INFO] [stdout]                                at /rustc/1b7dd2252b99671ce5d1cb9664c5f8636329436d/library/std/src/thread/local.rs:228:9
[INFO] [stdout]   25:     0x562e3ee89a35 - tokio::coop::with_budget::h8814888dd9cd5615
[INFO] [stdout]                                at /opt/rustwide/cargo-home/registry/src/index.crates.io-6f17d22bba15001f/tokio-1.14.0/src/coop.rs:99:5
[INFO] [stdout]   26:     0x562e3ee89a35 - tokio::coop::budget::haf74008051b7e6bf
[INFO] [stdout]                                at /opt/rustwide/cargo-home/registry/src/index.crates.io-6f17d22bba15001f/tokio-1.14.0/src/coop.rs:76:5
[INFO] [stdout]   27:     0x562e3ee89a35 - tokio::runtime::basic_scheduler::Inner<P>::block_on::{{closure}}::hcd13fe2f54efa9dc
[INFO] [stdout]                                at /opt/rustwide/cargo-home/registry/src/index.crates.io-6f17d22bba15001f/tokio-1.14.0/src/runtime/basic_scheduler.rs:240:39
[INFO] [stdout]   28:     0x562e3ee9ea21 - tokio::runtime::basic_scheduler::enter::{{closure}}::h2475db343c97c3d6
[INFO] [stdout]                                at /opt/rustwide/cargo-home/registry/src/index.crates.io-6f17d22bba15001f/tokio-1.14.0/src/runtime/basic_scheduler.rs:349:29
[INFO] [stdout]   29:     0x562e3eed51f7 - tokio::macros::scoped_tls::ScopedKey<T>::set::he2d4927434b448f4
[INFO] [stdout]                                at /opt/rustwide/cargo-home/registry/src/index.crates.io-6f17d22bba15001f/tokio-1.14.0/src/macros/scoped_tls.rs:61:9
[INFO] [stdout]   30:     0x562e3ee9b61d - tokio::runtime::basic_scheduler::enter::h9afb1b6a199456a3
[INFO] [stdout]                                at /opt/rustwide/cargo-home/registry/src/index.crates.io-6f17d22bba15001f/tokio-1.14.0/src/runtime/basic_scheduler.rs:349:5
[INFO] [stdout]   31:     0x562e3ee7740b - tokio::runtime::basic_scheduler::Inner<P>::block_on::h67de7ae223a731aa
[INFO] [stdout]                                at /opt/rustwide/cargo-home/registry/src/index.crates.io-6f17d22bba15001f/tokio-1.14.0/src/runtime/basic_scheduler.rs:230:9
[INFO] [stdout]   32:     0x562e3ee8e902 - tokio::runtime::basic_scheduler::InnerGuard<P>::block_on::h502d983dba318c59
[INFO] [stdout]                                at /opt/rustwide/cargo-home/registry/src/index.crates.io-6f17d22bba15001f/tokio-1.14.0/src/runtime/basic_scheduler.rs:501:9
[INFO] [stdout]   33:     0x562e3ee95923 - tokio::runtime::basic_scheduler::BasicScheduler<P>::block_on::hf4bf60ea494b5713
[INFO] [stdout]                                at /opt/rustwide/cargo-home/registry/src/index.crates.io-6f17d22bba15001f/tokio-1.14.0/src/runtime/basic_scheduler.rs:186:24
[INFO] [stdout]   34:     0x562e3eeec116 - tokio::runtime::Runtime::block_on::h20e6dae2a2720bb4
[INFO] [stdout]                                at /opt/rustwide/cargo-home/registry/src/index.crates.io-6f17d22bba15001f/tokio-1.14.0/src/runtime/mod.rs:461:46
[INFO] [stdout]   35:     0x562e3edf2343 - compute::create_certificatecredential_ok::h1c86ec095eff4f6d
[INFO] [stdout]                                at /opt/rustwide/workdir/tests/compute.rs:80:5
[INFO] [stdout]   36:     0x562e3edf2207 - compute::create_certificatecredential_ok::{{closure}}::hab56e8f5ac45976a
[INFO] [stdout]                                at /opt/rustwide/workdir/tests/compute.rs:75:47
[INFO] [stdout]   37:     0x562e3edd0d45 - core::ops::function::FnOnce::call_once::h8bab84d9cc15c7cd
[INFO] [stdout]                                at /rustc/1b7dd2252b99671ce5d1cb9664c5f8636329436d/library/core/src/ops/function.rs:250:5
[INFO] [stdout]   38:     0x562e3ef2956f - core::ops::function::FnOnce::call_once::ha6a70e79f7481a7e
[INFO] [stdout]                                at /rustc/1b7dd2252b99671ce5d1cb9664c5f8636329436d/library/core/src/ops/function.rs:250:5
[INFO] [stdout]   39:     0x562e3ef2956f - test::__rust_begin_short_backtrace::hce33033019b61e69
[INFO] [stdout]                                at /rustc/1b7dd2252b99671ce5d1cb9664c5f8636329436d/library/test/src/lib.rs:655:18
[INFO] [stdout]   40:     0x562e3eef6d5c - test::run_test::{{closure}}::h858d3528838ae3e5
[INFO] [stdout]                                at /rustc/1b7dd2252b99671ce5d1cb9664c5f8636329436d/library/test/src/lib.rs:646:30
[INFO] [stdout]   41:     0x562e3eef6d5c - core::ops::function::FnOnce::call_once{{vtable.shim}}::he8ac2b00f01ae79e
[INFO] [stdout]                                at /rustc/1b7dd2252b99671ce5d1cb9664c5f8636329436d/library/core/src/ops/function.rs:250:5
[INFO] [stdout]   42:     0x562e3ef28646 - <alloc::boxed::Box<F,A> as core::ops::function::FnOnce<Args>>::call_once::h8093d25b522725ef
[INFO] [stdout]                                at /rustc/1b7dd2252b99671ce5d1cb9664c5f8636329436d/library/alloc/src/boxed.rs:1973:9
[INFO] [stdout]   43:     0x562e3ef28646 - <core::panic::unwind_safe::AssertUnwindSafe<F> as core::ops::function::FnOnce<()>>::call_once::h5c334c204e4a3913
[INFO] [stdout]                                at /rustc/1b7dd2252b99671ce5d1cb9664c5f8636329436d/library/core/src/panic/unwind_safe.rs:271:9
[INFO] [stdout]   44:     0x562e3ef28646 - std::panicking::try::do_call::ha8b740c7b9478074
[INFO] [stdout]                                at /rustc/1b7dd2252b99671ce5d1cb9664c5f8636329436d/library/std/src/panicking.rs:485:40
[INFO] [stdout]   45:     0x562e3ef28646 - std::panicking::try::h5d34f63d0e41b64e
[INFO] [stdout]                                at /rustc/1b7dd2252b99671ce5d1cb9664c5f8636329436d/library/std/src/panicking.rs:449:19
[INFO] [stdout]   46:     0x562e3ef28646 - std::panic::catch_unwind::hcfbb511e1aa7fc67
[INFO] [stdout]                                at /rustc/1b7dd2252b99671ce5d1cb9664c5f8636329436d/library/std/src/panic.rs:140:14
[INFO] [stdout]   47:     0x562e3ef28646 - test::run_test_in_process::h9abda90f802eaf21
[INFO] [stdout]                                at /rustc/1b7dd2252b99671ce5d1cb9664c5f8636329436d/library/test/src/lib.rs:678:27
[INFO] [stdout]   48:     0x562e3ef28646 - test::run_test::run_test_inner::{{closure}}::h0f058de91f6c6edf
[INFO] [stdout]                                at /rustc/1b7dd2252b99671ce5d1cb9664c5f8636329436d/library/test/src/lib.rs:572:39
[INFO] [stdout]   49:     0x562e3eef1565 - test::run_test::run_test_inner::{{closure}}::h5ca48a4c59c6c1fb
[INFO] [stdout]                                at /rustc/1b7dd2252b99671ce5d1cb9664c5f8636329436d/library/test/src/lib.rs:599:37
[INFO] [stdout]   50:     0x562e3eef1565 - std::sys_common::backtrace::__rust_begin_short_backtrace::h32bd51e1495d4a33
[INFO] [stdout]                                at /rustc/1b7dd2252b99671ce5d1cb9664c5f8636329436d/library/std/src/sys_common/backtrace.rs:134:18
[INFO] [stdout]   51:     0x562e3eef6aa1 - std::thread::Builder::spawn_unchecked_::{{closure}}::{{closure}}::hc086fae9b128b2db
[INFO] [stdout]                                at /rustc/1b7dd2252b99671ce5d1cb9664c5f8636329436d/library/std/src/thread/mod.rs:526:17
[INFO] [stdout]   52:     0x562e3eef6aa1 - <core::panic::unwind_safe::AssertUnwindSafe<F> as core::ops::function::FnOnce<()>>::call_once::hb66571888d270d43
[INFO] [stdout]                                at /rustc/1b7dd2252b99671ce5d1cb9664c5f8636329436d/library/core/src/panic/unwind_safe.rs:271:9
[INFO] [stdout]   53:     0x562e3eef6aa1 - std::panicking::try::do_call::h4fa2ef4f6e51fecf
[INFO] [stdout]                                at /rustc/1b7dd2252b99671ce5d1cb9664c5f8636329436d/library/std/src/panicking.rs:485:40
[INFO] [stdout]   54:     0x562e3eef6aa1 - std::panicking::try::h1e9e22b8584489b5
[INFO] [stdout]                                at /rustc/1b7dd2252b99671ce5d1cb9664c5f8636329436d/library/std/src/panicking.rs:449:19
[INFO] [stdout]   55:     0x562e3eef6aa1 - std::panic::catch_unwind::h44698a3de0e0769e
[INFO] [stdout]                                at /rustc/1b7dd2252b99671ce5d1cb9664c5f8636329436d/library/std/src/panic.rs:140:14
[INFO] [stdout]   56:     0x562e3eef6aa1 - std::thread::Builder::spawn_unchecked_::{{closure}}::h50153abde3fe239e
[INFO] [stdout]                                at /rustc/1b7dd2252b99671ce5d1cb9664c5f8636329436d/library/std/src/thread/mod.rs:525:30
[INFO] [stdout]   57:     0x562e3eef6aa1 - core::ops::function::FnOnce::call_once{{vtable.shim}}::hbe5bbf6f38394364
[INFO] [stdout]                                at /rustc/1b7dd2252b99671ce5d1cb9664c5f8636329436d/library/core/src/ops/function.rs:250:5
[INFO] [stdout]   58:     0x562e3f3ba935 - <alloc::boxed::Box<F,A> as core::ops::function::FnOnce<Args>>::call_once::h0d83cb2920a49046
[INFO] [stdout]                                at /rustc/1b7dd2252b99671ce5d1cb9664c5f8636329436d/library/alloc/src/boxed.rs:1973:9
[INFO] [stdout]   59:     0x562e3f3ba935 - <alloc::boxed::Box<F,A> as core::ops::function::FnOnce<Args>>::call_once::hbe0a008aa7d9ef59
[INFO] [stdout]                                at /rustc/1b7dd2252b99671ce5d1cb9664c5f8636329436d/library/alloc/src/boxed.rs:1973:9
[INFO] [stdout]   60:     0x562e3f3ba935 - std::sys::unix::thread::Thread::new::thread_start::h3a466996bdf6b1f9
[INFO] [stdout]                                at /rustc/1b7dd2252b99671ce5d1cb9664c5f8636329436d/library/std/src/sys/unix/thread.rs:108:17
[INFO] [stdout]   61:     0x7f4a3faddb43 - <unknown>
[INFO] [stdout]   62:     0x7f4a3fb6ebb4 - __clone
[INFO] [stdout]   63:                0x0 - <unknown>
[INFO] [stdout] 
[INFO] [stdout] 
[INFO] [stdout] failures:
[INFO] [stdout]     canceljob_existing_ok
[INFO] [stdout]     canceljob_nonexisting_err
[INFO] [stdout]     create_certificatecredential_ok
[INFO] [stdout]     create_passwordcredential_ok
[INFO] [stdout]     getdefaultqueuename_default_ok
[INFO] [stdout]     getjobs_existing_ok
[INFO] [stdout]     getjobs_none_ok
[INFO] [stdout]     getjobs_nonexisting_err
[INFO] [stdout]     getjobstatus_existing_ok
[INFO] [stdout]     getjobstatus_nonexisting_err
[INFO] [stdout]     getjobstatuses_existing_ok
[INFO] [stdout]     getjobstatuses_none_empty
[INFO] [stdout]     getjobstatuses_nonexisting_err
[INFO] [stdout]     getproperties_default_ok
[INFO] [stdout]     getqueuenames_default_ok
[INFO] [stdout]     getqueuestatus_existing_ok
[INFO] [stdout]     getqueuestatus_nonexisting_err
[INFO] [stdout]     getqueuestatuses_existing_ok
[INFO] [stdout]     getqueuestatuses_none_ok
[INFO] [stdout]     getqueuestatuses_nonexisting_ok
[INFO] [stdout]     isopen_closed_false
[INFO] [stdout]     isopen_open_true
[INFO] [stdout]     restore_closed_err
[INFO] [stdout]     restore_open_ok
[INFO] [stdout]     submitbatchjob_valid_ok
[INFO] [stdout]     waituntildone_existing_ok
[INFO] [stdout]     waituntildone_nonexisting_err
[INFO] [stdout]     waituntilrunning_existing_ok
[INFO] [stdout]     waituntilrunning_nonexisting_err
[INFO] [stdout] 
[INFO] [stdout] test result: FAILED. 0 passed; 29 failed; 0 ignored; 0 measured; 0 filtered out; finished in 0.04s
[INFO] [stdout] 
[INFO] [stderr] error: test failed, to rerun pass `--test compute`
[INFO] running `Command { std: "docker" "inspect" "d801386851c37ed6a740e78014f6dcb1ceabe23efc9086a09dd47518d52239b8", kill_on_drop: false }`
[INFO] running `Command { std: "docker" "rm" "-f" "d801386851c37ed6a740e78014f6dcb1ceabe23efc9086a09dd47518d52239b8", kill_on_drop: false }`
[INFO] [stdout] d801386851c37ed6a740e78014f6dcb1ceabe23efc9086a09dd47518d52239b8
