[INFO] fetching crate xcp 0.9.4...
[INFO] testing xcp-0.9.4 against beta-2023-04-20 for beta-1.70-1
[INFO] extracting crate xcp 0.9.4 into /workspace/builds/worker-5-tc2/source
[INFO] validating manifest of crates.io crate xcp 0.9.4 on toolchain beta-2023-04-20
[INFO] running `Command { std: CARGO_HOME="/workspace/cargo-home" RUSTUP_HOME="/workspace/rustup-home" "/workspace/cargo-home/bin/cargo" "+beta-2023-04-20" "metadata" "--manifest-path" "Cargo.toml" "--no-deps", kill_on_drop: false }`
[INFO] started tweaking crates.io crate xcp 0.9.4
[INFO] finished tweaking crates.io crate xcp 0.9.4
[INFO] tweaked toml for crates.io crate xcp 0.9.4 written to /workspace/builds/worker-5-tc2/source/Cargo.toml
[INFO] crate crates.io crate xcp 0.9.4 already has a lockfile, it will not be regenerated
[INFO] running `Command { std: CARGO_HOME="/workspace/cargo-home" RUSTUP_HOME="/workspace/rustup-home" "/workspace/cargo-home/bin/cargo" "+beta-2023-04-20" "fetch" "--manifest-path" "Cargo.toml", kill_on_drop: false }`
[INFO] [stderr]     Updating crates.io index
[INFO] [stderr]  Downloading crates ...
[INFO] [stderr]   Downloaded test-case-macros v3.0.0
[INFO] [stderr]   Downloaded test-case-core v3.0.0
[INFO] [stderr]   Downloaded test-case v3.0.0
[INFO] [stderr]   Downloaded unbytify v0.2.0
[INFO] running `Command { std: "docker" "create" "-v" "/var/lib/crater-agent-workspace/builds/worker-5-tc2/target:/opt/rustwide/target:rw,Z" "-v" "/var/lib/crater-agent-workspace/builds/worker-5-tc2/source:/opt/rustwide/workdir:ro,Z" "-v" "/var/lib/crater-agent-workspace/cargo-home:/opt/rustwide/cargo-home:ro,Z" "-v" "/var/lib/crater-agent-workspace/rustup-home:/opt/rustwide/rustup-home:ro,Z" "-e" "SOURCE_DIR=/opt/rustwide/workdir" "-e" "CARGO_TARGET_DIR=/opt/rustwide/target" "-e" "CARGO_HOME=/opt/rustwide/cargo-home" "-e" "RUSTUP_HOME=/opt/rustwide/rustup-home" "-w" "/opt/rustwide/workdir" "-m" "1610612736" "--user" "0:0" "--network" "none" "ghcr.io/rust-lang/crates-build-env/linux@sha256:5ff2268d62e97bff2cde7d5815dd6ed5b47097566f13b8d0ca110b04b60e07ed" "/opt/rustwide/cargo-home/bin/cargo" "+beta-2023-04-20" "metadata" "--no-deps" "--format-version=1", kill_on_drop: false }`
[INFO] [stdout] 7f63dedf7a82b6baa177b63b6fb3194cb23d948d349ce001ba7e9553f568cd57
[INFO] running `Command { std: "docker" "start" "-a" "7f63dedf7a82b6baa177b63b6fb3194cb23d948d349ce001ba7e9553f568cd57", kill_on_drop: false }`
[INFO] running `Command { std: "docker" "inspect" "7f63dedf7a82b6baa177b63b6fb3194cb23d948d349ce001ba7e9553f568cd57", kill_on_drop: false }`
[INFO] running `Command { std: "docker" "rm" "-f" "7f63dedf7a82b6baa177b63b6fb3194cb23d948d349ce001ba7e9553f568cd57", kill_on_drop: false }`
[INFO] [stdout] 7f63dedf7a82b6baa177b63b6fb3194cb23d948d349ce001ba7e9553f568cd57
[INFO] running `Command { std: "docker" "create" "-v" "/var/lib/crater-agent-workspace/builds/worker-5-tc2/target:/opt/rustwide/target:rw,Z" "-v" "/var/lib/crater-agent-workspace/builds/worker-5-tc2/source:/opt/rustwide/workdir:ro,Z" "-v" "/var/lib/crater-agent-workspace/cargo-home:/opt/rustwide/cargo-home:ro,Z" "-v" "/var/lib/crater-agent-workspace/rustup-home:/opt/rustwide/rustup-home:ro,Z" "-e" "SOURCE_DIR=/opt/rustwide/workdir" "-e" "CARGO_TARGET_DIR=/opt/rustwide/target" "-e" "CARGO_INCREMENTAL=0" "-e" "RUST_BACKTRACE=full" "-e" "RUSTFLAGS=--cap-lints=warn" "-e" "RUSTDOCFLAGS=--cap-lints=warn" "-e" "CARGO_HOME=/opt/rustwide/cargo-home" "-e" "RUSTUP_HOME=/opt/rustwide/rustup-home" "-w" "/opt/rustwide/workdir" "-m" "1610612736" "--user" "0:0" "--network" "none" "ghcr.io/rust-lang/crates-build-env/linux@sha256:5ff2268d62e97bff2cde7d5815dd6ed5b47097566f13b8d0ca110b04b60e07ed" "/opt/rustwide/cargo-home/bin/cargo" "+beta-2023-04-20" "build" "--frozen" "--message-format=json", kill_on_drop: false }`
[INFO] [stdout] 8b1bf3ade49d7bae227c3a9d4137057cdddfd843dd40884dadbe538790948288
[INFO] running `Command { std: "docker" "start" "-a" "8b1bf3ade49d7bae227c3a9d4137057cdddfd843dd40884dadbe538790948288", kill_on_drop: false }`
[INFO] [stderr]    Compiling libc v0.2.139
[INFO] [stderr]    Compiling proc-macro2 v1.0.51
[INFO] [stderr]    Compiling quote v1.0.23
[INFO] [stderr]    Compiling unicode-ident v1.0.6
[INFO] [stderr]    Compiling syn v1.0.109
[INFO] [stderr]    Compiling memchr v2.5.0
[INFO] [stderr]    Compiling io-lifetimes v1.0.5
[INFO] [stderr]    Compiling log v0.4.17
[INFO] [stderr]    Compiling rustix v0.36.8
[INFO] [stderr]    Compiling regex-syntax v0.6.28
[INFO] [stderr]    Compiling linux-raw-sys v0.1.4
[INFO] [stderr]    Compiling crossbeam-utils v0.8.14
[INFO] [stderr]    Compiling portable-atomic v0.3.19
[INFO] [stderr]    Compiling time-core v0.1.0
[INFO] [stderr]    Compiling once_cell v1.17.1
[INFO] [stderr]    Compiling anyhow v1.0.69
[INFO] [stderr]    Compiling time-macros v0.2.8
[INFO] [stderr]    Compiling os_str_bytes v6.4.1
[INFO] [stderr]    Compiling fnv v1.0.7
[INFO] [stderr]    Compiling same-file v1.0.6
[INFO] [stderr]    Compiling num_threads v0.1.6
[INFO] [stderr]    Compiling itoa v1.0.5
[INFO] [stderr]    Compiling heck v0.4.1
[INFO] [stderr]    Compiling thiserror v1.0.38
[INFO] [stderr]    Compiling walkdir v2.3.2
[INFO] [stderr]    Compiling clap_lex v0.3.2
[INFO] [stderr]    Compiling thread_local v1.1.7
[INFO] [stderr]    Compiling lazy_static v0.2.11
[INFO] [stderr]    Compiling number_prefix v0.4.0
[INFO] [stderr]    Compiling aho-corasick v0.7.20
[INFO] [stderr]    Compiling bstr v1.3.0
[INFO] [stderr]    Compiling unbytify v0.2.0
[INFO] [stderr]    Compiling glob v0.3.1
[INFO] [stderr]    Compiling crossbeam-channel v0.5.6
[INFO] [stderr]    Compiling proc-macro-error-attr v1.0.4
[INFO] [stderr]    Compiling console v0.15.5
[INFO] [stderr]    Compiling time v0.3.20
[INFO] [stderr]    Compiling xattr v1.0.0
[INFO] [stderr]    Compiling num_cpus v1.15.0
[INFO] [stderr]    Compiling indicatif v0.17.3
[INFO] [stderr]    Compiling regex v1.7.1
[INFO] [stderr]    Compiling simplelog v0.12.0
[INFO] [stderr]    Compiling is-terminal v0.4.4
[INFO] [stderr]    Compiling globset v0.4.10
[INFO] [stderr]    Compiling ignore v0.4.20
[INFO] [stderr]    Compiling proc-macro-error v1.0.4
[INFO] [stderr]    Compiling thiserror-impl v1.0.38
[INFO] [stderr]    Compiling clap_derive v4.1.0
[INFO] [stderr]    Compiling clap v4.1.6
[INFO] [stderr]    Compiling xcp v0.9.4 (/opt/rustwide/workdir)
[INFO] [stderr]     Finished dev [unoptimized + debuginfo] target(s) in 19.05s
[INFO] running `Command { std: "docker" "inspect" "8b1bf3ade49d7bae227c3a9d4137057cdddfd843dd40884dadbe538790948288", kill_on_drop: false }`
[INFO] running `Command { std: "docker" "rm" "-f" "8b1bf3ade49d7bae227c3a9d4137057cdddfd843dd40884dadbe538790948288", kill_on_drop: false }`
[INFO] [stdout] 8b1bf3ade49d7bae227c3a9d4137057cdddfd843dd40884dadbe538790948288
[INFO] running `Command { std: "docker" "create" "-v" "/var/lib/crater-agent-workspace/builds/worker-5-tc2/target:/opt/rustwide/target:rw,Z" "-v" "/var/lib/crater-agent-workspace/builds/worker-5-tc2/source:/opt/rustwide/workdir:ro,Z" "-v" "/var/lib/crater-agent-workspace/cargo-home:/opt/rustwide/cargo-home:ro,Z" "-v" "/var/lib/crater-agent-workspace/rustup-home:/opt/rustwide/rustup-home:ro,Z" "-e" "SOURCE_DIR=/opt/rustwide/workdir" "-e" "CARGO_TARGET_DIR=/opt/rustwide/target" "-e" "CARGO_INCREMENTAL=0" "-e" "RUST_BACKTRACE=full" "-e" "RUSTFLAGS=--cap-lints=warn" "-e" "RUSTDOCFLAGS=--cap-lints=warn" "-e" "CARGO_HOME=/opt/rustwide/cargo-home" "-e" "RUSTUP_HOME=/opt/rustwide/rustup-home" "-w" "/opt/rustwide/workdir" "-m" "1610612736" "--user" "0:0" "--network" "none" "ghcr.io/rust-lang/crates-build-env/linux@sha256:5ff2268d62e97bff2cde7d5815dd6ed5b47097566f13b8d0ca110b04b60e07ed" "/opt/rustwide/cargo-home/bin/cargo" "+beta-2023-04-20" "test" "--frozen" "--no-run" "--message-format=json", kill_on_drop: false }`
[INFO] [stdout] 9c314bb70113f626e1cc19c54069142d7aa0c9a347defb43862be622fac4f054
[INFO] running `Command { std: "docker" "start" "-a" "9c314bb70113f626e1cc19c54069142d7aa0c9a347defb43862be622fac4f054", kill_on_drop: false }`
[INFO] [stderr]    Compiling syn v1.0.109
[INFO] [stderr]    Compiling libm v0.2.6
[INFO] [stderr]    Compiling getrandom v0.2.8
[INFO] [stderr]    Compiling num-traits v0.2.15
[INFO] [stderr]    Compiling fastrand v1.9.0
[INFO] [stderr]    Compiling remove_dir_all v0.5.3
[INFO] [stderr]    Compiling rand_core v0.6.4
[INFO] [stderr]    Compiling uuid v1.3.0
[INFO] [stderr]    Compiling tempfile v3.3.0
[INFO] [stderr]    Compiling rand_chacha v0.3.1
[INFO] [stderr]    Compiling rand_xorshift v0.3.0
[INFO] [stderr]    Compiling rand v0.8.5
[INFO] [stderr]    Compiling rand_distr v0.4.3
[INFO] [stderr]    Compiling proc-macro-error v1.0.4
[INFO] [stderr]    Compiling test-case-core v3.0.0
[INFO] [stderr]    Compiling thiserror-impl v1.0.38
[INFO] [stderr]    Compiling clap_derive v4.1.0
[INFO] [stderr]    Compiling test-case-macros v3.0.0
[INFO] [stderr]    Compiling test-case v3.0.0
[INFO] [stderr]    Compiling thiserror v1.0.38
[INFO] [stderr]    Compiling clap v4.1.6
[INFO] [stderr]    Compiling xcp v0.9.4 (/opt/rustwide/workdir)
[INFO] [stderr]     Finished test [unoptimized + debuginfo] target(s) in 17.06s
[INFO] running `Command { std: "docker" "inspect" "9c314bb70113f626e1cc19c54069142d7aa0c9a347defb43862be622fac4f054", kill_on_drop: false }`
[INFO] running `Command { std: "docker" "rm" "-f" "9c314bb70113f626e1cc19c54069142d7aa0c9a347defb43862be622fac4f054", kill_on_drop: false }`
[INFO] [stdout] 9c314bb70113f626e1cc19c54069142d7aa0c9a347defb43862be622fac4f054
[INFO] running `Command { std: "docker" "create" "-v" "/var/lib/crater-agent-workspace/builds/worker-5-tc2/target:/opt/rustwide/target:rw,Z" "-v" "/var/lib/crater-agent-workspace/builds/worker-5-tc2/source:/opt/rustwide/workdir:ro,Z" "-v" "/var/lib/crater-agent-workspace/cargo-home:/opt/rustwide/cargo-home:ro,Z" "-v" "/var/lib/crater-agent-workspace/rustup-home:/opt/rustwide/rustup-home:ro,Z" "-e" "SOURCE_DIR=/opt/rustwide/workdir" "-e" "CARGO_TARGET_DIR=/opt/rustwide/target" "-e" "CARGO_INCREMENTAL=0" "-e" "RUST_BACKTRACE=full" "-e" "RUSTFLAGS=--cap-lints=warn" "-e" "RUSTDOCFLAGS=--cap-lints=warn" "-e" "CARGO_HOME=/opt/rustwide/cargo-home" "-e" "RUSTUP_HOME=/opt/rustwide/rustup-home" "-w" "/opt/rustwide/workdir" "-m" "1610612736" "--user" "0:0" "--network" "none" "ghcr.io/rust-lang/crates-build-env/linux@sha256:5ff2268d62e97bff2cde7d5815dd6ed5b47097566f13b8d0ca110b04b60e07ed" "/opt/rustwide/cargo-home/bin/cargo" "+beta-2023-04-20" "test" "--frozen", kill_on_drop: false }`
[INFO] [stdout] 8acf51d8d0d0ed984a362d3a96484fee946958d49463a0b18f00d60f0800dd73
[INFO] running `Command { std: "docker" "start" "-a" "8acf51d8d0d0ed984a362d3a96484fee946958d49463a0b18f00d60f0800dd73", kill_on_drop: false }`
[INFO] [stderr]     Finished test [unoptimized + debuginfo] target(s) in 0.09s
[INFO] [stderr]      Running unittests src/main.rs (/opt/rustwide/target/debug/deps/xcp-55e5dc77a21b528f)
[INFO] [stdout] 
[INFO] [stdout] running 35 tests
[INFO] [stdout] test os::common::tests::test_extent_merge ... ok
[INFO] [stdout] test os::linux::tests::test_allocate_file_is_sparse ... FAILED
[INFO] [stdout] test os::linux::tests::test_copy_bytes_sparse ... FAILED
[INFO] [stdout] test os::linux::tests::test_copy_range_middle ... FAILED
[INFO] [stdout] test os::linux::tests::test_empty_extent ... FAILED
[INFO] [stdout] test os::linux::tests::test_extent_fetch ... FAILED
[INFO] [stdout] test os::linux::tests::test_extent_fetch_many ... FAILED
[INFO] [stdout] test os::linux::tests::test_lseek_no_data ... FAILED
[INFO] [stdout] test os::linux::tests::test_lseek_data ... FAILED
[INFO] [stdout] test vendor::threadpool::test::test_active_count ... ignored
[INFO] [stdout] test vendor::threadpool::test::test_clone ... ignored
[INFO] [stdout] test os::linux::tests::test_sparse_copy_middle ... FAILED
[INFO] [stdout] test os::linux::tests::test_sparse_detection ... FAILED
[INFO] [stdout] test vendor::threadpool::test::test_cloned_eq ... ignored
[INFO] [stdout] test os::linux::tests::test_sparse_rust_seek ... FAILED
[INFO] [stdout] test vendor::threadpool::test::test_debug ... ignored
[INFO] [stdout] test vendor::threadpool::test::test_empty_pool ... ignored
[INFO] [stdout] test vendor::threadpool::test::test_join_wavesurfer ... ignored
[INFO] [stdout] test vendor::threadpool::test::test_massive_task_creation ... ignored
[INFO] [stdout] test vendor::threadpool::test::test_multi_join ... ignored
[INFO] [stdout] test vendor::threadpool::test::test_name ... ignored
[INFO] [stdout] test vendor::threadpool::test::test_no_fun_or_joy ... ignored
[INFO] [stdout] test vendor::threadpool::test::test_recovery_from_subtask_panic ... ignored
[INFO] [stdout] test vendor::threadpool::test::test_repeate_join ... ignored
[INFO] [stdout] test vendor::threadpool::test::test_send ... ignored
[INFO] [stdout] test vendor::threadpool::test::test_send_shared_data ... ignored
[INFO] [stdout] test vendor::threadpool::test::test_set_num_threads_decreasing ... ignored
[INFO] [stdout] test vendor::threadpool::test::test_set_num_threads_increasing ... ignored
[INFO] [stdout] test vendor::threadpool::test::test_should_not_panic_on_drop_if_subtasks_panic_after_drop ... ignored
[INFO] [stdout] test vendor::threadpool::test::test_shrink ... ignored
[INFO] [stdout] test vendor::threadpool::test::test_sync_shared_data ... ignored
[INFO] [stdout] test vendor::threadpool::test::test_works ... ignored
[INFO] [stdout] test vendor::threadpool::test::test_zero_tasks_panic ... ignored
[INFO] [stdout] test os::common::tests::test_copy_range_uspace_large ... ok
[INFO] [stdout] test os::common::tests::test_copy_bytes_uspace_large ... ok
[INFO] [stdout] 
[INFO] [stdout] failures:
[INFO] [stdout] 
[INFO] [stdout] ---- os::linux::tests::test_allocate_file_is_sparse stdout ----
[INFO] [stdout] Error: No such file or directory (os error 2) at path "/opt/rustwide/workdir/target/.tmp58d8gx"
[INFO] [stdout] 
[INFO] [stdout] ---- os::linux::tests::test_copy_bytes_sparse stdout ----
[INFO] [stdout] Error: No such file or directory (os error 2) at path "/opt/rustwide/workdir/target/.tmp41AsTS"
[INFO] [stdout] 
[INFO] [stdout] ---- os::linux::tests::test_copy_range_middle stdout ----
[INFO] [stdout] Error: No such file or directory (os error 2) at path "/opt/rustwide/workdir/target/.tmpGOmL0F"
[INFO] [stdout] 
[INFO] [stdout] ---- os::linux::tests::test_empty_extent stdout ----
[INFO] [stdout] Error: No such file or directory (os error 2) at path "/opt/rustwide/workdir/target/.tmp0Dxi2S"
[INFO] [stdout] 
[INFO] [stdout] ---- os::linux::tests::test_extent_fetch stdout ----
[INFO] [stdout] Error: No such file or directory (os error 2) at path "/opt/rustwide/workdir/target/.tmps8TfJD"
[INFO] [stdout] 
[INFO] [stdout] ---- os::linux::tests::test_extent_fetch_many stdout ----
[INFO] [stdout] Error: No such file or directory (os error 2) at path "/opt/rustwide/workdir/target/.tmpBGqeyw"
[INFO] [stdout] 
[INFO] [stdout] ---- os::linux::tests::test_lseek_no_data stdout ----
[INFO] [stdout] Error: No such file or directory (os error 2) at path "/opt/rustwide/workdir/target/.tmpxNZsiH"
[INFO] [stdout] 
[INFO] [stdout] ---- os::linux::tests::test_lseek_data stdout ----
[INFO] [stdout] Error: No such file or directory (os error 2) at path "/opt/rustwide/workdir/target/.tmpRlBDzP"
[INFO] [stdout] 
[INFO] [stdout] ---- os::linux::tests::test_sparse_copy_middle stdout ----
[INFO] [stdout] Error: No such file or directory (os error 2) at path "/opt/rustwide/workdir/target/.tmpjKjvYk"
[INFO] [stdout] 
[INFO] [stdout] ---- os::linux::tests::test_sparse_detection stdout ----
[INFO] [stdout] Error: No such file or directory (os error 2) at path "/opt/rustwide/workdir/target/.tmp3vf6Sk"
[INFO] [stdout] 
[INFO] [stdout] ---- os::linux::tests::test_sparse_rust_seek stdout ----
[INFO] [stdout] Error: No such file or directory (os error 2)
[INFO] [stdout] 
[INFO] [stdout] 
[INFO] [stdout] failures:
[INFO] [stdout]     os::linux::tests::test_allocate_file_is_sparse
[INFO] [stdout]     os::linux::tests::test_copy_bytes_sparse
[INFO] [stdout]     os::linux::tests::test_copy_range_middle
[INFO] [stdout]     os::linux::tests::test_empty_extent
[INFO] [stdout]     os::linux::tests::test_extent_fetch
[INFO] [stdout]     os::linux::tests::test_extent_fetch_many
[INFO] [stdout]     os::linux::tests::test_lseek_data
[INFO] [stdout]     os::linux::tests::test_lseek_no_data
[INFO] [stdout]     os::linux::tests::test_sparse_copy_middle
[INFO] [stdout]     os::linux::tests::test_sparse_detection
[INFO] [stdout]     os::linux::tests::test_sparse_rust_seek
[INFO] [stdout] 
[INFO] [stdout] test result: FAILED. 3 passed; 11 failed; 21 ignored; 0 measured; 0 filtered out; finished in 0.01s
[INFO] [stdout] 
[INFO] [stderr] error: test failed, to rerun pass `--bin xcp`
[INFO] running `Command { std: "docker" "inspect" "8acf51d8d0d0ed984a362d3a96484fee946958d49463a0b18f00d60f0800dd73", kill_on_drop: false }`
[INFO] running `Command { std: "docker" "rm" "-f" "8acf51d8d0d0ed984a362d3a96484fee946958d49463a0b18f00d60f0800dd73", kill_on_drop: false }`
[INFO] [stdout] 8acf51d8d0d0ed984a362d3a96484fee946958d49463a0b18f00d60f0800dd73
