[INFO] fetching crate xcbc-fdh 0.9.0...
[INFO] testing xcbc-fdh-0.9.0 against beta-2023-04-20 for beta-1.70-1
[INFO] extracting crate xcbc-fdh 0.9.0 into /workspace/builds/worker-3-tc2/source
[INFO] validating manifest of crates.io crate xcbc-fdh 0.9.0 on toolchain beta-2023-04-20
[INFO] running `Command { std: CARGO_HOME="/workspace/cargo-home" RUSTUP_HOME="/workspace/rustup-home" "/workspace/cargo-home/bin/cargo" "+beta-2023-04-20" "metadata" "--manifest-path" "Cargo.toml" "--no-deps", kill_on_drop: false }`
[INFO] started tweaking crates.io crate xcbc-fdh 0.9.0
[INFO] finished tweaking crates.io crate xcbc-fdh 0.9.0
[INFO] tweaked toml for crates.io crate xcbc-fdh 0.9.0 written to /workspace/builds/worker-3-tc2/source/Cargo.toml
[INFO] running `Command { std: CARGO_HOME="/workspace/cargo-home" RUSTUP_HOME="/workspace/rustup-home" __CARGO_TEST_CHANNEL_OVERRIDE_DO_NOT_USE_THIS="nightly" "/workspace/cargo-home/bin/cargo" "+beta-2023-04-20" "generate-lockfile" "--manifest-path" "Cargo.toml" "-Zno-index-update", kill_on_drop: false }`
[INFO] running `Command { std: CARGO_HOME="/workspace/cargo-home" RUSTUP_HOME="/workspace/rustup-home" "/workspace/cargo-home/bin/cargo" "+beta-2023-04-20" "fetch" "--manifest-path" "Cargo.toml", kill_on_drop: false }`
[INFO] [stderr]  Downloading crates ...
[INFO] [stderr]   Downloaded num-bigint-dig v0.7.0
[INFO] running `Command { std: "docker" "create" "-v" "/var/lib/crater-agent-workspace/builds/worker-3-tc2/target:/opt/rustwide/target:rw,Z" "-v" "/var/lib/crater-agent-workspace/builds/worker-3-tc2/source:/opt/rustwide/workdir:ro,Z" "-v" "/var/lib/crater-agent-workspace/cargo-home:/opt/rustwide/cargo-home:ro,Z" "-v" "/var/lib/crater-agent-workspace/rustup-home:/opt/rustwide/rustup-home:ro,Z" "-e" "SOURCE_DIR=/opt/rustwide/workdir" "-e" "CARGO_TARGET_DIR=/opt/rustwide/target" "-e" "CARGO_HOME=/opt/rustwide/cargo-home" "-e" "RUSTUP_HOME=/opt/rustwide/rustup-home" "-w" "/opt/rustwide/workdir" "-m" "1610612736" "--user" "0:0" "--network" "none" "ghcr.io/rust-lang/crates-build-env/linux@sha256:5ff2268d62e97bff2cde7d5815dd6ed5b47097566f13b8d0ca110b04b60e07ed" "/opt/rustwide/cargo-home/bin/cargo" "+beta-2023-04-20" "metadata" "--no-deps" "--format-version=1", kill_on_drop: false }`
[INFO] [stdout] 8a656d9890fe85575264e7facac89b3b538b292a3e280b0e586f775a43167693
[INFO] running `Command { std: "docker" "start" "-a" "8a656d9890fe85575264e7facac89b3b538b292a3e280b0e586f775a43167693", kill_on_drop: false }`
[INFO] running `Command { std: "docker" "inspect" "8a656d9890fe85575264e7facac89b3b538b292a3e280b0e586f775a43167693", kill_on_drop: false }`
[INFO] running `Command { std: "docker" "rm" "-f" "8a656d9890fe85575264e7facac89b3b538b292a3e280b0e586f775a43167693", kill_on_drop: false }`
[INFO] [stdout] 8a656d9890fe85575264e7facac89b3b538b292a3e280b0e586f775a43167693
[INFO] running `Command { std: "docker" "create" "-v" "/var/lib/crater-agent-workspace/builds/worker-3-tc2/target:/opt/rustwide/target:rw,Z" "-v" "/var/lib/crater-agent-workspace/builds/worker-3-tc2/source:/opt/rustwide/workdir:ro,Z" "-v" "/var/lib/crater-agent-workspace/cargo-home:/opt/rustwide/cargo-home:ro,Z" "-v" "/var/lib/crater-agent-workspace/rustup-home:/opt/rustwide/rustup-home:ro,Z" "-e" "SOURCE_DIR=/opt/rustwide/workdir" "-e" "CARGO_TARGET_DIR=/opt/rustwide/target" "-e" "CARGO_INCREMENTAL=0" "-e" "RUST_BACKTRACE=full" "-e" "RUSTFLAGS=--cap-lints=warn" "-e" "RUSTDOCFLAGS=--cap-lints=warn" "-e" "CARGO_HOME=/opt/rustwide/cargo-home" "-e" "RUSTUP_HOME=/opt/rustwide/rustup-home" "-w" "/opt/rustwide/workdir" "-m" "1610612736" "--user" "0:0" "--network" "none" "ghcr.io/rust-lang/crates-build-env/linux@sha256:5ff2268d62e97bff2cde7d5815dd6ed5b47097566f13b8d0ca110b04b60e07ed" "/opt/rustwide/cargo-home/bin/cargo" "+beta-2023-04-20" "build" "--frozen" "--message-format=json", kill_on_drop: false }`
[INFO] [stdout] b91fc8343849b141c863786b81f68866f17b3b579e9938d7eefe046e802c0629
[INFO] running `Command { std: "docker" "start" "-a" "b91fc8343849b141c863786b81f68866f17b3b579e9938d7eefe046e802c0629", kill_on_drop: false }`
[INFO] [stderr]    Compiling autocfg v1.1.0
[INFO] [stderr]    Compiling libc v0.2.142
[INFO] [stderr]    Compiling cfg-if v1.0.0
[INFO] [stderr]    Compiling typenum v1.16.0
[INFO] [stderr]    Compiling version_check v0.9.4
[INFO] [stderr]    Compiling libm v0.2.6
[INFO] [stderr]    Compiling ppv-lite86 v0.2.17
[INFO] [stderr]    Compiling syn v2.0.15
[INFO] [stderr]    Compiling serde v1.0.160
[INFO] [stderr]    Compiling autocfg v0.1.8
[INFO] [stderr]    Compiling spin v0.5.2
[INFO] [stderr]    Compiling generic-array v0.14.7
[INFO] [stderr]    Compiling num-traits v0.2.15
[INFO] [stderr]    Compiling num-integer v0.1.45
[INFO] [stderr]    Compiling num-iter v0.1.43
[INFO] [stderr]    Compiling num-bigint-dig v0.7.0
[INFO] [stderr]    Compiling getrandom v0.2.9
[INFO] [stderr]    Compiling lazy_static v1.4.0
[INFO] [stderr]    Compiling smallvec v1.10.0
[INFO] [stderr]    Compiling rand_core v0.6.4
[INFO] [stderr]    Compiling byteorder v1.4.3
[INFO] [stderr]    Compiling subtle v2.5.0
[INFO] [stderr]    Compiling rand_chacha v0.3.1
[INFO] [stderr]    Compiling secret_integers v0.1.7
[INFO] [stderr]    Compiling digest v0.9.0
[INFO] [stderr]    Compiling rand v0.8.5
[INFO] [stderr]    Compiling zeroize_derive v1.4.2
[INFO] [stderr]    Compiling thiserror-impl v1.0.40
[INFO] [stderr]    Compiling zeroize v1.6.0
[INFO] [stderr]    Compiling thiserror v1.0.40
[INFO] [stderr]    Compiling xcbc-fdh v0.9.0 (/opt/rustwide/workdir)
[INFO] [stderr]     Finished dev [unoptimized + debuginfo] target(s) in 16.54s
[INFO] running `Command { std: "docker" "inspect" "b91fc8343849b141c863786b81f68866f17b3b579e9938d7eefe046e802c0629", kill_on_drop: false }`
[INFO] running `Command { std: "docker" "rm" "-f" "b91fc8343849b141c863786b81f68866f17b3b579e9938d7eefe046e802c0629", kill_on_drop: false }`
[INFO] [stdout] b91fc8343849b141c863786b81f68866f17b3b579e9938d7eefe046e802c0629
[INFO] running `Command { std: "docker" "create" "-v" "/var/lib/crater-agent-workspace/builds/worker-3-tc2/target:/opt/rustwide/target:rw,Z" "-v" "/var/lib/crater-agent-workspace/builds/worker-3-tc2/source:/opt/rustwide/workdir:ro,Z" "-v" "/var/lib/crater-agent-workspace/cargo-home:/opt/rustwide/cargo-home:ro,Z" "-v" "/var/lib/crater-agent-workspace/rustup-home:/opt/rustwide/rustup-home:ro,Z" "-e" "SOURCE_DIR=/opt/rustwide/workdir" "-e" "CARGO_TARGET_DIR=/opt/rustwide/target" "-e" "CARGO_INCREMENTAL=0" "-e" "RUST_BACKTRACE=full" "-e" "RUSTFLAGS=--cap-lints=warn" "-e" "RUSTDOCFLAGS=--cap-lints=warn" "-e" "CARGO_HOME=/opt/rustwide/cargo-home" "-e" "RUSTUP_HOME=/opt/rustwide/rustup-home" "-w" "/opt/rustwide/workdir" "-m" "1610612736" "--user" "0:0" "--network" "none" "ghcr.io/rust-lang/crates-build-env/linux@sha256:5ff2268d62e97bff2cde7d5815dd6ed5b47097566f13b8d0ca110b04b60e07ed" "/opt/rustwide/cargo-home/bin/cargo" "+beta-2023-04-20" "test" "--frozen" "--no-run" "--message-format=json", kill_on_drop: false }`
[INFO] [stdout] 77a836adb3755ed0855e4d5e22e8a4678f97408cdc17e0d8a814606109fc984f
[INFO] running `Command { std: "docker" "start" "-a" "77a836adb3755ed0855e4d5e22e8a4678f97408cdc17e0d8a814606109fc984f", kill_on_drop: false }`
[INFO] [stderr]    Compiling block-padding v0.2.1
[INFO] [stderr]    Compiling opaque-debug v0.3.0
[INFO] [stderr]    Compiling cpufeatures v0.2.7
[INFO] [stderr]    Compiling keccak v0.1.3
[INFO] [stderr]    Compiling hex v0.4.3
[INFO] [stderr]    Compiling block-buffer v0.9.0
[INFO] [stderr]    Compiling sha2 v0.9.9
[INFO] [stderr]    Compiling sha3 v0.9.1
[INFO] [stderr]    Compiling sha-1 v0.9.8
[INFO] [stderr]    Compiling xcbc-fdh v0.9.0 (/opt/rustwide/workdir)
[INFO] [stderr]     Finished test [unoptimized + debuginfo] target(s) in 2.91s
[INFO] running `Command { std: "docker" "inspect" "77a836adb3755ed0855e4d5e22e8a4678f97408cdc17e0d8a814606109fc984f", kill_on_drop: false }`
[INFO] running `Command { std: "docker" "rm" "-f" "77a836adb3755ed0855e4d5e22e8a4678f97408cdc17e0d8a814606109fc984f", kill_on_drop: false }`
[INFO] [stdout] 77a836adb3755ed0855e4d5e22e8a4678f97408cdc17e0d8a814606109fc984f
[INFO] running `Command { std: "docker" "create" "-v" "/var/lib/crater-agent-workspace/builds/worker-3-tc2/target:/opt/rustwide/target:rw,Z" "-v" "/var/lib/crater-agent-workspace/builds/worker-3-tc2/source:/opt/rustwide/workdir:ro,Z" "-v" "/var/lib/crater-agent-workspace/cargo-home:/opt/rustwide/cargo-home:ro,Z" "-v" "/var/lib/crater-agent-workspace/rustup-home:/opt/rustwide/rustup-home:ro,Z" "-e" "SOURCE_DIR=/opt/rustwide/workdir" "-e" "CARGO_TARGET_DIR=/opt/rustwide/target" "-e" "CARGO_INCREMENTAL=0" "-e" "RUST_BACKTRACE=full" "-e" "RUSTFLAGS=--cap-lints=warn" "-e" "RUSTDOCFLAGS=--cap-lints=warn" "-e" "CARGO_HOME=/opt/rustwide/cargo-home" "-e" "RUSTUP_HOME=/opt/rustwide/rustup-home" "-w" "/opt/rustwide/workdir" "-m" "1610612736" "--user" "0:0" "--network" "none" "ghcr.io/rust-lang/crates-build-env/linux@sha256:5ff2268d62e97bff2cde7d5815dd6ed5b47097566f13b8d0ca110b04b60e07ed" "/opt/rustwide/cargo-home/bin/cargo" "+beta-2023-04-20" "test" "--frozen", kill_on_drop: false }`
[INFO] [stdout] 5c7c77c880ea572fe3666d38252a7fc48cdbf8d5a490183f27e2238f8efeb6b1
[INFO] running `Command { std: "docker" "start" "-a" "5c7c77c880ea572fe3666d38252a7fc48cdbf8d5a490183f27e2238f8efeb6b1", kill_on_drop: false }`
[INFO] [stderr]     Finished test [unoptimized + debuginfo] target(s) in 0.04s
[INFO] [stderr]      Running unittests src/lib.rs (/opt/rustwide/target/debug/deps/xcbc_fdh-7a09b9087edab938)
[INFO] [stdout] 
[INFO] [stdout] running 7 tests
[INFO] [stdout] test movingwindow::tests::all_candidates_test ... ok
[INFO] [stdout] test tests::test_results_within ... ok
[INFO] [stdout] test tests::sha256_no_std_test ... ok
[INFO] [stdout] test tests::sha256_std_test ... ok
[INFO] [stdout] test movingwindow::tests::test_results_between ... ok
[INFO] [stdout] test movingwindow::tests::test_results_gt ... ok
[INFO] [stdout] test movingwindow::tests::test_results_lt ... ok
[INFO] [stdout] 
[INFO] [stdout] test result: ok. 7 passed; 0 failed; 0 ignored; 0 measured; 0 filtered out; finished in 0.08s
[INFO] [stdout] 
[INFO] [stderr]    Doc-tests xcbc-fdh
[INFO] [stdout] 
[INFO] [stdout] running 5 tests
[INFO] [stdout] test src/lib.rs - FullDomainHash<H>::results_between (line 180) ... FAILED
[INFO] [stdout] test src/lib.rs - (line 12) ... FAILED
[INFO] [stdout] test src/lib.rs - FullDomainHash<H>::results_in_domain (line 230) ... FAILED
[INFO] [stdout] test src/lib.rs - (line 71) ... FAILED
[INFO] [stdout] test src/lib.rs - (line 28) ... FAILED
[INFO] [stdout] 
[INFO] [stdout] failures:
[INFO] [stdout] 
[INFO] [stdout] ---- src/lib.rs - FullDomainHash<H>::results_between (line 180) stdout ----
[INFO] [stdout] error[E0432]: unresolved import `fdh`
[INFO] [stdout]  --> src/lib.rs:182:5
[INFO] [stdout]   |
[INFO] [stdout] 4 | use fdh::{FullDomainHash, Update, VariableOutput};
[INFO] [stdout]   |     ^^^ use of undeclared crate or module `fdh`
[INFO] [stdout] 
[INFO] [stdout] error: aborting due to previous error
[INFO] [stdout] 
[INFO] [stdout] For more information about this error, try `rustc --explain E0432`.
[INFO] [stdout] Couldn't compile the test.
[INFO] [stdout] ---- src/lib.rs - (line 12) stdout ----
[INFO] [stdout] error[E0432]: unresolved import `fdh`
[INFO] [stdout]  --> src/lib.rs:14:5
[INFO] [stdout]   |
[INFO] [stdout] 4 | use fdh::{FullDomainHash, Update, VariableOutput};
[INFO] [stdout]   |     ^^^ use of undeclared crate or module `fdh`
[INFO] [stdout] 
[INFO] [stdout] error: aborting due to previous error
[INFO] [stdout] 
[INFO] [stdout] For more information about this error, try `rustc --explain E0432`.
[INFO] [stdout] Couldn't compile the test.
[INFO] [stdout] ---- src/lib.rs - FullDomainHash<H>::results_in_domain (line 230) stdout ----
[INFO] [stdout] error[E0432]: unresolved import `fdh`
[INFO] [stdout]  --> src/lib.rs:232:5
[INFO] [stdout]   |
[INFO] [stdout] 4 | use fdh::{FullDomainHash, Update, VariableOutput};
[INFO] [stdout]   |     ^^^ use of undeclared crate or module `fdh`
[INFO] [stdout] 
[INFO] [stdout] error: aborting due to previous error
[INFO] [stdout] 
[INFO] [stdout] For more information about this error, try `rustc --explain E0432`.
[INFO] [stdout] Couldn't compile the test.
[INFO] [stdout] ---- src/lib.rs - (line 71) stdout ----
[INFO] [stdout] error[E0432]: unresolved import `fdh`
[INFO] [stdout]  --> src/lib.rs:73:5
[INFO] [stdout]   |
[INFO] [stdout] 4 | use fdh::{FullDomainHash, Update, VariableOutput};
[INFO] [stdout]   |     ^^^ use of undeclared crate or module `fdh`
[INFO] [stdout] 
[INFO] [stdout] error: aborting due to previous error
[INFO] [stdout] 
[INFO] [stdout] For more information about this error, try `rustc --explain E0432`.
[INFO] [stdout] Couldn't compile the test.
[INFO] [stdout] ---- src/lib.rs - (line 28) stdout ----
[INFO] [stdout] error[E0432]: unresolved import `fdh`
[INFO] [stdout]  --> src/lib.rs:31:5
[INFO] [stdout]   |
[INFO] [stdout] 4 | use fdh::{FullDomainHash, Update, ExtendableOutput, XofReader};
[INFO] [stdout]   |     ^^^ use of undeclared crate or module `fdh`
[INFO] [stdout] 
[INFO] [stdout] error: aborting due to previous error
[INFO] [stdout] 
[INFO] [stdout] For more information about this error, try `rustc --explain E0432`.
[INFO] [stdout] Couldn't compile the test.
[INFO] [stdout] 
[INFO] [stdout] failures:
[INFO] [stdout]     src/lib.rs - (line 12)
[INFO] [stdout]     src/lib.rs - (line 28)
[INFO] [stdout]     src/lib.rs - (line 71)
[INFO] [stdout]     src/lib.rs - FullDomainHash<H>::results_between (line 180)
[INFO] [stdout]     src/lib.rs - FullDomainHash<H>::results_in_domain (line 230)
[INFO] [stdout] 
[INFO] [stdout] test result: FAILED. 0 passed; 5 failed; 0 ignored; 0 measured; 0 filtered out; finished in 0.16s
[INFO] [stdout] 
[INFO] [stderr] error: doctest failed, to rerun pass `--doc`
[INFO] running `Command { std: "docker" "inspect" "5c7c77c880ea572fe3666d38252a7fc48cdbf8d5a490183f27e2238f8efeb6b1", kill_on_drop: false }`
[INFO] running `Command { std: "docker" "rm" "-f" "5c7c77c880ea572fe3666d38252a7fc48cdbf8d5a490183f27e2238f8efeb6b1", kill_on_drop: false }`
[INFO] [stdout] 5c7c77c880ea572fe3666d38252a7fc48cdbf8d5a490183f27e2238f8efeb6b1
