[INFO] fetching crate wscml 0.1.11...
[INFO] testing wscml-0.1.11 against 1.69.0 for beta-1.70-1
[INFO] extracting crate wscml 0.1.11 into /workspace/builds/worker-2-tc1/source
[INFO] validating manifest of crates.io crate wscml 0.1.11 on toolchain 1.69.0
[INFO] running `Command { std: CARGO_HOME="/workspace/cargo-home" RUSTUP_HOME="/workspace/rustup-home" "/workspace/cargo-home/bin/cargo" "+1.69.0" "metadata" "--manifest-path" "Cargo.toml" "--no-deps", kill_on_drop: false }`
[INFO] started tweaking crates.io crate wscml 0.1.11
[INFO] finished tweaking crates.io crate wscml 0.1.11
[INFO] tweaked toml for crates.io crate wscml 0.1.11 written to /workspace/builds/worker-2-tc1/source/Cargo.toml
[INFO] running `Command { std: CARGO_HOME="/workspace/cargo-home" RUSTUP_HOME="/workspace/rustup-home" __CARGO_TEST_CHANNEL_OVERRIDE_DO_NOT_USE_THIS="nightly" "/workspace/cargo-home/bin/cargo" "+1.69.0" "generate-lockfile" "--manifest-path" "Cargo.toml" "-Zno-index-update", kill_on_drop: false }`
[INFO] running `Command { std: CARGO_HOME="/workspace/cargo-home" RUSTUP_HOME="/workspace/rustup-home" "/workspace/cargo-home/bin/cargo" "+1.69.0" "fetch" "--manifest-path" "Cargo.toml", kill_on_drop: false }`
[INFO] [stderr]     Blocking waiting for file lock on package cache
[INFO] [stderr]     Blocking waiting for file lock on package cache
[INFO] running `Command { std: "docker" "create" "-v" "/var/lib/crater-agent-workspace/builds/worker-2-tc1/target:/opt/rustwide/target:rw,Z" "-v" "/var/lib/crater-agent-workspace/builds/worker-2-tc1/source:/opt/rustwide/workdir:ro,Z" "-v" "/var/lib/crater-agent-workspace/cargo-home:/opt/rustwide/cargo-home:ro,Z" "-v" "/var/lib/crater-agent-workspace/rustup-home:/opt/rustwide/rustup-home:ro,Z" "-e" "SOURCE_DIR=/opt/rustwide/workdir" "-e" "CARGO_TARGET_DIR=/opt/rustwide/target" "-e" "CARGO_HOME=/opt/rustwide/cargo-home" "-e" "RUSTUP_HOME=/opt/rustwide/rustup-home" "-w" "/opt/rustwide/workdir" "-m" "1610612736" "--user" "0:0" "--network" "none" "ghcr.io/rust-lang/crates-build-env/linux@sha256:5ff2268d62e97bff2cde7d5815dd6ed5b47097566f13b8d0ca110b04b60e07ed" "/opt/rustwide/cargo-home/bin/cargo" "+1.69.0" "metadata" "--no-deps" "--format-version=1", kill_on_drop: false }`
[INFO] [stdout] 16e47fdb2e7a9fc2c8b05d5bf8c9f9041ea069b4417cec8f04ce2595cb578678
[INFO] running `Command { std: "docker" "start" "-a" "16e47fdb2e7a9fc2c8b05d5bf8c9f9041ea069b4417cec8f04ce2595cb578678", kill_on_drop: false }`
[INFO] running `Command { std: "docker" "inspect" "16e47fdb2e7a9fc2c8b05d5bf8c9f9041ea069b4417cec8f04ce2595cb578678", kill_on_drop: false }`
[INFO] running `Command { std: "docker" "rm" "-f" "16e47fdb2e7a9fc2c8b05d5bf8c9f9041ea069b4417cec8f04ce2595cb578678", kill_on_drop: false }`
[INFO] [stdout] 16e47fdb2e7a9fc2c8b05d5bf8c9f9041ea069b4417cec8f04ce2595cb578678
[INFO] running `Command { std: "docker" "create" "-v" "/var/lib/crater-agent-workspace/builds/worker-2-tc1/target:/opt/rustwide/target:rw,Z" "-v" "/var/lib/crater-agent-workspace/builds/worker-2-tc1/source:/opt/rustwide/workdir:ro,Z" "-v" "/var/lib/crater-agent-workspace/cargo-home:/opt/rustwide/cargo-home:ro,Z" "-v" "/var/lib/crater-agent-workspace/rustup-home:/opt/rustwide/rustup-home:ro,Z" "-e" "SOURCE_DIR=/opt/rustwide/workdir" "-e" "CARGO_TARGET_DIR=/opt/rustwide/target" "-e" "CARGO_INCREMENTAL=0" "-e" "RUST_BACKTRACE=full" "-e" "RUSTFLAGS=--cap-lints=warn" "-e" "RUSTDOCFLAGS=--cap-lints=warn" "-e" "CARGO_HOME=/opt/rustwide/cargo-home" "-e" "RUSTUP_HOME=/opt/rustwide/rustup-home" "-w" "/opt/rustwide/workdir" "-m" "1610612736" "--user" "0:0" "--network" "none" "ghcr.io/rust-lang/crates-build-env/linux@sha256:5ff2268d62e97bff2cde7d5815dd6ed5b47097566f13b8d0ca110b04b60e07ed" "/opt/rustwide/cargo-home/bin/cargo" "+1.69.0" "build" "--frozen" "--message-format=json", kill_on_drop: false }`
[INFO] [stdout] 7121d3d038df89bedb2b51d4e0c4780a0f7035d4512c5ed4f9f5fc3d70864fa7
[INFO] running `Command { std: "docker" "start" "-a" "7121d3d038df89bedb2b51d4e0c4780a0f7035d4512c5ed4f9f5fc3d70864fa7", kill_on_drop: false }`
[INFO] [stderr]    Compiling num-traits v0.2.15
[INFO] [stderr]    Compiling num-integer v0.1.45
[INFO] [stderr]    Compiling iana-time-zone v0.1.56
[INFO] [stderr]    Compiling time v0.1.45
[INFO] [stderr]    Compiling chrono v0.4.24
[INFO] [stderr]    Compiling wscml v0.1.11 (/opt/rustwide/workdir)
[INFO] [stdout] warning: unreachable pattern
[INFO] [stdout]    --> src/func.rs:158:25
[INFO] [stdout]     |
[INFO] [stdout] 152 |                         get => {
[INFO] [stdout]     |                         --- matches any value
[INFO] [stdout] ...
[INFO] [stdout] 158 |                         post => {
[INFO] [stdout]     |                         ^^^^ unreachable pattern
[INFO] [stdout]     |
[INFO] [stdout]     = note: `#[warn(unreachable_patterns)]` on by default
[INFO] [stdout] 
[INFO] [stdout] 
[INFO] [stdout] warning: unreachable pattern
[INFO] [stdout]    --> src/func.rs:165:25
[INFO] [stdout]     |
[INFO] [stdout] 152 |                         get => {
[INFO] [stdout]     |                         --- matches any value
[INFO] [stdout] ...
[INFO] [stdout] 165 |                         put => {
[INFO] [stdout]     |                         ^^^ unreachable pattern
[INFO] [stdout] 
[INFO] [stdout] 
[INFO] [stdout] warning: unreachable pattern
[INFO] [stdout]    --> src/func.rs:175:25
[INFO] [stdout]     |
[INFO] [stdout] 152 |                         get => {
[INFO] [stdout]     |                         --- matches any value
[INFO] [stdout] ...
[INFO] [stdout] 175 |                         del => {
[INFO] [stdout]     |                         ^^^ unreachable pattern
[INFO] [stdout] 
[INFO] [stdout] 
[INFO] [stdout] warning: unreachable pattern
[INFO] [stdout]    --> src/func.rs:186:25
[INFO] [stdout]     |
[INFO] [stdout] 152 |                         get => {
[INFO] [stdout]     |                         --- matches any value
[INFO] [stdout] ...
[INFO] [stdout] 186 |                         _ => {},
[INFO] [stdout]     |                         ^ unreachable pattern
[INFO] [stdout] 
[INFO] [stdout] 
[INFO] [stdout] warning: unused variable: `neval`
[INFO] [stdout]   --> src/func.rs:25:7
[INFO] [stdout]    |
[INFO] [stdout] 25 | fn ne(neval:PortR, hshell:Hshell) -> String {"".to_string()}
[INFO] [stdout]    |       ^^^^^ help: if this is intentional, prefix it with an underscore: `_neval`
[INFO] [stdout]    |
[INFO] [stdout]    = note: `#[warn(unused_variables)]` on by default
[INFO] [stdout] 
[INFO] [stdout] 
[INFO] [stdout] warning: unused variable: `hshell`
[INFO] [stdout]   --> src/func.rs:25:20
[INFO] [stdout]    |
[INFO] [stdout] 25 | fn ne(neval:PortR, hshell:Hshell) -> String {"".to_string()}
[INFO] [stdout]    |                    ^^^^^^ help: if this is intentional, prefix it with an underscore: `_hshell`
[INFO] [stdout] 
[INFO] [stdout] 
[INFO] [stdout] warning: value assigned to `urldatas` is never read
[INFO] [stdout]    --> src/func.rs:101:17
[INFO] [stdout]     |
[INFO] [stdout] 101 |         let mut urldatas: Met = Met {
[INFO] [stdout]     |                 ^^^^^^^^
[INFO] [stdout]     |
[INFO] [stdout]     = help: maybe it is overwritten before being read?
[INFO] [stdout]     = note: `#[warn(unused_assignments)]` on by default
[INFO] [stdout] 
[INFO] [stdout] 
[INFO] [stdout] warning: unused variable: `get`
[INFO] [stdout]    --> src/func.rs:152:25
[INFO] [stdout]     |
[INFO] [stdout] 152 |                         get => {
[INFO] [stdout]     |                         ^^^ help: if this is intentional, prefix it with an underscore: `_get`
[INFO] [stdout] 
[INFO] [stdout] 
[INFO] [stdout] warning: unused variable: `post`
[INFO] [stdout]    --> src/func.rs:158:25
[INFO] [stdout]     |
[INFO] [stdout] 158 |                         post => {
[INFO] [stdout]     |                         ^^^^ help: if this is intentional, prefix it with an underscore: `_post`
[INFO] [stdout] 
[INFO] [stdout] 
[INFO] [stdout] warning: unused variable: `put`
[INFO] [stdout]    --> src/func.rs:165:25
[INFO] [stdout]     |
[INFO] [stdout] 165 |                         put => {
[INFO] [stdout]     |                         ^^^ help: if this is intentional, prefix it with an underscore: `_put`
[INFO] [stdout] 
[INFO] [stdout] 
[INFO] [stdout] warning: unused variable: `del`
[INFO] [stdout]    --> src/func.rs:175:25
[INFO] [stdout]     |
[INFO] [stdout] 175 |                         del => {
[INFO] [stdout]     |                         ^^^ help: if this is intentional, prefix it with an underscore: `_del`
[INFO] [stdout] 
[INFO] [stdout] 
[INFO] [stdout] warning: value assigned to `gg` is never read
[INFO] [stdout]    --> src/func.rs:240:17
[INFO] [stdout]     |
[INFO] [stdout] 240 |         let mut gg = Some(format!(""));
[INFO] [stdout]     |                 ^^
[INFO] [stdout]     |
[INFO] [stdout]     = help: maybe it is overwritten before being read?
[INFO] [stdout] 
[INFO] [stdout] 
[INFO] [stdout] warning: variable `b_b_i` is assigned to, but never used
[INFO] [stdout]    --> src/func.rs:471:13
[INFO] [stdout]     |
[INFO] [stdout] 471 |     let mut b_b_i: usize = 0;
[INFO] [stdout]     |             ^^^^^
[INFO] [stdout]     |
[INFO] [stdout]     = note: consider using `_b_b_i` instead
[INFO] [stdout] 
[INFO] [stdout] 
[INFO] [stdout] warning: value assigned to `webport` is never read
[INFO] [stdout]    --> src/lib.rs:144:17
[INFO] [stdout]     |
[INFO] [stdout] 144 |         let mut webport = ["";4];
[INFO] [stdout]     |                 ^^^^^^^
[INFO] [stdout]     |
[INFO] [stdout]     = help: maybe it is overwritten before being read?
[INFO] [stdout] 
[INFO] [stdout] 
[INFO] [stdout] warning: unused variable: `zid`
[INFO] [stdout]    --> src/lib.rs:292:17
[INFO] [stdout]     |
[INFO] [stdout] 292 |         let mut zid = true;
[INFO] [stdout]     |                 ^^^ help: if this is intentional, prefix it with an underscore: `_zid`
[INFO] [stdout] 
[INFO] [stdout] 
[INFO] [stdout] warning: value assigned to `stream` is never read
[INFO] [stdout]    --> src/lib.rs:333:21
[INFO] [stdout]     |
[INFO] [stdout] 333 |                     stream = self.http_to_server(stream,buffer);
[INFO] [stdout]     |                     ^^^^^^
[INFO] [stdout]     |
[INFO] [stdout]     = help: maybe it is overwritten before being read?
[INFO] [stdout] 
[INFO] [stdout] 
[INFO] [stdout] warning: value assigned to `n` is never read
[INFO] [stdout]    --> src/lib.rs:404:17
[INFO] [stdout]     |
[INFO] [stdout] 404 |         let mut n: i32 = 0;
[INFO] [stdout]     |                 ^
[INFO] [stdout]     |
[INFO] [stdout]     = help: maybe it is overwritten before being read?
[INFO] [stdout] 
[INFO] [stdout] 
[INFO] [stdout] warning: value assigned to `pzjg` is never read
[INFO] [stdout]    --> src/lib.rs:473:17
[INFO] [stdout]     |
[INFO] [stdout] 473 |         let mut pzjg = false;
[INFO] [stdout]     |                 ^^^^
[INFO] [stdout]     |
[INFO] [stdout]     = help: maybe it is overwritten before being read?
[INFO] [stdout] 
[INFO] [stdout] 
[INFO] [stdout] warning: value assigned to `contents` is never read
[INFO] [stdout]    --> src/lib.rs:562:29
[INFO] [stdout]     |
[INFO] [stdout] 562 |                     let mut contents:String = String::from("");
[INFO] [stdout]     |                             ^^^^^^^^
[INFO] [stdout]     |
[INFO] [stdout]     = help: maybe it is overwritten before being read?
[INFO] [stdout] 
[INFO] [stdout] 
[INFO] [stdout] warning: value assigned to `contents` is never read
[INFO] [stdout]    --> src/lib.rs:582:29
[INFO] [stdout]     |
[INFO] [stdout] 582 |                     let mut contents:String = String::from("");
[INFO] [stdout]     |                             ^^^^^^^^
[INFO] [stdout]     |
[INFO] [stdout]     = help: maybe it is overwritten before being read?
[INFO] [stdout] 
[INFO] [stdout] 
[INFO] [stdout] warning: value assigned to `n` is never read
[INFO] [stdout]    --> src/lib.rs:638:17
[INFO] [stdout]     |
[INFO] [stdout] 638 |         let mut n: i32 = 0;
[INFO] [stdout]     |                 ^
[INFO] [stdout]     |
[INFO] [stdout]     = help: maybe it is overwritten before being read?
[INFO] [stdout] 
[INFO] [stdout] 
[INFO] [stdout] warning: unused variable: `webserver`
[INFO] [stdout]    --> src/lib.rs:648:13
[INFO] [stdout]     |
[INFO] [stdout] 648 |         let webserver = "Upgrade: websocket";
[INFO] [stdout]     |             ^^^^^^^^^ help: if this is intentional, prefix it with an underscore: `_webserver`
[INFO] [stdout] 
[INFO] [stdout] 
[INFO] [stdout] warning: variable `status_line` is assigned to, but never used
[INFO] [stdout]    --> src/lib.rs:649:17
[INFO] [stdout]     |
[INFO] [stdout] 649 |         let mut status_line: &str = "";
[INFO] [stdout]     |                 ^^^^^^^^^^^
[INFO] [stdout]     |
[INFO] [stdout]     = note: consider using `_status_line` instead
[INFO] [stdout] 
[INFO] [stdout] 
[INFO] [stdout] warning: unused variable: `response`
[INFO] [stdout]    --> src/lib.rs:672:17
[INFO] [stdout]     |
[INFO] [stdout] 672 |             let response: &[u8] = "无广播消息！".as_bytes();
[INFO] [stdout]     |                 ^^^^^^^^ help: if this is intentional, prefix it with an underscore: `_response`
[INFO] [stdout] 
[INFO] [stdout] 
[INFO] [stdout] warning: value assigned to `status_line` is never read
[INFO] [stdout]    --> src/lib.rs:680:14
[INFO] [stdout]     |
[INFO] [stdout] 680 |             (status_line,filename) = if buffer.starts_with(ai) {
[INFO] [stdout]     |              ^^^^^^^^^^^
[INFO] [stdout]     |
[INFO] [stdout]     = help: maybe it is overwritten before being read?
[INFO] [stdout] 
[INFO] [stdout] 
[INFO] [stdout] warning: value assigned to `filename` is never read
[INFO] [stdout]    --> src/lib.rs:680:26
[INFO] [stdout]     |
[INFO] [stdout] 680 |             (status_line,filename) = if buffer.starts_with(ai) {
[INFO] [stdout]     |                          ^^^^^^^^
[INFO] [stdout]     |
[INFO] [stdout]     = help: maybe it is overwritten before being read?
[INFO] [stdout] 
[INFO] [stdout] 
[INFO] [stdout] warning: value assigned to `n` is never read
[INFO] [stdout]    --> src/lib.rs:699:9
[INFO] [stdout]     |
[INFO] [stdout] 699 |         n += 1;
[INFO] [stdout]     |         ^
[INFO] [stdout]     |
[INFO] [stdout]     = help: maybe it is overwritten before being read?
[INFO] [stdout] 
[INFO] [stdout] 
[INFO] [stdout] warning: variable does not need to be mutable
[INFO] [stdout]   --> src/func.rs:70:17
[INFO] [stdout]    |
[INFO] [stdout] 70 |     pub fn new (mut bu: [u8;BUF_NUM], curi: ([&str; 30], [&str; 4])) -> Self {
[INFO] [stdout]    |                 ----^^
[INFO] [stdout]    |                 |
[INFO] [stdout]    |                 help: remove this `mut`
[INFO] [stdout]    |
[INFO] [stdout]    = note: `#[warn(unused_mut)]` on by default
[INFO] [stdout] 
[INFO] [stdout] 
[INFO] [stdout] warning: variable does not need to be mutable
[INFO] [stdout]    --> src/func.rs:106:13
[INFO] [stdout]     |
[INFO] [stdout] 106 |         let mut lbok: Vec<u8> = b"200 OK".to_vec();
[INFO] [stdout]     |             ----^^^^
[INFO] [stdout]     |             |
[INFO] [stdout]     |             help: remove this `mut`
[INFO] [stdout] 
[INFO] [stdout] 
[INFO] [stdout] warning: variable does not need to be mutable
[INFO] [stdout]    --> src/func.rs:107:13
[INFO] [stdout]     |
[INFO] [stdout] 107 |         let mut wlwok: Vec<u8> = b"505 HTTP Version Not Supported".to_vec();
[INFO] [stdout]     |             ----^^^^^
[INFO] [stdout]     |             |
[INFO] [stdout]     |             help: remove this `mut`
[INFO] [stdout] 
[INFO] [stdout] 
[INFO] [stdout] warning: variable does not need to be mutable
[INFO] [stdout]    --> src/lib.rs:292:13
[INFO] [stdout]     |
[INFO] [stdout] 292 |         let mut zid = true;
[INFO] [stdout]     |             ----^^^
[INFO] [stdout]     |             |
[INFO] [stdout]     |             help: remove this `mut`
[INFO] [stdout] 
[INFO] [stdout] 
[INFO] [stdout] warning: variable does not need to be mutable
[INFO] [stdout]    --> src/lib.rs:402:55
[INFO] [stdout]     |
[INFO] [stdout] 402 |     fn tcp_to_server(&'a self, mut stream: TcpStream, mut buffer: [u8;BUF_NUM], mut a: bool) -> (TcpStream,bool) {
[INFO] [stdout]     |                                                       ----^^^^^^
[INFO] [stdout]     |                                                       |
[INFO] [stdout]     |                                                       help: remove this `mut`
[INFO] [stdout] 
[INFO] [stdout] 
[INFO] [stdout] warning: variable does not need to be mutable
[INFO] [stdout]    --> src/lib.rs:460:55
[INFO] [stdout]     |
[INFO] [stdout] 460 |     fn http_to_server(&'a self, mut stream:TcpStream, mut buffer: [u8;BUF_NUM]) -> TcpStream {
[INFO] [stdout]     |                                                       ----^^^^^^
[INFO] [stdout]     |                                                       |
[INFO] [stdout]     |                                                       help: remove this `mut`
[INFO] [stdout] 
[INFO] [stdout] 
[INFO] [stdout] warning: variable does not need to be mutable
[INFO] [stdout]    --> src/lib.rs:636:54
[INFO] [stdout]     |
[INFO] [stdout] 636 |     fn websockserver(&'a self, mut stream:TcpStream, mut buffer: [u8;BUF_NUM], mut a: bool) -> (TcpStream,bool) {
[INFO] [stdout]     |                                                      ----^^^^^^
[INFO] [stdout]     |                                                      |
[INFO] [stdout]     |                                                      help: remove this `mut`
[INFO] [stdout] 
[INFO] [stdout] 
[INFO] [stdout] warning: fields `get`, `post`, `put`, and `del` are never read
[INFO] [stdout]   --> src/func.rs:7:5
[INFO] [stdout]    |
[INFO] [stdout] 6  | pub struct Port {
[INFO] [stdout]    |            ---- fields in this struct
[INFO] [stdout] 7  |     get: &'static str,
[INFO] [stdout]    |     ^^^
[INFO] [stdout] 8  |     post: &'static str,
[INFO] [stdout]    |     ^^^^
[INFO] [stdout] 9  |     put: &'static str,
[INFO] [stdout]    |     ^^^
[INFO] [stdout] 10 |     del: &'static str,
[INFO] [stdout]    |     ^^^
[INFO] [stdout]    |
[INFO] [stdout]    = note: `Port` has derived impls for the traits `Clone` and `Debug`, but these are intentionally ignored during dead code analysis
[INFO] [stdout]    = note: `#[warn(dead_code)]` on by default
[INFO] [stdout] 
[INFO] [stdout] 
[INFO] [stdout] warning: field `server_state` is never read
[INFO] [stdout]   --> src/lib.rs:75:5
[INFO] [stdout]    |
[INFO] [stdout] 67 | pub struct CmlServer {
[INFO] [stdout]    |            --------- field in this struct
[INFO] [stdout] ...
[INFO] [stdout] 75 |     server_state:bool,
[INFO] [stdout]    |     ^^^^^^^^^^^^
[INFO] [stdout]    |
[INFO] [stdout]    = note: `CmlServer` has derived impls for the traits `Clone` and `Debug`, but these are intentionally ignored during dead code analysis
[INFO] [stdout] 
[INFO] [stdout] 
[INFO] [stdout] warning: method `over_text` is never used
[INFO] [stdout]    --> src/lib.rs:212:8
[INFO] [stdout]     |
[INFO] [stdout] 212 |     fn over_text(&'a mut self,text:&str){
[INFO] [stdout]     |        ^^^^^^^^^
[INFO] [stdout] 
[INFO] [stdout] 
[INFO] [stdout] warning: function `HtmlFu` should have a snake case name
[INFO] [stdout]   --> src/func.rs:20:8
[INFO] [stdout]    |
[INFO] [stdout] 20 | pub fn HtmlFu (func_name :Func,r: PortR, h:Hshell) -> String {
[INFO] [stdout]    |        ^^^^^^ help: convert the identifier to snake case: `html_fu`
[INFO] [stdout]    |
[INFO] [stdout]    = note: `#[warn(non_snake_case)]` on by default
[INFO] [stdout] 
[INFO] [stdout] 
[INFO] [stdout] warning: 38 warnings emitted
[INFO] [stdout] 
[INFO] [stdout] 
[INFO] [stderr]     Finished dev [unoptimized + debuginfo] target(s) in 5.70s
[INFO] running `Command { std: "docker" "inspect" "7121d3d038df89bedb2b51d4e0c4780a0f7035d4512c5ed4f9f5fc3d70864fa7", kill_on_drop: false }`
[INFO] running `Command { std: "docker" "rm" "-f" "7121d3d038df89bedb2b51d4e0c4780a0f7035d4512c5ed4f9f5fc3d70864fa7", kill_on_drop: false }`
[INFO] [stdout] 7121d3d038df89bedb2b51d4e0c4780a0f7035d4512c5ed4f9f5fc3d70864fa7
[INFO] running `Command { std: "docker" "create" "-v" "/var/lib/crater-agent-workspace/builds/worker-2-tc1/target:/opt/rustwide/target:rw,Z" "-v" "/var/lib/crater-agent-workspace/builds/worker-2-tc1/source:/opt/rustwide/workdir:ro,Z" "-v" "/var/lib/crater-agent-workspace/cargo-home:/opt/rustwide/cargo-home:ro,Z" "-v" "/var/lib/crater-agent-workspace/rustup-home:/opt/rustwide/rustup-home:ro,Z" "-e" "SOURCE_DIR=/opt/rustwide/workdir" "-e" "CARGO_TARGET_DIR=/opt/rustwide/target" "-e" "CARGO_INCREMENTAL=0" "-e" "RUST_BACKTRACE=full" "-e" "RUSTFLAGS=--cap-lints=warn" "-e" "RUSTDOCFLAGS=--cap-lints=warn" "-e" "CARGO_HOME=/opt/rustwide/cargo-home" "-e" "RUSTUP_HOME=/opt/rustwide/rustup-home" "-w" "/opt/rustwide/workdir" "-m" "1610612736" "--user" "0:0" "--network" "none" "ghcr.io/rust-lang/crates-build-env/linux@sha256:5ff2268d62e97bff2cde7d5815dd6ed5b47097566f13b8d0ca110b04b60e07ed" "/opt/rustwide/cargo-home/bin/cargo" "+1.69.0" "test" "--frozen" "--no-run" "--message-format=json", kill_on_drop: false }`
[INFO] [stdout] 331e4b031baf12e593c2ab2b041c8eeeda6f9cc61f6333f67d255472bec48d18
[INFO] running `Command { std: "docker" "start" "-a" "331e4b031baf12e593c2ab2b041c8eeeda6f9cc61f6333f67d255472bec48d18", kill_on_drop: false }`
[INFO] [stdout] warning: unreachable pattern
[INFO] [stdout]    --> src/func.rs:158:25
[INFO] [stdout]     |
[INFO] [stdout] 152 |                         get => {
[INFO] [stdout]     |                         --- matches any value
[INFO] [stdout] ...
[INFO] [stdout] 158 |                         post => {
[INFO] [stdout]     |                         ^^^^ unreachable pattern
[INFO] [stdout]     |
[INFO] [stdout]     = note: `#[warn(unreachable_patterns)]` on by default
[INFO] [stdout] 
[INFO] [stdout] 
[INFO] [stdout] warning: unreachable pattern
[INFO] [stdout]    --> src/func.rs:165:25
[INFO] [stdout]     |
[INFO] [stdout] 152 |                         get => {
[INFO] [stdout]     |                         --- matches any value
[INFO] [stdout] ...
[INFO] [stdout] 165 |                         put => {
[INFO] [stdout]     |                         ^^^ unreachable pattern
[INFO] [stdout] 
[INFO] [stdout] 
[INFO] [stdout] warning: unreachable pattern
[INFO] [stdout]    --> src/func.rs:175:25
[INFO] [stdout]     |
[INFO] [stdout] 152 |                         get => {
[INFO] [stdout]     |                         --- matches any value
[INFO] [stdout] ...
[INFO] [stdout] 175 |                         del => {
[INFO] [stdout]     |                         ^^^ unreachable pattern
[INFO] [stdout] 
[INFO] [stdout] 
[INFO] [stdout] warning: unreachable pattern
[INFO] [stdout]    --> src/func.rs:186:25
[INFO] [stdout]     |
[INFO] [stdout] 152 |                         get => {
[INFO] [stdout]     |                         --- matches any value
[INFO] [stdout] ...
[INFO] [stdout] 186 |                         _ => {},
[INFO] [stdout]     |                         ^ unreachable pattern
[INFO] [stdout] 
[INFO] [stdout] 
[INFO] [stdout] warning: unused variable: `neval`
[INFO] [stdout]   --> src/func.rs:25:7
[INFO] [stdout]    |
[INFO] [stdout] 25 | fn ne(neval:PortR, hshell:Hshell) -> String {"".to_string()}
[INFO] [stdout]    |       ^^^^^ help: if this is intentional, prefix it with an underscore: `_neval`
[INFO] [stdout]    |
[INFO] [stdout]    = note: `#[warn(unused_variables)]` on by default
[INFO] [stdout] 
[INFO] [stdout] 
[INFO] [stdout] warning: unused variable: `hshell`
[INFO] [stdout]   --> src/func.rs:25:20
[INFO] [stdout]    |
[INFO] [stdout] 25 | fn ne(neval:PortR, hshell:Hshell) -> String {"".to_string()}
[INFO] [stdout]    |                    ^^^^^^ help: if this is intentional, prefix it with an underscore: `_hshell`
[INFO] [stdout] 
[INFO] [stdout] 
[INFO] [stdout] warning: value assigned to `urldatas` is never read
[INFO] [stdout]    --> src/func.rs:101:17
[INFO] [stdout]     |
[INFO] [stdout] 101 |         let mut urldatas: Met = Met {
[INFO] [stdout]     |                 ^^^^^^^^
[INFO] [stdout]     |
[INFO] [stdout]     = help: maybe it is overwritten before being read?
[INFO] [stdout]     = note: `#[warn(unused_assignments)]` on by default
[INFO] [stdout] 
[INFO] [stdout] 
[INFO] [stdout] warning: unused variable: `get`
[INFO] [stdout]    --> src/func.rs:152:25
[INFO] [stdout]     |
[INFO] [stdout] 152 |                         get => {
[INFO] [stdout]     |                         ^^^ help: if this is intentional, prefix it with an underscore: `_get`
[INFO] [stdout] 
[INFO] [stdout] 
[INFO] [stdout] warning: unused variable: `post`
[INFO] [stdout]    --> src/func.rs:158:25
[INFO] [stdout]     |
[INFO] [stdout] 158 |                         post => {
[INFO] [stdout]     |                         ^^^^ help: if this is intentional, prefix it with an underscore: `_post`
[INFO] [stdout] 
[INFO] [stdout] 
[INFO] [stdout] warning: unused variable: `put`
[INFO] [stdout]    --> src/func.rs:165:25
[INFO] [stdout]     |
[INFO] [stdout] 165 |                         put => {
[INFO] [stdout]     |                         ^^^ help: if this is intentional, prefix it with an underscore: `_put`
[INFO] [stdout] 
[INFO] [stdout] 
[INFO] [stdout] warning: unused variable: `del`
[INFO] [stdout]    --> src/func.rs:175:25
[INFO] [stdout]     |
[INFO] [stdout] 175 |                         del => {
[INFO] [stdout]     |                         ^^^ help: if this is intentional, prefix it with an underscore: `_del`
[INFO] [stdout] 
[INFO] [stdout] 
[INFO] [stdout] warning: value assigned to `gg` is never read
[INFO] [stdout]    --> src/func.rs:240:17
[INFO] [stdout]     |
[INFO] [stdout] 240 |         let mut gg = Some(format!(""));
[INFO] [stdout]     |                 ^^
[INFO] [stdout]     |
[INFO] [stdout]     = help: maybe it is overwritten before being read?
[INFO] [stdout] 
[INFO] [stdout] 
[INFO] [stdout] warning: variable `b_b_i` is assigned to, but never used
[INFO] [stdout]    --> src/func.rs:471:13
[INFO] [stdout]     |
[INFO] [stdout] 471 |     let mut b_b_i: usize = 0;
[INFO] [stdout]     |             ^^^^^
[INFO] [stdout]     |
[INFO] [stdout]     = note: consider using `_b_b_i` instead
[INFO] [stdout] 
[INFO] [stdout] 
[INFO] [stdout] warning: value assigned to `webport` is never read
[INFO] [stdout]    --> src/lib.rs:144:17
[INFO] [stdout]     |
[INFO] [stdout] 144 |         let mut webport = ["";4];
[INFO] [stdout]     |                 ^^^^^^^
[INFO] [stdout]     |
[INFO] [stdout]     = help: maybe it is overwritten before being read?
[INFO] [stdout] 
[INFO] [stdout] 
[INFO] [stdout] warning: unused variable: `zid`
[INFO] [stdout]    --> src/lib.rs:292:17
[INFO] [stdout]     |
[INFO] [stdout] 292 |         let mut zid = true;
[INFO] [stdout]     |                 ^^^ help: if this is intentional, prefix it with an underscore: `_zid`
[INFO] [stdout] 
[INFO] [stdout] 
[INFO] [stdout] warning: value assigned to `stream` is never read
[INFO] [stdout]    --> src/lib.rs:333:21
[INFO] [stdout]     |
[INFO] [stdout] 333 |                     stream = self.http_to_server(stream,buffer);
[INFO] [stdout]     |                     ^^^^^^
[INFO] [stdout]     |
[INFO] [stdout]     = help: maybe it is overwritten before being read?
[INFO] [stdout] 
[INFO] [stdout] 
[INFO] [stdout] warning: value assigned to `n` is never read
[INFO] [stdout]    --> src/lib.rs:404:17
[INFO] [stdout]     |
[INFO] [stdout] 404 |         let mut n: i32 = 0;
[INFO] [stdout]     |                 ^
[INFO] [stdout]     |
[INFO] [stdout]     = help: maybe it is overwritten before being read?
[INFO] [stdout] 
[INFO] [stdout] 
[INFO] [stdout] warning: value assigned to `pzjg` is never read
[INFO] [stdout]    --> src/lib.rs:473:17
[INFO] [stdout]     |
[INFO] [stdout] 473 |         let mut pzjg = false;
[INFO] [stdout]     |                 ^^^^
[INFO] [stdout]     |
[INFO] [stdout]     = help: maybe it is overwritten before being read?
[INFO] [stdout] 
[INFO] [stdout] 
[INFO] [stdout] warning: value assigned to `contents` is never read
[INFO] [stdout]    --> src/lib.rs:562:29
[INFO] [stdout]     |
[INFO] [stdout] 562 |                     let mut contents:String = String::from("");
[INFO] [stdout]     |                             ^^^^^^^^
[INFO] [stdout]     |
[INFO] [stdout]     = help: maybe it is overwritten before being read?
[INFO] [stdout] 
[INFO] [stdout] 
[INFO] [stdout] warning: value assigned to `contents` is never read
[INFO] [stdout]    --> src/lib.rs:582:29
[INFO] [stdout]     |
[INFO] [stdout] 582 |                     let mut contents:String = String::from("");
[INFO] [stdout]     |                             ^^^^^^^^
[INFO] [stdout]     |
[INFO] [stdout]     = help: maybe it is overwritten before being read?
[INFO] [stdout] 
[INFO] [stdout] 
[INFO] [stdout] warning: value assigned to `n` is never read
[INFO] [stdout]    --> src/lib.rs:638:17
[INFO] [stdout]     |
[INFO] [stdout] 638 |         let mut n: i32 = 0;
[INFO] [stdout]     |                 ^
[INFO] [stdout]     |
[INFO] [stdout]     = help: maybe it is overwritten before being read?
[INFO] [stdout] 
[INFO] [stdout] 
[INFO] [stdout] warning: unused variable: `webserver`
[INFO] [stdout]    --> src/lib.rs:648:13
[INFO] [stdout]     |
[INFO] [stdout] 648 |         let webserver = "Upgrade: websocket";
[INFO] [stdout]     |             ^^^^^^^^^ help: if this is intentional, prefix it with an underscore: `_webserver`
[INFO] [stdout] 
[INFO] [stdout] 
[INFO] [stdout] warning: variable `status_line` is assigned to, but never used
[INFO] [stdout]    --> src/lib.rs:649:17
[INFO] [stdout]     |
[INFO] [stdout] 649 |         let mut status_line: &str = "";
[INFO] [stdout]     |                 ^^^^^^^^^^^
[INFO] [stdout]     |
[INFO] [stdout]     = note: consider using `_status_line` instead
[INFO] [stdout] 
[INFO] [stdout] 
[INFO] [stdout] warning: unused variable: `response`
[INFO] [stdout]    --> src/lib.rs:672:17
[INFO] [stdout]     |
[INFO] [stdout] 672 |             let response: &[u8] = "无广播消息！".as_bytes();
[INFO] [stdout]     |                 ^^^^^^^^ help: if this is intentional, prefix it with an underscore: `_response`
[INFO] [stdout] 
[INFO] [stdout] 
[INFO] [stdout] warning: value assigned to `status_line` is never read
[INFO] [stdout]    --> src/lib.rs:680:14
[INFO] [stdout]     |
[INFO] [stdout] 680 |             (status_line,filename) = if buffer.starts_with(ai) {
[INFO] [stdout]     |              ^^^^^^^^^^^
[INFO] [stdout]     |
[INFO] [stdout]     = help: maybe it is overwritten before being read?
[INFO] [stdout] 
[INFO] [stdout] 
[INFO] [stdout] warning: value assigned to `filename` is never read
[INFO] [stdout]    --> src/lib.rs:680:26
[INFO] [stdout]     |
[INFO] [stdout] 680 |             (status_line,filename) = if buffer.starts_with(ai) {
[INFO] [stdout]     |                          ^^^^^^^^
[INFO] [stdout]     |
[INFO] [stdout]     = help: maybe it is overwritten before being read?
[INFO] [stdout] 
[INFO] [stdout] 
[INFO] [stdout] warning: value assigned to `n` is never read
[INFO] [stdout]    --> src/lib.rs:699:9
[INFO] [stdout]     |
[INFO] [stdout] 699 |         n += 1;
[INFO] [stdout]     |         ^
[INFO] [stdout]     |
[INFO] [stdout]     = help: maybe it is overwritten before being read?
[INFO] [stdout] 
[INFO] [stdout] 
[INFO] [stdout] warning: variable does not need to be mutable
[INFO] [stdout]   --> src/func.rs:70:17
[INFO] [stdout]    |
[INFO] [stdout] 70 |     pub fn new (mut bu: [u8;BUF_NUM], curi: ([&str; 30], [&str; 4])) -> Self {
[INFO] [stdout]    |                 ----^^
[INFO] [stdout]    |                 |
[INFO] [stdout]    |                 help: remove this `mut`
[INFO] [stdout]    |
[INFO] [stdout]    = note: `#[warn(unused_mut)]` on by default
[INFO] [stdout] 
[INFO] [stdout] 
[INFO] [stdout] warning: variable does not need to be mutable
[INFO] [stdout]    --> src/func.rs:106:13
[INFO] [stdout]     |
[INFO] [stdout] 106 |         let mut lbok: Vec<u8> = b"200 OK".to_vec();
[INFO] [stdout]     |             ----^^^^
[INFO] [stdout]     |             |
[INFO] [stdout]     |             help: remove this `mut`
[INFO] [stdout] 
[INFO] [stdout] 
[INFO] [stdout] warning: variable does not need to be mutable
[INFO] [stdout]    --> src/func.rs:107:13
[INFO] [stdout]     |
[INFO] [stdout] 107 |         let mut wlwok: Vec<u8> = b"505 HTTP Version Not Supported".to_vec();
[INFO] [stdout]     |             ----^^^^^
[INFO] [stdout]     |             |
[INFO] [stdout]     |             help: remove this `mut`
[INFO] [stdout] 
[INFO] [stdout] 
[INFO] [stdout] warning: variable does not need to be mutable
[INFO] [stdout]    --> src/lib.rs:292:13
[INFO] [stdout]     |
[INFO] [stdout] 292 |         let mut zid = true;
[INFO] [stdout]     |             ----^^^
[INFO] [stdout]     |             |
[INFO] [stdout]     |             help: remove this `mut`
[INFO] [stdout] 
[INFO] [stdout] 
[INFO] [stdout] warning: variable does not need to be mutable
[INFO] [stdout]    --> src/lib.rs:402:55
[INFO] [stdout]     |
[INFO] [stdout] 402 |     fn tcp_to_server(&'a self, mut stream: TcpStream, mut buffer: [u8;BUF_NUM], mut a: bool) -> (TcpStream,bool) {
[INFO] [stdout]     |                                                       ----^^^^^^
[INFO] [stdout]     |                                                       |
[INFO] [stdout]     |                                                       help: remove this `mut`
[INFO] [stdout] 
[INFO] [stdout] 
[INFO] [stdout] warning: variable does not need to be mutable
[INFO] [stdout]    --> src/lib.rs:460:55
[INFO] [stdout]     |
[INFO] [stdout] 460 |     fn http_to_server(&'a self, mut stream:TcpStream, mut buffer: [u8;BUF_NUM]) -> TcpStream {
[INFO] [stdout]     |                                                       ----^^^^^^
[INFO] [stdout]     |                                                       |
[INFO] [stdout]     |                                                       help: remove this `mut`
[INFO] [stdout] 
[INFO] [stdout] 
[INFO] [stdout] warning: variable does not need to be mutable
[INFO] [stdout]    --> src/lib.rs:636:54
[INFO] [stdout]     |
[INFO] [stdout] 636 |     fn websockserver(&'a self, mut stream:TcpStream, mut buffer: [u8;BUF_NUM], mut a: bool) -> (TcpStream,bool) {
[INFO] [stdout]     |                                                      ----^^^^^^
[INFO] [stdout]     |                                                      |
[INFO] [stdout]     |                                                      help: remove this `mut`
[INFO] [stdout] 
[INFO] [stdout] 
[INFO] [stdout] warning: fields `get`, `post`, `put`, and `del` are never read
[INFO] [stdout]   --> src/func.rs:7:5
[INFO] [stdout]    |
[INFO] [stdout] 6  | pub struct Port {
[INFO] [stdout]    |            ---- fields in this struct
[INFO] [stdout] 7  |     get: &'static str,
[INFO] [stdout]    |     ^^^
[INFO] [stdout] 8  |     post: &'static str,
[INFO] [stdout]    |     ^^^^
[INFO] [stdout] 9  |     put: &'static str,
[INFO] [stdout]    |     ^^^
[INFO] [stdout] 10 |     del: &'static str,
[INFO] [stdout]    |     ^^^
[INFO] [stdout]    |
[INFO] [stdout]    = note: `Port` has derived impls for the traits `Clone` and `Debug`, but these are intentionally ignored during dead code analysis
[INFO] [stdout]    = note: `#[warn(dead_code)]` on by default
[INFO] [stdout] 
[INFO] [stdout] 
[INFO] [stdout] warning: field `server_state` is never read
[INFO] [stdout]   --> src/lib.rs:75:5
[INFO] [stdout]    |
[INFO] [stdout] 67 | pub struct CmlServer {
[INFO] [stdout]    |            --------- field in this struct
[INFO] [stdout] ...
[INFO] [stdout] 75 |     server_state:bool,
[INFO] [stdout]    |     ^^^^^^^^^^^^
[INFO] [stdout]    |
[INFO] [stdout]    = note: `CmlServer` has derived impls for the traits `Clone` and `Debug`, but these are intentionally ignored during dead code analysis
[INFO] [stdout] 
[INFO] [stdout] 
[INFO] [stdout] warning: method `over_text` is never used
[INFO] [stdout]    --> src/lib.rs:212:8
[INFO] [stdout]     |
[INFO] [stdout] 212 |     fn over_text(&'a mut self,text:&str){
[INFO] [stdout]     |        ^^^^^^^^^
[INFO] [stdout] 
[INFO] [stdout] 
[INFO] [stdout] warning: function `HtmlFu` should have a snake case name
[INFO] [stdout]   --> src/func.rs:20:8
[INFO] [stdout]    |
[INFO] [stdout] 20 | pub fn HtmlFu (func_name :Func,r: PortR, h:Hshell) -> String {
[INFO] [stdout]    |        ^^^^^^ help: convert the identifier to snake case: `html_fu`
[INFO] [stdout]    |
[INFO] [stdout]    = note: `#[warn(non_snake_case)]` on by default
[INFO] [stdout] 
[INFO] [stdout] 
[INFO] [stdout] warning: 38 warnings emitted
[INFO] [stdout] 
[INFO] [stdout] 
[INFO] [stderr]    Compiling wscml v0.1.11 (/opt/rustwide/workdir)
[INFO] [stdout] warning: unreachable pattern
[INFO] [stdout]    --> src/func.rs:158:25
[INFO] [stdout]     |
[INFO] [stdout] 152 |                         get => {
[INFO] [stdout]     |                         --- matches any value
[INFO] [stdout] ...
[INFO] [stdout] 158 |                         post => {
[INFO] [stdout]     |                         ^^^^ unreachable pattern
[INFO] [stdout]     |
[INFO] [stdout]     = note: `#[warn(unreachable_patterns)]` on by default
[INFO] [stdout] 
[INFO] [stdout] 
[INFO] [stdout] warning: unreachable pattern
[INFO] [stdout]    --> src/func.rs:165:25
[INFO] [stdout]     |
[INFO] [stdout] 152 |                         get => {
[INFO] [stdout]     |                         --- matches any value
[INFO] [stdout] ...
[INFO] [stdout] 165 |                         put => {
[INFO] [stdout]     |                         ^^^ unreachable pattern
[INFO] [stdout] 
[INFO] [stdout] 
[INFO] [stdout] warning: unreachable pattern
[INFO] [stdout]    --> src/func.rs:175:25
[INFO] [stdout]     |
[INFO] [stdout] 152 |                         get => {
[INFO] [stdout]     |                         --- matches any value
[INFO] [stdout] ...
[INFO] [stdout] 175 |                         del => {
[INFO] [stdout]     |                         ^^^ unreachable pattern
[INFO] [stdout] 
[INFO] [stdout] 
[INFO] [stdout] warning: unreachable pattern
[INFO] [stdout]    --> src/func.rs:186:25
[INFO] [stdout]     |
[INFO] [stdout] 152 |                         get => {
[INFO] [stdout]     |                         --- matches any value
[INFO] [stdout] ...
[INFO] [stdout] 186 |                         _ => {},
[INFO] [stdout]     |                         ^ unreachable pattern
[INFO] [stdout] 
[INFO] [stdout] 
[INFO] [stdout] warning: unused variable: `neval`
[INFO] [stdout]   --> src/func.rs:25:7
[INFO] [stdout]    |
[INFO] [stdout] 25 | fn ne(neval:PortR, hshell:Hshell) -> String {"".to_string()}
[INFO] [stdout]    |       ^^^^^ help: if this is intentional, prefix it with an underscore: `_neval`
[INFO] [stdout]    |
[INFO] [stdout]    = note: `#[warn(unused_variables)]` on by default
[INFO] [stdout] 
[INFO] [stdout] 
[INFO] [stdout] warning: unused variable: `hshell`
[INFO] [stdout]   --> src/func.rs:25:20
[INFO] [stdout]    |
[INFO] [stdout] 25 | fn ne(neval:PortR, hshell:Hshell) -> String {"".to_string()}
[INFO] [stdout]    |                    ^^^^^^ help: if this is intentional, prefix it with an underscore: `_hshell`
[INFO] [stdout] 
[INFO] [stdout] 
[INFO] [stdout] warning: value assigned to `urldatas` is never read
[INFO] [stdout]    --> src/func.rs:101:17
[INFO] [stdout]     |
[INFO] [stdout] 101 |         let mut urldatas: Met = Met {
[INFO] [stdout]     |                 ^^^^^^^^
[INFO] [stdout]     |
[INFO] [stdout]     = help: maybe it is overwritten before being read?
[INFO] [stdout]     = note: `#[warn(unused_assignments)]` on by default
[INFO] [stdout] 
[INFO] [stdout] 
[INFO] [stdout] warning: unused variable: `get`
[INFO] [stdout]    --> src/func.rs:152:25
[INFO] [stdout]     |
[INFO] [stdout] 152 |                         get => {
[INFO] [stdout]     |                         ^^^ help: if this is intentional, prefix it with an underscore: `_get`
[INFO] [stdout] 
[INFO] [stdout] 
[INFO] [stdout] warning: unused variable: `post`
[INFO] [stdout]    --> src/func.rs:158:25
[INFO] [stdout]     |
[INFO] [stdout] 158 |                         post => {
[INFO] [stdout]     |                         ^^^^ help: if this is intentional, prefix it with an underscore: `_post`
[INFO] [stdout] 
[INFO] [stdout] 
[INFO] [stdout] warning: unused variable: `put`
[INFO] [stdout]    --> src/func.rs:165:25
[INFO] [stdout]     |
[INFO] [stdout] 165 |                         put => {
[INFO] [stdout]     |                         ^^^ help: if this is intentional, prefix it with an underscore: `_put`
[INFO] [stdout] 
[INFO] [stdout] 
[INFO] [stdout] warning: unused variable: `del`
[INFO] [stdout]    --> src/func.rs:175:25
[INFO] [stdout]     |
[INFO] [stdout] 175 |                         del => {
[INFO] [stdout]     |                         ^^^ help: if this is intentional, prefix it with an underscore: `_del`
[INFO] [stdout] 
[INFO] [stdout] 
[INFO] [stdout] warning: value assigned to `gg` is never read
[INFO] [stdout]    --> src/func.rs:240:17
[INFO] [stdout]     |
[INFO] [stdout] 240 |         let mut gg = Some(format!(""));
[INFO] [stdout]     |                 ^^
[INFO] [stdout]     |
[INFO] [stdout]     = help: maybe it is overwritten before being read?
[INFO] [stdout] 
[INFO] [stdout] 
[INFO] [stdout] warning: variable `b_b_i` is assigned to, but never used
[INFO] [stdout]    --> src/func.rs:471:13
[INFO] [stdout]     |
[INFO] [stdout] 471 |     let mut b_b_i: usize = 0;
[INFO] [stdout]     |             ^^^^^
[INFO] [stdout]     |
[INFO] [stdout]     = note: consider using `_b_b_i` instead
[INFO] [stdout] 
[INFO] [stdout] 
[INFO] [stdout] warning: value assigned to `webport` is never read
[INFO] [stdout]    --> src/lib.rs:144:17
[INFO] [stdout]     |
[INFO] [stdout] 144 |         let mut webport = ["";4];
[INFO] [stdout]     |                 ^^^^^^^
[INFO] [stdout]     |
[INFO] [stdout]     = help: maybe it is overwritten before being read?
[INFO] [stdout] 
[INFO] [stdout] 
[INFO] [stdout] warning: unused variable: `zid`
[INFO] [stdout]    --> src/lib.rs:292:17
[INFO] [stdout]     |
[INFO] [stdout] 292 |         let mut zid = true;
[INFO] [stdout]     |                 ^^^ help: if this is intentional, prefix it with an underscore: `_zid`
[INFO] [stdout] 
[INFO] [stdout] 
[INFO] [stdout] warning: value assigned to `stream` is never read
[INFO] [stdout]    --> src/lib.rs:333:21
[INFO] [stdout]     |
[INFO] [stdout] 333 |                     stream = self.http_to_server(stream,buffer);
[INFO] [stdout]     |                     ^^^^^^
[INFO] [stdout]     |
[INFO] [stdout]     = help: maybe it is overwritten before being read?
[INFO] [stdout] 
[INFO] [stdout] 
[INFO] [stdout] warning: value assigned to `n` is never read
[INFO] [stdout]    --> src/lib.rs:404:17
[INFO] [stdout]     |
[INFO] [stdout] 404 |         let mut n: i32 = 0;
[INFO] [stdout]     |                 ^
[INFO] [stdout]     |
[INFO] [stdout]     = help: maybe it is overwritten before being read?
[INFO] [stdout] 
[INFO] [stdout] 
[INFO] [stdout] warning: value assigned to `pzjg` is never read
[INFO] [stdout]    --> src/lib.rs:473:17
[INFO] [stdout]     |
[INFO] [stdout] 473 |         let mut pzjg = false;
[INFO] [stdout]     |                 ^^^^
[INFO] [stdout]     |
[INFO] [stdout]     = help: maybe it is overwritten before being read?
[INFO] [stdout] 
[INFO] [stdout] 
[INFO] [stdout] warning: value assigned to `contents` is never read
[INFO] [stdout]    --> src/lib.rs:562:29
[INFO] [stdout]     |
[INFO] [stdout] 562 |                     let mut contents:String = String::from("");
[INFO] [stdout]     |                             ^^^^^^^^
[INFO] [stdout]     |
[INFO] [stdout]     = help: maybe it is overwritten before being read?
[INFO] [stdout] 
[INFO] [stdout] 
[INFO] [stdout] warning: value assigned to `contents` is never read
[INFO] [stdout]    --> src/lib.rs:582:29
[INFO] [stdout]     |
[INFO] [stdout] 582 |                     let mut contents:String = String::from("");
[INFO] [stdout]     |                             ^^^^^^^^
[INFO] [stdout]     |
[INFO] [stdout]     = help: maybe it is overwritten before being read?
[INFO] [stdout] 
[INFO] [stdout] 
[INFO] [stdout] warning: value assigned to `n` is never read
[INFO] [stdout]    --> src/lib.rs:638:17
[INFO] [stdout]     |
[INFO] [stdout] 638 |         let mut n: i32 = 0;
[INFO] [stdout]     |                 ^
[INFO] [stdout]     |
[INFO] [stdout]     = help: maybe it is overwritten before being read?
[INFO] [stdout] 
[INFO] [stdout] 
[INFO] [stdout] warning: unused variable: `webserver`
[INFO] [stdout]    --> src/lib.rs:648:13
[INFO] [stdout]     |
[INFO] [stdout] 648 |         let webserver = "Upgrade: websocket";
[INFO] [stdout]     |             ^^^^^^^^^ help: if this is intentional, prefix it with an underscore: `_webserver`
[INFO] [stdout] 
[INFO] [stdout] 
[INFO] [stdout] warning: variable `status_line` is assigned to, but never used
[INFO] [stdout]    --> src/lib.rs:649:17
[INFO] [stdout]     |
[INFO] [stdout] 649 |         let mut status_line: &str = "";
[INFO] [stdout]     |                 ^^^^^^^^^^^
[INFO] [stdout]     |
[INFO] [stdout]     = note: consider using `_status_line` instead
[INFO] [stdout] 
[INFO] [stdout] 
[INFO] [stdout] warning: unused variable: `response`
[INFO] [stdout]    --> src/lib.rs:672:17
[INFO] [stdout]     |
[INFO] [stdout] 672 |             let response: &[u8] = "无广播消息！".as_bytes();
[INFO] [stdout]     |                 ^^^^^^^^ help: if this is intentional, prefix it with an underscore: `_response`
[INFO] [stdout] 
[INFO] [stdout] 
[INFO] [stdout] warning: value assigned to `status_line` is never read
[INFO] [stdout]    --> src/lib.rs:680:14
[INFO] [stdout]     |
[INFO] [stdout] 680 |             (status_line,filename) = if buffer.starts_with(ai) {
[INFO] [stdout]     |              ^^^^^^^^^^^
[INFO] [stdout]     |
[INFO] [stdout]     = help: maybe it is overwritten before being read?
[INFO] [stdout] 
[INFO] [stdout] 
[INFO] [stdout] warning: value assigned to `filename` is never read
[INFO] [stdout]    --> src/lib.rs:680:26
[INFO] [stdout]     |
[INFO] [stdout] 680 |             (status_line,filename) = if buffer.starts_with(ai) {
[INFO] [stdout]     |                          ^^^^^^^^
[INFO] [stdout]     |
[INFO] [stdout]     = help: maybe it is overwritten before being read?
[INFO] [stdout] 
[INFO] [stdout] 
[INFO] [stdout] warning: value assigned to `n` is never read
[INFO] [stdout]    --> src/lib.rs:699:9
[INFO] [stdout]     |
[INFO] [stdout] 699 |         n += 1;
[INFO] [stdout]     |         ^
[INFO] [stdout]     |
[INFO] [stdout]     = help: maybe it is overwritten before being read?
[INFO] [stdout] 
[INFO] [stdout] 
[INFO] [stdout] warning: variable does not need to be mutable
[INFO] [stdout]   --> src/func.rs:70:17
[INFO] [stdout]    |
[INFO] [stdout] 70 |     pub fn new (mut bu: [u8;BUF_NUM], curi: ([&str; 30], [&str; 4])) -> Self {
[INFO] [stdout]    |                 ----^^
[INFO] [stdout]    |                 |
[INFO] [stdout]    |                 help: remove this `mut`
[INFO] [stdout]    |
[INFO] [stdout]    = note: `#[warn(unused_mut)]` on by default
[INFO] [stdout] 
[INFO] [stdout] 
[INFO] [stdout] warning: variable does not need to be mutable
[INFO] [stdout]    --> src/func.rs:106:13
[INFO] [stdout]     |
[INFO] [stdout] 106 |         let mut lbok: Vec<u8> = b"200 OK".to_vec();
[INFO] [stdout]     |             ----^^^^
[INFO] [stdout]     |             |
[INFO] [stdout]     |             help: remove this `mut`
[INFO] [stdout] 
[INFO] [stdout] 
[INFO] [stdout] warning: variable does not need to be mutable
[INFO] [stdout]    --> src/func.rs:107:13
[INFO] [stdout]     |
[INFO] [stdout] 107 |         let mut wlwok: Vec<u8> = b"505 HTTP Version Not Supported".to_vec();
[INFO] [stdout]     |             ----^^^^^
[INFO] [stdout]     |             |
[INFO] [stdout]     |             help: remove this `mut`
[INFO] [stdout] 
[INFO] [stdout] 
[INFO] [stdout] warning: variable does not need to be mutable
[INFO] [stdout]    --> src/lib.rs:292:13
[INFO] [stdout]     |
[INFO] [stdout] 292 |         let mut zid = true;
[INFO] [stdout]     |             ----^^^
[INFO] [stdout]     |             |
[INFO] [stdout]     |             help: remove this `mut`
[INFO] [stdout] 
[INFO] [stdout] 
[INFO] [stdout] warning: variable does not need to be mutable
[INFO] [stdout]    --> src/lib.rs:402:55
[INFO] [stdout]     |
[INFO] [stdout] 402 |     fn tcp_to_server(&'a self, mut stream: TcpStream, mut buffer: [u8;BUF_NUM], mut a: bool) -> (TcpStream,bool) {
[INFO] [stdout]     |                                                       ----^^^^^^
[INFO] [stdout]     |                                                       |
[INFO] [stdout]     |                                                       help: remove this `mut`
[INFO] [stdout] 
[INFO] [stdout] 
[INFO] [stdout] warning: variable does not need to be mutable
[INFO] [stdout]    --> src/lib.rs:460:55
[INFO] [stdout]     |
[INFO] [stdout] 460 |     fn http_to_server(&'a self, mut stream:TcpStream, mut buffer: [u8;BUF_NUM]) -> TcpStream {
[INFO] [stdout]     |                                                       ----^^^^^^
[INFO] [stdout]     |                                                       |
[INFO] [stdout]     |                                                       help: remove this `mut`
[INFO] [stdout] 
[INFO] [stdout] 
[INFO] [stdout] warning: variable does not need to be mutable
[INFO] [stdout]    --> src/lib.rs:636:54
[INFO] [stdout]     |
[INFO] [stdout] 636 |     fn websockserver(&'a self, mut stream:TcpStream, mut buffer: [u8;BUF_NUM], mut a: bool) -> (TcpStream,bool) {
[INFO] [stdout]     |                                                      ----^^^^^^
[INFO] [stdout]     |                                                      |
[INFO] [stdout]     |                                                      help: remove this `mut`
[INFO] [stdout] 
[INFO] [stdout] 
[INFO] [stdout] warning: fields `get`, `post`, `put`, and `del` are never read
[INFO] [stdout]   --> src/func.rs:7:5
[INFO] [stdout]    |
[INFO] [stdout] 6  | pub struct Port {
[INFO] [stdout]    |            ---- fields in this struct
[INFO] [stdout] 7  |     get: &'static str,
[INFO] [stdout]    |     ^^^
[INFO] [stdout] 8  |     post: &'static str,
[INFO] [stdout]    |     ^^^^
[INFO] [stdout] 9  |     put: &'static str,
[INFO] [stdout]    |     ^^^
[INFO] [stdout] 10 |     del: &'static str,
[INFO] [stdout]    |     ^^^
[INFO] [stdout]    |
[INFO] [stdout]    = note: `Port` has derived impls for the traits `Clone` and `Debug`, but these are intentionally ignored during dead code analysis
[INFO] [stdout]    = note: `#[warn(dead_code)]` on by default
[INFO] [stdout] 
[INFO] [stdout] 
[INFO] [stdout] warning: field `server_state` is never read
[INFO] [stdout]   --> src/lib.rs:75:5
[INFO] [stdout]    |
[INFO] [stdout] 67 | pub struct CmlServer {
[INFO] [stdout]    |            --------- field in this struct
[INFO] [stdout] ...
[INFO] [stdout] 75 |     server_state:bool,
[INFO] [stdout]    |     ^^^^^^^^^^^^
[INFO] [stdout]    |
[INFO] [stdout]    = note: `CmlServer` has derived impls for the traits `Clone` and `Debug`, but these are intentionally ignored during dead code analysis
[INFO] [stdout] 
[INFO] [stdout] 
[INFO] [stdout] warning: method `over_text` is never used
[INFO] [stdout]    --> src/lib.rs:212:8
[INFO] [stdout]     |
[INFO] [stdout] 212 |     fn over_text(&'a mut self,text:&str){
[INFO] [stdout]     |        ^^^^^^^^^
[INFO] [stdout] 
[INFO] [stdout] 
[INFO] [stdout] warning: function `HtmlFu` should have a snake case name
[INFO] [stdout]   --> src/func.rs:20:8
[INFO] [stdout]    |
[INFO] [stdout] 20 | pub fn HtmlFu (func_name :Func,r: PortR, h:Hshell) -> String {
[INFO] [stdout]    |        ^^^^^^ help: convert the identifier to snake case: `html_fu`
[INFO] [stdout]    |
[INFO] [stdout]    = note: `#[warn(non_snake_case)]` on by default
[INFO] [stdout] 
[INFO] [stdout] 
[INFO] [stdout] warning: 38 warnings emitted
[INFO] [stdout] 
[INFO] [stdout] 
[INFO] [stderr]     Finished test [unoptimized + debuginfo] target(s) in 0.62s
[INFO] running `Command { std: "docker" "inspect" "331e4b031baf12e593c2ab2b041c8eeeda6f9cc61f6333f67d255472bec48d18", kill_on_drop: false }`
[INFO] running `Command { std: "docker" "rm" "-f" "331e4b031baf12e593c2ab2b041c8eeeda6f9cc61f6333f67d255472bec48d18", kill_on_drop: false }`
[INFO] [stdout] 331e4b031baf12e593c2ab2b041c8eeeda6f9cc61f6333f67d255472bec48d18
[INFO] running `Command { std: "docker" "create" "-v" "/var/lib/crater-agent-workspace/builds/worker-2-tc1/target:/opt/rustwide/target:rw,Z" "-v" "/var/lib/crater-agent-workspace/builds/worker-2-tc1/source:/opt/rustwide/workdir:ro,Z" "-v" "/var/lib/crater-agent-workspace/cargo-home:/opt/rustwide/cargo-home:ro,Z" "-v" "/var/lib/crater-agent-workspace/rustup-home:/opt/rustwide/rustup-home:ro,Z" "-e" "SOURCE_DIR=/opt/rustwide/workdir" "-e" "CARGO_TARGET_DIR=/opt/rustwide/target" "-e" "CARGO_INCREMENTAL=0" "-e" "RUST_BACKTRACE=full" "-e" "RUSTFLAGS=--cap-lints=warn" "-e" "RUSTDOCFLAGS=--cap-lints=warn" "-e" "CARGO_HOME=/opt/rustwide/cargo-home" "-e" "RUSTUP_HOME=/opt/rustwide/rustup-home" "-w" "/opt/rustwide/workdir" "-m" "1610612736" "--user" "0:0" "--network" "none" "ghcr.io/rust-lang/crates-build-env/linux@sha256:5ff2268d62e97bff2cde7d5815dd6ed5b47097566f13b8d0ca110b04b60e07ed" "/opt/rustwide/cargo-home/bin/cargo" "+1.69.0" "test" "--frozen", kill_on_drop: false }`
[INFO] [stdout] f7a4ce19f1b149693f0b689b1500ab4deff8cf5dac8f7319ba68f305edb59703
[INFO] running `Command { std: "docker" "start" "-a" "f7a4ce19f1b149693f0b689b1500ab4deff8cf5dac8f7319ba68f305edb59703", kill_on_drop: false }`
[INFO] [stderr] warning: unreachable pattern
[INFO] [stderr]    --> src/func.rs:158:25
[INFO] [stderr]     |
[INFO] [stderr] 152 |                         get => {
[INFO] [stderr]     |                         --- matches any value
[INFO] [stderr] ...
[INFO] [stderr] 158 |                         post => {
[INFO] [stderr]     |                         ^^^^ unreachable pattern
[INFO] [stderr]     |
[INFO] [stderr]     = note: `#[warn(unreachable_patterns)]` on by default
[INFO] [stderr] 
[INFO] [stderr] warning: unreachable pattern
[INFO] [stderr]    --> src/func.rs:165:25
[INFO] [stderr]     |
[INFO] [stderr] 152 |                         get => {
[INFO] [stderr]     |                         --- matches any value
[INFO] [stderr] ...
[INFO] [stderr] 165 |                         put => {
[INFO] [stderr]     |                         ^^^ unreachable pattern
[INFO] [stderr] 
[INFO] [stderr] warning: unreachable pattern
[INFO] [stderr]    --> src/func.rs:175:25
[INFO] [stderr]     |
[INFO] [stderr] 152 |                         get => {
[INFO] [stderr]     |                         --- matches any value
[INFO] [stderr] ...
[INFO] [stderr] 175 |                         del => {
[INFO] [stderr]     |                         ^^^ unreachable pattern
[INFO] [stderr] 
[INFO] [stderr] warning: unreachable pattern
[INFO] [stderr]    --> src/func.rs:186:25
[INFO] [stderr]     |
[INFO] [stderr] 152 |                         get => {
[INFO] [stderr]     |                         --- matches any value
[INFO] [stderr] ...
[INFO] [stderr] 186 |                         _ => {},
[INFO] [stderr]     |                         ^ unreachable pattern
[INFO] [stderr] 
[INFO] [stderr] warning: unused variable: `neval`
[INFO] [stderr]   --> src/func.rs:25:7
[INFO] [stderr]    |
[INFO] [stderr] 25 | fn ne(neval:PortR, hshell:Hshell) -> String {"".to_string()}
[INFO] [stderr]    |       ^^^^^ help: if this is intentional, prefix it with an underscore: `_neval`
[INFO] [stderr]    |
[INFO] [stderr]    = note: `#[warn(unused_variables)]` on by default
[INFO] [stderr] 
[INFO] [stderr] warning: unused variable: `hshell`
[INFO] [stderr]   --> src/func.rs:25:20
[INFO] [stderr]    |
[INFO] [stderr] 25 | fn ne(neval:PortR, hshell:Hshell) -> String {"".to_string()}
[INFO] [stderr]    |                    ^^^^^^ help: if this is intentional, prefix it with an underscore: `_hshell`
[INFO] [stderr] 
[INFO] [stderr] warning: value assigned to `urldatas` is never read
[INFO] [stderr]    --> src/func.rs:101:17
[INFO] [stderr]     |
[INFO] [stderr] 101 |         let mut urldatas: Met = Met {
[INFO] [stderr]     |                 ^^^^^^^^
[INFO] [stderr]     |
[INFO] [stderr]     = help: maybe it is overwritten before being read?
[INFO] [stderr]     = note: `#[warn(unused_assignments)]` on by default
[INFO] [stderr] 
[INFO] [stderr] warning: unused variable: `get`
[INFO] [stderr]    --> src/func.rs:152:25
[INFO] [stderr]     |
[INFO] [stderr] 152 |                         get => {
[INFO] [stderr]     |                         ^^^ help: if this is intentional, prefix it with an underscore: `_get`
[INFO] [stderr] 
[INFO] [stderr] warning: unused variable: `post`
[INFO] [stderr]    --> src/func.rs:158:25
[INFO] [stderr]     |
[INFO] [stderr] 158 |                         post => {
[INFO] [stderr]     |                         ^^^^ help: if this is intentional, prefix it with an underscore: `_post`
[INFO] [stderr] 
[INFO] [stderr] warning: unused variable: `put`
[INFO] [stderr]    --> src/func.rs:165:25
[INFO] [stderr]     |
[INFO] [stderr] 165 |                         put => {
[INFO] [stderr]     |                         ^^^ help: if this is intentional, prefix it with an underscore: `_put`
[INFO] [stderr] 
[INFO] [stderr] warning: unused variable: `del`
[INFO] [stderr]    --> src/func.rs:175:25
[INFO] [stderr]     |
[INFO] [stderr] 175 |                         del => {
[INFO] [stderr]     |                         ^^^ help: if this is intentional, prefix it with an underscore: `_del`
[INFO] [stderr] 
[INFO] [stderr] warning: value assigned to `gg` is never read
[INFO] [stderr]    --> src/func.rs:240:17
[INFO] [stderr]     |
[INFO] [stderr] 240 |         let mut gg = Some(format!(""));
[INFO] [stderr]     |                 ^^
[INFO] [stderr]     |
[INFO] [stderr]     = help: maybe it is overwritten before being read?
[INFO] [stderr] 
[INFO] [stderr] warning: variable `b_b_i` is assigned to, but never used
[INFO] [stderr]    --> src/func.rs:471:13
[INFO] [stderr]     |
[INFO] [stderr] 471 |     let mut b_b_i: usize = 0;
[INFO] [stderr]     |             ^^^^^
[INFO] [stderr]     |
[INFO] [stderr]     = note: consider using `_b_b_i` instead
[INFO] [stderr] 
[INFO] [stderr] warning: value assigned to `webport` is never read
[INFO] [stderr]    --> src/lib.rs:144:17
[INFO] [stderr]     |
[INFO] [stderr] 144 |         let mut webport = ["";4];
[INFO] [stderr]     |                 ^^^^^^^
[INFO] [stderr]     |
[INFO] [stderr]     = help: maybe it is overwritten before being read?
[INFO] [stderr] 
[INFO] [stderr] warning: unused variable: `zid`
[INFO] [stderr]    --> src/lib.rs:292:17
[INFO] [stderr]     |
[INFO] [stderr] 292 |         let mut zid = true;
[INFO] [stderr]     |                 ^^^ help: if this is intentional, prefix it with an underscore: `_zid`
[INFO] [stderr] 
[INFO] [stderr] warning: value assigned to `stream` is never read
[INFO] [stderr]    --> src/lib.rs:333:21
[INFO] [stderr]     |
[INFO] [stderr] 333 |                     stream = self.http_to_server(stream,buffer);
[INFO] [stderr]     |                     ^^^^^^
[INFO] [stderr]     |
[INFO] [stderr]     = help: maybe it is overwritten before being read?
[INFO] [stderr] 
[INFO] [stderr] warning: value assigned to `n` is never read
[INFO] [stderr]    --> src/lib.rs:404:17
[INFO] [stderr]     |
[INFO] [stderr] 404 |         let mut n: i32 = 0;
[INFO] [stderr]     |                 ^
[INFO] [stderr]     |
[INFO] [stderr]     = help: maybe it is overwritten before being read?
[INFO] [stderr] 
[INFO] [stderr] warning: value assigned to `pzjg` is never read
[INFO] [stderr]    --> src/lib.rs:473:17
[INFO] [stderr]     |
[INFO] [stderr] 473 |         let mut pzjg = false;
[INFO] [stderr]     |                 ^^^^
[INFO] [stderr]     |
[INFO] [stderr]     = help: maybe it is overwritten before being read?
[INFO] [stderr] 
[INFO] [stderr] warning: value assigned to `contents` is never read
[INFO] [stderr]    --> src/lib.rs:562:29
[INFO] [stderr]     |
[INFO] [stderr] 562 |                     let mut contents:String = String::from("");
[INFO] [stderr]     |                             ^^^^^^^^
[INFO] [stderr]     |
[INFO] [stderr]     = help: maybe it is overwritten before being read?
[INFO] [stderr] 
[INFO] [stderr] warning: value assigned to `contents` is never read
[INFO] [stderr]    --> src/lib.rs:582:29
[INFO] [stderr]     |
[INFO] [stderr] 582 |                     let mut contents:String = String::from("");
[INFO] [stderr]     |                             ^^^^^^^^
[INFO] [stderr]     |
[INFO] [stderr]     = help: maybe it is overwritten before being read?
[INFO] [stderr] 
[INFO] [stderr] warning: value assigned to `n` is never read
[INFO] [stderr]    --> src/lib.rs:638:17
[INFO] [stderr]     |
[INFO] [stderr] 638 |         let mut n: i32 = 0;
[INFO] [stderr]     |                 ^
[INFO] [stderr]     |
[INFO] [stderr]     = help: maybe it is overwritten before being read?
[INFO] [stderr] 
[INFO] [stderr] warning: unused variable: `webserver`
[INFO] [stderr]    --> src/lib.rs:648:13
[INFO] [stderr]     |
[INFO] [stderr] 648 |         let webserver = "Upgrade: websocket";
[INFO] [stderr]     |             ^^^^^^^^^ help: if this is intentional, prefix it with an underscore: `_webserver`
[INFO] [stderr] 
[INFO] [stderr] warning: variable `status_line` is assigned to, but never used
[INFO] [stderr]    --> src/lib.rs:649:17
[INFO] [stderr]     |
[INFO] [stderr] 649 |         let mut status_line: &str = "";
[INFO] [stderr]     |                 ^^^^^^^^^^^
[INFO] [stderr]     |
[INFO] [stderr]     = note: consider using `_status_line` instead
[INFO] [stderr] 
[INFO] [stderr] warning: unused variable: `response`
[INFO] [stderr]    --> src/lib.rs:672:17
[INFO] [stderr]     |
[INFO] [stderr] 672 |             let response: &[u8] = "无广播消息！".as_bytes();
[INFO] [stderr]     |                 ^^^^^^^^ help: if this is intentional, prefix it with an underscore: `_response`
[INFO] [stderr] 
[INFO] [stderr] warning: value assigned to `status_line` is never read
[INFO] [stderr]    --> src/lib.rs:680:14
[INFO] [stderr]     |
[INFO] [stderr] 680 |             (status_line,filename) = if buffer.starts_with(ai) {
[INFO] [stderr]     |              ^^^^^^^^^^^
[INFO] [stderr]     |
[INFO] [stderr]     = help: maybe it is overwritten before being read?
[INFO] [stderr] 
[INFO] [stderr] warning: value assigned to `filename` is never read
[INFO] [stderr]    --> src/lib.rs:680:26
[INFO] [stderr]     |
[INFO] [stderr] 680 |             (status_line,filename) = if buffer.starts_with(ai) {
[INFO] [stderr]     |                          ^^^^^^^^
[INFO] [stderr]     |
[INFO] [stderr]     = help: maybe it is overwritten before being read?
[INFO] [stderr] 
[INFO] [stderr] warning: value assigned to `n` is never read
[INFO] [stderr]    --> src/lib.rs:699:9
[INFO] [stderr]     |
[INFO] [stderr] 699 |         n += 1;
[INFO] [stderr]     |         ^
[INFO] [stderr]     |
[INFO] [stderr]     = help: maybe it is overwritten before being read?
[INFO] [stderr] 
[INFO] [stderr] warning: variable does not need to be mutable
[INFO] [stderr]   --> src/func.rs:70:17
[INFO] [stderr]    |
[INFO] [stderr] 70 |     pub fn new (mut bu: [u8;BUF_NUM], curi: ([&str; 30], [&str; 4])) -> Self {
[INFO] [stderr]    |                 ----^^
[INFO] [stderr]    |                 |
[INFO] [stderr]    |                 help: remove this `mut`
[INFO] [stderr]    |
[INFO] [stderr]    = note: `#[warn(unused_mut)]` on by default
[INFO] [stderr] 
[INFO] [stderr] warning: variable does not need to be mutable
[INFO] [stderr]    --> src/func.rs:106:13
[INFO] [stderr]     |
[INFO] [stderr] 106 |         let mut lbok: Vec<u8> = b"200 OK".to_vec();
[INFO] [stderr]     |             ----^^^^
[INFO] [stderr]     |             |
[INFO] [stderr]     |             help: remove this `mut`
[INFO] [stderr] 
[INFO] [stderr] warning: variable does not need to be mutable
[INFO] [stderr]    --> src/func.rs:107:13
[INFO] [stderr]     |
[INFO] [stderr] 107 |         let mut wlwok: Vec<u8> = b"505 HTTP Version Not Supported".to_vec();
[INFO] [stderr]     |             ----^^^^^
[INFO] [stderr]     |             |
[INFO] [stderr]     |             help: remove this `mut`
[INFO] [stderr] 
[INFO] [stderr] warning: variable does not need to be mutable
[INFO] [stderr]    --> src/lib.rs:292:13
[INFO] [stderr]     |
[INFO] [stderr] 292 |         let mut zid = true;
[INFO] [stderr]     |             ----^^^
[INFO] [stderr]     |             |
[INFO] [stderr]     |             help: remove this `mut`
[INFO] [stderr] 
[INFO] [stderr] warning: variable does not need to be mutable
[INFO] [stderr]    --> src/lib.rs:402:55
[INFO] [stderr]     |
[INFO] [stderr] 402 |     fn tcp_to_server(&'a self, mut stream: TcpStream, mut buffer: [u8;BUF_NUM], mut a: bool) -> (TcpStream,bool) {
[INFO] [stderr]     |                                                       ----^^^^^^
[INFO] [stderr]     |                                                       |
[INFO] [stderr]     |                                                       help: remove this `mut`
[INFO] [stderr] 
[INFO] [stderr] warning: variable does not need to be mutable
[INFO] [stderr]    --> src/lib.rs:460:55
[INFO] [stderr]     |
[INFO] [stderr] 460 |     fn http_to_server(&'a self, mut stream:TcpStream, mut buffer: [u8;BUF_NUM]) -> TcpStream {
[INFO] [stderr]     |                                                       ----^^^^^^
[INFO] [stderr]     |                                                       |
[INFO] [stderr]     |                                                       help: remove this `mut`
[INFO] [stderr] 
[INFO] [stderr] warning: variable does not need to be mutable
[INFO] [stderr]    --> src/lib.rs:636:54
[INFO] [stderr]     |
[INFO] [stderr] 636 |     fn websockserver(&'a self, mut stream:TcpStream, mut buffer: [u8;BUF_NUM], mut a: bool) -> (TcpStream,bool) {
[INFO] [stderr]     |                                                      ----^^^^^^
[INFO] [stderr]     |                                                      |
[INFO] [stderr]     |                                                      help: remove this `mut`
[INFO] [stderr] 
[INFO] [stderr] warning: fields `get`, `post`, `put`, and `del` are never read
[INFO] [stderr]   --> src/func.rs:7:5
[INFO] [stderr]    |
[INFO] [stderr] 6  | pub struct Port {
[INFO] [stderr]    |            ---- fields in this struct
[INFO] [stderr] 7  |     get: &'static str,
[INFO] [stderr]    |     ^^^
[INFO] [stderr] 8  |     post: &'static str,
[INFO] [stderr]    |     ^^^^
[INFO] [stderr] 9  |     put: &'static str,
[INFO] [stderr]    |     ^^^
[INFO] [stderr] 10 |     del: &'static str,
[INFO] [stderr]    |     ^^^
[INFO] [stderr]    |
[INFO] [stderr]    = note: `Port` has derived impls for the traits `Clone` and `Debug`, but these are intentionally ignored during dead code analysis
[INFO] [stderr]    = note: `#[warn(dead_code)]` on by default
[INFO] [stderr] 
[INFO] [stderr] warning: field `server_state` is never read
[INFO] [stderr]   --> src/lib.rs:75:5
[INFO] [stderr]    |
[INFO] [stderr] 67 | pub struct CmlServer {
[INFO] [stderr]    |            --------- field in this struct
[INFO] [stderr] ...
[INFO] [stderr] 75 |     server_state:bool,
[INFO] [stderr]    |     ^^^^^^^^^^^^
[INFO] [stderr]    |
[INFO] [stderr]    = note: `CmlServer` has derived impls for the traits `Clone` and `Debug`, but these are intentionally ignored during dead code analysis
[INFO] [stderr] 
[INFO] [stderr] warning: method `over_text` is never used
[INFO] [stderr]    --> src/lib.rs:212:8
[INFO] [stderr]     |
[INFO] [stderr] 212 |     fn over_text(&'a mut self,text:&str){
[INFO] [stderr]     |        ^^^^^^^^^
[INFO] [stderr] 
[INFO] [stderr] warning: function `HtmlFu` should have a snake case name
[INFO] [stderr]   --> src/func.rs:20:8
[INFO] [stderr]    |
[INFO] [stderr] 20 | pub fn HtmlFu (func_name :Func,r: PortR, h:Hshell) -> String {
[INFO] [stderr]    |        ^^^^^^ help: convert the identifier to snake case: `html_fu`
[INFO] [stderr]    |
[INFO] [stderr]    = note: `#[warn(non_snake_case)]` on by default
[INFO] [stderr] 
[INFO] [stderr] warning: `wscml` (lib) generated 38 warnings (run `cargo fix --lib -p wscml` to apply 16 suggestions)
[INFO] [stderr] warning: `wscml` (lib test) generated 38 warnings (38 duplicates)
[INFO] [stderr]     Finished test [unoptimized + debuginfo] target(s) in 0.03s
[INFO] [stderr]      Running unittests src/lib.rs (/opt/rustwide/target/debug/deps/wscml-fbc79c4bc3b7af57)
[INFO] [stdout] 
[INFO] [stdout] running 0 tests
[INFO] [stdout] 
[INFO] [stdout] test result: ok. 0 passed; 0 failed; 0 ignored; 0 measured; 0 filtered out; finished in 0.00s
[INFO] [stdout] 
[INFO] [stderr]    Doc-tests wscml
[INFO] [stdout] 
[INFO] [stdout] running 11 tests
[INFO] [stdout] test src/func.rs - pr_time (line 527) ... FAILED
[INFO] [stdout] test src/func.rs - Hshell (line 565) ... FAILED
[INFO] [stdout] test src/func.rs - PortR (line 39) ... FAILED
[INFO] [stdout] test src/pubmsg.rs - Textlist::new (line 21) ... FAILED
[INFO] [stdout] test src/func.rs - Hshell (line 556) ... FAILED
[INFO] [stdout] test src/func.rs - delvecu8_s (line 489) ... FAILED
[INFO] [stdout] test src/pubmsg.rs - Textlist::pop (line 49) ... FAILED
[INFO] [stdout] test src/pubmsg.rs - Textlist::push (line 36) ... FAILED
[INFO] [stdout] test src/func.rs - if_split (line 417) ... FAILED
[INFO] [stdout] test src/pubmsg.rs - Textlist::is_empty (line 79) ... FAILED
[INFO] [stdout] test src/pubmsg.rs - Textlist::theone (line 69) ... FAILED
[INFO] [stdout] 
[INFO] [stdout] failures:
[INFO] [stdout] 
[INFO] [stdout] ---- src/func.rs - pr_time (line 527) stdout ----
[INFO] [stdout] error[E0425]: cannot find function `pr_time` in this scope
[INFO] [stdout]  --> src/func.rs:528:1
[INFO] [stdout]   |
[INFO] [stdout] 3 | pr_time("%Y-%m-%d %H:%M:%S");
[INFO] [stdout]   | ^^^^^^^ not found in this scope
[INFO] [stdout]   |
[INFO] [stdout] help: consider importing this function
[INFO] [stdout]   |
[INFO] [stdout] 2 | use wscml::pr_time;
[INFO] [stdout]   |
[INFO] [stdout] 
[INFO] [stdout] error: aborting due to previous error
[INFO] [stdout] 
[INFO] [stdout] For more information about this error, try `rustc --explain E0425`.
[INFO] [stdout] Couldn't compile the test.
[INFO] [stdout] ---- src/func.rs - Hshell (line 565) stdout ----
[INFO] [stdout] error: expected expression, found `$`
[INFO] [stdout]  --> src/func.rs:566:2
[INFO] [stdout]   |
[INFO] [stdout] 3 | {$pname}
[INFO] [stdout]   |  ^ expected expression
[INFO] [stdout] 
[INFO] [stdout] error: aborting due to previous error
[INFO] [stdout] 
[INFO] [stdout] Couldn't compile the test.
[INFO] [stdout] ---- src/func.rs - PortR (line 39) stdout ----
[INFO] [stdout] error[E0412]: cannot find type `PortR` in this scope
[INFO] [stdout]  --> src/func.rs:40:14
[INFO] [stdout]   |
[INFO] [stdout] 3 | fn index (r: PortR) -> String {
[INFO] [stdout]   |              ^^^^^ not found in this scope
[INFO] [stdout]   |
[INFO] [stdout] help: consider importing this struct
[INFO] [stdout]   |
[INFO] [stdout] 2 | use wscml::PortR;
[INFO] [stdout]   |
[INFO] [stdout] 
[INFO] [stdout] error[E0308]: mismatched types
[INFO] [stdout]  --> src/func.rs:40:24
[INFO] [stdout]   |
[INFO] [stdout] 3 | fn index (r: PortR) -> String {
[INFO] [stdout]   |    -----               ^^^^^^ expected `String`, found `()`
[INFO] [stdout]   |    |
[INFO] [stdout]   |    implicitly returns `()` as its body has no tail or `return` expression
[INFO] [stdout] 4 |     let a = r.getg_n("name");
[INFO] [stdout] 5 |     format!("返回代码{}",a);
[INFO] [stdout]   |                            - help: remove this semicolon to return this value
[INFO] [stdout] 
[INFO] [stdout] error: aborting due to 2 previous errors
[INFO] [stdout] 
[INFO] [stdout] Some errors have detailed explanations: E0308, E0412.
[INFO] [stdout] For more information about an error, try `rustc --explain E0308`.
[INFO] [stdout] Couldn't compile the test.
[INFO] [stdout] ---- src/pubmsg.rs - Textlist::new (line 21) stdout ----
[INFO] [stdout] error[E0412]: cannot find type `Textlist` in this scope
[INFO] [stdout]  --> src/pubmsg.rs:22:13
[INFO] [stdout]   |
[INFO] [stdout] 3 | let mut dl: Textlist<T> = pubmsg::Textlist::new(); //新建一个队列
[INFO] [stdout]   |             ^^^^^^^^ not found in this scope
[INFO] [stdout]   |
[INFO] [stdout] help: consider importing this struct
[INFO] [stdout]   |
[INFO] [stdout] 2 | use wscml::Textlist;
[INFO] [stdout]   |
[INFO] [stdout] 
[INFO] [stdout] error[E0412]: cannot find type `T` in this scope
[INFO] [stdout]  --> src/pubmsg.rs:22:22
[INFO] [stdout]   |
[INFO] [stdout] 3 | let mut dl: Textlist<T> = pubmsg::Textlist::new(); //新建一个队列
[INFO] [stdout]   |                      ^ not found in this scope
[INFO] [stdout]   |
[INFO] [stdout] help: you might be missing a type parameter
[INFO] [stdout]   |
[INFO] [stdout] 2 | fn main() { #[allow(non_snake_case)] fn _doctest_main_src_pubmsg_rs_21_0<T>() {
[INFO] [stdout]   |                                                                         +++
[INFO] [stdout] 
[INFO] [stdout] error[E0433]: failed to resolve: use of undeclared crate or module `pubmsg`
[INFO] [stdout]  --> src/pubmsg.rs:22:27
[INFO] [stdout]   |
[INFO] [stdout] 3 | let mut dl: Textlist<T> = pubmsg::Textlist::new(); //新建一个队列
[INFO] [stdout]   |                           ^^^^^^ use of undeclared crate or module `pubmsg`
[INFO] [stdout]   |
[INFO] [stdout] help: consider importing this struct
[INFO] [stdout]   |
[INFO] [stdout] 2 | use wscml::Textlist;
[INFO] [stdout]   |
[INFO] [stdout] help: if you import `Textlist`, refer to it directly
[INFO] [stdout]   |
[INFO] [stdout] 3 - let mut dl: Textlist<T> = pubmsg::Textlist::new(); //新建一个队列
[INFO] [stdout] 3 + let mut dl: Textlist<T> = Textlist::new(); //新建一个队列
[INFO] [stdout]   |
[INFO] [stdout] 
[INFO] [stdout] error[E0425]: cannot find value `T` in this scope
[INFO] [stdout]  --> src/pubmsg.rs:23:17
[INFO] [stdout]   |
[INFO] [stdout] 4 | let d = dl.push(T); //括号内是写入内容
[INFO] [stdout]   |                 ^ not found in this scope
[INFO] [stdout] 
[INFO] [stdout] error: aborting due to 4 previous errors
[INFO] [stdout] 
[INFO] [stdout] Some errors have detailed explanations: E0412, E0425, E0433.
[INFO] [stdout] For more information about an error, try `rustc --explain E0412`.
[INFO] [stdout] Couldn't compile the test.
[INFO] [stdout] ---- src/func.rs - Hshell (line 556) stdout ----
[INFO] [stdout] error[E0422]: cannot find struct, variant or union type `Html` in this scope
[INFO] [stdout]  --> src/func.rs:557:11
[INFO] [stdout]   |
[INFO] [stdout] 3 | let har = Html {
[INFO] [stdout]   |           ^^^^ not found in this scope
[INFO] [stdout] 
[INFO] [stdout] error[E0425]: cannot find function `template` in this scope
[INFO] [stdout]  --> src/func.rs:562:5
[INFO] [stdout]   |
[INFO] [stdout] 8 |     template (harray,"h/yyxzz.html");
[INFO] [stdout]   |     ^^^^^^^^ not found in this scope
[INFO] [stdout] 
[INFO] [stdout] error: aborting due to 2 previous errors
[INFO] [stdout] 
[INFO] [stdout] Some errors have detailed explanations: E0422, E0425.
[INFO] [stdout] For more information about an error, try `rustc --explain E0422`.
[INFO] [stdout] Couldn't compile the test.
[INFO] [stdout] ---- src/func.rs - delvecu8_s (line 489) stdout ----
[INFO] [stdout] error[E0425]: cannot find function `delvecu8_s` in this scope
[INFO] [stdout]  --> src/func.rs:490:1
[INFO] [stdout]   |
[INFO] [stdout] 3 | delvecu8_s(dggetdata[1].clone());
[INFO] [stdout]   | ^^^^^^^^^^ not found in this scope
[INFO] [stdout]   |
[INFO] [stdout] help: consider importing this function
[INFO] [stdout]   |
[INFO] [stdout] 2 | use wscml::delvecu8_s;
[INFO] [stdout]   |
[INFO] [stdout] 
[INFO] [stdout] error[E0425]: cannot find value `dggetdata` in this scope
[INFO] [stdout]  --> src/func.rs:490:12
[INFO] [stdout]   |
[INFO] [stdout] 3 | delvecu8_s(dggetdata[1].clone());
[INFO] [stdout]   |            ^^^^^^^^^ not found in this scope
[INFO] [stdout] 
[INFO] [stdout] error: aborting due to 2 previous errors
[INFO] [stdout] 
[INFO] [stdout] For more information about this error, try `rustc --explain E0425`.
[INFO] [stdout] Couldn't compile the test.
[INFO] [stdout] ---- src/pubmsg.rs - Textlist::pop (line 49) stdout ----
[INFO] [stdout] error[E0412]: cannot find type `Textlist` in this scope
[INFO] [stdout]  --> src/pubmsg.rs:50:13
[INFO] [stdout]   |
[INFO] [stdout] 3 | let mut dl: Textlist<T> = pubmsg::Textlist::new();
[INFO] [stdout]   |             ^^^^^^^^ not found in this scope
[INFO] [stdout]   |
[INFO] [stdout] help: consider importing this struct
[INFO] [stdout]   |
[INFO] [stdout] 2 | use wscml::Textlist;
[INFO] [stdout]   |
[INFO] [stdout] 
[INFO] [stdout] error[E0412]: cannot find type `T` in this scope
[INFO] [stdout]  --> src/pubmsg.rs:50:22
[INFO] [stdout]   |
[INFO] [stdout] 3 | let mut dl: Textlist<T> = pubmsg::Textlist::new();
[INFO] [stdout]   |                      ^ not found in this scope
[INFO] [stdout]   |
[INFO] [stdout] help: you might be missing a type parameter
[INFO] [stdout]   |
[INFO] [stdout] 2 | fn main() { #[allow(non_snake_case)] fn _doctest_main_src_pubmsg_rs_49_0<T>() {
[INFO] [stdout]   |                                                                         +++
[INFO] [stdout] 
[INFO] [stdout] error[E0433]: failed to resolve: use of undeclared crate or module `pubmsg`
[INFO] [stdout]  --> src/pubmsg.rs:50:27
[INFO] [stdout]   |
[INFO] [stdout] 3 | let mut dl: Textlist<T> = pubmsg::Textlist::new();
[INFO] [stdout]   |                           ^^^^^^ use of undeclared crate or module `pubmsg`
[INFO] [stdout]   |
[INFO] [stdout] help: consider importing this struct
[INFO] [stdout]   |
[INFO] [stdout] 2 | use wscml::Textlist;
[INFO] [stdout]   |
[INFO] [stdout] help: if you import `Textlist`, refer to it directly
[INFO] [stdout]   |
[INFO] [stdout] 3 - let mut dl: Textlist<T> = pubmsg::Textlist::new();
[INFO] [stdout] 3 + let mut dl: Textlist<T> = Textlist::new();
[INFO] [stdout]   |
[INFO] [stdout] 
[INFO] [stdout] error: aborting due to 3 previous errors
[INFO] [stdout] 
[INFO] [stdout] Some errors have detailed explanations: E0412, E0433.
[INFO] [stdout] For more information about an error, try `rustc --explain E0412`.
[INFO] [stdout] Couldn't compile the test.
[INFO] [stdout] ---- src/pubmsg.rs - Textlist::push (line 36) stdout ----
[INFO] [stdout] error[E0412]: cannot find type `Textlist` in this scope
[INFO] [stdout]  --> src/pubmsg.rs:37:13
[INFO] [stdout]   |
[INFO] [stdout] 3 | let mut dl: Textlist<T> = pubmsg::Textlist::new();
[INFO] [stdout]   |             ^^^^^^^^ not found in this scope
[INFO] [stdout]   |
[INFO] [stdout] help: consider importing this struct
[INFO] [stdout]   |
[INFO] [stdout] 2 | use wscml::Textlist;
[INFO] [stdout]   |
[INFO] [stdout] 
[INFO] [stdout] error[E0412]: cannot find type `T` in this scope
[INFO] [stdout]  --> src/pubmsg.rs:37:22
[INFO] [stdout]   |
[INFO] [stdout] 3 | let mut dl: Textlist<T> = pubmsg::Textlist::new();
[INFO] [stdout]   |                      ^ not found in this scope
[INFO] [stdout]   |
[INFO] [stdout] help: you might be missing a type parameter
[INFO] [stdout]   |
[INFO] [stdout] 2 | fn main() { #[allow(non_snake_case)] fn _doctest_main_src_pubmsg_rs_36_0<T>() {
[INFO] [stdout]   |                                                                         +++
[INFO] [stdout] 
[INFO] [stdout] error[E0433]: failed to resolve: use of undeclared crate or module `pubmsg`
[INFO] [stdout]  --> src/pubmsg.rs:37:27
[INFO] [stdout]   |
[INFO] [stdout] 3 | let mut dl: Textlist<T> = pubmsg::Textlist::new();
[INFO] [stdout]   |                           ^^^^^^ use of undeclared crate or module `pubmsg`
[INFO] [stdout]   |
[INFO] [stdout] help: consider importing this struct
[INFO] [stdout]   |
[INFO] [stdout] 2 | use wscml::Textlist;
[INFO] [stdout]   |
[INFO] [stdout] help: if you import `Textlist`, refer to it directly
[INFO] [stdout]   |
[INFO] [stdout] 3 - let mut dl: Textlist<T> = pubmsg::Textlist::new();
[INFO] [stdout] 3 + let mut dl: Textlist<T> = Textlist::new();
[INFO] [stdout]   |
[INFO] [stdout] 
[INFO] [stdout] error[E0425]: cannot find value `T` in this scope
[INFO] [stdout]  --> src/pubmsg.rs:38:17
[INFO] [stdout]   |
[INFO] [stdout] 4 | let d = dl.push(T); //括号内是写入内容
[INFO] [stdout]   |                 ^ not found in this scope
[INFO] [stdout] 
[INFO] [stdout] error: aborting due to 4 previous errors
[INFO] [stdout] 
[INFO] [stdout] Some errors have detailed explanations: E0412, E0425, E0433.
[INFO] [stdout] For more information about an error, try `rustc --explain E0412`.
[INFO] [stdout] Couldn't compile the test.
[INFO] [stdout] ---- src/func.rs - if_split (line 417) stdout ----
[INFO] [stdout] error: unknown start of token: `
[INFO] [stdout]  --> src/func.rs:420:1
[INFO] [stdout]   |
[INFO] [stdout] 5 | ```
[INFO] [stdout]   | ^^^
[INFO] [stdout]   |
[INFO] [stdout]   = note: character appears 2 more times
[INFO] [stdout] help: Unicode character '`' (Grave Accent) looks like ''' (Single Quote), but it is not
[INFO] [stdout]   |
[INFO] [stdout] 5 | '''
[INFO] [stdout]   |
[INFO] [stdout] 
[INFO] [stdout] error[E0425]: cannot find function `if_split` in this scope
[INFO] [stdout]  --> src/func.rs:418:13
[INFO] [stdout]   |
[INFO] [stdout] 3 | let topbu = if_split(&buffer, httpcode);
[INFO] [stdout]   |             ^^^^^^^^ not found in this scope
[INFO] [stdout]   |
[INFO] [stdout] help: consider importing this function
[INFO] [stdout]   |
[INFO] [stdout] 2 | use wscml::if_split;
[INFO] [stdout]   |
[INFO] [stdout] 
[INFO] [stdout] error[E0425]: cannot find value `buffer` in this scope
[INFO] [stdout]  --> src/func.rs:418:23
[INFO] [stdout]   |
[INFO] [stdout] 3 | let topbu = if_split(&buffer, httpcode);
[INFO] [stdout]   |                       ^^^^^^ not found in this scope
[INFO] [stdout] 
[INFO] [stdout] error[E0425]: cannot find value `httpcode` in this scope
[INFO] [stdout]  --> src/func.rs:418:31
[INFO] [stdout]   |
[INFO] [stdout] 3 | let topbu = if_split(&buffer, httpcode);
[INFO] [stdout]   |                               ^^^^^^^^ not found in this scope
[INFO] [stdout] 
[INFO] [stdout] error: aborting due to 4 previous errors
[INFO] [stdout] 
[INFO] [stdout] For more information about this error, try `rustc --explain E0425`.
[INFO] [stdout] Couldn't compile the test.
[INFO] [stdout] ---- src/pubmsg.rs - Textlist::is_empty (line 79) stdout ----
[INFO] [stdout] error[E0412]: cannot find type `Textlist` in this scope
[INFO] [stdout]  --> src/pubmsg.rs:80:13
[INFO] [stdout]   |
[INFO] [stdout] 3 | let mut dl: Textlist<T> = pubmsg::Textlist::new();
[INFO] [stdout]   |             ^^^^^^^^ not found in this scope
[INFO] [stdout]   |
[INFO] [stdout] help: consider importing this struct
[INFO] [stdout]   |
[INFO] [stdout] 2 | use wscml::Textlist;
[INFO] [stdout]   |
[INFO] [stdout] 
[INFO] [stdout] error[E0412]: cannot find type `T` in this scope
[INFO] [stdout]  --> src/pubmsg.rs:80:22
[INFO] [stdout]   |
[INFO] [stdout] 3 | let mut dl: Textlist<T> = pubmsg::Textlist::new();
[INFO] [stdout]   |                      ^ not found in this scope
[INFO] [stdout]   |
[INFO] [stdout] help: you might be missing a type parameter
[INFO] [stdout]   |
[INFO] [stdout] 2 | fn main() { #[allow(non_snake_case)] fn _doctest_main_src_pubmsg_rs_79_0<T>() {
[INFO] [stdout]   |                                                                         +++
[INFO] [stdout] 
[INFO] [stdout] error[E0433]: failed to resolve: use of undeclared crate or module `pubmsg`
[INFO] [stdout]  --> src/pubmsg.rs:80:27
[INFO] [stdout]   |
[INFO] [stdout] 3 | let mut dl: Textlist<T> = pubmsg::Textlist::new();
[INFO] [stdout]   |                           ^^^^^^ use of undeclared crate or module `pubmsg`
[INFO] [stdout]   |
[INFO] [stdout] help: consider importing this struct
[INFO] [stdout]   |
[INFO] [stdout] 2 | use wscml::Textlist;
[INFO] [stdout]   |
[INFO] [stdout] help: if you import `Textlist`, refer to it directly
[INFO] [stdout]   |
[INFO] [stdout] 3 - let mut dl: Textlist<T> = pubmsg::Textlist::new();
[INFO] [stdout] 3 + let mut dl: Textlist<T> = Textlist::new();
[INFO] [stdout]   |
[INFO] [stdout] 
[INFO] [stdout] error[E0308]: mismatched types
[INFO] [stdout]  --> src/pubmsg.rs:82:5
[INFO] [stdout]   |
[INFO] [stdout] 2 | fn main() { #[allow(non_snake_case)] fn _doctest_main_src_pubmsg_rs_79_0() {
[INFO] [stdout]   |                                                                            - help: try adding a return type: `-> bool`
[INFO] [stdout] ...
[INFO] [stdout] 5 |     true
[INFO] [stdout]   |     ^^^^ expected `()`, found `bool`
[INFO] [stdout] 
[INFO] [stdout] error[E0308]: mismatched types
[INFO] [stdout]  --> src/pubmsg.rs:84:5
[INFO] [stdout]   |
[INFO] [stdout] 2 | fn main() { #[allow(non_snake_case)] fn _doctest_main_src_pubmsg_rs_79_0() {
[INFO] [stdout]   |                                                                            - help: try adding a return type: `-> bool`
[INFO] [stdout] ...
[INFO] [stdout] 7 |     false
[INFO] [stdout]   |     ^^^^^ expected `()`, found `bool`
[INFO] [stdout] 
[INFO] [stdout] error: aborting due to 5 previous errors
[INFO] [stdout] 
[INFO] [stdout] Some errors have detailed explanations: E0308, E0412, E0433.
[INFO] [stdout] For more information about an error, try `rustc --explain E0308`.
[INFO] [stdout] Couldn't compile the test.
[INFO] [stderr] error: doctest failed, to rerun pass `--doc`
[INFO] [stdout] ---- src/pubmsg.rs - Textlist::theone (line 69) stdout ----
[INFO] [stdout] error[E0412]: cannot find type `Textlist` in this scope
[INFO] [stdout]  --> src/pubmsg.rs:70:13
[INFO] [stdout]   |
[INFO] [stdout] 3 | let mut dl: Textlist<T> = pubmsg::Textlist::new();
[INFO] [stdout]   |             ^^^^^^^^ not found in this scope
[INFO] [stdout]   |
[INFO] [stdout] help: consider importing this struct
[INFO] [stdout]   |
[INFO] [stdout] 2 | use wscml::Textlist;
[INFO] [stdout]   |
[INFO] [stdout] 
[INFO] [stdout] error[E0412]: cannot find type `T` in this scope
[INFO] [stdout]  --> src/pubmsg.rs:70:22
[INFO] [stdout]   |
[INFO] [stdout] 3 | let mut dl: Textlist<T> = pubmsg::Textlist::new();
[INFO] [stdout]   |                      ^ not found in this scope
[INFO] [stdout]   |
[INFO] [stdout] help: you might be missing a type parameter
[INFO] [stdout]   |
[INFO] [stdout] 2 | fn main() { #[allow(non_snake_case)] fn _doctest_main_src_pubmsg_rs_69_0<T>() {
[INFO] [stdout]   |                                                                         +++
[INFO] [stdout] 
[INFO] [stdout] error[E0433]: failed to resolve: use of undeclared crate or module `pubmsg`
[INFO] [stdout]  --> src/pubmsg.rs:70:27
[INFO] [stdout]   |
[INFO] [stdout] 3 | let mut dl: Textlist<T> = pubmsg::Textlist::new();
[INFO] [stdout]   |                           ^^^^^^ use of undeclared crate or module `pubmsg`
[INFO] [stdout]   |
[INFO] [stdout] help: consider importing this struct
[INFO] [stdout]   |
[INFO] [stdout] 2 | use wscml::Textlist;
[INFO] [stdout]   |
[INFO] [stdout] help: if you import `Textlist`, refer to it directly
[INFO] [stdout]   |
[INFO] [stdout] 3 - let mut dl: Textlist<T> = pubmsg::Textlist::new();
[INFO] [stdout] 3 + let mut dl: Textlist<T> = Textlist::new();
[INFO] [stdout]   |
[INFO] [stdout] 
[INFO] [stdout] error: aborting due to 3 previous errors
[INFO] [stdout] 
[INFO] [stdout] Some errors have detailed explanations: E0412, E0433.
[INFO] [stdout] For more information about an error, try `rustc --explain E0412`.
[INFO] [stdout] Couldn't compile the test.
[INFO] [stdout] 
[INFO] [stdout] failures:
[INFO] [stdout]     src/func.rs - Hshell (line 556)
[INFO] [stdout]     src/func.rs - Hshell (line 565)
[INFO] [stdout]     src/func.rs - PortR (line 39)
[INFO] [stdout]     src/func.rs - delvecu8_s (line 489)
[INFO] [stdout]     src/func.rs - if_split (line 417)
[INFO] [stdout]     src/func.rs - pr_time (line 527)
[INFO] [stdout]     src/pubmsg.rs - Textlist::is_empty (line 79)
[INFO] [stdout]     src/pubmsg.rs - Textlist::new (line 21)
[INFO] [stdout]     src/pubmsg.rs - Textlist::pop (line 49)
[INFO] [stdout]     src/pubmsg.rs - Textlist::push (line 36)
[INFO] [stdout]     src/pubmsg.rs - Textlist::theone (line 69)
[INFO] [stdout] 
[INFO] [stdout] test result: FAILED. 0 passed; 11 failed; 0 ignored; 0 measured; 0 filtered out; finished in 0.32s
[INFO] [stdout] 
[INFO] running `Command { std: "docker" "inspect" "f7a4ce19f1b149693f0b689b1500ab4deff8cf5dac8f7319ba68f305edb59703", kill_on_drop: false }`
[INFO] running `Command { std: "docker" "rm" "-f" "f7a4ce19f1b149693f0b689b1500ab4deff8cf5dac8f7319ba68f305edb59703", kill_on_drop: false }`
[INFO] [stdout] f7a4ce19f1b149693f0b689b1500ab4deff8cf5dac8f7319ba68f305edb59703
