[INFO] fetching crate wrapped_mono_macros 0.3.0...
[INFO] testing wrapped_mono_macros-0.3.0 against 1.69.0 for beta-1.70-1
[INFO] extracting crate wrapped_mono_macros 0.3.0 into /workspace/builds/worker-1-tc1/source
[INFO] validating manifest of crates.io crate wrapped_mono_macros 0.3.0 on toolchain 1.69.0
[INFO] running `Command { std: CARGO_HOME="/workspace/cargo-home" RUSTUP_HOME="/workspace/rustup-home" "/workspace/cargo-home/bin/cargo" "+1.69.0" "metadata" "--manifest-path" "Cargo.toml" "--no-deps", kill_on_drop: false }`
[INFO] started tweaking crates.io crate wrapped_mono_macros 0.3.0
[INFO] finished tweaking crates.io crate wrapped_mono_macros 0.3.0
[INFO] tweaked toml for crates.io crate wrapped_mono_macros 0.3.0 written to /workspace/builds/worker-1-tc1/source/Cargo.toml
[INFO] running `Command { std: CARGO_HOME="/workspace/cargo-home" RUSTUP_HOME="/workspace/rustup-home" __CARGO_TEST_CHANNEL_OVERRIDE_DO_NOT_USE_THIS="nightly" "/workspace/cargo-home/bin/cargo" "+1.69.0" "generate-lockfile" "--manifest-path" "Cargo.toml" "-Zno-index-update", kill_on_drop: false }`
[INFO] running `Command { std: CARGO_HOME="/workspace/cargo-home" RUSTUP_HOME="/workspace/rustup-home" "/workspace/cargo-home/bin/cargo" "+1.69.0" "fetch" "--manifest-path" "Cargo.toml", kill_on_drop: false }`
[INFO] running `Command { std: "docker" "create" "-v" "/var/lib/crater-agent-workspace/builds/worker-1-tc1/target:/opt/rustwide/target:rw,Z" "-v" "/var/lib/crater-agent-workspace/builds/worker-1-tc1/source:/opt/rustwide/workdir:ro,Z" "-v" "/var/lib/crater-agent-workspace/cargo-home:/opt/rustwide/cargo-home:ro,Z" "-v" "/var/lib/crater-agent-workspace/rustup-home:/opt/rustwide/rustup-home:ro,Z" "-e" "SOURCE_DIR=/opt/rustwide/workdir" "-e" "CARGO_TARGET_DIR=/opt/rustwide/target" "-e" "CARGO_HOME=/opt/rustwide/cargo-home" "-e" "RUSTUP_HOME=/opt/rustwide/rustup-home" "-w" "/opt/rustwide/workdir" "-m" "1610612736" "--user" "0:0" "--network" "none" "ghcr.io/rust-lang/crates-build-env/linux@sha256:5ff2268d62e97bff2cde7d5815dd6ed5b47097566f13b8d0ca110b04b60e07ed" "/opt/rustwide/cargo-home/bin/cargo" "+1.69.0" "metadata" "--no-deps" "--format-version=1", kill_on_drop: false }`
[INFO] [stdout] f814323df1d7428a0cc167f639952cb997f70d9bdddaf43ec1378459b28b5173
[INFO] running `Command { std: "docker" "start" "-a" "f814323df1d7428a0cc167f639952cb997f70d9bdddaf43ec1378459b28b5173", kill_on_drop: false }`
[INFO] running `Command { std: "docker" "inspect" "f814323df1d7428a0cc167f639952cb997f70d9bdddaf43ec1378459b28b5173", kill_on_drop: false }`
[INFO] running `Command { std: "docker" "rm" "-f" "f814323df1d7428a0cc167f639952cb997f70d9bdddaf43ec1378459b28b5173", kill_on_drop: false }`
[INFO] [stdout] f814323df1d7428a0cc167f639952cb997f70d9bdddaf43ec1378459b28b5173
[INFO] running `Command { std: "docker" "create" "-v" "/var/lib/crater-agent-workspace/builds/worker-1-tc1/target:/opt/rustwide/target:rw,Z" "-v" "/var/lib/crater-agent-workspace/builds/worker-1-tc1/source:/opt/rustwide/workdir:ro,Z" "-v" "/var/lib/crater-agent-workspace/cargo-home:/opt/rustwide/cargo-home:ro,Z" "-v" "/var/lib/crater-agent-workspace/rustup-home:/opt/rustwide/rustup-home:ro,Z" "-e" "SOURCE_DIR=/opt/rustwide/workdir" "-e" "CARGO_TARGET_DIR=/opt/rustwide/target" "-e" "CARGO_INCREMENTAL=0" "-e" "RUST_BACKTRACE=full" "-e" "RUSTFLAGS=--cap-lints=warn" "-e" "RUSTDOCFLAGS=--cap-lints=warn" "-e" "CARGO_HOME=/opt/rustwide/cargo-home" "-e" "RUSTUP_HOME=/opt/rustwide/rustup-home" "-w" "/opt/rustwide/workdir" "-m" "1610612736" "--user" "0:0" "--network" "none" "ghcr.io/rust-lang/crates-build-env/linux@sha256:5ff2268d62e97bff2cde7d5815dd6ed5b47097566f13b8d0ca110b04b60e07ed" "/opt/rustwide/cargo-home/bin/cargo" "+1.69.0" "build" "--frozen" "--message-format=json", kill_on_drop: false }`
[INFO] [stdout] e340b608467533a16f719104b5c80810c9e6d394e011aeb8118411b1dd047650
[INFO] running `Command { std: "docker" "start" "-a" "e340b608467533a16f719104b5c80810c9e6d394e011aeb8118411b1dd047650", kill_on_drop: false }`
[INFO] [stderr]     Blocking waiting for file lock on package cache
[INFO] [stderr]    Compiling quote v1.0.26
[INFO] [stderr]    Compiling syn v1.0.109
[INFO] [stderr]    Compiling wrapped_mono_macros v0.3.0 (/opt/rustwide/workdir)
[INFO] [stderr]     Finished dev [unoptimized + debuginfo] target(s) in 3.50s
[INFO] running `Command { std: "docker" "inspect" "e340b608467533a16f719104b5c80810c9e6d394e011aeb8118411b1dd047650", kill_on_drop: false }`
[INFO] running `Command { std: "docker" "rm" "-f" "e340b608467533a16f719104b5c80810c9e6d394e011aeb8118411b1dd047650", kill_on_drop: false }`
[INFO] [stdout] e340b608467533a16f719104b5c80810c9e6d394e011aeb8118411b1dd047650
[INFO] running `Command { std: "docker" "create" "-v" "/var/lib/crater-agent-workspace/builds/worker-1-tc1/target:/opt/rustwide/target:rw,Z" "-v" "/var/lib/crater-agent-workspace/builds/worker-1-tc1/source:/opt/rustwide/workdir:ro,Z" "-v" "/var/lib/crater-agent-workspace/cargo-home:/opt/rustwide/cargo-home:ro,Z" "-v" "/var/lib/crater-agent-workspace/rustup-home:/opt/rustwide/rustup-home:ro,Z" "-e" "SOURCE_DIR=/opt/rustwide/workdir" "-e" "CARGO_TARGET_DIR=/opt/rustwide/target" "-e" "CARGO_INCREMENTAL=0" "-e" "RUST_BACKTRACE=full" "-e" "RUSTFLAGS=--cap-lints=warn" "-e" "RUSTDOCFLAGS=--cap-lints=warn" "-e" "CARGO_HOME=/opt/rustwide/cargo-home" "-e" "RUSTUP_HOME=/opt/rustwide/rustup-home" "-w" "/opt/rustwide/workdir" "-m" "1610612736" "--user" "0:0" "--network" "none" "ghcr.io/rust-lang/crates-build-env/linux@sha256:5ff2268d62e97bff2cde7d5815dd6ed5b47097566f13b8d0ca110b04b60e07ed" "/opt/rustwide/cargo-home/bin/cargo" "+1.69.0" "test" "--frozen" "--no-run" "--message-format=json", kill_on_drop: false }`
[INFO] [stdout] 2aa46812273f560eaddfe570bce11f85c760e027a6e01e42a871ab3ed1bcb645
[INFO] running `Command { std: "docker" "start" "-a" "2aa46812273f560eaddfe570bce11f85c760e027a6e01e42a871ab3ed1bcb645", kill_on_drop: false }`
[INFO] [stderr]    Compiling wrapped_mono_macros v0.3.0 (/opt/rustwide/workdir)
[INFO] [stderr]     Finished test [unoptimized + debuginfo] target(s) in 0.69s
[INFO] running `Command { std: "docker" "inspect" "2aa46812273f560eaddfe570bce11f85c760e027a6e01e42a871ab3ed1bcb645", kill_on_drop: false }`
[INFO] running `Command { std: "docker" "rm" "-f" "2aa46812273f560eaddfe570bce11f85c760e027a6e01e42a871ab3ed1bcb645", kill_on_drop: false }`
[INFO] [stdout] 2aa46812273f560eaddfe570bce11f85c760e027a6e01e42a871ab3ed1bcb645
[INFO] running `Command { std: "docker" "create" "-v" "/var/lib/crater-agent-workspace/builds/worker-1-tc1/target:/opt/rustwide/target:rw,Z" "-v" "/var/lib/crater-agent-workspace/builds/worker-1-tc1/source:/opt/rustwide/workdir:ro,Z" "-v" "/var/lib/crater-agent-workspace/cargo-home:/opt/rustwide/cargo-home:ro,Z" "-v" "/var/lib/crater-agent-workspace/rustup-home:/opt/rustwide/rustup-home:ro,Z" "-e" "SOURCE_DIR=/opt/rustwide/workdir" "-e" "CARGO_TARGET_DIR=/opt/rustwide/target" "-e" "CARGO_INCREMENTAL=0" "-e" "RUST_BACKTRACE=full" "-e" "RUSTFLAGS=--cap-lints=warn" "-e" "RUSTDOCFLAGS=--cap-lints=warn" "-e" "CARGO_HOME=/opt/rustwide/cargo-home" "-e" "RUSTUP_HOME=/opt/rustwide/rustup-home" "-w" "/opt/rustwide/workdir" "-m" "1610612736" "--user" "0:0" "--network" "none" "ghcr.io/rust-lang/crates-build-env/linux@sha256:5ff2268d62e97bff2cde7d5815dd6ed5b47097566f13b8d0ca110b04b60e07ed" "/opt/rustwide/cargo-home/bin/cargo" "+1.69.0" "test" "--frozen", kill_on_drop: false }`
[INFO] [stdout] 1beff7fb993fb5a65c05e39306ad754ca5c668fce9a707d7ef8b6c1ff7a307af
[INFO] running `Command { std: "docker" "start" "-a" "1beff7fb993fb5a65c05e39306ad754ca5c668fce9a707d7ef8b6c1ff7a307af", kill_on_drop: false }`
[INFO] [stderr]     Finished test [unoptimized + debuginfo] target(s) in 0.01s
[INFO] [stderr]      Running unittests src/lib.rs (/opt/rustwide/target/debug/deps/wrapped_mono_macros-1c56fa6eb341e33a)
[INFO] [stdout] 
[INFO] [stdout] running 0 tests
[INFO] [stdout] 
[INFO] [stdout] test result: ok. 0 passed; 0 failed; 0 ignored; 0 measured; 0 filtered out; finished in 0.00s
[INFO] [stdout] 
[INFO] [stderr]    Doc-tests wrapped_mono_macros
[INFO] [stdout] 
[INFO] [stdout] running 3 tests
[INFO] [stdout] test src/lib.rs - invokable (line 102) ... FAILED
[INFO] [stdout] test src/lib.rs - add_internal_call (line 59) ... FAILED
[INFO] [stdout] test src/lib.rs - invokable (line 109) ... FAILED
[INFO] [stdout] 
[INFO] [stdout] failures:
[INFO] [stdout] 
[INFO] [stdout] ---- src/lib.rs - invokable (line 102) stdout ----
[INFO] [stdout] error: cannot find attribute `invokable` in this scope
[INFO] [stdout]  --> src/lib.rs:103:3
[INFO] [stdout]   |
[INFO] [stdout] 3 | #[invokable]
[INFO] [stdout]   |   ^^^^^^^^^
[INFO] [stdout]   |
[INFO] [stdout]   = help: consider importing this attribute macro:
[INFO] [stdout]           wrapped_mono_macros::invokable
[INFO] [stdout] 
[INFO] [stdout] error: aborting due to previous error
[INFO] [stdout] 
[INFO] [stdout] Couldn't compile the test.
[INFO] [stdout] ---- src/lib.rs - add_internal_call (line 59) stdout ----
[INFO] [stdout] error: cannot find macro `add_internal_call` in this scope
[INFO] [stdout]  --> src/lib.rs:65:5
[INFO] [stdout]   |
[INFO] [stdout] 8 |     add_internal_call!("SomeNamespace.SomeClass::DoSomething()")   
[INFO] [stdout]   |     ^^^^^^^^^^^^^^^^^
[INFO] [stdout]   |
[INFO] [stdout]   = help: consider importing this macro:
[INFO] [stdout]           wrapped_mono_macros::add_internal_call
[INFO] [stdout] 
[INFO] [stdout] error: cannot find attribute `invokable` in this scope
[INFO] [stdout]  --> src/lib.rs:60:3
[INFO] [stdout]   |
[INFO] [stdout] 3 | #[invokable]
[INFO] [stdout]   |   ^^^^^^^^^
[INFO] [stdout]   |
[INFO] [stdout]   = help: consider importing this attribute macro:
[INFO] [stdout]           wrapped_mono_macros::invokable
[INFO] [stdout] 
[INFO] [stdout] error: aborting due to 2 previous errors
[INFO] [stdout] 
[INFO] [stdout] Couldn't compile the test.
[INFO] [stdout] ---- src/lib.rs - invokable (line 109) stdout ----
[INFO] [stdout] error: expected identifier, found keyword `extern`
[INFO] [stdout]  --> src/lib.rs:114:10
[INFO] [stdout]   |
[INFO] [stdout] 7 | pub type extern fn print_message_fn_type = extern "C" fn (<String as InteropRecive>::SourceType);
[INFO] [stdout]   |          ^^^^^^ expected identifier, found keyword
[INFO] [stdout] 
[INFO] [stdout] error: expected one of `:`, `;`, `<`, `=`, or `where`, found keyword `fn`
[INFO] [stdout]  --> src/lib.rs:114:17
[INFO] [stdout]   |
[INFO] [stdout] 7 | pub type extern fn print_message_fn_type = extern "C" fn (<String as InteropRecive>::SourceType);
[INFO] [stdout]   |                 ^^ expected one of `:`, `;`, `<`, `=`, or `where`
[INFO] [stdout] 
[INFO] [stdout] error[E0433]: failed to resolve: use of undeclared type `InteropRecive`
[INFO] [stdout]  --> src/lib.rs:110:63
[INFO] [stdout]   |
[INFO] [stdout] 3 | extern "C" fn print_message_invokable(message:*mut <String as InteropRecive>::SourceType){
[INFO] [stdout]   |                                                               ^^^^^^^^^^^^^ use of undeclared type `InteropRecive`
[INFO] [stdout] 
[INFO] [stdout] error[E0599]: no function or associated item named `get_rust_rep` found for struct `String` in the current scope
[INFO] [stdout]  --> src/lib.rs:111:29
[INFO] [stdout]   |
[INFO] [stdout] 4 |     let message = <String>::get_rust_rep(message);
[INFO] [stdout]   |                             ^^^^^^^^^^^^ function or associated item not found in `String`
[INFO] [stdout] 
[INFO] [stdout] error[E0425]: cannot find function `print_message` in this scope
[INFO] [stdout]  --> src/lib.rs:112:15
[INFO] [stdout]   |
[INFO] [stdout] 5 |     let res = print_message(message);
[INFO] [stdout]   |               ^^^^^^^^^^^^^ not found in this scope
[INFO] [stdout] 
[INFO] [stdout] error: aborting due to 5 previous errors
[INFO] [stdout] 
[INFO] [stdout] Some errors have detailed explanations: E0425, E0433, E0599.
[INFO] [stdout] For more information about an error, try `rustc --explain E0425`.
[INFO] [stdout] Couldn't compile the test.
[INFO] [stdout] 
[INFO] [stdout] failures:
[INFO] [stdout]     src/lib.rs - add_internal_call (line 59)
[INFO] [stdout]     src/lib.rs - invokable (line 102)
[INFO] [stdout]     src/lib.rs - invokable (line 109)
[INFO] [stdout] 
[INFO] [stdout] test result: FAILED. 0 passed; 3 failed; 0 ignored; 0 measured; 0 filtered out; finished in 0.05s
[INFO] [stdout] 
[INFO] [stderr] error: doctest failed, to rerun pass `--doc`
[INFO] running `Command { std: "docker" "inspect" "1beff7fb993fb5a65c05e39306ad754ca5c668fce9a707d7ef8b6c1ff7a307af", kill_on_drop: false }`
[INFO] running `Command { std: "docker" "rm" "-f" "1beff7fb993fb5a65c05e39306ad754ca5c668fce9a707d7ef8b6c1ff7a307af", kill_on_drop: false }`
[INFO] [stdout] 1beff7fb993fb5a65c05e39306ad754ca5c668fce9a707d7ef8b6c1ff7a307af
