[INFO] fetching crate wolt 0.1.0...
[INFO] testing wolt-0.1.0 against beta-2023-04-20 for beta-1.70-1
[INFO] extracting crate wolt 0.1.0 into /workspace/builds/worker-3-tc2/source
[INFO] validating manifest of crates.io crate wolt 0.1.0 on toolchain beta-2023-04-20
[INFO] running `Command { std: CARGO_HOME="/workspace/cargo-home" RUSTUP_HOME="/workspace/rustup-home" "/workspace/cargo-home/bin/cargo" "+beta-2023-04-20" "metadata" "--manifest-path" "Cargo.toml" "--no-deps", kill_on_drop: false }`
[INFO] started tweaking crates.io crate wolt 0.1.0
[INFO] finished tweaking crates.io crate wolt 0.1.0
[INFO] tweaked toml for crates.io crate wolt 0.1.0 written to /workspace/builds/worker-3-tc2/source/Cargo.toml
[INFO] running `Command { std: CARGO_HOME="/workspace/cargo-home" RUSTUP_HOME="/workspace/rustup-home" __CARGO_TEST_CHANNEL_OVERRIDE_DO_NOT_USE_THIS="nightly" "/workspace/cargo-home/bin/cargo" "+beta-2023-04-20" "generate-lockfile" "--manifest-path" "Cargo.toml" "-Zno-index-update", kill_on_drop: false }`
[INFO] running `Command { std: CARGO_HOME="/workspace/cargo-home" RUSTUP_HOME="/workspace/rustup-home" "/workspace/cargo-home/bin/cargo" "+beta-2023-04-20" "fetch" "--manifest-path" "Cargo.toml", kill_on_drop: false }`
[INFO] running `Command { std: "docker" "create" "-v" "/var/lib/crater-agent-workspace/builds/worker-3-tc2/target:/opt/rustwide/target:rw,Z" "-v" "/var/lib/crater-agent-workspace/builds/worker-3-tc2/source:/opt/rustwide/workdir:ro,Z" "-v" "/var/lib/crater-agent-workspace/cargo-home:/opt/rustwide/cargo-home:ro,Z" "-v" "/var/lib/crater-agent-workspace/rustup-home:/opt/rustwide/rustup-home:ro,Z" "-e" "SOURCE_DIR=/opt/rustwide/workdir" "-e" "CARGO_TARGET_DIR=/opt/rustwide/target" "-e" "CARGO_HOME=/opt/rustwide/cargo-home" "-e" "RUSTUP_HOME=/opt/rustwide/rustup-home" "-w" "/opt/rustwide/workdir" "-m" "1610612736" "--user" "0:0" "--network" "none" "ghcr.io/rust-lang/crates-build-env/linux@sha256:5ff2268d62e97bff2cde7d5815dd6ed5b47097566f13b8d0ca110b04b60e07ed" "/opt/rustwide/cargo-home/bin/cargo" "+beta-2023-04-20" "metadata" "--no-deps" "--format-version=1", kill_on_drop: false }`
[INFO] [stdout] a69be6842bd3d2041f4d1ccd540098e833a7667a63fc23e0acd5a076e8efe7f3
[INFO] running `Command { std: "docker" "start" "-a" "a69be6842bd3d2041f4d1ccd540098e833a7667a63fc23e0acd5a076e8efe7f3", kill_on_drop: false }`
[INFO] running `Command { std: "docker" "inspect" "a69be6842bd3d2041f4d1ccd540098e833a7667a63fc23e0acd5a076e8efe7f3", kill_on_drop: false }`
[INFO] running `Command { std: "docker" "rm" "-f" "a69be6842bd3d2041f4d1ccd540098e833a7667a63fc23e0acd5a076e8efe7f3", kill_on_drop: false }`
[INFO] [stdout] a69be6842bd3d2041f4d1ccd540098e833a7667a63fc23e0acd5a076e8efe7f3
[INFO] running `Command { std: "docker" "create" "-v" "/var/lib/crater-agent-workspace/builds/worker-3-tc2/target:/opt/rustwide/target:rw,Z" "-v" "/var/lib/crater-agent-workspace/builds/worker-3-tc2/source:/opt/rustwide/workdir:ro,Z" "-v" "/var/lib/crater-agent-workspace/cargo-home:/opt/rustwide/cargo-home:ro,Z" "-v" "/var/lib/crater-agent-workspace/rustup-home:/opt/rustwide/rustup-home:ro,Z" "-e" "SOURCE_DIR=/opt/rustwide/workdir" "-e" "CARGO_TARGET_DIR=/opt/rustwide/target" "-e" "CARGO_INCREMENTAL=0" "-e" "RUST_BACKTRACE=full" "-e" "RUSTFLAGS=--cap-lints=warn" "-e" "RUSTDOCFLAGS=--cap-lints=warn" "-e" "CARGO_HOME=/opt/rustwide/cargo-home" "-e" "RUSTUP_HOME=/opt/rustwide/rustup-home" "-w" "/opt/rustwide/workdir" "-m" "1610612736" "--user" "0:0" "--network" "none" "ghcr.io/rust-lang/crates-build-env/linux@sha256:5ff2268d62e97bff2cde7d5815dd6ed5b47097566f13b8d0ca110b04b60e07ed" "/opt/rustwide/cargo-home/bin/cargo" "+beta-2023-04-20" "build" "--frozen" "--message-format=json", kill_on_drop: false }`
[INFO] [stdout] c959f421897b2bad5c4d06a076cd8dda71690828e2bd2cf7c5f710c1946ae3e2
[INFO] running `Command { std: "docker" "start" "-a" "c959f421897b2bad5c4d06a076cd8dda71690828e2bd2cf7c5f710c1946ae3e2", kill_on_drop: false }`
[INFO] [stderr]    Compiling libc v0.2.142
[INFO] [stderr]    Compiling once_cell v1.17.1
[INFO] [stderr]    Compiling log v0.4.17
[INFO] [stderr]    Compiling pkg-config v0.3.26
[INFO] [stderr]    Compiling cc v1.0.79
[INFO] [stderr]    Compiling syn v2.0.15
[INFO] [stderr]    Compiling tokio v1.28.0
[INFO] [stderr]    Compiling futures-task v0.3.28
[INFO] [stderr]    Compiling tracing-core v0.1.30
[INFO] [stderr]    Compiling openssl v0.10.52
[INFO] [stderr]    Compiling foreign-types-shared v0.1.1
[INFO] [stderr]    Compiling serde_derive v1.0.160
[INFO] [stderr]    Compiling futures-util v0.3.28
[INFO] [stderr]    Compiling foreign-types v0.3.2
[INFO] [stderr]    Compiling serde v1.0.160
[INFO] [stderr]    Compiling tracing v0.1.37
[INFO] [stderr]    Compiling futures-channel v0.3.28
[INFO] [stderr]    Compiling native-tls v0.2.11
[INFO] [stderr]    Compiling openssl-probe v0.1.5
[INFO] [stderr]    Compiling want v0.3.0
[INFO] [stderr]    Compiling serde_json v1.0.96
[INFO] [stderr]    Compiling openssl-sys v0.9.87
[INFO] [stderr]    Compiling mio v0.8.6
[INFO] [stderr]    Compiling socket2 v0.4.9
[INFO] [stderr]    Compiling anyhow v1.0.71
[INFO] [stderr]    Compiling encoding_rs v0.8.32
[INFO] [stderr]    Compiling ipnet v2.7.2
[INFO] [stderr]    Compiling base64 v0.21.0
[INFO] [stderr]    Compiling tokio-macros v2.1.0
[INFO] [stderr]    Compiling openssl-macros v0.1.1
[INFO] [stderr]    Compiling tokio-util v0.7.8
[INFO] [stderr]    Compiling tokio-native-tls v0.3.1
[INFO] [stderr]    Compiling h2 v0.3.18
[INFO] [stderr]    Compiling serde_urlencoded v0.7.1
[INFO] [stderr]    Compiling hyper v0.14.26
[INFO] [stderr]    Compiling hyper-tls v0.5.0
[INFO] [stderr]    Compiling reqwest v0.11.17
[INFO] [stderr]    Compiling wolt v0.1.0 (/opt/rustwide/workdir)
[INFO] [stdout] warning: field `tax` is never read
[INFO] [stdout]   --> src/model/venue.rs:77:5
[INFO] [stdout]    |
[INFO] [stdout] 76 | pub struct DeliverySpecsPrice {
[INFO] [stdout]    |            ------------------ field in this struct
[INFO] [stdout] 77 |     tax: f64,
[INFO] [stdout]    |     ^^^
[INFO] [stdout]    |
[INFO] [stdout]    = note: `DeliverySpecsPrice` has a derived impl for the trait `Debug`, but this is intentionally ignored during dead code analysis
[INFO] [stdout]    = note: `#[warn(dead_code)]` on by default
[INFO] [stdout] 
[INFO] [stdout] 
[INFO] [stdout] warning: fields `bike` and `car` are never read
[INFO] [stdout]   --> src/model/venue.rs:82:5
[INFO] [stdout]    |
[INFO] [stdout] 81 | pub struct ServiceTime {
[INFO] [stdout]    |            ----------- fields in this struct
[INFO] [stdout] 82 |     bike: i32,
[INFO] [stdout]    |     ^^^^
[INFO] [stdout] 83 |     car: i32,
[INFO] [stdout]    |     ^^^
[INFO] [stdout]    |
[INFO] [stdout]    = note: `ServiceTime` has a derived impl for the trait `Debug`, but this is intentionally ignored during dead code analysis
[INFO] [stdout] 
[INFO] [stdout] 
[INFO] [stdout] warning: 2 warnings emitted
[INFO] [stdout] 
[INFO] [stdout] 
[INFO] [stderr]     Finished dev [unoptimized + debuginfo] target(s) in 22.43s
[INFO] running `Command { std: "docker" "inspect" "c959f421897b2bad5c4d06a076cd8dda71690828e2bd2cf7c5f710c1946ae3e2", kill_on_drop: false }`
[INFO] running `Command { std: "docker" "rm" "-f" "c959f421897b2bad5c4d06a076cd8dda71690828e2bd2cf7c5f710c1946ae3e2", kill_on_drop: false }`
[INFO] [stdout] c959f421897b2bad5c4d06a076cd8dda71690828e2bd2cf7c5f710c1946ae3e2
[INFO] running `Command { std: "docker" "create" "-v" "/var/lib/crater-agent-workspace/builds/worker-3-tc2/target:/opt/rustwide/target:rw,Z" "-v" "/var/lib/crater-agent-workspace/builds/worker-3-tc2/source:/opt/rustwide/workdir:ro,Z" "-v" "/var/lib/crater-agent-workspace/cargo-home:/opt/rustwide/cargo-home:ro,Z" "-v" "/var/lib/crater-agent-workspace/rustup-home:/opt/rustwide/rustup-home:ro,Z" "-e" "SOURCE_DIR=/opt/rustwide/workdir" "-e" "CARGO_TARGET_DIR=/opt/rustwide/target" "-e" "CARGO_INCREMENTAL=0" "-e" "RUST_BACKTRACE=full" "-e" "RUSTFLAGS=--cap-lints=warn" "-e" "RUSTDOCFLAGS=--cap-lints=warn" "-e" "CARGO_HOME=/opt/rustwide/cargo-home" "-e" "RUSTUP_HOME=/opt/rustwide/rustup-home" "-w" "/opt/rustwide/workdir" "-m" "1610612736" "--user" "0:0" "--network" "none" "ghcr.io/rust-lang/crates-build-env/linux@sha256:5ff2268d62e97bff2cde7d5815dd6ed5b47097566f13b8d0ca110b04b60e07ed" "/opt/rustwide/cargo-home/bin/cargo" "+beta-2023-04-20" "test" "--frozen" "--no-run" "--message-format=json", kill_on_drop: false }`
[INFO] [stdout] 85368c7a1785c7fe9442138eb705c6ed541a13b771138f1d4b5a50613b618a3b
[INFO] running `Command { std: "docker" "start" "-a" "85368c7a1785c7fe9442138eb705c6ed541a13b771138f1d4b5a50613b618a3b", kill_on_drop: false }`
[INFO] [stdout] warning: field `tax` is never read
[INFO] [stdout]   --> src/model/venue.rs:77:5
[INFO] [stdout]    |
[INFO] [stdout] 76 | pub struct DeliverySpecsPrice {
[INFO] [stdout]    |            ------------------ field in this struct
[INFO] [stdout] 77 |     tax: f64,
[INFO] [stdout]    |     ^^^
[INFO] [stdout]    |
[INFO] [stdout]    = note: `DeliverySpecsPrice` has a derived impl for the trait `Debug`, but this is intentionally ignored during dead code analysis
[INFO] [stdout]    = note: `#[warn(dead_code)]` on by default
[INFO] [stdout] 
[INFO] [stdout] 
[INFO] [stderr]    Compiling wolt v0.1.0 (/opt/rustwide/workdir)
[INFO] [stdout] warning: fields `bike` and `car` are never read
[INFO] [stdout]   --> src/model/venue.rs:82:5
[INFO] [stdout]    |
[INFO] [stdout] 81 | pub struct ServiceTime {
[INFO] [stdout]    |            ----------- fields in this struct
[INFO] [stdout] 82 |     bike: i32,
[INFO] [stdout]    |     ^^^^
[INFO] [stdout] 83 |     car: i32,
[INFO] [stdout]    |     ^^^
[INFO] [stdout]    |
[INFO] [stdout]    = note: `ServiceTime` has a derived impl for the trait `Debug`, but this is intentionally ignored during dead code analysis
[INFO] [stdout] 
[INFO] [stdout] 
[INFO] [stdout] warning: 2 warnings emitted
[INFO] [stdout] 
[INFO] [stdout] 
[INFO] [stdout] warning: field `tax` is never read
[INFO] [stdout]   --> src/model/venue.rs:77:5
[INFO] [stdout]    |
[INFO] [stdout] 76 | pub struct DeliverySpecsPrice {
[INFO] [stdout]    |            ------------------ field in this struct
[INFO] [stdout] 77 |     tax: f64,
[INFO] [stdout]    |     ^^^
[INFO] [stdout]    |
[INFO] [stdout]    = note: `DeliverySpecsPrice` has a derived impl for the trait `Debug`, but this is intentionally ignored during dead code analysis
[INFO] [stdout]    = note: `#[warn(dead_code)]` on by default
[INFO] [stdout] 
[INFO] [stdout] 
[INFO] [stdout] warning: fields `bike` and `car` are never read
[INFO] [stdout]   --> src/model/venue.rs:82:5
[INFO] [stdout]    |
[INFO] [stdout] 81 | pub struct ServiceTime {
[INFO] [stdout]    |            ----------- fields in this struct
[INFO] [stdout] 82 |     bike: i32,
[INFO] [stdout]    |     ^^^^
[INFO] [stdout] 83 |     car: i32,
[INFO] [stdout]    |     ^^^
[INFO] [stdout]    |
[INFO] [stdout]    = note: `ServiceTime` has a derived impl for the trait `Debug`, but this is intentionally ignored during dead code analysis
[INFO] [stdout] 
[INFO] [stdout] 
[INFO] [stdout] warning: 2 warnings emitted
[INFO] [stdout] 
[INFO] [stdout] 
[INFO] [stderr]     Finished test [unoptimized + debuginfo] target(s) in 5.47s
[INFO] running `Command { std: "docker" "inspect" "85368c7a1785c7fe9442138eb705c6ed541a13b771138f1d4b5a50613b618a3b", kill_on_drop: false }`
[INFO] running `Command { std: "docker" "rm" "-f" "85368c7a1785c7fe9442138eb705c6ed541a13b771138f1d4b5a50613b618a3b", kill_on_drop: false }`
[INFO] [stdout] 85368c7a1785c7fe9442138eb705c6ed541a13b771138f1d4b5a50613b618a3b
[INFO] running `Command { std: "docker" "create" "-v" "/var/lib/crater-agent-workspace/builds/worker-3-tc2/target:/opt/rustwide/target:rw,Z" "-v" "/var/lib/crater-agent-workspace/builds/worker-3-tc2/source:/opt/rustwide/workdir:ro,Z" "-v" "/var/lib/crater-agent-workspace/cargo-home:/opt/rustwide/cargo-home:ro,Z" "-v" "/var/lib/crater-agent-workspace/rustup-home:/opt/rustwide/rustup-home:ro,Z" "-e" "SOURCE_DIR=/opt/rustwide/workdir" "-e" "CARGO_TARGET_DIR=/opt/rustwide/target" "-e" "CARGO_INCREMENTAL=0" "-e" "RUST_BACKTRACE=full" "-e" "RUSTFLAGS=--cap-lints=warn" "-e" "RUSTDOCFLAGS=--cap-lints=warn" "-e" "CARGO_HOME=/opt/rustwide/cargo-home" "-e" "RUSTUP_HOME=/opt/rustwide/rustup-home" "-w" "/opt/rustwide/workdir" "-m" "1610612736" "--user" "0:0" "--network" "none" "ghcr.io/rust-lang/crates-build-env/linux@sha256:5ff2268d62e97bff2cde7d5815dd6ed5b47097566f13b8d0ca110b04b60e07ed" "/opt/rustwide/cargo-home/bin/cargo" "+beta-2023-04-20" "test" "--frozen", kill_on_drop: false }`
[INFO] [stdout] 4acefeb7088e6be334644dabfa15a5bb8bbf0a5522d0924b29dce9f6a7281ec6
[INFO] running `Command { std: "docker" "start" "-a" "4acefeb7088e6be334644dabfa15a5bb8bbf0a5522d0924b29dce9f6a7281ec6", kill_on_drop: false }`
[INFO] [stderr] warning: field `tax` is never read
[INFO] [stderr]   --> src/model/venue.rs:77:5
[INFO] [stderr]    |
[INFO] [stderr] 76 | pub struct DeliverySpecsPrice {
[INFO] [stderr]    |            ------------------ field in this struct
[INFO] [stderr] 77 |     tax: f64,
[INFO] [stderr]    |     ^^^
[INFO] [stderr]    |
[INFO] [stderr]    = note: `DeliverySpecsPrice` has a derived impl for the trait `Debug`, but this is intentionally ignored during dead code analysis
[INFO] [stderr]    = note: `#[warn(dead_code)]` on by default
[INFO] [stderr] 
[INFO] [stderr] warning: fields `bike` and `car` are never read
[INFO] [stderr]   --> src/model/venue.rs:82:5
[INFO] [stderr]    |
[INFO] [stderr] 81 | pub struct ServiceTime {
[INFO] [stderr]    |            ----------- fields in this struct
[INFO] [stderr] 82 |     bike: i32,
[INFO] [stderr]    |     ^^^^
[INFO] [stderr] 83 |     car: i32,
[INFO] [stderr]    |     ^^^
[INFO] [stderr]    |
[INFO] [stderr]    = note: `ServiceTime` has a derived impl for the trait `Debug`, but this is intentionally ignored during dead code analysis
[INFO] [stderr] 
[INFO] [stderr] warning: `wolt` (lib) generated 2 warnings
[INFO] [stderr] warning: `wolt` (lib test) generated 2 warnings (2 duplicates)
[INFO] [stderr]     Finished test [unoptimized + debuginfo] target(s) in 0.06s
[INFO] [stderr]      Running unittests src/lib.rs (/opt/rustwide/target/debug/deps/wolt-4f01852262d0f55b)
[INFO] [stdout] 
[INFO] [stdout] running 0 tests
[INFO] [stdout] 
[INFO] [stdout] test result: ok. 0 passed; 0 failed; 0 ignored; 0 measured; 0 filtered out; finished in 0.00s
[INFO] [stdout] 
[INFO] [stderr]      Running tests/delivery_page.rs (/opt/rustwide/target/debug/deps/delivery_page-0141079644096728)
[INFO] [stdout] 
[INFO] [stdout] running 2 tests
[INFO] [stdout] test tallinn ... FAILED
[INFO] [stdout] test tartu ... FAILED
[INFO] [stdout] 
[INFO] [stdout] failures:
[INFO] [stdout] 
[INFO] [stdout] ---- tallinn stdout ----
[INFO] [stdout] Error: error sending request for url (https://restaurant-api.wolt.com/v1/pages/delivery?lat=59.43&lon=24.75): error trying to connect: dns error: failed to lookup address information: Temporary failure in name resolution
[INFO] [stdout] 
[INFO] [stdout] Caused by:
[INFO] [stdout]     0: error trying to connect: dns error: failed to lookup address information: Temporary failure in name resolution
[INFO] [stdout]     1: dns error: failed to lookup address information: Temporary failure in name resolution
[INFO] [stdout]     2: failed to lookup address information: Temporary failure in name resolution
[INFO] [stdout] 
[INFO] [stdout] ---- tartu stdout ----
[INFO] [stdout] Error: error sending request for url (https://restaurant-api.wolt.com/v1/pages/delivery?lat=58.378&lon=26.729): error trying to connect: dns error: failed to lookup address information: Temporary failure in name resolution
[INFO] [stdout] 
[INFO] [stdout] Caused by:
[INFO] [stdout]     0: error trying to connect: dns error: failed to lookup address information: Temporary failure in name resolution
[INFO] [stdout]     1: dns error: failed to lookup address information: Temporary failure in name resolution
[INFO] [stdout]     2: failed to lookup address information: Temporary failure in name resolution
[INFO] [stdout] 
[INFO] [stdout] 
[INFO] [stdout] failures:
[INFO] [stdout]     tallinn
[INFO] [stdout]     tartu
[INFO] [stdout] 
[INFO] [stdout] test result: FAILED. 0 passed; 2 failed; 0 ignored; 0 measured; 0 filtered out; finished in 0.13s
[INFO] [stdout] 
[INFO] [stderr] error: test failed, to rerun pass `--test delivery_page`
[INFO] running `Command { std: "docker" "inspect" "4acefeb7088e6be334644dabfa15a5bb8bbf0a5522d0924b29dce9f6a7281ec6", kill_on_drop: false }`
[INFO] running `Command { std: "docker" "rm" "-f" "4acefeb7088e6be334644dabfa15a5bb8bbf0a5522d0924b29dce9f6a7281ec6", kill_on_drop: false }`
[INFO] [stdout] 4acefeb7088e6be334644dabfa15a5bb8bbf0a5522d0924b29dce9f6a7281ec6
