[INFO] fetching crate wm8731-another-hal 0.1.0...
[INFO] testing wm8731-another-hal-0.1.0 against beta-2023-04-20 for beta-1.70-1
[INFO] extracting crate wm8731-another-hal 0.1.0 into /workspace/builds/worker-4-tc2/source
[INFO] validating manifest of crates.io crate wm8731-another-hal 0.1.0 on toolchain beta-2023-04-20
[INFO] running `Command { std: CARGO_HOME="/workspace/cargo-home" RUSTUP_HOME="/workspace/rustup-home" "/workspace/cargo-home/bin/cargo" "+beta-2023-04-20" "metadata" "--manifest-path" "Cargo.toml" "--no-deps", kill_on_drop: false }`
[INFO] started tweaking crates.io crate wm8731-another-hal 0.1.0
[INFO] finished tweaking crates.io crate wm8731-another-hal 0.1.0
[INFO] tweaked toml for crates.io crate wm8731-another-hal 0.1.0 written to /workspace/builds/worker-4-tc2/source/Cargo.toml
[INFO] running `Command { std: CARGO_HOME="/workspace/cargo-home" RUSTUP_HOME="/workspace/rustup-home" __CARGO_TEST_CHANNEL_OVERRIDE_DO_NOT_USE_THIS="nightly" "/workspace/cargo-home/bin/cargo" "+beta-2023-04-20" "generate-lockfile" "--manifest-path" "Cargo.toml" "-Zno-index-update", kill_on_drop: false }`
[INFO] running `Command { std: CARGO_HOME="/workspace/cargo-home" RUSTUP_HOME="/workspace/rustup-home" "/workspace/cargo-home/bin/cargo" "+beta-2023-04-20" "fetch" "--manifest-path" "Cargo.toml", kill_on_drop: false }`
[INFO] running `Command { std: "docker" "create" "-v" "/var/lib/crater-agent-workspace/builds/worker-4-tc2/target:/opt/rustwide/target:rw,Z" "-v" "/var/lib/crater-agent-workspace/builds/worker-4-tc2/source:/opt/rustwide/workdir:ro,Z" "-v" "/var/lib/crater-agent-workspace/cargo-home:/opt/rustwide/cargo-home:ro,Z" "-v" "/var/lib/crater-agent-workspace/rustup-home:/opt/rustwide/rustup-home:ro,Z" "-e" "SOURCE_DIR=/opt/rustwide/workdir" "-e" "CARGO_TARGET_DIR=/opt/rustwide/target" "-e" "CARGO_HOME=/opt/rustwide/cargo-home" "-e" "RUSTUP_HOME=/opt/rustwide/rustup-home" "-w" "/opt/rustwide/workdir" "-m" "1610612736" "--user" "0:0" "--network" "none" "ghcr.io/rust-lang/crates-build-env/linux@sha256:5ff2268d62e97bff2cde7d5815dd6ed5b47097566f13b8d0ca110b04b60e07ed" "/opt/rustwide/cargo-home/bin/cargo" "+beta-2023-04-20" "metadata" "--no-deps" "--format-version=1", kill_on_drop: false }`
[INFO] [stdout] 6d767b9281f7d2cf3e3e4fb9369490cd778aa7b68a3468330cc04495f2712c8c
[INFO] running `Command { std: "docker" "start" "-a" "6d767b9281f7d2cf3e3e4fb9369490cd778aa7b68a3468330cc04495f2712c8c", kill_on_drop: false }`
[INFO] running `Command { std: "docker" "inspect" "6d767b9281f7d2cf3e3e4fb9369490cd778aa7b68a3468330cc04495f2712c8c", kill_on_drop: false }`
[INFO] running `Command { std: "docker" "rm" "-f" "6d767b9281f7d2cf3e3e4fb9369490cd778aa7b68a3468330cc04495f2712c8c", kill_on_drop: false }`
[INFO] [stdout] 6d767b9281f7d2cf3e3e4fb9369490cd778aa7b68a3468330cc04495f2712c8c
[INFO] running `Command { std: "docker" "create" "-v" "/var/lib/crater-agent-workspace/builds/worker-4-tc2/target:/opt/rustwide/target:rw,Z" "-v" "/var/lib/crater-agent-workspace/builds/worker-4-tc2/source:/opt/rustwide/workdir:ro,Z" "-v" "/var/lib/crater-agent-workspace/cargo-home:/opt/rustwide/cargo-home:ro,Z" "-v" "/var/lib/crater-agent-workspace/rustup-home:/opt/rustwide/rustup-home:ro,Z" "-e" "SOURCE_DIR=/opt/rustwide/workdir" "-e" "CARGO_TARGET_DIR=/opt/rustwide/target" "-e" "CARGO_INCREMENTAL=0" "-e" "RUST_BACKTRACE=full" "-e" "RUSTFLAGS=--cap-lints=warn" "-e" "RUSTDOCFLAGS=--cap-lints=warn" "-e" "CARGO_HOME=/opt/rustwide/cargo-home" "-e" "RUSTUP_HOME=/opt/rustwide/rustup-home" "-w" "/opt/rustwide/workdir" "-m" "1610612736" "--user" "0:0" "--network" "none" "ghcr.io/rust-lang/crates-build-env/linux@sha256:5ff2268d62e97bff2cde7d5815dd6ed5b47097566f13b8d0ca110b04b60e07ed" "/opt/rustwide/cargo-home/bin/cargo" "+beta-2023-04-20" "build" "--frozen" "--message-format=json", kill_on_drop: false }`
[INFO] [stdout] 88ed44a84f42644b5df9fd3ea673637a26257e4dbd090f32e2dfc3ebbbd5975f
[INFO] running `Command { std: "docker" "start" "-a" "88ed44a84f42644b5df9fd3ea673637a26257e4dbd090f32e2dfc3ebbbd5975f", kill_on_drop: false }`
[INFO] [stderr]    Compiling nb v1.1.0
[INFO] [stderr]    Compiling void v1.0.2
[INFO] [stderr]    Compiling nb v0.1.3
[INFO] [stderr]    Compiling embedded-hal v0.2.7
[INFO] [stderr]    Compiling wm8731-another-hal v0.1.0 (/opt/rustwide/workdir)
[INFO] [stderr]     Finished dev [unoptimized + debuginfo] target(s) in 0.43s
[INFO] running `Command { std: "docker" "inspect" "88ed44a84f42644b5df9fd3ea673637a26257e4dbd090f32e2dfc3ebbbd5975f", kill_on_drop: false }`
[INFO] running `Command { std: "docker" "rm" "-f" "88ed44a84f42644b5df9fd3ea673637a26257e4dbd090f32e2dfc3ebbbd5975f", kill_on_drop: false }`
[INFO] [stdout] 88ed44a84f42644b5df9fd3ea673637a26257e4dbd090f32e2dfc3ebbbd5975f
[INFO] running `Command { std: "docker" "create" "-v" "/var/lib/crater-agent-workspace/builds/worker-4-tc2/target:/opt/rustwide/target:rw,Z" "-v" "/var/lib/crater-agent-workspace/builds/worker-4-tc2/source:/opt/rustwide/workdir:ro,Z" "-v" "/var/lib/crater-agent-workspace/cargo-home:/opt/rustwide/cargo-home:ro,Z" "-v" "/var/lib/crater-agent-workspace/rustup-home:/opt/rustwide/rustup-home:ro,Z" "-e" "SOURCE_DIR=/opt/rustwide/workdir" "-e" "CARGO_TARGET_DIR=/opt/rustwide/target" "-e" "CARGO_INCREMENTAL=0" "-e" "RUST_BACKTRACE=full" "-e" "RUSTFLAGS=--cap-lints=warn" "-e" "RUSTDOCFLAGS=--cap-lints=warn" "-e" "CARGO_HOME=/opt/rustwide/cargo-home" "-e" "RUSTUP_HOME=/opt/rustwide/rustup-home" "-w" "/opt/rustwide/workdir" "-m" "1610612736" "--user" "0:0" "--network" "none" "ghcr.io/rust-lang/crates-build-env/linux@sha256:5ff2268d62e97bff2cde7d5815dd6ed5b47097566f13b8d0ca110b04b60e07ed" "/opt/rustwide/cargo-home/bin/cargo" "+beta-2023-04-20" "test" "--frozen" "--no-run" "--message-format=json", kill_on_drop: false }`
[INFO] [stdout] 02e70b7c24b5f153b181384fdc18221c6009a7f6dc4c2e8397e5d4b32cdfd885
[INFO] running `Command { std: "docker" "start" "-a" "02e70b7c24b5f153b181384fdc18221c6009a7f6dc4c2e8397e5d4b32cdfd885", kill_on_drop: false }`
[INFO] [stderr]    Compiling wm8731-another-hal v0.1.0 (/opt/rustwide/workdir)
[INFO] [stderr]     Finished test [unoptimized + debuginfo] target(s) in 0.37s
[INFO] running `Command { std: "docker" "inspect" "02e70b7c24b5f153b181384fdc18221c6009a7f6dc4c2e8397e5d4b32cdfd885", kill_on_drop: false }`
[INFO] running `Command { std: "docker" "rm" "-f" "02e70b7c24b5f153b181384fdc18221c6009a7f6dc4c2e8397e5d4b32cdfd885", kill_on_drop: false }`
[INFO] [stdout] 02e70b7c24b5f153b181384fdc18221c6009a7f6dc4c2e8397e5d4b32cdfd885
[INFO] running `Command { std: "docker" "create" "-v" "/var/lib/crater-agent-workspace/builds/worker-4-tc2/target:/opt/rustwide/target:rw,Z" "-v" "/var/lib/crater-agent-workspace/builds/worker-4-tc2/source:/opt/rustwide/workdir:ro,Z" "-v" "/var/lib/crater-agent-workspace/cargo-home:/opt/rustwide/cargo-home:ro,Z" "-v" "/var/lib/crater-agent-workspace/rustup-home:/opt/rustwide/rustup-home:ro,Z" "-e" "SOURCE_DIR=/opt/rustwide/workdir" "-e" "CARGO_TARGET_DIR=/opt/rustwide/target" "-e" "CARGO_INCREMENTAL=0" "-e" "RUST_BACKTRACE=full" "-e" "RUSTFLAGS=--cap-lints=warn" "-e" "RUSTDOCFLAGS=--cap-lints=warn" "-e" "CARGO_HOME=/opt/rustwide/cargo-home" "-e" "RUSTUP_HOME=/opt/rustwide/rustup-home" "-w" "/opt/rustwide/workdir" "-m" "1610612736" "--user" "0:0" "--network" "none" "ghcr.io/rust-lang/crates-build-env/linux@sha256:5ff2268d62e97bff2cde7d5815dd6ed5b47097566f13b8d0ca110b04b60e07ed" "/opt/rustwide/cargo-home/bin/cargo" "+beta-2023-04-20" "test" "--frozen", kill_on_drop: false }`
[INFO] [stdout] a6e9e9c9d888500c51b85e1df2655fffe2abe175747e98ba62509d2cb6f22f1c
[INFO] running `Command { std: "docker" "start" "-a" "a6e9e9c9d888500c51b85e1df2655fffe2abe175747e98ba62509d2cb6f22f1c", kill_on_drop: false }`
[INFO] [stderr]     Finished test [unoptimized + debuginfo] target(s) in 0.00s
[INFO] [stderr]      Running unittests src/lib.rs (/opt/rustwide/target/debug/deps/wm8731_another_hal-6b5ac3f3da773361)
[INFO] [stdout] 
[INFO] [stdout] running 6 tests
[INFO] [stdout] test registers::analogue_audio_path::side_att_db::tests::increase_decrease_saturation_test ... ok
[INFO] [stdout] test registers::analogue_audio_path::side_att_db::tests::scale_test ... ok
[INFO] [stdout] test registers::headphone_out::hp_vol_db::tests::scale_test ... ok
[INFO] [stdout] test registers::headphone_out::hp_vol_db::tests::increase_decrease_saturation_test ... ok
[INFO] [stdout] test registers::line_in::in_vol_db::tests::increase_decrease_saturation_test ... ok
[INFO] [stdout] test registers::line_in::in_vol_db::tests::scale_test ... ok
[INFO] [stdout] 
[INFO] [stdout] test result: ok. 6 passed; 0 failed; 0 ignored; 0 measured; 0 filtered out; finished in 0.00s
[INFO] [stdout] 
[INFO] [stderr]    Doc-tests wm8731-another-hal
[INFO] [stdout] 
[INFO] [stdout] running 2 tests
[INFO] [stdout] test src/lib.rs - Wm8731 (line 77) ... FAILED
[INFO] [stdout] test src/lib.rs - Wm8731 (line 66) ... FAILED
[INFO] [stdout] 
[INFO] [stdout] failures:
[INFO] [stdout] 
[INFO] [stdout] ---- src/lib.rs - Wm8731 (line 77) stdout ----
[INFO] [stdout] error[E0425]: cannot find value `spi1` in this scope
[INFO] [stdout]  --> src/lib.rs:80:46
[INFO] [stdout]   |
[INFO] [stdout] 6 | let wm8731 = Wm8731::new(SPIInterfaceU8::new(spi1, cs_pin));
[INFO] [stdout]   |                                              ^^^^ not found in this scope
[INFO] [stdout] 
[INFO] [stdout] error[E0425]: cannot find value `cs_pin` in this scope
[INFO] [stdout]  --> src/lib.rs:80:52
[INFO] [stdout]   |
[INFO] [stdout] 6 | let wm8731 = Wm8731::new(SPIInterfaceU8::new(spi1, cs_pin));
[INFO] [stdout]   |                                                    ^^^^^^ not found in this scope
[INFO] [stdout] 
[INFO] [stdout] error: aborting due to 2 previous errors
[INFO] [stdout] 
[INFO] [stdout] For more information about this error, try `rustc --explain E0425`.
[INFO] [stdout] Couldn't compile the test.
[INFO] [stdout] ---- src/lib.rs - Wm8731 (line 66) stdout ----
[INFO] [stdout] error[E0425]: cannot find value `i2c1` in this scope
[INFO] [stdout]  --> src/lib.rs:70:44
[INFO] [stdout]   |
[INFO] [stdout] 7 | let wm8731 = Wm8731::new(I2CInterface::new(i2c1, address));
[INFO] [stdout]   |                                            ^^^^ not found in this scope
[INFO] [stdout] 
[INFO] [stdout] error: aborting due to previous error
[INFO] [stdout] 
[INFO] [stdout] For more information about this error, try `rustc --explain E0425`.
[INFO] [stdout] Couldn't compile the test.
[INFO] [stdout] 
[INFO] [stdout] failures:
[INFO] [stdout]     src/lib.rs - Wm8731 (line 66)
[INFO] [stdout]     src/lib.rs - Wm8731 (line 77)
[INFO] [stdout] 
[INFO] [stdout] test result: FAILED. 0 passed; 2 failed; 0 ignored; 0 measured; 0 filtered out; finished in 0.03s
[INFO] [stdout] 
[INFO] [stderr] error: doctest failed, to rerun pass `--doc`
[INFO] running `Command { std: "docker" "inspect" "a6e9e9c9d888500c51b85e1df2655fffe2abe175747e98ba62509d2cb6f22f1c", kill_on_drop: false }`
[INFO] running `Command { std: "docker" "rm" "-f" "a6e9e9c9d888500c51b85e1df2655fffe2abe175747e98ba62509d2cb6f22f1c", kill_on_drop: false }`
[INFO] [stdout] a6e9e9c9d888500c51b85e1df2655fffe2abe175747e98ba62509d2cb6f22f1c
