[INFO] fetching crate wkt 0.10.3...
[INFO] testing wkt-0.10.3 against beta-2023-04-20 for beta-1.70-1
[INFO] extracting crate wkt 0.10.3 into /workspace/builds/worker-3-tc2/source
[INFO] validating manifest of crates.io crate wkt 0.10.3 on toolchain beta-2023-04-20
[INFO] running `Command { std: CARGO_HOME="/workspace/cargo-home" RUSTUP_HOME="/workspace/rustup-home" "/workspace/cargo-home/bin/cargo" "+beta-2023-04-20" "metadata" "--manifest-path" "Cargo.toml" "--no-deps", kill_on_drop: false }`
[INFO] started tweaking crates.io crate wkt 0.10.3
[INFO] finished tweaking crates.io crate wkt 0.10.3
[INFO] tweaked toml for crates.io crate wkt 0.10.3 written to /workspace/builds/worker-3-tc2/source/Cargo.toml
[INFO] running `Command { std: CARGO_HOME="/workspace/cargo-home" RUSTUP_HOME="/workspace/rustup-home" __CARGO_TEST_CHANNEL_OVERRIDE_DO_NOT_USE_THIS="nightly" "/workspace/cargo-home/bin/cargo" "+beta-2023-04-20" "generate-lockfile" "--manifest-path" "Cargo.toml" "-Zno-index-update", kill_on_drop: false }`
[INFO] running `Command { std: CARGO_HOME="/workspace/cargo-home" RUSTUP_HOME="/workspace/rustup-home" "/workspace/cargo-home/bin/cargo" "+beta-2023-04-20" "fetch" "--manifest-path" "Cargo.toml", kill_on_drop: false }`
[INFO] [stderr]  Downloading crates ...
[INFO] [stderr]   Downloaded geo-types v0.7.9
[INFO] running `Command { std: "docker" "create" "-v" "/var/lib/crater-agent-workspace/builds/worker-3-tc2/target:/opt/rustwide/target:rw,Z" "-v" "/var/lib/crater-agent-workspace/builds/worker-3-tc2/source:/opt/rustwide/workdir:ro,Z" "-v" "/var/lib/crater-agent-workspace/cargo-home:/opt/rustwide/cargo-home:ro,Z" "-v" "/var/lib/crater-agent-workspace/rustup-home:/opt/rustwide/rustup-home:ro,Z" "-e" "SOURCE_DIR=/opt/rustwide/workdir" "-e" "CARGO_TARGET_DIR=/opt/rustwide/target" "-e" "CARGO_HOME=/opt/rustwide/cargo-home" "-e" "RUSTUP_HOME=/opt/rustwide/rustup-home" "-w" "/opt/rustwide/workdir" "-m" "1610612736" "--user" "0:0" "--network" "none" "ghcr.io/rust-lang/crates-build-env/linux@sha256:5ff2268d62e97bff2cde7d5815dd6ed5b47097566f13b8d0ca110b04b60e07ed" "/opt/rustwide/cargo-home/bin/cargo" "+beta-2023-04-20" "metadata" "--no-deps" "--format-version=1", kill_on_drop: false }`
[INFO] [stdout] 5d596dd0ae6dc41972613e345baccc222193eebb5ced296c1a76eebb1e367f01
[INFO] running `Command { std: "docker" "start" "-a" "5d596dd0ae6dc41972613e345baccc222193eebb5ced296c1a76eebb1e367f01", kill_on_drop: false }`
[INFO] running `Command { std: "docker" "inspect" "5d596dd0ae6dc41972613e345baccc222193eebb5ced296c1a76eebb1e367f01", kill_on_drop: false }`
[INFO] running `Command { std: "docker" "rm" "-f" "5d596dd0ae6dc41972613e345baccc222193eebb5ced296c1a76eebb1e367f01", kill_on_drop: false }`
[INFO] [stdout] 5d596dd0ae6dc41972613e345baccc222193eebb5ced296c1a76eebb1e367f01
[INFO] running `Command { std: "docker" "create" "-v" "/var/lib/crater-agent-workspace/builds/worker-3-tc2/target:/opt/rustwide/target:rw,Z" "-v" "/var/lib/crater-agent-workspace/builds/worker-3-tc2/source:/opt/rustwide/workdir:ro,Z" "-v" "/var/lib/crater-agent-workspace/cargo-home:/opt/rustwide/cargo-home:ro,Z" "-v" "/var/lib/crater-agent-workspace/rustup-home:/opt/rustwide/rustup-home:ro,Z" "-e" "SOURCE_DIR=/opt/rustwide/workdir" "-e" "CARGO_TARGET_DIR=/opt/rustwide/target" "-e" "CARGO_INCREMENTAL=0" "-e" "RUST_BACKTRACE=full" "-e" "RUSTFLAGS=--cap-lints=warn" "-e" "RUSTDOCFLAGS=--cap-lints=warn" "-e" "CARGO_HOME=/opt/rustwide/cargo-home" "-e" "RUSTUP_HOME=/opt/rustwide/rustup-home" "-w" "/opt/rustwide/workdir" "-m" "1610612736" "--user" "0:0" "--network" "none" "ghcr.io/rust-lang/crates-build-env/linux@sha256:5ff2268d62e97bff2cde7d5815dd6ed5b47097566f13b8d0ca110b04b60e07ed" "/opt/rustwide/cargo-home/bin/cargo" "+beta-2023-04-20" "build" "--frozen" "--message-format=json", kill_on_drop: false }`
[INFO] [stdout] 44c55b0374d2f036c9fcf384e53d455fc607a468594f30145b914acbf3d620e8
[INFO] running `Command { std: "docker" "start" "-a" "44c55b0374d2f036c9fcf384e53d455fc607a468594f30145b914acbf3d620e8", kill_on_drop: false }`
[INFO] [stderr]    Compiling libm v0.2.6
[INFO] [stderr]    Compiling serde v1.0.160
[INFO] [stderr]    Compiling num-traits v0.2.15
[INFO] [stderr]    Compiling syn v2.0.15
[INFO] [stderr]    Compiling approx v0.5.1
[INFO] [stderr]    Compiling serde_derive v1.0.160
[INFO] [stderr]    Compiling thiserror-impl v1.0.40
[INFO] [stderr]    Compiling thiserror v1.0.40
[INFO] [stderr]    Compiling geo-types v0.7.9
[INFO] [stderr]    Compiling wkt v0.10.3 (/opt/rustwide/workdir)
[INFO] [stdout] warning: use of deprecated type alias `geo_types::Coordinate`: Renamed to `geo_types::Coord` (or `geo::Coord`)
[INFO] [stdout]    --> src/geo_types_from_wkt.rs:140:39
[INFO] [stdout]     |
[INFO] [stdout] 140 | impl<T> From<Coord<T>> for geo_types::Coordinate<T>
[INFO] [stdout]     |                                       ^^^^^^^^^^
[INFO] [stdout]     |
[INFO] [stdout]     = note: `#[warn(deprecated)]` on by default
[INFO] [stdout] 
[INFO] [stdout] 
[INFO] [stdout] warning: use of deprecated type alias `geo_types::Coordinate`: Renamed to `geo_types::Coord` (or `geo::Coord`)
[INFO] [stdout]    --> src/geo_types_from_wkt.rs:145:44
[INFO] [stdout]     |
[INFO] [stdout] 145 |     fn from(coord: Coord<T>) -> geo_types::Coordinate<T> {
[INFO] [stdout]     |                                            ^^^^^^^^^^
[INFO] [stdout] 
[INFO] [stdout] 
[INFO] [stdout] warning: use of deprecated type alias `geo_types::Coordinate`: Renamed to `geo_types::Coord` (or `geo::Coord`)
[INFO] [stdout]    --> src/geo_types_from_wkt.rs:191:29
[INFO] [stdout]     |
[INFO] [stdout] 191 |             .map(geo_types::Coordinate::from)
[INFO] [stdout]     |                             ^^^^^^^^^^
[INFO] [stdout] 
[INFO] [stdout] 
[INFO] [stdout] warning: use of deprecated type alias `geo_types::Coordinate`: Renamed to `geo_types::Coord` (or `geo::Coord`)
[INFO] [stdout]    --> src/geo_types_to_wkt.rs:246:47
[INFO] [stdout]     |
[INFO] [stdout] 246 | fn g_point_to_w_coord<T>(g_point: &geo_types::Coordinate<T>) -> Coord<T>
[INFO] [stdout]     |                                               ^^^^^^^^^^
[INFO] [stdout] 
[INFO] [stdout] 
[INFO] [stdout] warning: use of deprecated type alias `geo_types::Coordinate`: Renamed to `geo_types::Coord` (or `geo::Coord`)
[INFO] [stdout]    --> src/geo_types_to_wkt.rs:266:51
[INFO] [stdout]     |
[INFO] [stdout] 266 | fn g_points_to_w_coords<T>(g_points: &[geo_types::Coordinate<T>]) -> Vec<Coord<T>>
[INFO] [stdout]     |                                                   ^^^^^^^^^^
[INFO] [stdout] 
[INFO] [stdout] 
[INFO] [stdout] warning: use of deprecated type alias `geo_types::Coordinate`: Renamed to `geo_types::Coord` (or `geo::Coord`)
[INFO] [stdout]    --> src/geo_types_to_wkt.rs:300:55
[INFO] [stdout]     |
[INFO] [stdout] 300 | fn g_points_to_w_linestring<T>(g_coords: &[geo_types::Coordinate<T>]) -> LineString<T>
[INFO] [stdout]     |                                                       ^^^^^^^^^^
[INFO] [stdout] 
[INFO] [stdout] 
[INFO] [stdout] warning: 6 warnings emitted
[INFO] [stdout] 
[INFO] [stdout] 
[INFO] [stderr]     Finished dev [unoptimized + debuginfo] target(s) in 8.53s
[INFO] running `Command { std: "docker" "inspect" "44c55b0374d2f036c9fcf384e53d455fc607a468594f30145b914acbf3d620e8", kill_on_drop: false }`
[INFO] running `Command { std: "docker" "rm" "-f" "44c55b0374d2f036c9fcf384e53d455fc607a468594f30145b914acbf3d620e8", kill_on_drop: false }`
[INFO] [stdout] 44c55b0374d2f036c9fcf384e53d455fc607a468594f30145b914acbf3d620e8
[INFO] running `Command { std: "docker" "create" "-v" "/var/lib/crater-agent-workspace/builds/worker-3-tc2/target:/opt/rustwide/target:rw,Z" "-v" "/var/lib/crater-agent-workspace/builds/worker-3-tc2/source:/opt/rustwide/workdir:ro,Z" "-v" "/var/lib/crater-agent-workspace/cargo-home:/opt/rustwide/cargo-home:ro,Z" "-v" "/var/lib/crater-agent-workspace/rustup-home:/opt/rustwide/rustup-home:ro,Z" "-e" "SOURCE_DIR=/opt/rustwide/workdir" "-e" "CARGO_TARGET_DIR=/opt/rustwide/target" "-e" "CARGO_INCREMENTAL=0" "-e" "RUST_BACKTRACE=full" "-e" "RUSTFLAGS=--cap-lints=warn" "-e" "RUSTDOCFLAGS=--cap-lints=warn" "-e" "CARGO_HOME=/opt/rustwide/cargo-home" "-e" "RUSTUP_HOME=/opt/rustwide/rustup-home" "-w" "/opt/rustwide/workdir" "-m" "1610612736" "--user" "0:0" "--network" "none" "ghcr.io/rust-lang/crates-build-env/linux@sha256:5ff2268d62e97bff2cde7d5815dd6ed5b47097566f13b8d0ca110b04b60e07ed" "/opt/rustwide/cargo-home/bin/cargo" "+beta-2023-04-20" "test" "--frozen" "--no-run" "--message-format=json", kill_on_drop: false }`
[INFO] [stdout] 02616fca5c790e65333a5fd14fb5497a89438717a75b3f9793ef40d94bd45bc2
[INFO] running `Command { std: "docker" "start" "-a" "02616fca5c790e65333a5fd14fb5497a89438717a75b3f9793ef40d94bd45bc2", kill_on_drop: false }`
[INFO] [stderr]    Compiling semver v1.0.17
[INFO] [stderr]    Compiling serde v1.0.160
[INFO] [stderr]    Compiling libc v0.2.142
[INFO] [stderr]    Compiling memchr v2.5.0
[INFO] [stderr]    Compiling scopeguard v1.1.0
[INFO] [stderr]    Compiling ryu v1.0.13
[INFO] [stderr]    Compiling serde_json v1.0.96
[INFO] [stderr]    Compiling either v1.8.1
[INFO] [stderr]    Compiling rand_core v0.4.2
[INFO] [stderr]    Compiling itoa v1.0.6
[INFO] [stderr]    Compiling textwrap v0.11.0
[INFO] [stderr]    Compiling same-file v1.0.6
[INFO] [stderr]    Compiling crossbeam-epoch v0.9.14
[INFO] [stderr]    Compiling walkdir v2.3.3
[INFO] [stderr]    Compiling itertools v0.8.2
[INFO] [stderr]    Compiling clap v2.34.0
[INFO] [stderr]    Compiling rand_core v0.3.1
[INFO] [stderr]    Compiling rand_xoshiro v0.1.0
[INFO] [stderr]    Compiling crossbeam-deque v0.8.3
[INFO] [stderr]    Compiling rustc_version v0.4.0
[INFO] [stderr]    Compiling csv-core v0.1.10
[INFO] [stderr]    Compiling cast v0.2.7
[INFO] [stderr]    Compiling num_cpus v1.15.0
[INFO] [stderr]    Compiling atty v0.2.14
[INFO] [stderr]    Compiling rand_os v0.1.3
[INFO] [stderr]    Compiling rayon-core v1.11.0
[INFO] [stderr]    Compiling criterion-plot v0.3.1
[INFO] [stderr]    Compiling rayon v1.7.0
[INFO] [stderr]    Compiling csv v1.2.1
[INFO] [stderr]    Compiling geo-types v0.7.9
[INFO] [stderr]    Compiling wkt v0.10.3 (/opt/rustwide/workdir)
[INFO] [stdout] warning: use of deprecated type alias `geo_types::Coordinate`: Renamed to `geo_types::Coord` (or `geo::Coord`)
[INFO] [stdout]    --> src/geo_types_from_wkt.rs:140:39
[INFO] [stdout]     |
[INFO] [stdout] 140 | impl<T> From<Coord<T>> for geo_types::Coordinate<T>
[INFO] [stdout]     |                                       ^^^^^^^^^^
[INFO] [stdout]     |
[INFO] [stdout]     = note: `#[warn(deprecated)]` on by default
[INFO] [stdout] 
[INFO] [stdout] 
[INFO] [stdout] warning: use of deprecated type alias `geo_types::Coordinate`: Renamed to `geo_types::Coord` (or `geo::Coord`)
[INFO] [stdout]    --> src/geo_types_from_wkt.rs:145:44
[INFO] [stdout]     |
[INFO] [stdout] 145 |     fn from(coord: Coord<T>) -> geo_types::Coordinate<T> {
[INFO] [stdout]     |                                            ^^^^^^^^^^
[INFO] [stdout] 
[INFO] [stdout] 
[INFO] [stdout] warning: use of deprecated type alias `geo_types::Coordinate`: Renamed to `geo_types::Coord` (or `geo::Coord`)
[INFO] [stdout]    --> src/geo_types_from_wkt.rs:191:29
[INFO] [stdout]     |
[INFO] [stdout] 191 |             .map(geo_types::Coordinate::from)
[INFO] [stdout]     |                             ^^^^^^^^^^
[INFO] [stdout] 
[INFO] [stdout] 
[INFO] [stdout] warning: use of deprecated type alias `geo_types::Coordinate`: Renamed to `geo_types::Coord` (or `geo::Coord`)
[INFO] [stdout]    --> src/geo_types_to_wkt.rs:246:47
[INFO] [stdout]     |
[INFO] [stdout] 246 | fn g_point_to_w_coord<T>(g_point: &geo_types::Coordinate<T>) -> Coord<T>
[INFO] [stdout]     |                                               ^^^^^^^^^^
[INFO] [stdout] 
[INFO] [stdout] 
[INFO] [stdout] warning: use of deprecated type alias `geo_types::Coordinate`: Renamed to `geo_types::Coord` (or `geo::Coord`)
[INFO] [stdout]    --> src/geo_types_to_wkt.rs:266:51
[INFO] [stdout]     |
[INFO] [stdout] 266 | fn g_points_to_w_coords<T>(g_points: &[geo_types::Coordinate<T>]) -> Vec<Coord<T>>
[INFO] [stdout]     |                                                   ^^^^^^^^^^
[INFO] [stdout] 
[INFO] [stdout] 
[INFO] [stdout] warning: use of deprecated type alias `geo_types::Coordinate`: Renamed to `geo_types::Coord` (or `geo::Coord`)
[INFO] [stdout]    --> src/geo_types_to_wkt.rs:300:55
[INFO] [stdout]     |
[INFO] [stdout] 300 | fn g_points_to_w_linestring<T>(g_coords: &[geo_types::Coordinate<T>]) -> LineString<T>
[INFO] [stdout]     |                                                       ^^^^^^^^^^
[INFO] [stdout] 
[INFO] [stdout] 
[INFO] [stderr]    Compiling tinytemplate v1.2.1
[INFO] [stdout] warning: 6 warnings emitted
[INFO] [stdout] 
[INFO] [stdout] 
[INFO] [stderr]    Compiling criterion v0.2.11
[INFO] [stdout] warning: use of deprecated type alias `geo_types::Coordinate`: Renamed to `geo_types::Coord` (or `geo::Coord`)
[INFO] [stdout]    --> src/geo_types_from_wkt.rs:140:39
[INFO] [stdout]     |
[INFO] [stdout] 140 | impl<T> From<Coord<T>> for geo_types::Coordinate<T>
[INFO] [stdout]     |                                       ^^^^^^^^^^
[INFO] [stdout]     |
[INFO] [stdout]     = note: `#[warn(deprecated)]` on by default
[INFO] [stdout] 
[INFO] [stdout] 
[INFO] [stdout] warning: use of deprecated type alias `geo_types::Coordinate`: Renamed to `geo_types::Coord` (or `geo::Coord`)
[INFO] [stdout]    --> src/geo_types_from_wkt.rs:145:44
[INFO] [stdout]     |
[INFO] [stdout] 145 |     fn from(coord: Coord<T>) -> geo_types::Coordinate<T> {
[INFO] [stdout]     |                                            ^^^^^^^^^^
[INFO] [stdout] 
[INFO] [stdout] 
[INFO] [stdout] warning: use of deprecated type alias `geo_types::Coordinate`: Renamed to `geo_types::Coord` (or `geo::Coord`)
[INFO] [stdout]    --> src/geo_types_from_wkt.rs:191:29
[INFO] [stdout]     |
[INFO] [stdout] 191 |             .map(geo_types::Coordinate::from)
[INFO] [stdout]     |                             ^^^^^^^^^^
[INFO] [stdout] 
[INFO] [stdout] 
[INFO] [stdout] warning: use of deprecated type alias `geo_types::Coordinate`: Renamed to `geo_types::Coord` (or `geo::Coord`)
[INFO] [stdout]    --> src/geo_types_to_wkt.rs:246:47
[INFO] [stdout]     |
[INFO] [stdout] 246 | fn g_point_to_w_coord<T>(g_point: &geo_types::Coordinate<T>) -> Coord<T>
[INFO] [stdout]     |                                               ^^^^^^^^^^
[INFO] [stdout] 
[INFO] [stdout] 
[INFO] [stdout] warning: use of deprecated type alias `geo_types::Coordinate`: Renamed to `geo_types::Coord` (or `geo::Coord`)
[INFO] [stdout]    --> src/geo_types_to_wkt.rs:266:51
[INFO] [stdout]     |
[INFO] [stdout] 266 | fn g_points_to_w_coords<T>(g_points: &[geo_types::Coordinate<T>]) -> Vec<Coord<T>>
[INFO] [stdout]     |                                                   ^^^^^^^^^^
[INFO] [stdout] 
[INFO] [stdout] 
[INFO] [stdout] warning: use of deprecated type alias `geo_types::Coordinate`: Renamed to `geo_types::Coord` (or `geo::Coord`)
[INFO] [stdout]    --> src/geo_types_to_wkt.rs:300:55
[INFO] [stdout]     |
[INFO] [stdout] 300 | fn g_points_to_w_linestring<T>(g_coords: &[geo_types::Coordinate<T>]) -> LineString<T>
[INFO] [stdout]     |                                                       ^^^^^^^^^^
[INFO] [stdout] 
[INFO] [stdout] 
[INFO] [stdout] warning: 6 warnings emitted
[INFO] [stdout] 
[INFO] [stdout] 
[INFO] [stderr]     Finished test [unoptimized + debuginfo] target(s) in 8.99s
[INFO] [stderr] warning: the following packages contain code that will be rejected by a future version of Rust: criterion v0.2.11
[INFO] [stderr] note: to see what the problems were, use the option `--future-incompat-report`, or run `cargo report future-incompatibilities --id 1`
[INFO] running `Command { std: "docker" "inspect" "02616fca5c790e65333a5fd14fb5497a89438717a75b3f9793ef40d94bd45bc2", kill_on_drop: false }`
[INFO] running `Command { std: "docker" "rm" "-f" "02616fca5c790e65333a5fd14fb5497a89438717a75b3f9793ef40d94bd45bc2", kill_on_drop: false }`
[INFO] [stdout] 02616fca5c790e65333a5fd14fb5497a89438717a75b3f9793ef40d94bd45bc2
[INFO] running `Command { std: "docker" "create" "-v" "/var/lib/crater-agent-workspace/builds/worker-3-tc2/target:/opt/rustwide/target:rw,Z" "-v" "/var/lib/crater-agent-workspace/builds/worker-3-tc2/source:/opt/rustwide/workdir:ro,Z" "-v" "/var/lib/crater-agent-workspace/cargo-home:/opt/rustwide/cargo-home:ro,Z" "-v" "/var/lib/crater-agent-workspace/rustup-home:/opt/rustwide/rustup-home:ro,Z" "-e" "SOURCE_DIR=/opt/rustwide/workdir" "-e" "CARGO_TARGET_DIR=/opt/rustwide/target" "-e" "CARGO_INCREMENTAL=0" "-e" "RUST_BACKTRACE=full" "-e" "RUSTFLAGS=--cap-lints=warn" "-e" "RUSTDOCFLAGS=--cap-lints=warn" "-e" "CARGO_HOME=/opt/rustwide/cargo-home" "-e" "RUSTUP_HOME=/opt/rustwide/rustup-home" "-w" "/opt/rustwide/workdir" "-m" "1610612736" "--user" "0:0" "--network" "none" "ghcr.io/rust-lang/crates-build-env/linux@sha256:5ff2268d62e97bff2cde7d5815dd6ed5b47097566f13b8d0ca110b04b60e07ed" "/opt/rustwide/cargo-home/bin/cargo" "+beta-2023-04-20" "test" "--frozen", kill_on_drop: false }`
[INFO] [stdout] b559391f7750a38ed0f2c91be46858c340bef41f28763f7c7e2b273ea56828e3
[INFO] running `Command { std: "docker" "start" "-a" "b559391f7750a38ed0f2c91be46858c340bef41f28763f7c7e2b273ea56828e3", kill_on_drop: false }`
[INFO] [stderr] warning: use of deprecated type alias `geo_types::Coordinate`: Renamed to `geo_types::Coord` (or `geo::Coord`)
[INFO] [stderr]    --> src/geo_types_from_wkt.rs:140:39
[INFO] [stderr]     |
[INFO] [stderr] 140 | impl<T> From<Coord<T>> for geo_types::Coordinate<T>
[INFO] [stderr]     |                                       ^^^^^^^^^^
[INFO] [stderr]     |
[INFO] [stderr]     = note: `#[warn(deprecated)]` on by default
[INFO] [stderr] 
[INFO] [stderr] warning: use of deprecated type alias `geo_types::Coordinate`: Renamed to `geo_types::Coord` (or `geo::Coord`)
[INFO] [stderr]    --> src/geo_types_from_wkt.rs:145:44
[INFO] [stderr]     |
[INFO] [stderr] 145 |     fn from(coord: Coord<T>) -> geo_types::Coordinate<T> {
[INFO] [stderr]     |                                            ^^^^^^^^^^
[INFO] [stderr] 
[INFO] [stderr] warning: use of deprecated type alias `geo_types::Coordinate`: Renamed to `geo_types::Coord` (or `geo::Coord`)
[INFO] [stderr]    --> src/geo_types_from_wkt.rs:191:29
[INFO] [stderr]     |
[INFO] [stderr] 191 |             .map(geo_types::Coordinate::from)
[INFO] [stderr]     |                             ^^^^^^^^^^
[INFO] [stderr] 
[INFO] [stderr] warning: use of deprecated type alias `geo_types::Coordinate`: Renamed to `geo_types::Coord` (or `geo::Coord`)
[INFO] [stderr]    --> src/geo_types_to_wkt.rs:246:47
[INFO] [stderr]     |
[INFO] [stderr] 246 | fn g_point_to_w_coord<T>(g_point: &geo_types::Coordinate<T>) -> Coord<T>
[INFO] [stderr]     |                                               ^^^^^^^^^^
[INFO] [stderr] 
[INFO] [stderr] warning: use of deprecated type alias `geo_types::Coordinate`: Renamed to `geo_types::Coord` (or `geo::Coord`)
[INFO] [stderr]    --> src/geo_types_to_wkt.rs:266:51
[INFO] [stderr]     |
[INFO] [stderr] 266 | fn g_points_to_w_coords<T>(g_points: &[geo_types::Coordinate<T>]) -> Vec<Coord<T>>
[INFO] [stderr]     |                                                   ^^^^^^^^^^
[INFO] [stderr] 
[INFO] [stderr] warning: use of deprecated type alias `geo_types::Coordinate`: Renamed to `geo_types::Coord` (or `geo::Coord`)
[INFO] [stderr]    --> src/geo_types_to_wkt.rs:300:55
[INFO] [stderr]     |
[INFO] [stderr] 300 | fn g_points_to_w_linestring<T>(g_coords: &[geo_types::Coordinate<T>]) -> LineString<T>
[INFO] [stderr]     |                                                       ^^^^^^^^^^
[INFO] [stderr] 
[INFO] [stderr] warning: `wkt` (lib) generated 6 warnings
[INFO] [stderr] warning: `wkt` (lib test) generated 6 warnings (6 duplicates)
[INFO] [stderr]     Finished test [unoptimized + debuginfo] target(s) in 0.03s
[INFO] [stderr] warning: the following packages contain code that will be rejected by a future version of Rust: criterion v0.2.11
[INFO] [stderr] note: to see what the problems were, use the option `--future-incompat-report`, or run `cargo report future-incompatibilities --id 1`
[INFO] [stderr]      Running unittests src/lib.rs (/opt/rustwide/target/debug/deps/wkt-f89a14c5d6f0cc46)
[INFO] [stdout] 
[INFO] [stdout] running 75 tests
[INFO] [stdout] test geo_types_from_wkt::tests::convert_empty_geometrycollection ... ok
[INFO] [stdout] test geo_types_from_wkt::tests::convert_empty_multilinestring ... ok
[INFO] [stdout] test geo_types_from_wkt::tests::convert_empty_linestring ... ok
[INFO] [stdout] test geo_types_from_wkt::tests::convert_empty_multipolygon ... ok
[INFO] [stdout] test geo_types_from_wkt::tests::convert_empty_multipoint ... ok
[INFO] [stdout] test geo_types_from_wkt::tests::convert_empty_point ... ok
[INFO] [stdout] test geo_types_from_wkt::tests::convert_empty_polygon ... ok
[INFO] [stdout] test geo_types_from_wkt::tests::convert_linestring ... ok
[INFO] [stdout] test geo_types_from_wkt::tests::convert_geometrycollection ... ok
[INFO] [stdout] test geo_types_from_wkt::tests::convert_multilinestring ... ok
[INFO] [stdout] test geo_types_from_wkt::tests::convert_multipoint ... ok
[INFO] [stdout] test geo_types_from_wkt::tests::convert_multipolygon ... ok
[INFO] [stdout] test geo_types_from_wkt::tests::convert_point ... ok
[INFO] [stdout] test geo_types_from_wkt::tests::convert_polygon ... ok
[INFO] [stdout] test geo_types_from_wkt::tests::convert_single_item_wkt ... ok
[INFO] [stdout] test geo_types_from_wkt::tests::from_invalid_wkt_str ... ok
[INFO] [stdout] test geo_types_from_wkt::tests::geom_collection_from_invalid_wkt_str ... ok
[INFO] [stdout] test geo_types_from_wkt::tests::integer_geometry ... ok
[INFO] [stdout] test geo_types_from_wkt::tests::geom_collection_from_wkt_str ... ok
[INFO] [stdout] test geo_types_to_wkt::tests::integer_geom ... ok
[INFO] [stdout] test tests::empty_string ... ok
[INFO] [stdout] test tests::invalid_number ... ok
[INFO] [stdout] test geo_types_from_wkt::tests::integer_geometries_from_float ... ok
[INFO] [stdout] test geo_types_to_wkt::tests::float_geom ... ok
[INFO] [stdout] test tests::empty_items ... ok
[INFO] [stdout] test tests::test_display_on_wkt ... ok
[INFO] [stdout] test tests::test_debug ... ok
[INFO] [stdout] test tokenizer::test_tokenizer_1number ... ok
[INFO] [stdout] test tokenizer::test_tokenizer_1number_plus ... ok
[INFO] [stdout] test tokenizer::test_tokenizer_1word ... ok
[INFO] [stdout] test tokenizer::test_tokenizer_empty ... ok
[INFO] [stdout] test tokenizer::test_tokenizer_not_a_number ... ok
[INFO] [stdout] test tests::lowercase_point ... ok
[INFO] [stdout] test tokenizer::test_tokenizer_point ... ok
[INFO] [stdout] test tokenizer::test_tokenizer_invalid_number ... ok
[INFO] [stdout] test types::coord::tests::write_2d_coord ... ok
[INFO] [stdout] test types::geometrycollection::tests::write_empty_geometry_collection ... ok
[INFO] [stdout] test tests::support_jts_linearring ... ok
[INFO] [stdout] test types::coord::tests::write_2d_coord_with_linear_referencing_system ... ok
[INFO] [stdout] test tokenizer::test_tokenizer_2numbers ... ok
[INFO] [stdout] test tokenizer::test_tokenizer_2words ... ok
[INFO] [stdout] test types::coord::tests::write_3d_coord_with_linear_referencing_system ... ok
[INFO] [stdout] test types::geometrycollection::tests::basic_geometrycollection ... ok
[INFO] [stdout] test types::linestring::tests::write_empty_linestring ... ok
[INFO] [stdout] test types::linestring::tests::basic_linestring ... ok
[INFO] [stdout] test types::linestring::tests::write_linestring ... ok
[INFO] [stdout] test types::coord::tests::write_3d_coord ... ok
[INFO] [stdout] test types::multilinestring::tests::basic_multilinestring ... ok
[INFO] [stdout] test types::geometrycollection::tests::write_geometry_collection ... ok
[INFO] [stdout] test types::geometrycollection::tests::complex_geometrycollection ... ok
[INFO] [stdout] test types::multilinestring::tests::write_multilinestring ... ok
[INFO] [stdout] test types::multipoint::tests::mixed_parens_multipoint ... ok
[INFO] [stdout] test types::multilinestring::tests::write_empty_multilinestring ... ok
[INFO] [stdout] test types::multipoint::tests::basic_multipoint ... ok
[INFO] [stdout] test types::multipoint::tests::write_empty_multipoint ... ok
[INFO] [stdout] test types::multipoint::tests::write_multipoint ... ok
[INFO] [stdout] test types::multipolygon::tests::basic_multipolygon ... ok
[INFO] [stdout] test types::multipoint::tests::postgis_style_multipoint ... ok
[INFO] [stdout] test types::multipolygon::tests::write_empty_multipolygon ... ok
[INFO] [stdout] test types::multipoint::tests::empty_multipoint ... ok
[INFO] [stdout] test types::point::tests::basic_point ... ok
[INFO] [stdout] test types::multipolygon::tests::write_multipolygon ... ok
[INFO] [stdout] test types::point::tests::basic_point_whitespace ... ok
[INFO] [stdout] test types::point::tests::invalid_points ... ok
[INFO] [stdout] test types::point::tests::write_2d_point ... ok
[INFO] [stdout] test types::point::tests::write_empty_point ... ok
[INFO] [stdout] test types::point::tests::write_point_with_m_coord ... ok
[INFO] [stdout] test types::point::tests::write_point_with_z_coord ... ok
[INFO] [stdout] test types::point::tests::write_point_with_zm_coord ... ok
[INFO] [stdout] test types::polygon::tests::basic_polygon ... ok
[INFO] [stdout] test types::polygon::tests::write_empty_polygon ... ok
[INFO] [stdout] test types::polygon::tests::write_polygon ... ok
[INFO] [stdout] test geo_types_from_wkt::tests::from_other_geom_wkt_str ... FAILED
[INFO] [stdout] test geo_types_from_wkt::tests::geom_collection_from_other_wkt_str ... FAILED
[INFO] [stdout] test tokenizer::test_no_stack_overflow ... ok
[INFO] [stdout] 
[INFO] [stdout] failures:
[INFO] [stdout] 
[INFO] [stdout] ---- geo_types_from_wkt::tests::from_other_geom_wkt_str stdout ----
[INFO] [stdout] thread 'geo_types_from_wkt::tests::from_other_geom_wkt_str' panicked at 'Not the error we expected. Found: Mismatched geometry (expected "geo_types::geometry::line_string::LineString", found "geo_types::geometry::point::Point")', src/geo_types_from_wkt.rs:1025:18
[INFO] [stdout] stack backtrace:
[INFO] [stdout]    0:     0x560ba608bcaa - std::backtrace_rs::backtrace::libunwind::trace::h2f05d0192276a8f6
[INFO] [stdout]                                at /rustc/1b7dd2252b99671ce5d1cb9664c5f8636329436d/library/std/src/../../backtrace/src/backtrace/libunwind.rs:93:5
[INFO] [stdout]    1:     0x560ba608bcaa - std::backtrace_rs::backtrace::trace_unsynchronized::hedc23dff7a1af150
[INFO] [stdout]                                at /rustc/1b7dd2252b99671ce5d1cb9664c5f8636329436d/library/std/src/../../backtrace/src/backtrace/mod.rs:66:5
[INFO] [stdout]    2:     0x560ba608bcaa - std::sys_common::backtrace::_print_fmt::h17541ef7592f3ce2
[INFO] [stdout]                                at /rustc/1b7dd2252b99671ce5d1cb9664c5f8636329436d/library/std/src/sys_common/backtrace.rs:65:5
[INFO] [stdout]    3:     0x560ba608bcaa - <std::sys_common::backtrace::_print::DisplayBacktrace as core::fmt::Display>::fmt::h20f75df5ab0c0792
[INFO] [stdout]                                at /rustc/1b7dd2252b99671ce5d1cb9664c5f8636329436d/library/std/src/sys_common/backtrace.rs:44:22
[INFO] [stdout]    4:     0x560ba60b176f - core::fmt::write::h78109e6f466b3af6
[INFO] [stdout]                                at /rustc/1b7dd2252b99671ce5d1cb9664c5f8636329436d/library/core/src/fmt/mod.rs:1254:17
[INFO] [stdout]    5:     0x560ba6088ff5 - std::io::Write::write_fmt::hd24bfb68a1b35a25
[INFO] [stdout]                                at /rustc/1b7dd2252b99671ce5d1cb9664c5f8636329436d/library/std/src/io/mod.rs:1698:15
[INFO] [stdout]    6:     0x560ba608ba75 - std::sys_common::backtrace::_print::h8dac57a9f8fbf9a5
[INFO] [stdout]                                at /rustc/1b7dd2252b99671ce5d1cb9664c5f8636329436d/library/std/src/sys_common/backtrace.rs:47:5
[INFO] [stdout]    7:     0x560ba608ba75 - std::sys_common::backtrace::print::hf9ecbf41d1aa712f
[INFO] [stdout]                                at /rustc/1b7dd2252b99671ce5d1cb9664c5f8636329436d/library/std/src/sys_common/backtrace.rs:34:9
[INFO] [stdout]    8:     0x560ba608d72e - std::panicking::default_hook::{{closure}}::h04c07acfc84ca028
[INFO] [stdout]                                at /rustc/1b7dd2252b99671ce5d1cb9664c5f8636329436d/library/std/src/panicking.rs:269:22
[INFO] [stdout]    9:     0x560ba608d461 - std::panicking::default_hook::h01f6bb23e1eceb2c
[INFO] [stdout]                                at /rustc/1b7dd2252b99671ce5d1cb9664c5f8636329436d/library/std/src/panicking.rs:285:9
[INFO] [stdout]   10:     0x560ba605f25b - <alloc::boxed::Box<F,A> as core::ops::function::Fn<Args>>::call::h87fe9f7b2fd49e4c
[INFO] [stdout]                                at /rustc/1b7dd2252b99671ce5d1cb9664c5f8636329436d/library/alloc/src/boxed.rs:1987:9
[INFO] [stdout]   11:     0x560ba605f25b - test::test_main::{{closure}}::he94d679243a7531b
[INFO] [stdout]                                at /rustc/1b7dd2252b99671ce5d1cb9664c5f8636329436d/library/test/src/lib.rs:134:21
[INFO] [stdout]   12:     0x560ba608de14 - <alloc::boxed::Box<F,A> as core::ops::function::Fn<Args>>::call::h3f2d6d8b14c4769f
[INFO] [stdout]                                at /rustc/1b7dd2252b99671ce5d1cb9664c5f8636329436d/library/alloc/src/boxed.rs:1987:9
[INFO] [stdout]   13:     0x560ba608de14 - std::panicking::rust_panic_with_hook::h2bb3722bbaf2f6df
[INFO] [stdout]                                at /rustc/1b7dd2252b99671ce5d1cb9664c5f8636329436d/library/std/src/panicking.rs:695:13
[INFO] [stdout]   14:     0x560ba608db89 - std::panicking::begin_panic_handler::{{closure}}::h91bc7f36a4be011b
[INFO] [stdout]                                at /rustc/1b7dd2252b99671ce5d1cb9664c5f8636329436d/library/std/src/panicking.rs:582:13
[INFO] [stdout]   15:     0x560ba608c116 - std::sys_common::backtrace::__rust_end_short_backtrace::h8b3d3717114f9e59
[INFO] [stdout]                                at /rustc/1b7dd2252b99671ce5d1cb9664c5f8636329436d/library/std/src/sys_common/backtrace.rs:150:18
[INFO] [stdout]   16:     0x560ba608d8e2 - rust_begin_unwind
[INFO] [stdout]                                at /rustc/1b7dd2252b99671ce5d1cb9664c5f8636329436d/library/std/src/panicking.rs:578:5
[INFO] [stdout]   17:     0x560ba5f8cba3 - core::panicking::panic_fmt::hfd368e3fbdabea26
[INFO] [stdout]                                at /rustc/1b7dd2252b99671ce5d1cb9664c5f8636329436d/library/core/src/panicking.rs:67:14
[INFO] [stdout]   18:     0x560ba6006bd7 - wkt::geo_types_from_wkt::tests::from_other_geom_wkt_str::h21e86cd61779b655
[INFO] [stdout]                                at /opt/rustwide/workdir/src/geo_types_from_wkt.rs:1025:18
[INFO] [stdout]   19:     0x560ba60069f7 - wkt::geo_types_from_wkt::tests::from_other_geom_wkt_str::{{closure}}::h1321474b0865cd02
[INFO] [stdout]                                at /opt/rustwide/workdir/src/geo_types_from_wkt.rs:1016:34
[INFO] [stdout]   20:     0x560ba60115d5 - core::ops::function::FnOnce::call_once::h6dfa72b55983731c
[INFO] [stdout]                                at /rustc/1b7dd2252b99671ce5d1cb9664c5f8636329436d/library/core/src/ops/function.rs:250:5
[INFO] [stdout]   21:     0x560ba606412f - core::ops::function::FnOnce::call_once::ha6a70e79f7481a7e
[INFO] [stdout]                                at /rustc/1b7dd2252b99671ce5d1cb9664c5f8636329436d/library/core/src/ops/function.rs:250:5
[INFO] [stdout]   22:     0x560ba606412f - test::__rust_begin_short_backtrace::hce33033019b61e69
[INFO] [stdout]                                at /rustc/1b7dd2252b99671ce5d1cb9664c5f8636329436d/library/test/src/lib.rs:655:18
[INFO] [stdout]   23:     0x560ba603191c - test::run_test::{{closure}}::h858d3528838ae3e5
[INFO] [stdout]                                at /rustc/1b7dd2252b99671ce5d1cb9664c5f8636329436d/library/test/src/lib.rs:646:30
[INFO] [stdout]   24:     0x560ba603191c - core::ops::function::FnOnce::call_once{{vtable.shim}}::he8ac2b00f01ae79e
[INFO] [stdout]                                at /rustc/1b7dd2252b99671ce5d1cb9664c5f8636329436d/library/core/src/ops/function.rs:250:5
[INFO] [stdout]   25:     0x560ba6063206 - <alloc::boxed::Box<F,A> as core::ops::function::FnOnce<Args>>::call_once::h8093d25b522725ef
[INFO] [stdout]                                at /rustc/1b7dd2252b99671ce5d1cb9664c5f8636329436d/library/alloc/src/boxed.rs:1973:9
[INFO] [stdout]   26:     0x560ba6063206 - <core::panic::unwind_safe::AssertUnwindSafe<F> as core::ops::function::FnOnce<()>>::call_once::h5c334c204e4a3913
[INFO] [stdout]                                at /rustc/1b7dd2252b99671ce5d1cb9664c5f8636329436d/library/core/src/panic/unwind_safe.rs:271:9
[INFO] [stdout]   27:     0x560ba6063206 - std::panicking::try::do_call::ha8b740c7b9478074
[INFO] [stdout]                                at /rustc/1b7dd2252b99671ce5d1cb9664c5f8636329436d/library/std/src/panicking.rs:485:40
[INFO] [stdout]   28:     0x560ba6063206 - std::panicking::try::h5d34f63d0e41b64e
[INFO] [stdout]                                at /rustc/1b7dd2252b99671ce5d1cb9664c5f8636329436d/library/std/src/panicking.rs:449:19
[INFO] [stdout]   29:     0x560ba6063206 - std::panic::catch_unwind::hcfbb511e1aa7fc67
[INFO] [stdout]                                at /rustc/1b7dd2252b99671ce5d1cb9664c5f8636329436d/library/std/src/panic.rs:140:14
[INFO] [stdout]   30:     0x560ba6063206 - test::run_test_in_process::h9abda90f802eaf21
[INFO] [stdout]                                at /rustc/1b7dd2252b99671ce5d1cb9664c5f8636329436d/library/test/src/lib.rs:678:27
[INFO] [stdout]   31:     0x560ba6063206 - test::run_test::run_test_inner::{{closure}}::h0f058de91f6c6edf
[INFO] [stdout]                                at /rustc/1b7dd2252b99671ce5d1cb9664c5f8636329436d/library/test/src/lib.rs:572:39
[INFO] [stdout]   32:     0x560ba602c125 - test::run_test::run_test_inner::{{closure}}::h5ca48a4c59c6c1fb
[INFO] [stdout]                                at /rustc/1b7dd2252b99671ce5d1cb9664c5f8636329436d/library/test/src/lib.rs:599:37
[INFO] [stdout]   33:     0x560ba602c125 - std::sys_common::backtrace::__rust_begin_short_backtrace::h32bd51e1495d4a33
[INFO] [stdout]                                at /rustc/1b7dd2252b99671ce5d1cb9664c5f8636329436d/library/std/src/sys_common/backtrace.rs:134:18
[INFO] [stdout]   34:     0x560ba6031661 - std::thread::Builder::spawn_unchecked_::{{closure}}::{{closure}}::hc086fae9b128b2db
[INFO] [stdout]                                at /rustc/1b7dd2252b99671ce5d1cb9664c5f8636329436d/library/std/src/thread/mod.rs:526:17
[INFO] [stdout]   35:     0x560ba6031661 - <core::panic::unwind_safe::AssertUnwindSafe<F> as core::ops::function::FnOnce<()>>::call_once::hb66571888d270d43
[INFO] [stdout]                                at /rustc/1b7dd2252b99671ce5d1cb9664c5f8636329436d/library/core/src/panic/unwind_safe.rs:271:9
[INFO] [stdout]   36:     0x560ba6031661 - std::panicking::try::do_call::h4fa2ef4f6e51fecf
[INFO] [stdout]                                at /rustc/1b7dd2252b99671ce5d1cb9664c5f8636329436d/library/std/src/panicking.rs:485:40
[INFO] [stdout]   37:     0x560ba6031661 - std::panicking::try::h1e9e22b8584489b5
[INFO] [stdout]                                at /rustc/1b7dd2252b99671ce5d1cb9664c5f8636329436d/library/std/src/panicking.rs:449:19
[INFO] [stdout]   38:     0x560ba6031661 - std::panic::catch_unwind::h44698a3de0e0769e
[INFO] [stdout]                                at /rustc/1b7dd2252b99671ce5d1cb9664c5f8636329436d/library/std/src/panic.rs:140:14
[INFO] [stdout]   39:     0x560ba6031661 - std::thread::Builder::spawn_unchecked_::{{closure}}::h50153abde3fe239e
[INFO] [stdout]                                at /rustc/1b7dd2252b99671ce5d1cb9664c5f8636329436d/library/std/src/thread/mod.rs:525:30
[INFO] [stdout]   40:     0x560ba6031661 - core::ops::function::FnOnce::call_once{{vtable.shim}}::hbe5bbf6f38394364
[INFO] [stdout]                                at /rustc/1b7dd2252b99671ce5d1cb9664c5f8636329436d/library/core/src/ops/function.rs:250:5
[INFO] [stdout]   41:     0x560ba60922e5 - <alloc::boxed::Box<F,A> as core::ops::function::FnOnce<Args>>::call_once::h0d83cb2920a49046
[INFO] [stdout]                                at /rustc/1b7dd2252b99671ce5d1cb9664c5f8636329436d/library/alloc/src/boxed.rs:1973:9
[INFO] [stdout]   42:     0x560ba60922e5 - <alloc::boxed::Box<F,A> as core::ops::function::FnOnce<Args>>::call_once::hbe0a008aa7d9ef59
[INFO] [stdout]                                at /rustc/1b7dd2252b99671ce5d1cb9664c5f8636329436d/library/alloc/src/boxed.rs:1973:9
[INFO] [stdout]   43:     0x560ba60922e5 - std::sys::unix::thread::Thread::new::thread_start::h3a466996bdf6b1f9
[INFO] [stdout]                                at /rustc/1b7dd2252b99671ce5d1cb9664c5f8636329436d/library/std/src/sys/unix/thread.rs:108:17
[INFO] [stdout]   44:     0x7f462f0acb43 - <unknown>
[INFO] [stdout]   45:     0x7f462f13dbb4 - __clone
[INFO] [stdout]   46:                0x0 - <unknown>
[INFO] [stdout] 
[INFO] [stdout] ---- geo_types_from_wkt::tests::geom_collection_from_other_wkt_str stdout ----
[INFO] [stdout] thread 'geo_types_from_wkt::tests::geom_collection_from_other_wkt_str' panicked at 'Not the error we expected. Found: Mismatched geometry (expected "geo_types::geometry::geometry_collection::GeometryCollection", found "geo_types::geometry::point::Point")', src/geo_types_from_wkt.rs:1001:18
[INFO] [stdout] stack backtrace:
[INFO] [stdout]    0:     0x560ba608bcaa - std::backtrace_rs::backtrace::libunwind::trace::h2f05d0192276a8f6
[INFO] [stdout]                                at /rustc/1b7dd2252b99671ce5d1cb9664c5f8636329436d/library/std/src/../../backtrace/src/backtrace/libunwind.rs:93:5
[INFO] [stdout]    1:     0x560ba608bcaa - std::backtrace_rs::backtrace::trace_unsynchronized::hedc23dff7a1af150
[INFO] [stdout]                                at /rustc/1b7dd2252b99671ce5d1cb9664c5f8636329436d/library/std/src/../../backtrace/src/backtrace/mod.rs:66:5
[INFO] [stdout]    2:     0x560ba608bcaa - std::sys_common::backtrace::_print_fmt::h17541ef7592f3ce2
[INFO] [stdout]                                at /rustc/1b7dd2252b99671ce5d1cb9664c5f8636329436d/library/std/src/sys_common/backtrace.rs:65:5
[INFO] [stdout]    3:     0x560ba608bcaa - <std::sys_common::backtrace::_print::DisplayBacktrace as core::fmt::Display>::fmt::h20f75df5ab0c0792
[INFO] [stdout]                                at /rustc/1b7dd2252b99671ce5d1cb9664c5f8636329436d/library/std/src/sys_common/backtrace.rs:44:22
[INFO] [stdout]    4:     0x560ba60b176f - core::fmt::write::h78109e6f466b3af6
[INFO] [stdout]                                at /rustc/1b7dd2252b99671ce5d1cb9664c5f8636329436d/library/core/src/fmt/mod.rs:1254:17
[INFO] [stdout]    5:     0x560ba6088ff5 - std::io::Write::write_fmt::hd24bfb68a1b35a25
[INFO] [stdout]                                at /rustc/1b7dd2252b99671ce5d1cb9664c5f8636329436d/library/std/src/io/mod.rs:1698:15
[INFO] [stdout]    6:     0x560ba608ba75 - std::sys_common::backtrace::_print::h8dac57a9f8fbf9a5
[INFO] [stdout]                                at /rustc/1b7dd2252b99671ce5d1cb9664c5f8636329436d/library/std/src/sys_common/backtrace.rs:47:5
[INFO] [stdout]    7:     0x560ba608ba75 - std::sys_common::backtrace::print::hf9ecbf41d1aa712f
[INFO] [stdout]                                at /rustc/1b7dd2252b99671ce5d1cb9664c5f8636329436d/library/std/src/sys_common/backtrace.rs:34:9
[INFO] [stdout]    8:     0x560ba608d72e - std::panicking::default_hook::{{closure}}::h04c07acfc84ca028
[INFO] [stdout]                                at /rustc/1b7dd2252b99671ce5d1cb9664c5f8636329436d/library/std/src/panicking.rs:269:22
[INFO] [stdout]    9:     0x560ba608d461 - std::panicking::default_hook::h01f6bb23e1eceb2c
[INFO] [stdout]                                at /rustc/1b7dd2252b99671ce5d1cb9664c5f8636329436d/library/std/src/panicking.rs:285:9
[INFO] [stdout]   10:     0x560ba605f25b - <alloc::boxed::Box<F,A> as core::ops::function::Fn<Args>>::call::h87fe9f7b2fd49e4c
[INFO] [stdout]                                at /rustc/1b7dd2252b99671ce5d1cb9664c5f8636329436d/library/alloc/src/boxed.rs:1987:9
[INFO] [stdout]   11:     0x560ba605f25b - test::test_main::{{closure}}::he94d679243a7531b
[INFO] [stdout]                                at /rustc/1b7dd2252b99671ce5d1cb9664c5f8636329436d/library/test/src/lib.rs:134:21
[INFO] [stdout]   12:     0x560ba608de14 - <alloc::boxed::Box<F,A> as core::ops::function::Fn<Args>>::call::h3f2d6d8b14c4769f
[INFO] [stdout]                                at /rustc/1b7dd2252b99671ce5d1cb9664c5f8636329436d/library/alloc/src/boxed.rs:1987:9
[INFO] [stdout]   13:     0x560ba608de14 - std::panicking::rust_panic_with_hook::h2bb3722bbaf2f6df
[INFO] [stdout]                                at /rustc/1b7dd2252b99671ce5d1cb9664c5f8636329436d/library/std/src/panicking.rs:695:13
[INFO] [stdout]   14:     0x560ba608db89 - std::panicking::begin_panic_handler::{{closure}}::h91bc7f36a4be011b
[INFO] [stdout]                                at /rustc/1b7dd2252b99671ce5d1cb9664c5f8636329436d/library/std/src/panicking.rs:582:13
[INFO] [stdout]   15:     0x560ba608c116 - std::sys_common::backtrace::__rust_end_short_backtrace::h8b3d3717114f9e59
[INFO] [stdout]                                at /rustc/1b7dd2252b99671ce5d1cb9664c5f8636329436d/library/std/src/sys_common/backtrace.rs:150:18
[INFO] [stdout]   16:     0x560ba608d8e2 - rust_begin_unwind
[INFO] [stdout]                                at /rustc/1b7dd2252b99671ce5d1cb9664c5f8636329436d/library/std/src/panicking.rs:578:5
[INFO] [stdout]   17:     0x560ba5f8cba3 - core::panicking::panic_fmt::hfd368e3fbdabea26
[INFO] [stdout]                                at /rustc/1b7dd2252b99671ce5d1cb9664c5f8636329436d/library/core/src/panicking.rs:67:14
[INFO] [stdout]   18:     0x560ba6006727 - wkt::geo_types_from_wkt::tests::geom_collection_from_other_wkt_str::h634a75c4a7e763e8
[INFO] [stdout]                                at /opt/rustwide/workdir/src/geo_types_from_wkt.rs:1001:18
[INFO] [stdout]   19:     0x560ba6006547 - wkt::geo_types_from_wkt::tests::geom_collection_from_other_wkt_str::{{closure}}::hca79066a77a582b0
[INFO] [stdout]                                at /opt/rustwide/workdir/src/geo_types_from_wkt.rs:992:45
[INFO] [stdout]   20:     0x560ba6010f45 - core::ops::function::FnOnce::call_once::h20dabdbee56e7397
[INFO] [stdout]                                at /rustc/1b7dd2252b99671ce5d1cb9664c5f8636329436d/library/core/src/ops/function.rs:250:5
[INFO] [stdout]   21:     0x560ba606412f - core::ops::function::FnOnce::call_once::ha6a70e79f7481a7e
[INFO] [stdout]                                at /rustc/1b7dd2252b99671ce5d1cb9664c5f8636329436d/library/core/src/ops/function.rs:250:5
[INFO] [stdout]   22:     0x560ba606412f - test::__rust_begin_short_backtrace::hce33033019b61e69
[INFO] [stdout]                                at /rustc/1b7dd2252b99671ce5d1cb9664c5f8636329436d/library/test/src/lib.rs:655:18
[INFO] [stdout]   23:     0x560ba603191c - test::run_test::{{closure}}::h858d3528838ae3e5
[INFO] [stdout]                                at /rustc/1b7dd2252b99671ce5d1cb9664c5f8636329436d/library/test/src/lib.rs:646:30
[INFO] [stdout]   24:     0x560ba603191c - core::ops::function::FnOnce::call_once{{vtable.shim}}::he8ac2b00f01ae79e
[INFO] [stdout]                                at /rustc/1b7dd2252b99671ce5d1cb9664c5f8636329436d/library/core/src/ops/function.rs:250:5
[INFO] [stdout]   25:     0x560ba6063206 - <alloc::boxed::Box<F,A> as core::ops::function::FnOnce<Args>>::call_once::h8093d25b522725ef
[INFO] [stdout]                                at /rustc/1b7dd2252b99671ce5d1cb9664c5f8636329436d/library/alloc/src/boxed.rs:1973:9
[INFO] [stdout]   26:     0x560ba6063206 - <core::panic::unwind_safe::AssertUnwindSafe<F> as core::ops::function::FnOnce<()>>::call_once::h5c334c204e4a3913
[INFO] [stdout]                                at /rustc/1b7dd2252b99671ce5d1cb9664c5f8636329436d/library/core/src/panic/unwind_safe.rs:271:9
[INFO] [stdout]   27:     0x560ba6063206 - std::panicking::try::do_call::ha8b740c7b9478074
[INFO] [stdout]                                at /rustc/1b7dd2252b99671ce5d1cb9664c5f8636329436d/library/std/src/panicking.rs:485:40
[INFO] [stdout]   28:     0x560ba6063206 - std::panicking::try::h5d34f63d0e41b64e
[INFO] [stdout]                                at /rustc/1b7dd2252b99671ce5d1cb9664c5f8636329436d/library/std/src/panicking.rs:449:19
[INFO] [stdout]   29:     0x560ba6063206 - std::panic::catch_unwind::hcfbb511e1aa7fc67
[INFO] [stdout]                                at /rustc/1b7dd2252b99671ce5d1cb9664c5f8636329436d/library/std/src/panic.rs:140:14
[INFO] [stdout]   30:     0x560ba6063206 - test::run_test_in_process::h9abda90f802eaf21
[INFO] [stdout]                                at /rustc/1b7dd2252b99671ce5d1cb9664c5f8636329436d/library/test/src/lib.rs:678:27
[INFO] [stdout]   31:     0x560ba6063206 - test::run_test::run_test_inner::{{closure}}::h0f058de91f6c6edf
[INFO] [stdout]                                at /rustc/1b7dd2252b99671ce5d1cb9664c5f8636329436d/library/test/src/lib.rs:572:39
[INFO] [stdout]   32:     0x560ba602c125 - test::run_test::run_test_inner::{{closure}}::h5ca48a4c59c6c1fb
[INFO] [stdout]                                at /rustc/1b7dd2252b99671ce5d1cb9664c5f8636329436d/library/test/src/lib.rs:599:37
[INFO] [stdout]   33:     0x560ba602c125 - std::sys_common::backtrace::__rust_begin_short_backtrace::h32bd51e1495d4a33
[INFO] [stdout]                                at /rustc/1b7dd2252b99671ce5d1cb9664c5f8636329436d/library/std/src/sys_common/backtrace.rs:134:18
[INFO] [stdout]   34:     0x560ba6031661 - std::thread::Builder::spawn_unchecked_::{{closure}}::{{closure}}::hc086fae9b128b2db
[INFO] [stdout]                                at /rustc/1b7dd2252b99671ce5d1cb9664c5f8636329436d/library/std/src/thread/mod.rs:526:17
[INFO] [stdout]   35:     0x560ba6031661 - <core::panic::unwind_safe::AssertUnwindSafe<F> as core::ops::function::FnOnce<()>>::call_once::hb66571888d270d43
[INFO] [stdout]                                at /rustc/1b7dd2252b99671ce5d1cb9664c5f8636329436d/library/core/src/panic/unwind_safe.rs:271:9
[INFO] [stdout]   36:     0x560ba6031661 - std::panicking::try::do_call::h4fa2ef4f6e51fecf
[INFO] [stdout]                                at /rustc/1b7dd2252b99671ce5d1cb9664c5f8636329436d/library/std/src/panicking.rs:485:40
[INFO] [stdout]   37:     0x560ba6031661 - std::panicking::try::h1e9e22b8584489b5
[INFO] [stdout]                                at /rustc/1b7dd2252b99671ce5d1cb9664c5f8636329436d/library/std/src/panicking.rs:449:19
[INFO] [stdout]   38:     0x560ba6031661 - std::panic::catch_unwind::h44698a3de0e0769e
[INFO] [stdout]                                at /rustc/1b7dd2252b99671ce5d1cb9664c5f8636329436d/library/std/src/panic.rs:140:14
[INFO] [stdout]   39:     0x560ba6031661 - std::thread::Builder::spawn_unchecked_::{{closure}}::h50153abde3fe239e
[INFO] [stdout]                                at /rustc/1b7dd2252b99671ce5d1cb9664c5f8636329436d/library/std/src/thread/mod.rs:525:30
[INFO] [stdout]   40:     0x560ba6031661 - core::ops::function::FnOnce::call_once{{vtable.shim}}::hbe5bbf6f38394364
[INFO] [stdout]                                at /rustc/1b7dd2252b99671ce5d1cb9664c5f8636329436d/library/core/src/ops/function.rs:250:5
[INFO] [stdout]   41:     0x560ba60922e5 - <alloc::boxed::Box<F,A> as core::ops::function::FnOnce<Args>>::call_once::h0d83cb2920a49046
[INFO] [stdout]                                at /rustc/1b7dd2252b99671ce5d1cb9664c5f8636329436d/library/alloc/src/boxed.rs:1973:9
[INFO] [stdout]   42:     0x560ba60922e5 - <alloc::boxed::Box<F,A> as core::ops::function::FnOnce<Args>>::call_once::hbe0a008aa7d9ef59
[INFO] [stdout]                                at /rustc/1b7dd2252b99671ce5d1cb9664c5f8636329436d/library/alloc/src/boxed.rs:1973:9
[INFO] [stdout]   43:     0x560ba60922e5 - std::sys::unix::thread::Thread::new::thread_start::h3a466996bdf6b1f9
[INFO] [stdout]                                at /rustc/1b7dd2252b99671ce5d1cb9664c5f8636329436d/library/std/src/sys/unix/thread.rs:108:17
[INFO] [stdout]   44:     0x7f462f0acb43 - <unknown>
[INFO] [stdout]   45:     0x7f462f13dbb4 - __clone
[INFO] [stdout]   46:                0x0 - <unknown>
[INFO] [stdout] 
[INFO] [stdout] 
[INFO] [stdout] failures:
[INFO] [stdout]     geo_types_from_wkt::tests::from_other_geom_wkt_str
[INFO] [stdout]     geo_types_from_wkt::tests::geom_collection_from_other_wkt_str
[INFO] [stdout] 
[INFO] [stdout] test result: FAILED. 73 passed; 2 failed; 0 ignored; 0 measured; 0 filtered out; finished in 0.05s
[INFO] [stdout] 
[INFO] [stderr] error: test failed, to rerun pass `--lib`
[INFO] running `Command { std: "docker" "inspect" "b559391f7750a38ed0f2c91be46858c340bef41f28763f7c7e2b273ea56828e3", kill_on_drop: false }`
[INFO] running `Command { std: "docker" "rm" "-f" "b559391f7750a38ed0f2c91be46858c340bef41f28763f7c7e2b273ea56828e3", kill_on_drop: false }`
[INFO] [stdout] b559391f7750a38ed0f2c91be46858c340bef41f28763f7c7e2b273ea56828e3
