[INFO] fetching crate without_div_sym 0.1.1...
[INFO] testing without_div_sym-0.1.1 against 1.69.0 for beta-1.70-1
[INFO] extracting crate without_div_sym 0.1.1 into /workspace/builds/worker-4-tc1/source
[INFO] validating manifest of crates.io crate without_div_sym 0.1.1 on toolchain 1.69.0
[INFO] running `Command { std: CARGO_HOME="/workspace/cargo-home" RUSTUP_HOME="/workspace/rustup-home" "/workspace/cargo-home/bin/cargo" "+1.69.0" "metadata" "--manifest-path" "Cargo.toml" "--no-deps", kill_on_drop: false }`
[INFO] started tweaking crates.io crate without_div_sym 0.1.1
[INFO] finished tweaking crates.io crate without_div_sym 0.1.1
[INFO] tweaked toml for crates.io crate without_div_sym 0.1.1 written to /workspace/builds/worker-4-tc1/source/Cargo.toml
[INFO] crate crates.io crate without_div_sym 0.1.1 already has a lockfile, it will not be regenerated
[INFO] running `Command { std: CARGO_HOME="/workspace/cargo-home" RUSTUP_HOME="/workspace/rustup-home" "/workspace/cargo-home/bin/cargo" "+1.69.0" "fetch" "--manifest-path" "Cargo.toml", kill_on_drop: false }`
[INFO] [stderr]     Blocking waiting for file lock on package cache
[INFO] running `Command { std: "docker" "create" "-v" "/var/lib/crater-agent-workspace/builds/worker-4-tc1/target:/opt/rustwide/target:rw,Z" "-v" "/var/lib/crater-agent-workspace/builds/worker-4-tc1/source:/opt/rustwide/workdir:ro,Z" "-v" "/var/lib/crater-agent-workspace/cargo-home:/opt/rustwide/cargo-home:ro,Z" "-v" "/var/lib/crater-agent-workspace/rustup-home:/opt/rustwide/rustup-home:ro,Z" "-e" "SOURCE_DIR=/opt/rustwide/workdir" "-e" "CARGO_TARGET_DIR=/opt/rustwide/target" "-e" "CARGO_HOME=/opt/rustwide/cargo-home" "-e" "RUSTUP_HOME=/opt/rustwide/rustup-home" "-w" "/opt/rustwide/workdir" "-m" "1610612736" "--user" "0:0" "--network" "none" "ghcr.io/rust-lang/crates-build-env/linux@sha256:5ff2268d62e97bff2cde7d5815dd6ed5b47097566f13b8d0ca110b04b60e07ed" "/opt/rustwide/cargo-home/bin/cargo" "+1.69.0" "metadata" "--no-deps" "--format-version=1", kill_on_drop: false }`
[INFO] [stdout] 64a673441094de30d241a40b91f105a7b3014fdf9dae30c09a827c8961a60b9b
[INFO] running `Command { std: "docker" "start" "-a" "64a673441094de30d241a40b91f105a7b3014fdf9dae30c09a827c8961a60b9b", kill_on_drop: false }`
[INFO] running `Command { std: "docker" "inspect" "64a673441094de30d241a40b91f105a7b3014fdf9dae30c09a827c8961a60b9b", kill_on_drop: false }`
[INFO] running `Command { std: "docker" "rm" "-f" "64a673441094de30d241a40b91f105a7b3014fdf9dae30c09a827c8961a60b9b", kill_on_drop: false }`
[INFO] [stdout] 64a673441094de30d241a40b91f105a7b3014fdf9dae30c09a827c8961a60b9b
[INFO] running `Command { std: "docker" "create" "-v" "/var/lib/crater-agent-workspace/builds/worker-4-tc1/target:/opt/rustwide/target:rw,Z" "-v" "/var/lib/crater-agent-workspace/builds/worker-4-tc1/source:/opt/rustwide/workdir:ro,Z" "-v" "/var/lib/crater-agent-workspace/cargo-home:/opt/rustwide/cargo-home:ro,Z" "-v" "/var/lib/crater-agent-workspace/rustup-home:/opt/rustwide/rustup-home:ro,Z" "-e" "SOURCE_DIR=/opt/rustwide/workdir" "-e" "CARGO_TARGET_DIR=/opt/rustwide/target" "-e" "CARGO_INCREMENTAL=0" "-e" "RUST_BACKTRACE=full" "-e" "RUSTFLAGS=--cap-lints=warn" "-e" "RUSTDOCFLAGS=--cap-lints=warn" "-e" "CARGO_HOME=/opt/rustwide/cargo-home" "-e" "RUSTUP_HOME=/opt/rustwide/rustup-home" "-w" "/opt/rustwide/workdir" "-m" "1610612736" "--user" "0:0" "--network" "none" "ghcr.io/rust-lang/crates-build-env/linux@sha256:5ff2268d62e97bff2cde7d5815dd6ed5b47097566f13b8d0ca110b04b60e07ed" "/opt/rustwide/cargo-home/bin/cargo" "+1.69.0" "build" "--frozen" "--message-format=json", kill_on_drop: false }`
[INFO] [stdout] a8188a015dddbd36ef908260ac8f3d1f3f6c3f66b10ab34efc67375378a69531
[INFO] running `Command { std: "docker" "start" "-a" "a8188a015dddbd36ef908260ac8f3d1f3f6c3f66b10ab34efc67375378a69531", kill_on_drop: false }`
[INFO] [stderr]    Compiling num-traits v0.2.15
[INFO] [stderr]    Compiling num-integer v0.1.45
[INFO] [stderr]    Compiling num-bigint v0.4.3
[INFO] [stderr]    Compiling num-iter v0.1.43
[INFO] [stderr]    Compiling num-rational v0.4.1
[INFO] [stderr]    Compiling num-complex v0.4.2
[INFO] [stderr]    Compiling num v0.4.0
[INFO] [stderr]    Compiling without_div_sym v0.1.1 (/opt/rustwide/workdir)
[INFO] [stderr]     Finished dev [optimized + debuginfo] target(s) in 8.97s
[INFO] running `Command { std: "docker" "inspect" "a8188a015dddbd36ef908260ac8f3d1f3f6c3f66b10ab34efc67375378a69531", kill_on_drop: false }`
[INFO] running `Command { std: "docker" "rm" "-f" "a8188a015dddbd36ef908260ac8f3d1f3f6c3f66b10ab34efc67375378a69531", kill_on_drop: false }`
[INFO] [stdout] a8188a015dddbd36ef908260ac8f3d1f3f6c3f66b10ab34efc67375378a69531
[INFO] running `Command { std: "docker" "create" "-v" "/var/lib/crater-agent-workspace/builds/worker-4-tc1/target:/opt/rustwide/target:rw,Z" "-v" "/var/lib/crater-agent-workspace/builds/worker-4-tc1/source:/opt/rustwide/workdir:ro,Z" "-v" "/var/lib/crater-agent-workspace/cargo-home:/opt/rustwide/cargo-home:ro,Z" "-v" "/var/lib/crater-agent-workspace/rustup-home:/opt/rustwide/rustup-home:ro,Z" "-e" "SOURCE_DIR=/opt/rustwide/workdir" "-e" "CARGO_TARGET_DIR=/opt/rustwide/target" "-e" "CARGO_INCREMENTAL=0" "-e" "RUST_BACKTRACE=full" "-e" "RUSTFLAGS=--cap-lints=warn" "-e" "RUSTDOCFLAGS=--cap-lints=warn" "-e" "CARGO_HOME=/opt/rustwide/cargo-home" "-e" "RUSTUP_HOME=/opt/rustwide/rustup-home" "-w" "/opt/rustwide/workdir" "-m" "1610612736" "--user" "0:0" "--network" "none" "ghcr.io/rust-lang/crates-build-env/linux@sha256:5ff2268d62e97bff2cde7d5815dd6ed5b47097566f13b8d0ca110b04b60e07ed" "/opt/rustwide/cargo-home/bin/cargo" "+1.69.0" "test" "--frozen" "--no-run" "--message-format=json", kill_on_drop: false }`
[INFO] [stdout] 33d5b61063ad270d28eb640ac2abf745a37711b47c9738b9fd0524768909b020
[INFO] running `Command { std: "docker" "start" "-a" "33d5b61063ad270d28eb640ac2abf745a37711b47c9738b9fd0524768909b020", kill_on_drop: false }`
[INFO] [stderr]    Compiling without_div_sym v0.1.1 (/opt/rustwide/workdir)
[INFO] [stderr]     Finished test [optimized + debuginfo] target(s) in 0.61s
[INFO] running `Command { std: "docker" "inspect" "33d5b61063ad270d28eb640ac2abf745a37711b47c9738b9fd0524768909b020", kill_on_drop: false }`
[INFO] running `Command { std: "docker" "rm" "-f" "33d5b61063ad270d28eb640ac2abf745a37711b47c9738b9fd0524768909b020", kill_on_drop: false }`
[INFO] [stdout] 33d5b61063ad270d28eb640ac2abf745a37711b47c9738b9fd0524768909b020
[INFO] running `Command { std: "docker" "create" "-v" "/var/lib/crater-agent-workspace/builds/worker-4-tc1/target:/opt/rustwide/target:rw,Z" "-v" "/var/lib/crater-agent-workspace/builds/worker-4-tc1/source:/opt/rustwide/workdir:ro,Z" "-v" "/var/lib/crater-agent-workspace/cargo-home:/opt/rustwide/cargo-home:ro,Z" "-v" "/var/lib/crater-agent-workspace/rustup-home:/opt/rustwide/rustup-home:ro,Z" "-e" "SOURCE_DIR=/opt/rustwide/workdir" "-e" "CARGO_TARGET_DIR=/opt/rustwide/target" "-e" "CARGO_INCREMENTAL=0" "-e" "RUST_BACKTRACE=full" "-e" "RUSTFLAGS=--cap-lints=warn" "-e" "RUSTDOCFLAGS=--cap-lints=warn" "-e" "CARGO_HOME=/opt/rustwide/cargo-home" "-e" "RUSTUP_HOME=/opt/rustwide/rustup-home" "-w" "/opt/rustwide/workdir" "-m" "1610612736" "--user" "0:0" "--network" "none" "ghcr.io/rust-lang/crates-build-env/linux@sha256:5ff2268d62e97bff2cde7d5815dd6ed5b47097566f13b8d0ca110b04b60e07ed" "/opt/rustwide/cargo-home/bin/cargo" "+1.69.0" "test" "--frozen", kill_on_drop: false }`
[INFO] [stdout] 6d1052df5912a98b11f1cf758a232bb5a9387a1bb836ca983f9a09fe612a87f5
[INFO] running `Command { std: "docker" "start" "-a" "6d1052df5912a98b11f1cf758a232bb5a9387a1bb836ca983f9a09fe612a87f5", kill_on_drop: false }`
[INFO] [stderr]     Finished test [optimized + debuginfo] target(s) in 0.01s
[INFO] [stderr]      Running unittests src/lib.rs (/opt/rustwide/target/debug/deps/without_div_sym-87136c75f51ba884)
[INFO] [stdout] 
[INFO] [stdout] running 0 tests
[INFO] [stdout] 
[INFO] [stdout] test result: ok. 0 passed; 0 failed; 0 ignored; 0 measured; 0 filtered out; finished in 0.00s
[INFO] [stdout] 
[INFO] [stderr]      Running unittests src/main.rs (/opt/rustwide/target/debug/deps/without_div_sym-b5e8e8313aab75d9)
[INFO] [stdout] 
[INFO] [stdout] running 0 tests
[INFO] [stdout] 
[INFO] [stdout] test result: ok. 0 passed; 0 failed; 0 ignored; 0 measured; 0 filtered out; finished in 0.00s
[INFO] [stdout] 
[INFO] [stderr]      Running tests/integration_test.rs (/opt/rustwide/target/debug/deps/integration_test-bf5250bc69fdaa9c)
[INFO] [stdout] 
[INFO] [stdout] running 1 test
[INFO] [stderr]    Doc-tests without_div_sym
[INFO] [stdout] test test_divide ... ok
[INFO] [stdout] 
[INFO] [stdout] test result: ok. 1 passed; 0 failed; 0 ignored; 0 measured; 0 filtered out; finished in 0.00s
[INFO] [stdout] 
[INFO] [stdout] 
[INFO] [stdout] running 2 tests
[INFO] [stdout] test src/lib.rs - wo_divisor::divide (line 34) ... FAILED
[INFO] [stdout] test src/lib.rs - wo_divisor::divide (line 21) ... ok
[INFO] [stdout] 
[INFO] [stdout] failures:
[INFO] [stdout] 
[INFO] [stdout] ---- src/lib.rs - wo_divisor::divide (line 34) stdout ----
[INFO] [stdout] error[E0425]: cannot find function `some` in this scope
[INFO] [stdout]  --> src/lib.rs:37:12
[INFO] [stdout]   |
[INFO] [stdout] 6 | assert_eq!(some(3.0), without_div_sym::divide(a,b)); // This wont complie, it will bring out an error
[INFO] [stdout]   |            ^^^^ help: a tuple variant with a similar name exists (notice the capitalization): `Some`
[INFO] [stdout]  --> /rustc/84c898d65adf2f39a5a98507f1fe0ce10a2b8dbc/library/core/src/option.rs:571:5
[INFO] [stdout]   |
[INFO] [stdout]   = note: similarly named tuple variant `Some` defined here
[INFO] [stdout] 
[INFO] [stdout] error[E0277]: the trait bound `{float}: Not` is not satisfied
[INFO] [stdout]   --> src/lib.rs:37:23
[INFO] [stdout]    |
[INFO] [stdout] 6  | assert_eq!(some(3.0), without_div_sym::divide(a,b)); // This wont complie, it will bring out an error
[INFO] [stdout]    |                       ^^^^^^^^^^^^^^^^^^^^^^^ the trait `Not` is not implemented for `{float}`
[INFO] [stdout]    |
[INFO] [stdout]    = help: the following other types implement trait `Not`:
[INFO] [stdout]              &i128
[INFO] [stdout]              &i16
[INFO] [stdout]              &i32
[INFO] [stdout]              &i64
[INFO] [stdout]              &i8
[INFO] [stdout]              &isize
[INFO] [stdout]              &u128
[INFO] [stdout]              &u16
[INFO] [stdout]            and 16 others
[INFO] [stdout] note: required by a bound in `divide`
[INFO] [stdout]   --> /opt/rustwide/workdir/src/lib.rs:45:15
[INFO] [stdout]    |
[INFO] [stdout] 45 |             + std::ops::Not<Output = T>
[INFO] [stdout]    |               ^^^^^^^^^^^^^^^^^^^^^^^^^ required by this bound in `divide`
[INFO] [stdout] 
[INFO] [stdout] error[E0277]: no implementation for `{float} <<= {float}`
[INFO] [stdout]   --> src/lib.rs:37:23
[INFO] [stdout]    |
[INFO] [stdout] 6  | assert_eq!(some(3.0), without_div_sym::divide(a,b)); // This wont complie, it will bring out an error
[INFO] [stdout]    |                       ^^^^^^^^^^^^^^^^^^^^^^^ no implementation for `{float} <<= {float}`
[INFO] [stdout]    |
[INFO] [stdout]    = help: the trait `ShlAssign` is not implemented for `{float}`
[INFO] [stdout]    = help: the following other types implement trait `ShlAssign<Rhs>`:
[INFO] [stdout]              <i128 as ShlAssign<&i128>>
[INFO] [stdout]              <i128 as ShlAssign<&i16>>
[INFO] [stdout]              <i128 as ShlAssign<&i32>>
[INFO] [stdout]              <i128 as ShlAssign<&i64>>
[INFO] [stdout]              <i128 as ShlAssign<&i8>>
[INFO] [stdout]              <i128 as ShlAssign<&isize>>
[INFO] [stdout]              <i128 as ShlAssign<&u128>>
[INFO] [stdout]              <i128 as ShlAssign<&u16>>
[INFO] [stdout]            and 280 others
[INFO] [stdout] note: required by a bound in `divide`
[INFO] [stdout]   --> /opt/rustwide/workdir/src/lib.rs:47:15
[INFO] [stdout]    |
[INFO] [stdout] 47 |             + std::ops::ShlAssign<T>
[INFO] [stdout]    |               ^^^^^^^^^^^^^^^^^^^^^^ required by this bound in `divide`
[INFO] [stdout] 
[INFO] [stdout] error: aborting due to 3 previous errors
[INFO] [stdout] 
[INFO] [stdout] Some errors have detailed explanations: E0277, E0425.
[INFO] [stdout] For more information about an error, try `rustc --explain E0277`.
[INFO] [stdout] Couldn't compile the test.
[INFO] [stdout] 
[INFO] [stdout] failures:
[INFO] [stdout]     src/lib.rs - wo_divisor::divide (line 34)
[INFO] [stdout] 
[INFO] [stdout] test result: FAILED. 1 passed; 1 failed; 0 ignored; 0 measured; 0 filtered out; finished in 0.34s
[INFO] [stdout] 
[INFO] [stderr] error: doctest failed, to rerun pass `--doc`
[INFO] running `Command { std: "docker" "inspect" "6d1052df5912a98b11f1cf758a232bb5a9387a1bb836ca983f9a09fe612a87f5", kill_on_drop: false }`
[INFO] running `Command { std: "docker" "rm" "-f" "6d1052df5912a98b11f1cf758a232bb5a9387a1bb836ca983f9a09fe612a87f5", kill_on_drop: false }`
[INFO] [stdout] 6d1052df5912a98b11f1cf758a232bb5a9387a1bb836ca983f9a09fe612a87f5
