[INFO] fetching crate wiresmith 0.2.1...
[INFO] testing wiresmith-0.2.1 against beta-2023-04-20 for beta-1.70-1
[INFO] extracting crate wiresmith 0.2.1 into /workspace/builds/worker-5-tc2/source
[INFO] validating manifest of crates.io crate wiresmith 0.2.1 on toolchain beta-2023-04-20
[INFO] running `Command { std: CARGO_HOME="/workspace/cargo-home" RUSTUP_HOME="/workspace/rustup-home" "/workspace/cargo-home/bin/cargo" "+beta-2023-04-20" "metadata" "--manifest-path" "Cargo.toml" "--no-deps", kill_on_drop: false }`
[INFO] started tweaking crates.io crate wiresmith 0.2.1
[INFO] finished tweaking crates.io crate wiresmith 0.2.1
[INFO] tweaked toml for crates.io crate wiresmith 0.2.1 written to /workspace/builds/worker-5-tc2/source/Cargo.toml
[INFO] crate crates.io crate wiresmith 0.2.1 already has a lockfile, it will not be regenerated
[INFO] running `Command { std: CARGO_HOME="/workspace/cargo-home" RUSTUP_HOME="/workspace/rustup-home" "/workspace/cargo-home/bin/cargo" "+beta-2023-04-20" "fetch" "--manifest-path" "Cargo.toml", kill_on_drop: false }`
[INFO] [stderr]     Updating crates.io index
[INFO] [stderr]  Downloading crates ...
[INFO] [stderr]   Downloaded x25519-dalek-fiat v0.1.0
[INFO] [stderr]   Downloaded assert_fs v1.0.13
[INFO] [stderr]   Downloaded file-owner v0.1.1
[INFO] [stderr]   Downloaded configparser v3.0.2
[INFO] [stderr]   Downloaded wireguard-keys v0.1.1
[INFO] [stderr]   Downloaded pnet_base v0.33.0
[INFO] [stderr]   Downloaded port_check v0.1.5
[INFO] [stderr]   Downloaded pnet_sys v0.33.0
[INFO] [stderr]   Downloaded clap_mangen v0.2.10
[INFO] [stderr]   Downloaded clap_complete v4.2.0
[INFO] [stderr]   Downloaded pnet_macros v0.33.0
[INFO] [stderr]   Downloaded pnet_packet v0.33.0
[INFO] [stderr]   Downloaded pnet v0.33.0
[INFO] [stderr]   Downloaded rstest v0.17.0
[INFO] [stderr]   Downloaded pnet_transport v0.33.0
[INFO] [stderr]   Downloaded rstest_macros v0.17.0
[INFO] [stderr]   Downloaded roff v0.2.1
[INFO] [stderr]   Downloaded pnet_datalink v0.33.0
[INFO] [stderr]   Downloaded pnet_macros_support v0.33.0
[INFO] running `Command { std: "docker" "create" "-v" "/var/lib/crater-agent-workspace/builds/worker-5-tc2/target:/opt/rustwide/target:rw,Z" "-v" "/var/lib/crater-agent-workspace/builds/worker-5-tc2/source:/opt/rustwide/workdir:ro,Z" "-v" "/var/lib/crater-agent-workspace/cargo-home:/opt/rustwide/cargo-home:ro,Z" "-v" "/var/lib/crater-agent-workspace/rustup-home:/opt/rustwide/rustup-home:ro,Z" "-e" "SOURCE_DIR=/opt/rustwide/workdir" "-e" "CARGO_TARGET_DIR=/opt/rustwide/target" "-e" "CARGO_HOME=/opt/rustwide/cargo-home" "-e" "RUSTUP_HOME=/opt/rustwide/rustup-home" "-w" "/opt/rustwide/workdir" "-m" "1610612736" "--user" "0:0" "--network" "none" "ghcr.io/rust-lang/crates-build-env/linux@sha256:5ff2268d62e97bff2cde7d5815dd6ed5b47097566f13b8d0ca110b04b60e07ed" "/opt/rustwide/cargo-home/bin/cargo" "+beta-2023-04-20" "metadata" "--no-deps" "--format-version=1", kill_on_drop: false }`
[INFO] [stdout] 841b52fcd6240ee0f0559b66fe8fb359dd569a7860373a16f2f15247e3c25c79
[INFO] running `Command { std: "docker" "start" "-a" "841b52fcd6240ee0f0559b66fe8fb359dd569a7860373a16f2f15247e3c25c79", kill_on_drop: false }`
[INFO] running `Command { std: "docker" "inspect" "841b52fcd6240ee0f0559b66fe8fb359dd569a7860373a16f2f15247e3c25c79", kill_on_drop: false }`
[INFO] running `Command { std: "docker" "rm" "-f" "841b52fcd6240ee0f0559b66fe8fb359dd569a7860373a16f2f15247e3c25c79", kill_on_drop: false }`
[INFO] [stdout] 841b52fcd6240ee0f0559b66fe8fb359dd569a7860373a16f2f15247e3c25c79
[INFO] running `Command { std: "docker" "create" "-v" "/var/lib/crater-agent-workspace/builds/worker-5-tc2/target:/opt/rustwide/target:rw,Z" "-v" "/var/lib/crater-agent-workspace/builds/worker-5-tc2/source:/opt/rustwide/workdir:ro,Z" "-v" "/var/lib/crater-agent-workspace/cargo-home:/opt/rustwide/cargo-home:ro,Z" "-v" "/var/lib/crater-agent-workspace/rustup-home:/opt/rustwide/rustup-home:ro,Z" "-e" "SOURCE_DIR=/opt/rustwide/workdir" "-e" "CARGO_TARGET_DIR=/opt/rustwide/target" "-e" "CARGO_INCREMENTAL=0" "-e" "RUST_BACKTRACE=full" "-e" "RUSTFLAGS=--cap-lints=warn" "-e" "RUSTDOCFLAGS=--cap-lints=warn" "-e" "CARGO_HOME=/opt/rustwide/cargo-home" "-e" "RUSTUP_HOME=/opt/rustwide/rustup-home" "-w" "/opt/rustwide/workdir" "-m" "1610612736" "--user" "0:0" "--network" "none" "ghcr.io/rust-lang/crates-build-env/linux@sha256:5ff2268d62e97bff2cde7d5815dd6ed5b47097566f13b8d0ca110b04b60e07ed" "/opt/rustwide/cargo-home/bin/cargo" "+beta-2023-04-20" "build" "--frozen" "--message-format=json", kill_on_drop: false }`
[INFO] [stdout] e485f31c3f1eebaf51bf148b25dc33547b36766afae0463abe6a7eb0dce0e9c0
[INFO] running `Command { std: "docker" "start" "-a" "e485f31c3f1eebaf51bf148b25dc33547b36766afae0463abe6a7eb0dce0e9c0", kill_on_drop: false }`
[INFO] [stderr]    Compiling libc v0.2.141
[INFO] [stderr]    Compiling proc-macro2 v1.0.56
[INFO] [stderr]    Compiling quote v1.0.26
[INFO] [stderr]    Compiling unicode-ident v1.0.8
[INFO] [stderr]    Compiling cfg-if v1.0.0
[INFO] [stderr]    Compiling once_cell v1.17.1
[INFO] [stderr]    Compiling autocfg v1.1.0
[INFO] [stderr]    Compiling version_check v0.9.4
[INFO] [stderr]    Compiling log v0.4.17
[INFO] [stderr]    Compiling syn v1.0.109
[INFO] [stderr]    Compiling cc v1.0.79
[INFO] [stderr]    Compiling pin-project-lite v0.2.9
[INFO] [stderr]    Compiling serde_derive v1.0.160
[INFO] [stderr]    Compiling ahash v0.7.6
[INFO] [stderr]    Compiling serde v1.0.160
[INFO] [stderr]    Compiling io-lifetimes v1.0.10
[INFO] [stderr]    Compiling bitflags v1.3.2
[INFO] [stderr]    Compiling futures-core v0.3.28
[INFO] [stderr]    Compiling regex-syntax v0.6.29
[INFO] [stderr]    Compiling rustix v0.37.11
[INFO] [stderr]    Compiling bytes v1.4.0
[INFO] [stderr]    Compiling syn v2.0.15
[INFO] [stderr]    Compiling tokio v1.27.0
[INFO] [stderr]    Compiling tracing-core v0.1.30
[INFO] [stderr]    Compiling ring v0.16.20
[INFO] [stderr]    Compiling memchr v2.5.0
[INFO] [stderr]    Compiling linux-raw-sys v0.3.1
[INFO] [stderr]    Compiling getrandom v0.2.9
[INFO] [stderr]    Compiling itoa v1.0.6
[INFO] [stderr]    Compiling spin v0.5.2
[INFO] [stderr]    Compiling untrusted v0.7.1
[INFO] [stderr]    Compiling hashbrown v0.12.3
[INFO] [stderr]    Compiling socket2 v0.4.9
[INFO] [stderr]    Compiling num_cpus v1.15.0
[INFO] [stderr]    Compiling mio v0.8.6
[INFO] [stderr]    Compiling signal-hook-registry v1.4.1
[INFO] [stderr]    Compiling pin-utils v0.1.0
[INFO] [stderr]    Compiling typenum v1.16.0
[INFO] [stderr]    Compiling futures-task v0.3.28
[INFO] [stderr]    Compiling slab v0.4.8
[INFO] [stderr]    Compiling indexmap v1.9.3
[INFO] [stderr]    Compiling generic-array v0.14.7
[INFO] [stderr]    Compiling fnv v1.0.7
[INFO] [stderr]    Compiling utf8parse v0.2.1
[INFO] [stderr]    Compiling no-std-net v0.6.0
[INFO] [stderr]    Compiling futures-util v0.3.28
[INFO] [stderr]    Compiling pnet_base v0.33.0
[INFO] [stderr]    Compiling anstyle-parse v0.2.0
[INFO] [stderr]    Compiling http v0.2.9
[INFO] [stderr]    Compiling aho-corasick v0.7.20
[INFO] [stderr]    Compiling is-terminal v0.4.7
[INFO] [stderr]    Compiling anstyle v1.0.0
[INFO] [stderr]    Compiling webpki v0.22.0
[INFO] [stderr]    Compiling futures-channel v0.3.28
[INFO] [stderr]    Compiling colorchoice v1.0.0
[INFO] [stderr]    Compiling futures-sink v0.3.28
[INFO] [stderr]    Compiling tinyvec_macros v0.1.1
[INFO] [stderr]    Compiling rustls v0.20.8
[INFO] [stderr]    Compiling anstyle-query v1.0.0
[INFO] [stderr]    Compiling httparse v1.8.0
[INFO] [stderr]    Compiling anstream v0.3.0
[INFO] [stderr]    Compiling regex v1.7.3
[INFO] [stderr]    Compiling tinyvec v1.6.0
[INFO] [stderr]    Compiling sct v0.7.0
[INFO] [stderr]    Compiling terminal_size v0.2.6
[INFO] [stderr]    Compiling memoffset v0.7.1
[INFO] [stderr]    Compiling heck v0.4.1
[INFO] [stderr]    Compiling strsim v0.10.0
[INFO] [stderr]    Compiling clap_lex v0.4.1
[INFO] [stderr]    Compiling try-lock v0.2.4
[INFO] [stderr]    Compiling percent-encoding v2.2.0
[INFO] [stderr]    Compiling want v0.3.0
[INFO] [stderr]    Compiling clap_builder v4.2.2
[INFO] [stderr]    Compiling form_urlencoded v1.1.0
[INFO] [stderr]    Compiling unicode-normalization v0.1.22
[INFO] [stderr]    Compiling digest v0.9.0
[INFO] [stderr]    Compiling http-body v0.4.5
[INFO] [stderr]    Compiling pnet_macros_support v0.33.0
[INFO] [stderr]    Compiling rand_core v0.6.4
[INFO] [stderr]    Compiling pnet_sys v0.33.0
[INFO] [stderr]    Compiling httpdate v1.0.2
[INFO] [stderr]    Compiling paste v1.0.12
[INFO] [stderr]    Compiling serde_json v1.0.96
[INFO] [stderr]    Compiling tokio-macros v2.0.0
[INFO] [stderr]    Compiling zeroize_derive v1.4.2
[INFO] [stderr]    Compiling clap_derive v4.2.0
[INFO] [stderr]    Compiling thiserror v1.0.40
[INFO] [stderr]    Compiling tracing-attributes v0.1.23
[INFO] [stderr]    Compiling zeroize v1.6.0
[INFO] [stderr]    Compiling pnet_macros v0.33.0
[INFO] [stderr]    Compiling lazy_static v1.4.0
[INFO] [stderr]    Compiling subtle v2.5.0
[INFO] [stderr]    Compiling tower-service v0.3.2
[INFO] [stderr]    Compiling byteorder v1.4.3
[INFO] [stderr]    Compiling ryu v1.0.13
[INFO] [stderr]    Compiling unicode-bidi v0.3.13
[INFO] [stderr]    Compiling pnet_packet v0.33.0
[INFO] [stderr]    Compiling clap v4.2.2
[INFO] [stderr]    Compiling idna v0.3.0
[INFO] [stderr]    Compiling curve25519-dalek-fiat v0.1.0
[INFO] [stderr]    Compiling tracing v0.1.37
[INFO] [stderr]    Compiling thiserror-impl v1.0.40
[INFO] [stderr]    Compiling regex-automata v0.1.10
[INFO] [stderr]    Compiling anyhow v1.0.70
[INFO] [stderr]    Compiling overload v0.1.1
[INFO] [stderr]    Compiling static_assertions v1.1.0
[INFO] [stderr]    Compiling dlv-list v0.3.0
[INFO] [stderr]    Compiling pnet v0.33.0
[INFO] [stderr]    Compiling tokio-util v0.7.7
[INFO] [stderr]    Compiling tokio-rustls v0.23.4
[INFO] [stderr]    Compiling base64 v0.21.0
[INFO] [stderr]    Compiling h2 v0.3.17
[INFO] [stderr]    Compiling rustls-pemfile v1.0.2
[INFO] [stderr]    Compiling matchers v0.1.0
[INFO] [stderr]    Compiling ordered-multimap v0.4.3
[INFO] [stderr]    Compiling nix v0.26.2
[INFO] [stderr]    Compiling nu-ansi-term v0.46.0
[INFO] [stderr]    Compiling x25519-dalek-fiat v0.1.0
[INFO] [stderr]    Compiling pnet_transport v0.33.0
[INFO] [stderr]    Compiling url v2.3.1
[INFO] [stderr]    Compiling tracing-log v0.1.3
[INFO] [stderr]    Compiling sharded-slab v0.1.4
[INFO] [stderr]    Compiling webpki-roots v0.22.6
[INFO] [stderr]    Compiling thread_local v1.1.7
[INFO] [stderr]    Compiling encoding_rs v0.8.32
[INFO] [stderr]    Compiling hex v0.4.3
[INFO] [stderr]    Compiling smallvec v1.10.0
[INFO] [stderr]    Compiling roff v0.2.1
[INFO] [stderr]    Compiling base64 v0.13.1
[INFO] [stderr]    Compiling mime v0.3.17
[INFO] [stderr]    Compiling ipnetwork v0.20.0
[INFO] [stderr]    Compiling ipnet v2.7.2
[INFO] [stderr]    Compiling pnet_datalink v0.33.0
[INFO] [stderr]    Compiling serde_urlencoded v0.7.1
[INFO] [stderr]    Compiling wireguard-keys v0.1.1
[INFO] [stderr]    Compiling clap_mangen v0.2.10
[INFO] [stderr]    Compiling tracing-subscriber v0.3.16
[INFO] [stderr]    Compiling rust-ini v0.18.0
[INFO] [stderr]    Compiling hyper v0.14.26
[INFO] [stderr]    Compiling file-owner v0.1.1
[INFO] [stderr]    Compiling clap_complete v4.2.0
[INFO] [stderr]    Compiling hyper-rustls v0.23.2
[INFO] [stderr]    Compiling reqwest v0.11.16
[INFO] [stderr]    Compiling wiresmith v0.2.1 (/opt/rustwide/workdir)
[INFO] [stderr]     Finished dev [unoptimized + debuginfo] target(s) in 1m 37s
[INFO] running `Command { std: "docker" "inspect" "e485f31c3f1eebaf51bf148b25dc33547b36766afae0463abe6a7eb0dce0e9c0", kill_on_drop: false }`
[INFO] running `Command { std: "docker" "rm" "-f" "e485f31c3f1eebaf51bf148b25dc33547b36766afae0463abe6a7eb0dce0e9c0", kill_on_drop: false }`
[INFO] [stdout] e485f31c3f1eebaf51bf148b25dc33547b36766afae0463abe6a7eb0dce0e9c0
[INFO] running `Command { std: "docker" "create" "-v" "/var/lib/crater-agent-workspace/builds/worker-5-tc2/target:/opt/rustwide/target:rw,Z" "-v" "/var/lib/crater-agent-workspace/builds/worker-5-tc2/source:/opt/rustwide/workdir:ro,Z" "-v" "/var/lib/crater-agent-workspace/cargo-home:/opt/rustwide/cargo-home:ro,Z" "-v" "/var/lib/crater-agent-workspace/rustup-home:/opt/rustwide/rustup-home:ro,Z" "-e" "SOURCE_DIR=/opt/rustwide/workdir" "-e" "CARGO_TARGET_DIR=/opt/rustwide/target" "-e" "CARGO_INCREMENTAL=0" "-e" "RUST_BACKTRACE=full" "-e" "RUSTFLAGS=--cap-lints=warn" "-e" "RUSTDOCFLAGS=--cap-lints=warn" "-e" "CARGO_HOME=/opt/rustwide/cargo-home" "-e" "RUSTUP_HOME=/opt/rustwide/rustup-home" "-w" "/opt/rustwide/workdir" "-m" "1610612736" "--user" "0:0" "--network" "none" "ghcr.io/rust-lang/crates-build-env/linux@sha256:5ff2268d62e97bff2cde7d5815dd6ed5b47097566f13b8d0ca110b04b60e07ed" "/opt/rustwide/cargo-home/bin/cargo" "+beta-2023-04-20" "test" "--frozen" "--no-run" "--message-format=json", kill_on_drop: false }`
[INFO] [stdout] 88ef0c1165f43ac4504e762706b93f20e498168c6a2b301d0bbe852bc92c06b3
[INFO] running `Command { std: "docker" "start" "-a" "88ef0c1165f43ac4504e762706b93f20e498168c6a2b301d0bbe852bc92c06b3", kill_on_drop: false }`
[INFO] [stderr]     Blocking waiting for file lock on package cache
[INFO] [stderr]    Compiling memchr v2.5.0
[INFO] [stderr]    Compiling rustix v0.37.11
[INFO] [stderr]    Compiling futures-channel v0.3.28
[INFO] [stderr]    Compiling futures-task v0.3.28
[INFO] [stderr]    Compiling futures-util v0.3.28
[INFO] [stderr]    Compiling futures-macro v0.3.28
[INFO] [stderr]    Compiling futures-io v0.3.28
[INFO] [stderr]    Compiling semver v1.0.17
[INFO] [stderr]    Compiling predicates-core v1.0.6
[INFO] [stderr]    Compiling either v1.8.1
[INFO] [stderr]    Compiling aho-corasick v0.7.20
[INFO] [stderr]    Compiling bstr v1.4.0
[INFO] [stderr]    Compiling doc-comment v0.3.3
[INFO] [stderr]    Compiling same-file v1.0.6
[INFO] [stderr]    Compiling walkdir v2.3.3
[INFO] [stderr]    Compiling rustc_version v0.4.0
[INFO] [stderr]    Compiling itertools v0.10.5
[INFO] [stderr]    Compiling termtree v0.4.1
[INFO] [stderr]    Compiling difflib v0.4.0
[INFO] [stderr]    Compiling rstest_macros v0.17.0
[INFO] [stderr]    Compiling regex v1.7.3
[INFO] [stderr]    Compiling predicates-tree v1.0.9
[INFO] [stderr]    Compiling fastrand v1.9.0
[INFO] [stderr]    Compiling wait-timeout v0.2.0
[INFO] [stderr]    Compiling diff v0.1.13
[INFO] [stderr]    Compiling futures-timer v3.0.2
[INFO] [stderr]    Compiling globset v0.4.10
[INFO] [stderr]    Compiling tracing-subscriber v0.3.16
[INFO] [stderr]    Compiling predicates v3.0.3
[INFO] [stderr]    Compiling is-terminal v0.4.7
[INFO] [stderr]    Compiling anstream v0.3.0
[INFO] [stderr]    Compiling terminal_size v0.2.6
[INFO] [stderr]    Compiling clap_builder v4.2.2
[INFO] [stderr]    Compiling ignore v0.4.20
[INFO] [stderr]    Compiling tempfile v3.5.0
[INFO] [stderr]    Compiling yansi v0.5.1
[INFO] [stderr]    Compiling globwalk v0.8.1
[INFO] [stderr]    Compiling pretty_assertions v1.3.0
[INFO] [stderr]    Compiling assert_fs v1.0.13
[INFO] [stderr]    Compiling assert_cmd v2.0.11
[INFO] [stderr]    Compiling h2 v0.3.17
[INFO] [stderr]    Compiling futures-executor v0.3.28
[INFO] [stderr]    Compiling futures v0.3.28
[INFO] [stderr]    Compiling port_check v0.1.5
[INFO] [stderr]    Compiling configparser v3.0.2
[INFO] [stderr]    Compiling pnet_macros v0.33.0
[INFO] [stderr]    Compiling clap v4.2.2
[INFO] [stderr]    Compiling clap_mangen v0.2.10
[INFO] [stderr]    Compiling clap_complete v4.2.0
[INFO] [stderr]    Compiling rstest v0.17.0
[INFO] [stderr]    Compiling pnet_packet v0.33.0
[INFO] [stderr]    Compiling hyper v0.14.26
[INFO] [stderr]    Compiling pnet_transport v0.33.0
[INFO] [stderr]    Compiling pnet v0.33.0
[INFO] [stderr]    Compiling hyper-rustls v0.23.2
[INFO] [stderr]    Compiling reqwest v0.11.16
[INFO] [stderr]    Compiling wiresmith v0.2.1 (/opt/rustwide/workdir)
[INFO] [stderr]     Finished test [unoptimized + debuginfo] target(s) in 48.76s
[INFO] running `Command { std: "docker" "inspect" "88ef0c1165f43ac4504e762706b93f20e498168c6a2b301d0bbe852bc92c06b3", kill_on_drop: false }`
[INFO] running `Command { std: "docker" "rm" "-f" "88ef0c1165f43ac4504e762706b93f20e498168c6a2b301d0bbe852bc92c06b3", kill_on_drop: false }`
[INFO] [stdout] 88ef0c1165f43ac4504e762706b93f20e498168c6a2b301d0bbe852bc92c06b3
[INFO] running `Command { std: "docker" "create" "-v" "/var/lib/crater-agent-workspace/builds/worker-5-tc2/target:/opt/rustwide/target:rw,Z" "-v" "/var/lib/crater-agent-workspace/builds/worker-5-tc2/source:/opt/rustwide/workdir:ro,Z" "-v" "/var/lib/crater-agent-workspace/cargo-home:/opt/rustwide/cargo-home:ro,Z" "-v" "/var/lib/crater-agent-workspace/rustup-home:/opt/rustwide/rustup-home:ro,Z" "-e" "SOURCE_DIR=/opt/rustwide/workdir" "-e" "CARGO_TARGET_DIR=/opt/rustwide/target" "-e" "CARGO_INCREMENTAL=0" "-e" "RUST_BACKTRACE=full" "-e" "RUSTFLAGS=--cap-lints=warn" "-e" "RUSTDOCFLAGS=--cap-lints=warn" "-e" "CARGO_HOME=/opt/rustwide/cargo-home" "-e" "RUSTUP_HOME=/opt/rustwide/rustup-home" "-w" "/opt/rustwide/workdir" "-m" "1610612736" "--user" "0:0" "--network" "none" "ghcr.io/rust-lang/crates-build-env/linux@sha256:5ff2268d62e97bff2cde7d5815dd6ed5b47097566f13b8d0ca110b04b60e07ed" "/opt/rustwide/cargo-home/bin/cargo" "+beta-2023-04-20" "test" "--frozen", kill_on_drop: false }`
[INFO] [stdout] 5ea6adea118428ba3f2cb76971bf412a5bc10cc21dc17a0a1b8cc74d6ad4c62b
[INFO] running `Command { std: "docker" "start" "-a" "5ea6adea118428ba3f2cb76971bf412a5bc10cc21dc17a0a1b8cc74d6ad4c62b", kill_on_drop: false }`
[INFO] [stderr]     Finished test [unoptimized + debuginfo] target(s) in 0.25s
[INFO] [stdout] 
[INFO] [stderr]      Running unittests src/lib.rs (/opt/rustwide/target/debug/deps/wiresmith-54d8792bf183a7c2)
[INFO] [stdout] running 1 test
[INFO] [stdout] test wireguard::tests::latest_handshakes_test ... ok
[INFO] [stderr]      Running unittests src/main.rs (/opt/rustwide/target/debug/deps/wiresmith-31600567f3943049)
[INFO] [stdout] 
[INFO] [stdout] test result: ok. 1 passed; 0 failed; 0 ignored; 0 measured; 0 filtered out; finished in 0.01s
[INFO] [stdout] 
[INFO] [stdout] 
[INFO] [stdout] running 0 tests
[INFO] [stderr]      Running tests/integration.rs (/opt/rustwide/target/debug/deps/integration-41f8a059724bc16b)
[INFO] [stdout] 
[INFO] [stdout] test result: ok. 0 passed; 0 failed; 0 ignored; 0 measured; 0 filtered out; finished in 0.00s
[INFO] [stdout] 
[INFO] [stdout] 
[INFO] [stdout] running 4 tests
[INFO] [stdout] test address_contained_within_network::case_2 ... ok
[INFO] [stdout] test address_contained_within_network::case_1 ... ok
[INFO] [stdout] test initial_configuration ... FAILED
[INFO] [stdout] test join_network ... FAILED
[INFO] [stdout] 
[INFO] [stdout] failures:
[INFO] [stdout] 
[INFO] [stdout] ---- initial_configuration stdout ----
[INFO] [stdout] thread 'initial_configuration' panicked at 'Couldn't run Consul binary: Os { code: 2, kind: NotFound, message: "No such file or directory" }', tests/fixtures/mod.rs:134:10
[INFO] [stdout] stack backtrace:
[INFO] [stdout]    0:     0x55617dbf3cfa - std::backtrace_rs::backtrace::libunwind::trace::h2f05d0192276a8f6
[INFO] [stdout]                                at /rustc/1b7dd2252b99671ce5d1cb9664c5f8636329436d/library/std/src/../../backtrace/src/backtrace/libunwind.rs:93:5
[INFO] [stdout]    1:     0x55617dbf3cfa - std::backtrace_rs::backtrace::trace_unsynchronized::hedc23dff7a1af150
[INFO] [stdout]                                at /rustc/1b7dd2252b99671ce5d1cb9664c5f8636329436d/library/std/src/../../backtrace/src/backtrace/mod.rs:66:5
[INFO] [stdout]    2:     0x55617dbf3cfa - std::sys_common::backtrace::_print_fmt::h17541ef7592f3ce2
[INFO] [stdout]                                at /rustc/1b7dd2252b99671ce5d1cb9664c5f8636329436d/library/std/src/sys_common/backtrace.rs:65:5
[INFO] [stdout]    3:     0x55617dbf3cfa - <std::sys_common::backtrace::_print::DisplayBacktrace as core::fmt::Display>::fmt::h20f75df5ab0c0792
[INFO] [stdout]                                at /rustc/1b7dd2252b99671ce5d1cb9664c5f8636329436d/library/std/src/sys_common/backtrace.rs:44:22
[INFO] [stdout]    4:     0x55617dc1c7af - core::fmt::write::h78109e6f466b3af6
[INFO] [stdout]                                at /rustc/1b7dd2252b99671ce5d1cb9664c5f8636329436d/library/core/src/fmt/mod.rs:1254:17
[INFO] [stdout]    5:     0x55617dbefb85 - std::io::Write::write_fmt::hd24bfb68a1b35a25
[INFO] [stdout]                                at /rustc/1b7dd2252b99671ce5d1cb9664c5f8636329436d/library/std/src/io/mod.rs:1698:15
[INFO] [stdout]    6:     0x55617dbf3ac5 - std::sys_common::backtrace::_print::h8dac57a9f8fbf9a5
[INFO] [stdout]                                at /rustc/1b7dd2252b99671ce5d1cb9664c5f8636329436d/library/std/src/sys_common/backtrace.rs:47:5
[INFO] [stdout]    7:     0x55617dbf3ac5 - std::sys_common::backtrace::print::hf9ecbf41d1aa712f
[INFO] [stdout]                                at /rustc/1b7dd2252b99671ce5d1cb9664c5f8636329436d/library/std/src/sys_common/backtrace.rs:34:9
[INFO] [stdout]    8:     0x55617dbf577e - std::panicking::default_hook::{{closure}}::h04c07acfc84ca028
[INFO] [stdout]                                at /rustc/1b7dd2252b99671ce5d1cb9664c5f8636329436d/library/std/src/panicking.rs:269:22
[INFO] [stdout]    9:     0x55617dbf54b1 - std::panicking::default_hook::h01f6bb23e1eceb2c
[INFO] [stdout]                                at /rustc/1b7dd2252b99671ce5d1cb9664c5f8636329436d/library/std/src/panicking.rs:285:9
[INFO] [stdout]   10:     0x55617d4fa39b - <alloc::boxed::Box<F,A> as core::ops::function::Fn<Args>>::call::h87fe9f7b2fd49e4c
[INFO] [stdout]                                at /rustc/1b7dd2252b99671ce5d1cb9664c5f8636329436d/library/alloc/src/boxed.rs:1987:9
[INFO] [stdout]   11:     0x55617d4fa39b - test::test_main::{{closure}}::he94d679243a7531b
[INFO] [stdout]                                at /rustc/1b7dd2252b99671ce5d1cb9664c5f8636329436d/library/test/src/lib.rs:134:21
[INFO] [stdout]   12:     0x55617dbf5e64 - <alloc::boxed::Box<F,A> as core::ops::function::Fn<Args>>::call::h3f2d6d8b14c4769f
[INFO] [stdout]                                at /rustc/1b7dd2252b99671ce5d1cb9664c5f8636329436d/library/alloc/src/boxed.rs:1987:9
[INFO] [stdout]   13:     0x55617dbf5e64 - std::panicking::rust_panic_with_hook::h2bb3722bbaf2f6df
[INFO] [stdout]                                at /rustc/1b7dd2252b99671ce5d1cb9664c5f8636329436d/library/std/src/panicking.rs:695:13
[INFO] [stdout]   14:     0x55617dbf5bd9 - std::panicking::begin_panic_handler::{{closure}}::h91bc7f36a4be011b
[INFO] [stdout]                                at /rustc/1b7dd2252b99671ce5d1cb9664c5f8636329436d/library/std/src/panicking.rs:582:13
[INFO] [stdout]   15:     0x55617dbf4166 - std::sys_common::backtrace::__rust_end_short_backtrace::h8b3d3717114f9e59
[INFO] [stdout]                                at /rustc/1b7dd2252b99671ce5d1cb9664c5f8636329436d/library/std/src/sys_common/backtrace.rs:150:18
[INFO] [stdout]   16:     0x55617dbf5932 - rust_begin_unwind
[INFO] [stdout]                                at /rustc/1b7dd2252b99671ce5d1cb9664c5f8636329436d/library/std/src/panicking.rs:578:5
[INFO] [stdout]   17:     0x55617d45b6a3 - core::panicking::panic_fmt::hfd368e3fbdabea26
[INFO] [stdout]                                at /rustc/1b7dd2252b99671ce5d1cb9664c5f8636329436d/library/core/src/panicking.rs:67:14
[INFO] [stdout]   18:     0x55617d45bc43 - core::result::unwrap_failed::he54eb4b2f125b26f
[INFO] [stdout]                                at /rustc/1b7dd2252b99671ce5d1cb9664c5f8636329436d/library/core/src/result.rs:1687:5
[INFO] [stdout]   19:     0x55617d494f85 - core::result::Result<T,E>::expect::hce8efd69fcbc8617
[INFO] [stdout]                                at /rustc/1b7dd2252b99671ce5d1cb9664c5f8636329436d/library/core/src/result.rs:1046:23
[INFO] [stdout]   20:     0x55617d498ef5 - integration::fixtures::consul::{{closure}}::h85e29891e22077e7
[INFO] [stdout]                                at /opt/rustwide/workdir/tests/fixtures/mod.rs:100:5
[INFO] [stdout]   21:     0x55617d497f37 - integration::fixtures::consul::get::{{closure}}::hb4d47ca8c613e8ad
[INFO] [stdout]                                at /opt/rustwide/workdir/tests/fixtures/mod.rs:89:1
[INFO] [stdout]   22:     0x55617d4981f3 - integration::fixtures::consul::default::{{closure}}::h912527dce7853bd3
[INFO] [stdout]                                at /opt/rustwide/workdir/tests/fixtures/mod.rs:89:1
[INFO] [stdout]   23:     0x55617d4853ec - integration::initial_configuration::{{closure}}::initial_configuration::{{closure}}::h50c92b632f25c5da
[INFO] [stdout]                                at /opt/rustwide/workdir/tests/integration.rs:52:24
[INFO] [stdout]   24:     0x55617d484f1f - integration::initial_configuration::{{closure}}::h78621d468fac7fca
[INFO] [stdout]                                at /opt/rustwide/workdir/tests/integration.rs:49:1
[INFO] [stdout]   25:     0x55617d49d7fb - <core::pin::Pin<P> as core::future::future::Future>::poll::hfdd9176a9aaa3b96
[INFO] [stdout]                                at /rustc/1b7dd2252b99671ce5d1cb9664c5f8636329436d/library/core/src/future/future.rs:125:9
[INFO] [stdout]   26:     0x55617d49d7ab - <core::pin::Pin<P> as core::future::future::Future>::poll::h500ef15413965a61
[INFO] [stdout]                                at /rustc/1b7dd2252b99671ce5d1cb9664c5f8636329436d/library/core/src/future/future.rs:125:9
[INFO] [stdout]   27:     0x55617d49d634 - tokio::runtime::scheduler::current_thread::CoreGuard::block_on::{{closure}}::{{closure}}::{{closure}}::h1e3841595303d204
[INFO] [stdout]                                at /opt/rustwide/cargo-home/registry/src/index.crates.io-6f17d22bba15001f/tokio-1.27.0/src/runtime/scheduler/current_thread.rs:541:57
[INFO] [stdout]   28:     0x55617d49d51d - tokio::runtime::coop::with_budget::hcd473a4c191c6632
[INFO] [stdout]                                at /opt/rustwide/cargo-home/registry/src/index.crates.io-6f17d22bba15001f/tokio-1.27.0/src/runtime/coop.rs:107:5
[INFO] [stdout]   29:     0x55617d49d51d - tokio::runtime::coop::budget::h66e6c113df72d209
[INFO] [stdout]                                at /opt/rustwide/cargo-home/registry/src/index.crates.io-6f17d22bba15001f/tokio-1.27.0/src/runtime/coop.rs:73:5
[INFO] [stdout]   30:     0x55617d49d51d - tokio::runtime::scheduler::current_thread::CoreGuard::block_on::{{closure}}::{{closure}}::h07fc64bc36eea262
[INFO] [stdout]                                at /opt/rustwide/cargo-home/registry/src/index.crates.io-6f17d22bba15001f/tokio-1.27.0/src/runtime/scheduler/current_thread.rs:541:25
[INFO] [stdout]   31:     0x55617d49be8a - tokio::runtime::scheduler::current_thread::Context::enter::h4c9a7aa80cd38303
[INFO] [stdout]                                at /opt/rustwide/cargo-home/registry/src/index.crates.io-6f17d22bba15001f/tokio-1.27.0/src/runtime/scheduler/current_thread.rs:350:19
[INFO] [stdout]   32:     0x55617d49c9ea - tokio::runtime::scheduler::current_thread::CoreGuard::block_on::{{closure}}::h2e2c1e64f540d681
[INFO] [stdout]                                at /opt/rustwide/cargo-home/registry/src/index.crates.io-6f17d22bba15001f/tokio-1.27.0/src/runtime/scheduler/current_thread.rs:540:36
[INFO] [stdout]   33:     0x55617d49c6e2 - tokio::runtime::scheduler::current_thread::CoreGuard::enter::{{closure}}::hd872f31d3b073841
[INFO] [stdout]                                at /opt/rustwide/cargo-home/registry/src/index.crates.io-6f17d22bba15001f/tokio-1.27.0/src/runtime/scheduler/current_thread.rs:615:57
[INFO] [stdout]   34:     0x55617d46f6cf - tokio::macros::scoped_tls::ScopedKey<T>::set::hee8bb0b804f015be
[INFO] [stdout]                                at /opt/rustwide/cargo-home/registry/src/index.crates.io-6f17d22bba15001f/tokio-1.27.0/src/macros/scoped_tls.rs:61:9
[INFO] [stdout]   35:     0x55617d49c46b - tokio::runtime::scheduler::current_thread::CoreGuard::enter::h4cf69d85aa930f90
[INFO] [stdout]                                at /opt/rustwide/cargo-home/registry/src/index.crates.io-6f17d22bba15001f/tokio-1.27.0/src/runtime/scheduler/current_thread.rs:615:27
[INFO] [stdout]   36:     0x55617d49c70d - tokio::runtime::scheduler::current_thread::CoreGuard::block_on::h6f3a3a2089b97602
[INFO] [stdout]                                at /opt/rustwide/cargo-home/registry/src/index.crates.io-6f17d22bba15001f/tokio-1.27.0/src/runtime/scheduler/current_thread.rs:530:19
[INFO] [stdout]   37:     0x55617d49b57c - tokio::runtime::scheduler::current_thread::CurrentThread::block_on::hc264e6891e938ec7
[INFO] [stdout]                                at /opt/rustwide/cargo-home/registry/src/index.crates.io-6f17d22bba15001f/tokio-1.27.0/src/runtime/scheduler/current_thread.rs:154:24
[INFO] [stdout]   38:     0x55617d4acfc8 - tokio::runtime::runtime::Runtime::block_on::h7d61441bfe8c2768
[INFO] [stdout]                                at /opt/rustwide/cargo-home/registry/src/index.crates.io-6f17d22bba15001f/tokio-1.27.0/src/runtime/runtime.rs:302:47
[INFO] [stdout]   39:     0x55617d484c69 - integration::initial_configuration::hf4b43b39a34f64df
[INFO] [stdout]                                at /opt/rustwide/workdir/tests/integration.rs:49:1
[INFO] [stdout]   40:     0x55617d484ae7 - integration::initial_configuration::{{closure}}::h5fede07161a5fc65
[INFO] [stdout]                                at /opt/rustwide/workdir/tests/integration.rs:51:87
[INFO] [stdout]   41:     0x55617d4903e5 - core::ops::function::FnOnce::call_once::hca8d3768cce58dbc
[INFO] [stdout]                                at /rustc/1b7dd2252b99671ce5d1cb9664c5f8636329436d/library/core/src/ops/function.rs:250:5
[INFO] [stdout]   42:     0x55617d4ff26f - core::ops::function::FnOnce::call_once::ha6a70e79f7481a7e
[INFO] [stdout]                                at /rustc/1b7dd2252b99671ce5d1cb9664c5f8636329436d/library/core/src/ops/function.rs:250:5
[INFO] [stdout]   43:     0x55617d4ff26f - test::__rust_begin_short_backtrace::hce33033019b61e69
[INFO] [stdout]                                at /rustc/1b7dd2252b99671ce5d1cb9664c5f8636329436d/library/test/src/lib.rs:655:18
[INFO] [stdout]   44:     0x55617d4cca5c - test::run_test::{{closure}}::h858d3528838ae3e5
[INFO] [stdout]                                at /rustc/1b7dd2252b99671ce5d1cb9664c5f8636329436d/library/test/src/lib.rs:646:30
[INFO] [stdout]   45:     0x55617d4cca5c - core::ops::function::FnOnce::call_once{{vtable.shim}}::he8ac2b00f01ae79e
[INFO] [stdout]                                at /rustc/1b7dd2252b99671ce5d1cb9664c5f8636329436d/library/core/src/ops/function.rs:250:5
[INFO] [stdout]   46:     0x55617d4fe346 - <alloc::boxed::Box<F,A> as core::ops::function::FnOnce<Args>>::call_once::h8093d25b522725ef
[INFO] [stdout]                                at /rustc/1b7dd2252b99671ce5d1cb9664c5f8636329436d/library/alloc/src/boxed.rs:1973:9
[INFO] [stdout]   47:     0x55617d4fe346 - <core::panic::unwind_safe::AssertUnwindSafe<F> as core::ops::function::FnOnce<()>>::call_once::h5c334c204e4a3913
[INFO] [stdout]                                at /rustc/1b7dd2252b99671ce5d1cb9664c5f8636329436d/library/core/src/panic/unwind_safe.rs:271:9
[INFO] [stdout]   48:     0x55617d4fe346 - std::panicking::try::do_call::ha8b740c7b9478074
[INFO] [stdout]                                at /rustc/1b7dd2252b99671ce5d1cb9664c5f8636329436d/library/std/src/panicking.rs:485:40
[INFO] [stdout]   49:     0x55617d4fe346 - std::panicking::try::h5d34f63d0e41b64e
[INFO] [stdout]                                at /rustc/1b7dd2252b99671ce5d1cb9664c5f8636329436d/library/std/src/panicking.rs:449:19
[INFO] [stdout]   50:     0x55617d4fe346 - std::panic::catch_unwind::hcfbb511e1aa7fc67
[INFO] [stdout]                                at /rustc/1b7dd2252b99671ce5d1cb9664c5f8636329436d/library/std/src/panic.rs:140:14
[INFO] [stdout]   51:     0x55617d4fe346 - test::run_test_in_process::h9abda90f802eaf21
[INFO] [stdout]                                at /rustc/1b7dd2252b99671ce5d1cb9664c5f8636329436d/library/test/src/lib.rs:678:27
[INFO] [stdout]   52:     0x55617d4fe346 - test::run_test::run_test_inner::{{closure}}::h0f058de91f6c6edf
[INFO] [stdout]                                at /rustc/1b7dd2252b99671ce5d1cb9664c5f8636329436d/library/test/src/lib.rs:572:39
[INFO] [stdout]   53:     0x55617d4c7265 - test::run_test::run_test_inner::{{closure}}::h5ca48a4c59c6c1fb
[INFO] [stdout]                                at /rustc/1b7dd2252b99671ce5d1cb9664c5f8636329436d/library/test/src/lib.rs:599:37
[INFO] [stdout]   54:     0x55617d4c7265 - std::sys_common::backtrace::__rust_begin_short_backtrace::h32bd51e1495d4a33
[INFO] [stdout]                                at /rustc/1b7dd2252b99671ce5d1cb9664c5f8636329436d/library/std/src/sys_common/backtrace.rs:134:18
[INFO] [stdout]   55:     0x55617d4cc7a1 - std::thread::Builder::spawn_unchecked_::{{closure}}::{{closure}}::hc086fae9b128b2db
[INFO] [stdout]                                at /rustc/1b7dd2252b99671ce5d1cb9664c5f8636329436d/library/std/src/thread/mod.rs:526:17
[INFO] [stdout]   56:     0x55617d4cc7a1 - <core::panic::unwind_safe::AssertUnwindSafe<F> as core::ops::function::FnOnce<()>>::call_once::hb66571888d270d43
[INFO] [stdout]                                at /rustc/1b7dd2252b99671ce5d1cb9664c5f8636329436d/library/core/src/panic/unwind_safe.rs:271:9
[INFO] [stdout]   57:     0x55617d4cc7a1 - std::panicking::try::do_call::h4fa2ef4f6e51fecf
[INFO] [stdout]                                at /rustc/1b7dd2252b99671ce5d1cb9664c5f8636329436d/library/std/src/panicking.rs:485:40
[INFO] [stdout]   58:     0x55617d4cc7a1 - std::panicking::try::h1e9e22b8584489b5
[INFO] [stdout]                                at /rustc/1b7dd2252b99671ce5d1cb9664c5f8636329436d/library/std/src/panicking.rs:449:19
[INFO] [stdout]   59:     0x55617d4cc7a1 - std::panic::catch_unwind::h44698a3de0e0769e
[INFO] [stdout]                                at /rustc/1b7dd2252b99671ce5d1cb9664c5f8636329436d/library/std/src/panic.rs:140:14
[INFO] [stdout]   60:     0x55617d4cc7a1 - std::thread::Builder::spawn_unchecked_::{{closure}}::h50153abde3fe239e
[INFO] [stdout]                                at /rustc/1b7dd2252b99671ce5d1cb9664c5f8636329436d/library/std/src/thread/mod.rs:525:30
[INFO] [stdout]   61:     0x55617d4cc7a1 - core::ops::function::FnOnce::call_once{{vtable.shim}}::hbe5bbf6f38394364
[INFO] [stdout]                                at /rustc/1b7dd2252b99671ce5d1cb9664c5f8636329436d/library/core/src/ops/function.rs:250:5
[INFO] [stdout]   62:     0x55617dbfaf75 - <alloc::boxed::Box<F,A> as core::ops::function::FnOnce<Args>>::call_once::h0d83cb2920a49046
[INFO] [stdout]                                at /rustc/1b7dd2252b99671ce5d1cb9664c5f8636329436d/library/alloc/src/boxed.rs:1973:9
[INFO] [stdout]   63:     0x55617dbfaf75 - <alloc::boxed::Box<F,A> as core::ops::function::FnOnce<Args>>::call_once::hbe0a008aa7d9ef59
[INFO] [stdout]                                at /rustc/1b7dd2252b99671ce5d1cb9664c5f8636329436d/library/alloc/src/boxed.rs:1973:9
[INFO] [stdout]   64:     0x55617dbfaf75 - std::sys::unix::thread::Thread::new::thread_start::h3a466996bdf6b1f9
[INFO] [stdout]                                at /rustc/1b7dd2252b99671ce5d1cb9664c5f8636329436d/library/std/src/sys/unix/thread.rs:108:17
[INFO] [stdout]   65:     0x7ffb27fb9b43 - <unknown>
[INFO] [stdout]   66:     0x7ffb2804abb4 - __clone
[INFO] [stdout]   67:                0x0 - <unknown>
[INFO] [stdout] 
[INFO] [stdout] ---- join_network stdout ----
[INFO] [stdout] thread 'join_network' panicked at 'Couldn't run Consul binary: Os { code: 2, kind: NotFound, message: "No such file or directory" }', tests/fixtures/mod.rs:134:10
[INFO] [stdout] stack backtrace:
[INFO] [stdout]    0:     0x55617dbf3cfa - std::backtrace_rs::backtrace::libunwind::trace::h2f05d0192276a8f6
[INFO] [stdout]                                at /rustc/1b7dd2252b99671ce5d1cb9664c5f8636329436d/library/std/src/../../backtrace/src/backtrace/libunwind.rs:93:5
[INFO] [stdout]    1:     0x55617dbf3cfa - std::backtrace_rs::backtrace::trace_unsynchronized::hedc23dff7a1af150
[INFO] [stdout]                                at /rustc/1b7dd2252b99671ce5d1cb9664c5f8636329436d/library/std/src/../../backtrace/src/backtrace/mod.rs:66:5
[INFO] [stdout]    2:     0x55617dbf3cfa - std::sys_common::backtrace::_print_fmt::h17541ef7592f3ce2
[INFO] [stdout]                                at /rustc/1b7dd2252b99671ce5d1cb9664c5f8636329436d/library/std/src/sys_common/backtrace.rs:65:5
[INFO] [stdout]    3:     0x55617dbf3cfa - <std::sys_common::backtrace::_print::DisplayBacktrace as core::fmt::Display>::fmt::h20f75df5ab0c0792
[INFO] [stdout]                                at /rustc/1b7dd2252b99671ce5d1cb9664c5f8636329436d/library/std/src/sys_common/backtrace.rs:44:22
[INFO] [stdout]    4:     0x55617dc1c7af - core::fmt::write::h78109e6f466b3af6
[INFO] [stdout]                                at /rustc/1b7dd2252b99671ce5d1cb9664c5f8636329436d/library/core/src/fmt/mod.rs:1254:17
[INFO] [stdout]    5:     0x55617dbefb85 - std::io::Write::write_fmt::hd24bfb68a1b35a25
[INFO] [stdout]                                at /rustc/1b7dd2252b99671ce5d1cb9664c5f8636329436d/library/std/src/io/mod.rs:1698:15
[INFO] [stdout]    6:     0x55617dbf3ac5 - std::sys_common::backtrace::_print::h8dac57a9f8fbf9a5
[INFO] [stdout]                                at /rustc/1b7dd2252b99671ce5d1cb9664c5f8636329436d/library/std/src/sys_common/backtrace.rs:47:5
[INFO] [stdout]    7:     0x55617dbf3ac5 - std::sys_common::backtrace::print::hf9ecbf41d1aa712f
[INFO] [stdout]                                at /rustc/1b7dd2252b99671ce5d1cb9664c5f8636329436d/library/std/src/sys_common/backtrace.rs:34:9
[INFO] [stdout]    8:     0x55617dbf577e - std::panicking::default_hook::{{closure}}::h04c07acfc84ca028
[INFO] [stdout]                                at /rustc/1b7dd2252b99671ce5d1cb9664c5f8636329436d/library/std/src/panicking.rs:269:22
[INFO] [stdout]    9:     0x55617dbf54b1 - std::panicking::default_hook::h01f6bb23e1eceb2c
[INFO] [stdout]                                at /rustc/1b7dd2252b99671ce5d1cb9664c5f8636329436d/library/std/src/panicking.rs:285:9
[INFO] [stdout]   10:     0x55617d4fa39b - <alloc::boxed::Box<F,A> as core::ops::function::Fn<Args>>::call::h87fe9f7b2fd49e4c
[INFO] [stdout]                                at /rustc/1b7dd2252b99671ce5d1cb9664c5f8636329436d/library/alloc/src/boxed.rs:1987:9
[INFO] [stdout]   11:     0x55617d4fa39b - test::test_main::{{closure}}::he94d679243a7531b
[INFO] [stdout]                                at /rustc/1b7dd2252b99671ce5d1cb9664c5f8636329436d/library/test/src/lib.rs:134:21
[INFO] [stdout]   12:     0x55617dbf5e64 - <alloc::boxed::Box<F,A> as core::ops::function::Fn<Args>>::call::h3f2d6d8b14c4769f
[INFO] [stdout]                                at /rustc/1b7dd2252b99671ce5d1cb9664c5f8636329436d/library/alloc/src/boxed.rs:1987:9
[INFO] [stdout]   13:     0x55617dbf5e64 - std::panicking::rust_panic_with_hook::h2bb3722bbaf2f6df
[INFO] [stdout]                                at /rustc/1b7dd2252b99671ce5d1cb9664c5f8636329436d/library/std/src/panicking.rs:695:13
[INFO] [stdout]   14:     0x55617dbf5bd9 - std::panicking::begin_panic_handler::{{closure}}::h91bc7f36a4be011b
[INFO] [stdout]                                at /rustc/1b7dd2252b99671ce5d1cb9664c5f8636329436d/library/std/src/panicking.rs:582:13
[INFO] [stdout]   15:     0x55617dbf4166 - std::sys_common::backtrace::__rust_end_short_backtrace::h8b3d3717114f9e59
[INFO] [stdout]                                at /rustc/1b7dd2252b99671ce5d1cb9664c5f8636329436d/library/std/src/sys_common/backtrace.rs:150:18
[INFO] [stdout]   16:     0x55617dbf5932 - rust_begin_unwind
[INFO] [stdout]                                at /rustc/1b7dd2252b99671ce5d1cb9664c5f8636329436d/library/std/src/panicking.rs:578:5
[INFO] [stdout]   17:     0x55617d45b6a3 - core::panicking::panic_fmt::hfd368e3fbdabea26
[INFO] [stdout]                                at /rustc/1b7dd2252b99671ce5d1cb9664c5f8636329436d/library/core/src/panicking.rs:67:14
[INFO] [stdout]   18:     0x55617d45bc43 - core::result::unwrap_failed::he54eb4b2f125b26f
[INFO] [stdout]                                at /rustc/1b7dd2252b99671ce5d1cb9664c5f8636329436d/library/core/src/result.rs:1687:5
[INFO] [stdout]   19:     0x55617d494f85 - core::result::Result<T,E>::expect::hce8efd69fcbc8617
[INFO] [stdout]                                at /rustc/1b7dd2252b99671ce5d1cb9664c5f8636329436d/library/core/src/result.rs:1046:23
[INFO] [stdout]   20:     0x55617d498ef5 - integration::fixtures::consul::{{closure}}::h85e29891e22077e7
[INFO] [stdout]                                at /opt/rustwide/workdir/tests/fixtures/mod.rs:100:5
[INFO] [stdout]   21:     0x55617d497f37 - integration::fixtures::consul::get::{{closure}}::hb4d47ca8c613e8ad
[INFO] [stdout]                                at /opt/rustwide/workdir/tests/fixtures/mod.rs:89:1
[INFO] [stdout]   22:     0x55617d4981f3 - integration::fixtures::consul::default::{{closure}}::h912527dce7853bd3
[INFO] [stdout]                                at /opt/rustwide/workdir/tests/fixtures/mod.rs:89:1
[INFO] [stdout]   23:     0x55617d48a2d6 - integration::join_network::{{closure}}::join_network::{{closure}}::h78464df5b265dc0d
[INFO] [stdout]                                at /opt/rustwide/workdir/tests/integration.rs:198:24
[INFO] [stdout]   24:     0x55617d489a36 - integration::join_network::{{closure}}::ha9f044f055232b43
[INFO] [stdout]                                at /opt/rustwide/workdir/tests/integration.rs:190:1
[INFO] [stdout]   25:     0x55617d49d7fb - <core::pin::Pin<P> as core::future::future::Future>::poll::hfdd9176a9aaa3b96
[INFO] [stdout]                                at /rustc/1b7dd2252b99671ce5d1cb9664c5f8636329436d/library/core/src/future/future.rs:125:9
[INFO] [stdout]   26:     0x55617d49d7ab - <core::pin::Pin<P> as core::future::future::Future>::poll::h500ef15413965a61
[INFO] [stdout]                                at /rustc/1b7dd2252b99671ce5d1cb9664c5f8636329436d/library/core/src/future/future.rs:125:9
[INFO] [stdout]   27:     0x55617d49d634 - tokio::runtime::scheduler::current_thread::CoreGuard::block_on::{{closure}}::{{closure}}::{{closure}}::h1e3841595303d204
[INFO] [stdout]                                at /opt/rustwide/cargo-home/registry/src/index.crates.io-6f17d22bba15001f/tokio-1.27.0/src/runtime/scheduler/current_thread.rs:541:57
[INFO] [stdout]   28:     0x55617d49d51d - tokio::runtime::coop::with_budget::hcd473a4c191c6632
[INFO] [stdout]                                at /opt/rustwide/cargo-home/registry/src/index.crates.io-6f17d22bba15001f/tokio-1.27.0/src/runtime/coop.rs:107:5
[INFO] [stdout]   29:     0x55617d49d51d - tokio::runtime::coop::budget::h66e6c113df72d209
[INFO] [stdout]                                at /opt/rustwide/cargo-home/registry/src/index.crates.io-6f17d22bba15001f/tokio-1.27.0/src/runtime/coop.rs:73:5
[INFO] [stdout]   30:     0x55617d49d51d - tokio::runtime::scheduler::current_thread::CoreGuard::block_on::{{closure}}::{{closure}}::h07fc64bc36eea262
[INFO] [stdout]                                at /opt/rustwide/cargo-home/registry/src/index.crates.io-6f17d22bba15001f/tokio-1.27.0/src/runtime/scheduler/current_thread.rs:541:25
[INFO] [stdout]   31:     0x55617d49be8a - tokio::runtime::scheduler::current_thread::Context::enter::h4c9a7aa80cd38303
[INFO] [stdout]                                at /opt/rustwide/cargo-home/registry/src/index.crates.io-6f17d22bba15001f/tokio-1.27.0/src/runtime/scheduler/current_thread.rs:350:19
[INFO] [stdout]   32:     0x55617d49c9ea - tokio::runtime::scheduler::current_thread::CoreGuard::block_on::{{closure}}::h2e2c1e64f540d681
[INFO] [stdout]                                at /opt/rustwide/cargo-home/registry/src/index.crates.io-6f17d22bba15001f/tokio-1.27.0/src/runtime/scheduler/current_thread.rs:540:36
[INFO] [stdout]   33:     0x55617d49c6e2 - tokio::runtime::scheduler::current_thread::CoreGuard::enter::{{closure}}::hd872f31d3b073841
[INFO] [stdout]                                at /opt/rustwide/cargo-home/registry/src/index.crates.io-6f17d22bba15001f/tokio-1.27.0/src/runtime/scheduler/current_thread.rs:615:57
[INFO] [stdout]   34:     0x55617d46f6cf - tokio::macros::scoped_tls::ScopedKey<T>::set::hee8bb0b804f015be
[INFO] [stdout]                                at /opt/rustwide/cargo-home/registry/src/index.crates.io-6f17d22bba15001f/tokio-1.27.0/src/macros/scoped_tls.rs:61:9
[INFO] [stdout]   35:     0x55617d49c46b - tokio::runtime::scheduler::current_thread::CoreGuard::enter::h4cf69d85aa930f90
[INFO] [stdout]                                at /opt/rustwide/cargo-home/registry/src/index.crates.io-6f17d22bba15001f/tokio-1.27.0/src/runtime/scheduler/current_thread.rs:615:27
[INFO] [stdout]   36:     0x55617d49c70d - tokio::runtime::scheduler::current_thread::CoreGuard::block_on::h6f3a3a2089b97602
[INFO] [stdout]                                at /opt/rustwide/cargo-home/registry/src/index.crates.io-6f17d22bba15001f/tokio-1.27.0/src/runtime/scheduler/current_thread.rs:530:19
[INFO] [stdout]   37:     0x55617d49b57c - tokio::runtime::scheduler::current_thread::CurrentThread::block_on::hc264e6891e938ec7
[INFO] [stdout]                                at /opt/rustwide/cargo-home/registry/src/index.crates.io-6f17d22bba15001f/tokio-1.27.0/src/runtime/scheduler/current_thread.rs:154:24
[INFO] [stdout]   38:     0x55617d4acfc8 - tokio::runtime::runtime::Runtime::block_on::h7d61441bfe8c2768
[INFO] [stdout]                                at /opt/rustwide/cargo-home/registry/src/index.crates.io-6f17d22bba15001f/tokio-1.27.0/src/runtime/runtime.rs:302:47
[INFO] [stdout]   39:     0x55617d4896b9 - integration::join_network::h2336b65e3988c0b5
[INFO] [stdout]                                at /opt/rustwide/workdir/tests/integration.rs:190:1
[INFO] [stdout]   40:     0x55617d489537 - integration::join_network::{{closure}}::h3c1fc46f4dbf1779
[INFO] [stdout]                                at /opt/rustwide/workdir/tests/integration.rs:197:6
[INFO] [stdout]   41:     0x55617d4900c5 - core::ops::function::FnOnce::call_once::h131c980aaf2fe0ac
[INFO] [stdout]                                at /rustc/1b7dd2252b99671ce5d1cb9664c5f8636329436d/library/core/src/ops/function.rs:250:5
[INFO] [stdout]   42:     0x55617d4ff26f - core::ops::function::FnOnce::call_once::ha6a70e79f7481a7e
[INFO] [stdout]                                at /rustc/1b7dd2252b99671ce5d1cb9664c5f8636329436d/library/core/src/ops/function.rs:250:5
[INFO] [stdout]   43:     0x55617d4ff26f - test::__rust_begin_short_backtrace::hce33033019b61e69
[INFO] [stdout]                                at /rustc/1b7dd2252b99671ce5d1cb9664c5f8636329436d/library/test/src/lib.rs:655:18
[INFO] [stdout]   44:     0x55617d4cca5c - test::run_test::{{closure}}::h858d3528838ae3e5
[INFO] [stdout]                                at /rustc/1b7dd2252b99671ce5d1cb9664c5f8636329436d/library/test/src/lib.rs:646:30
[INFO] [stdout]   45:     0x55617d4cca5c - core::ops::function::FnOnce::call_once{{vtable.shim}}::he8ac2b00f01ae79e
[INFO] [stdout]                                at /rustc/1b7dd2252b99671ce5d1cb9664c5f8636329436d/library/core/src/ops/function.rs:250:5
[INFO] [stdout]   46:     0x55617d4fe346 - <alloc::boxed::Box<F,A> as core::ops::function::FnOnce<Args>>::call_once::h8093d25b522725ef
[INFO] [stdout]                                at /rustc/1b7dd2252b99671ce5d1cb9664c5f8636329436d/library/alloc/src/boxed.rs:1973:9
[INFO] [stdout]   47:     0x55617d4fe346 - <core::panic::unwind_safe::AssertUnwindSafe<F> as core::ops::function::FnOnce<()>>::call_once::h5c334c204e4a3913
[INFO] [stdout]                                at /rustc/1b7dd2252b99671ce5d1cb9664c5f8636329436d/library/core/src/panic/unwind_safe.rs:271:9
[INFO] [stdout]   48:     0x55617d4fe346 - std::panicking::try::do_call::ha8b740c7b9478074
[INFO] [stdout]                                at /rustc/1b7dd2252b99671ce5d1cb9664c5f8636329436d/library/std/src/panicking.rs:485:40
[INFO] [stdout]   49:     0x55617d4fe346 - std::panicking::try::h5d34f63d0e41b64e
[INFO] [stdout]                                at /rustc/1b7dd2252b99671ce5d1cb9664c5f8636329436d/library/std/src/panicking.rs:449:19
[INFO] [stdout]   50:     0x55617d4fe346 - std::panic::catch_unwind::hcfbb511e1aa7fc67
[INFO] [stdout]                                at /rustc/1b7dd2252b99671ce5d1cb9664c5f8636329436d/library/std/src/panic.rs:140:14
[INFO] [stdout]   51:     0x55617d4fe346 - test::run_test_in_process::h9abda90f802eaf21
[INFO] [stdout]                                at /rustc/1b7dd2252b99671ce5d1cb9664c5f8636329436d/library/test/src/lib.rs:678:27
[INFO] [stdout]   52:     0x55617d4fe346 - test::run_test::run_test_inner::{{closure}}::h0f058de91f6c6edf
[INFO] [stdout]                                at /rustc/1b7dd2252b99671ce5d1cb9664c5f8636329436d/library/test/src/lib.rs:572:39
[INFO] [stdout]   53:     0x55617d4c7265 - test::run_test::run_test_inner::{{closure}}::h5ca48a4c59c6c1fb
[INFO] [stdout]                                at /rustc/1b7dd2252b99671ce5d1cb9664c5f8636329436d/library/test/src/lib.rs:599:37
[INFO] [stdout]   54:     0x55617d4c7265 - std::sys_common::backtrace::__rust_begin_short_backtrace::h32bd51e1495d4a33
[INFO] [stdout]                                at /rustc/1b7dd2252b99671ce5d1cb9664c5f8636329436d/library/std/src/sys_common/backtrace.rs:134:18
[INFO] [stdout]   55:     0x55617d4cc7a1 - std::thread::Builder::spawn_unchecked_::{{closure}}::{{closure}}::hc086fae9b128b2db
[INFO] [stdout]                                at /rustc/1b7dd2252b99671ce5d1cb9664c5f8636329436d/library/std/src/thread/mod.rs:526:17
[INFO] [stdout]   56:     0x55617d4cc7a1 - <core::panic::unwind_safe::AssertUnwindSafe<F> as core::ops::function::FnOnce<()>>::call_once::hb66571888d270d43
[INFO] [stdout]                                at /rustc/1b7dd2252b99671ce5d1cb9664c5f8636329436d/library/core/src/panic/unwind_safe.rs:271:9
[INFO] [stdout]   57:     0x55617d4cc7a1 - std::panicking::try::do_call::h4fa2ef4f6e51fecf
[INFO] [stdout]                                at /rustc/1b7dd2252b99671ce5d1cb9664c5f8636329436d/library/std/src/panicking.rs:485:40
[INFO] [stdout]   58:     0x55617d4cc7a1 - std::panicking::try::h1e9e22b8584489b5
[INFO] [stdout]                                at /rustc/1b7dd2252b99671ce5d1cb9664c5f8636329436d/library/std/src/panicking.rs:449:19
[INFO] [stdout]   59:     0x55617d4cc7a1 - std::panic::catch_unwind::h44698a3de0e0769e
[INFO] [stdout]                                at /rustc/1b7dd2252b99671ce5d1cb9664c5f8636329436d/library/std/src/panic.rs:140:14
[INFO] [stdout]   60:     0x55617d4cc7a1 - std::thread::Builder::spawn_unchecked_::{{closure}}::h50153abde3fe239e
[INFO] [stdout]                                at /rustc/1b7dd2252b99671ce5d1cb9664c5f8636329436d/library/std/src/thread/mod.rs:525:30
[INFO] [stdout]   61:     0x55617d4cc7a1 - core::ops::function::FnOnce::call_once{{vtable.shim}}::hbe5bbf6f38394364
[INFO] [stdout]                                at /rustc/1b7dd2252b99671ce5d1cb9664c5f8636329436d/library/core/src/ops/function.rs:250:5
[INFO] [stdout]   62:     0x55617dbfaf75 - <alloc::boxed::Box<F,A> as core::ops::function::FnOnce<Args>>::call_once::h0d83cb2920a49046
[INFO] [stdout]                                at /rustc/1b7dd2252b99671ce5d1cb9664c5f8636329436d/library/alloc/src/boxed.rs:1973:9
[INFO] [stdout]   63:     0x55617dbfaf75 - <alloc::boxed::Box<F,A> as core::ops::function::FnOnce<Args>>::call_once::hbe0a008aa7d9ef59
[INFO] [stdout]                                at /rustc/1b7dd2252b99671ce5d1cb9664c5f8636329436d/library/alloc/src/boxed.rs:1973:9
[INFO] [stdout]   64:     0x55617dbfaf75 - std::sys::unix::thread::Thread::new::thread_start::h3a466996bdf6b1f9
[INFO] [stdout]                                at /rustc/1b7dd2252b99671ce5d1cb9664c5f8636329436d/library/std/src/sys/unix/thread.rs:108:17
[INFO] [stdout]   65:     0x7ffb27fb9b43 - <unknown>
[INFO] [stdout]   66:     0x7ffb2804abb4 - __clone
[INFO] [stdout]   67:                0x0 - <unknown>
[INFO] [stdout] 
[INFO] [stdout] 
[INFO] [stdout] failures:
[INFO] [stdout]     initial_configuration
[INFO] [stdout]     join_network
[INFO] [stdout] 
[INFO] [stdout] test result: FAILED. 2 passed; 2 failed; 0 ignored; 0 measured; 0 filtered out; finished in 0.09s
[INFO] [stdout] 
[INFO] [stderr] error: test failed, to rerun pass `--test integration`
[INFO] running `Command { std: "docker" "inspect" "5ea6adea118428ba3f2cb76971bf412a5bc10cc21dc17a0a1b8cc74d6ad4c62b", kill_on_drop: false }`
[INFO] running `Command { std: "docker" "rm" "-f" "5ea6adea118428ba3f2cb76971bf412a5bc10cc21dc17a0a1b8cc74d6ad4c62b", kill_on_drop: false }`
[INFO] [stdout] 5ea6adea118428ba3f2cb76971bf412a5bc10cc21dc17a0a1b8cc74d6ad4c62b
