[INFO] fetching crate wireguard-uapi 3.0.0...
[INFO] testing wireguard-uapi-3.0.0 against 1.69.0 for beta-1.70-1
[INFO] extracting crate wireguard-uapi 3.0.0 into /workspace/builds/worker-5-tc1/source
[INFO] validating manifest of crates.io crate wireguard-uapi 3.0.0 on toolchain 1.69.0
[INFO] running `Command { std: CARGO_HOME="/workspace/cargo-home" RUSTUP_HOME="/workspace/rustup-home" "/workspace/cargo-home/bin/cargo" "+1.69.0" "metadata" "--manifest-path" "Cargo.toml" "--no-deps", kill_on_drop: false }`
[INFO] started tweaking crates.io crate wireguard-uapi 3.0.0
[INFO] removed 0 missing examples
[INFO] finished tweaking crates.io crate wireguard-uapi 3.0.0
[INFO] tweaked toml for crates.io crate wireguard-uapi 3.0.0 written to /workspace/builds/worker-5-tc1/source/Cargo.toml
[INFO] crate crates.io crate wireguard-uapi 3.0.0 already has a lockfile, it will not be regenerated
[INFO] running `Command { std: CARGO_HOME="/workspace/cargo-home" RUSTUP_HOME="/workspace/rustup-home" "/workspace/cargo-home/bin/cargo" "+1.69.0" "fetch" "--manifest-path" "Cargo.toml", kill_on_drop: false }`
[INFO] [stderr]  Downloading crates ...
[INFO] [stderr]   Downloaded neli-proc-macros v0.1.3
[INFO] [stderr]   Downloaded neli v0.6.3
[INFO] running `Command { std: "docker" "create" "-v" "/var/lib/crater-agent-workspace/builds/worker-5-tc1/target:/opt/rustwide/target:rw,Z" "-v" "/var/lib/crater-agent-workspace/builds/worker-5-tc1/source:/opt/rustwide/workdir:ro,Z" "-v" "/var/lib/crater-agent-workspace/cargo-home:/opt/rustwide/cargo-home:ro,Z" "-v" "/var/lib/crater-agent-workspace/rustup-home:/opt/rustwide/rustup-home:ro,Z" "-e" "SOURCE_DIR=/opt/rustwide/workdir" "-e" "CARGO_TARGET_DIR=/opt/rustwide/target" "-e" "CARGO_HOME=/opt/rustwide/cargo-home" "-e" "RUSTUP_HOME=/opt/rustwide/rustup-home" "-w" "/opt/rustwide/workdir" "-m" "1610612736" "--user" "0:0" "--network" "none" "ghcr.io/rust-lang/crates-build-env/linux@sha256:5ff2268d62e97bff2cde7d5815dd6ed5b47097566f13b8d0ca110b04b60e07ed" "/opt/rustwide/cargo-home/bin/cargo" "+1.69.0" "metadata" "--no-deps" "--format-version=1", kill_on_drop: false }`
[INFO] [stdout] a4f04e6a2961452b5368ec23e99f3246a659b1975456d6cdc7a809ae236e744d
[INFO] running `Command { std: "docker" "start" "-a" "a4f04e6a2961452b5368ec23e99f3246a659b1975456d6cdc7a809ae236e744d", kill_on_drop: false }`
[INFO] running `Command { std: "docker" "inspect" "a4f04e6a2961452b5368ec23e99f3246a659b1975456d6cdc7a809ae236e744d", kill_on_drop: false }`
[INFO] running `Command { std: "docker" "rm" "-f" "a4f04e6a2961452b5368ec23e99f3246a659b1975456d6cdc7a809ae236e744d", kill_on_drop: false }`
[INFO] [stdout] a4f04e6a2961452b5368ec23e99f3246a659b1975456d6cdc7a809ae236e744d
[INFO] running `Command { std: "docker" "create" "-v" "/var/lib/crater-agent-workspace/builds/worker-5-tc1/target:/opt/rustwide/target:rw,Z" "-v" "/var/lib/crater-agent-workspace/builds/worker-5-tc1/source:/opt/rustwide/workdir:ro,Z" "-v" "/var/lib/crater-agent-workspace/cargo-home:/opt/rustwide/cargo-home:ro,Z" "-v" "/var/lib/crater-agent-workspace/rustup-home:/opt/rustwide/rustup-home:ro,Z" "-e" "SOURCE_DIR=/opt/rustwide/workdir" "-e" "CARGO_TARGET_DIR=/opt/rustwide/target" "-e" "CARGO_INCREMENTAL=0" "-e" "RUST_BACKTRACE=full" "-e" "RUSTFLAGS=--cap-lints=warn" "-e" "RUSTDOCFLAGS=--cap-lints=warn" "-e" "CARGO_HOME=/opt/rustwide/cargo-home" "-e" "RUSTUP_HOME=/opt/rustwide/rustup-home" "-w" "/opt/rustwide/workdir" "-m" "1610612736" "--user" "0:0" "--network" "none" "ghcr.io/rust-lang/crates-build-env/linux@sha256:5ff2268d62e97bff2cde7d5815dd6ed5b47097566f13b8d0ca110b04b60e07ed" "/opt/rustwide/cargo-home/bin/cargo" "+1.69.0" "build" "--frozen" "--message-format=json", kill_on_drop: false }`
[INFO] [stdout] fd44265659d5acc18b81ba0e0f58f14a33e3909c2a0da0375045733dc00492c7
[INFO] running `Command { std: "docker" "start" "-a" "fd44265659d5acc18b81ba0e0f58f14a33e3909c2a0da0375045733dc00492c7", kill_on_drop: false }`
[INFO] [stderr]    Compiling proc-macro2 v1.0.51
[INFO] [stderr]    Compiling unicode-ident v1.0.6
[INFO] [stderr]    Compiling quote v1.0.23
[INFO] [stderr]    Compiling syn v1.0.107
[INFO] [stderr]    Compiling strsim v0.10.0
[INFO] [stderr]    Compiling fnv v1.0.7
[INFO] [stderr]    Compiling serde_derive v1.0.152
[INFO] [stderr]    Compiling serde v1.0.152
[INFO] [stderr]    Compiling libc v0.2.139
[INFO] [stderr]    Compiling thiserror v1.0.38
[INFO] [stderr]    Compiling either v1.8.1
[INFO] [stderr]    Compiling log v0.4.17
[INFO] [stderr]    Compiling darling_core v0.12.4
[INFO] [stderr]    Compiling thiserror-impl v1.0.38
[INFO] [stderr]    Compiling darling_macro v0.12.4
[INFO] [stderr]    Compiling darling v0.12.4
[INFO] [stderr]    Compiling derive_builder_core v0.10.2
[INFO] [stderr]    Compiling derive_builder_macro v0.10.2
[INFO] [stderr]    Compiling derive_builder v0.10.2
[INFO] [stderr]    Compiling neli-proc-macros v0.1.3
[INFO] [stderr]    Compiling neli v0.6.3
[INFO] [stderr]    Compiling wireguard-uapi v3.0.0 (/opt/rustwide/workdir)
[INFO] [stderr]     Finished dev [unoptimized + debuginfo] target(s) in 15.01s
[INFO] running `Command { std: "docker" "inspect" "fd44265659d5acc18b81ba0e0f58f14a33e3909c2a0da0375045733dc00492c7", kill_on_drop: false }`
[INFO] running `Command { std: "docker" "rm" "-f" "fd44265659d5acc18b81ba0e0f58f14a33e3909c2a0da0375045733dc00492c7", kill_on_drop: false }`
[INFO] [stdout] fd44265659d5acc18b81ba0e0f58f14a33e3909c2a0da0375045733dc00492c7
[INFO] running `Command { std: "docker" "create" "-v" "/var/lib/crater-agent-workspace/builds/worker-5-tc1/target:/opt/rustwide/target:rw,Z" "-v" "/var/lib/crater-agent-workspace/builds/worker-5-tc1/source:/opt/rustwide/workdir:ro,Z" "-v" "/var/lib/crater-agent-workspace/cargo-home:/opt/rustwide/cargo-home:ro,Z" "-v" "/var/lib/crater-agent-workspace/rustup-home:/opt/rustwide/rustup-home:ro,Z" "-e" "SOURCE_DIR=/opt/rustwide/workdir" "-e" "CARGO_TARGET_DIR=/opt/rustwide/target" "-e" "CARGO_INCREMENTAL=0" "-e" "RUST_BACKTRACE=full" "-e" "RUSTFLAGS=--cap-lints=warn" "-e" "RUSTDOCFLAGS=--cap-lints=warn" "-e" "CARGO_HOME=/opt/rustwide/cargo-home" "-e" "RUSTUP_HOME=/opt/rustwide/rustup-home" "-w" "/opt/rustwide/workdir" "-m" "1610612736" "--user" "0:0" "--network" "none" "ghcr.io/rust-lang/crates-build-env/linux@sha256:5ff2268d62e97bff2cde7d5815dd6ed5b47097566f13b8d0ca110b04b60e07ed" "/opt/rustwide/cargo-home/bin/cargo" "+1.69.0" "test" "--frozen" "--no-run" "--message-format=json", kill_on_drop: false }`
[INFO] [stdout] 745d3e3439775a16280cbbe3dc00db97a033f21a2bd4ebb01375c7384f8bdefb
[INFO] running `Command { std: "docker" "start" "-a" "745d3e3439775a16280cbbe3dc00db97a033f21a2bd4ebb01375c7384f8bdefb", kill_on_drop: false }`
[INFO] [stderr]    Compiling num-traits v0.2.15
[INFO] [stderr]    Compiling regex-syntax v0.6.28
[INFO] [stderr]    Compiling ppv-lite86 v0.2.17
[INFO] [stderr]    Compiling anyhow v1.0.69
[INFO] [stderr]    Compiling itertools v0.10.5
[INFO] [stderr]    Compiling normalize-line-endings v0.3.0
[INFO] [stderr]    Compiling predicates-core v1.0.5
[INFO] [stderr]    Compiling difflib v0.4.0
[INFO] [stderr]    Compiling fastrand v1.9.0
[INFO] [stderr]    Compiling getrandom v0.2.8
[INFO] [stderr]    Compiling aho-corasick v0.7.20
[INFO] [stderr]    Compiling atty v0.2.14
[INFO] [stderr]    Compiling neli-proc-macros v0.1.3
[INFO] [stderr]    Compiling colored v2.0.0
[INFO] [stderr]    Compiling rand_core v0.6.4
[INFO] [stderr]    Compiling tempfile v3.3.0
[INFO] [stderr]    Compiling rand_chacha v0.3.1
[INFO] [stderr]    Compiling rand v0.8.5
[INFO] [stderr]    Compiling neli v0.6.3
[INFO] [stderr]    Compiling float-cmp v0.9.0
[INFO] [stderr]    Compiling regex v1.7.1
[INFO] [stderr]    Compiling wireguard-uapi v3.0.0 (/opt/rustwide/workdir)
[INFO] [stderr]    Compiling predicates v2.1.5
[INFO] [stderr]     Finished test [unoptimized + debuginfo] target(s) in 5.40s
[INFO] running `Command { std: "docker" "inspect" "745d3e3439775a16280cbbe3dc00db97a033f21a2bd4ebb01375c7384f8bdefb", kill_on_drop: false }`
[INFO] running `Command { std: "docker" "rm" "-f" "745d3e3439775a16280cbbe3dc00db97a033f21a2bd4ebb01375c7384f8bdefb", kill_on_drop: false }`
[INFO] [stdout] 745d3e3439775a16280cbbe3dc00db97a033f21a2bd4ebb01375c7384f8bdefb
[INFO] running `Command { std: "docker" "create" "-v" "/var/lib/crater-agent-workspace/builds/worker-5-tc1/target:/opt/rustwide/target:rw,Z" "-v" "/var/lib/crater-agent-workspace/builds/worker-5-tc1/source:/opt/rustwide/workdir:ro,Z" "-v" "/var/lib/crater-agent-workspace/cargo-home:/opt/rustwide/cargo-home:ro,Z" "-v" "/var/lib/crater-agent-workspace/rustup-home:/opt/rustwide/rustup-home:ro,Z" "-e" "SOURCE_DIR=/opt/rustwide/workdir" "-e" "CARGO_TARGET_DIR=/opt/rustwide/target" "-e" "CARGO_INCREMENTAL=0" "-e" "RUST_BACKTRACE=full" "-e" "RUSTFLAGS=--cap-lints=warn" "-e" "RUSTDOCFLAGS=--cap-lints=warn" "-e" "CARGO_HOME=/opt/rustwide/cargo-home" "-e" "RUSTUP_HOME=/opt/rustwide/rustup-home" "-w" "/opt/rustwide/workdir" "-m" "1610612736" "--user" "0:0" "--network" "none" "ghcr.io/rust-lang/crates-build-env/linux@sha256:5ff2268d62e97bff2cde7d5815dd6ed5b47097566f13b8d0ca110b04b60e07ed" "/opt/rustwide/cargo-home/bin/cargo" "+1.69.0" "test" "--frozen", kill_on_drop: false }`
[INFO] [stdout] 23b1f3ec6fa9d16ad7fa71ea157f843b858822c975984095809bba80e627f5d3
[INFO] running `Command { std: "docker" "start" "-a" "23b1f3ec6fa9d16ad7fa71ea157f843b858822c975984095809bba80e627f5d3", kill_on_drop: false }`
[INFO] [stderr]     Finished test [unoptimized + debuginfo] target(s) in 0.05s
[INFO] [stderr]      Running unittests src/lib.rs (/opt/rustwide/target/debug/deps/wireguard_uapi-3516123236e2b9e7)
[INFO] [stdout] 
[INFO] [stdout] running 6 tests
[INFO] [stdout] test get::tests::parse_allowed_ip_ipv6 ... ok
[INFO] [stdout] test linux::socket::parse::tests::parse_device_example_from_man_page_pre_five_point_two_kernel ... ok
[INFO] [stdout] test get::tests::parse_allowed_ip_ipv4 ... ok
[INFO] [stdout] test get::tests::parse_invalid_allowed_ip ... ok
[INFO] [stderr]      Running tests/enodev.rs (/opt/rustwide/target/debug/deps/enodev-81c46fe9cc9f6f62)
[INFO] [stdout] test linux::socket::parse::tests::parse_device_example_from_man_page ... ok
[INFO] [stdout] test linux::socket::parse::tests::parse_device_with_large_peer ... ok
[INFO] [stdout] 
[INFO] [stdout] test result: ok. 6 passed; 0 failed; 0 ignored; 0 measured; 0 filtered out; finished in 0.01s
[INFO] [stdout] 
[INFO] [stdout] 
[INFO] [stdout] running 1 test
[INFO] [stderr]      Running tests/macos.rs (/opt/rustwide/target/debug/deps/macos-c7f4039887e2e2ae)
[INFO] [stdout] test missing_device_returns_sensible_error ... ok
[INFO] [stdout] 
[INFO] [stdout] test result: ok. 1 passed; 0 failed; 0 ignored; 0 measured; 0 filtered out; finished in 0.08s
[INFO] [stdout] 
[INFO] [stdout] 
[INFO] [stdout] running 0 tests
[INFO] [stdout] 
[INFO] [stdout] test result: ok. 0 passed; 0 failed; 0 ignored; 0 measured; 0 filtered out; finished in 0.00s
[INFO] [stdout] 
[INFO] [stdout] 
[INFO] [stderr]      Running tests/set_and_get.rs (/opt/rustwide/target/debug/deps/set_and_get-1ec6add2071f0942)
[INFO] [stdout] running 4 tests
[INFO] [stdout] test large_peer ... FAILED
[INFO] [stdout] test set_ifname_has_proper_padding ... FAILED
[INFO] [stdout] test simple ... FAILED
[INFO] [stdout] test peer_update_only ... FAILED
[INFO] [stdout] 
[INFO] [stdout] failures:
[INFO] [stdout] 
[INFO] [stdout] ---- large_peer stdout ----
[INFO] [stdout] Error: Error response received from netlink: Unknown error -1 (os error -1)
[INFO] [stdout] 
[INFO] [stdout] ---- set_ifname_has_proper_padding stdout ----
[INFO] [stdout] Error: Error response received from netlink: Unknown error -1 (os error -1)
[INFO] [stdout] 
[INFO] [stdout] ---- simple stdout ----
[INFO] [stdout] wgtest51574
[INFO] [stdout] Error: Error response received from netlink: Unknown error -1 (os error -1)
[INFO] [stdout] 
[INFO] [stdout] ---- peer_update_only stdout ----
[INFO] [stdout] Error: Error response received from netlink: Unknown error -1 (os error -1)
[INFO] [stdout] 
[INFO] [stdout] 
[INFO] [stdout] failures:
[INFO] [stdout]     large_peer
[INFO] [stdout]     peer_update_only
[INFO] [stdout]     set_ifname_has_proper_padding
[INFO] [stdout]     simple
[INFO] [stdout] 
[INFO] [stdout] test result: FAILED. 0 passed; 4 failed; 0 ignored; 0 measured; 0 filtered out; finished in 0.00s
[INFO] [stdout] 
[INFO] [stderr] error: test failed, to rerun pass `--test set_and_get`
[INFO] running `Command { std: "docker" "inspect" "23b1f3ec6fa9d16ad7fa71ea157f843b858822c975984095809bba80e627f5d3", kill_on_drop: false }`
[INFO] running `Command { std: "docker" "rm" "-f" "23b1f3ec6fa9d16ad7fa71ea157f843b858822c975984095809bba80e627f5d3", kill_on_drop: false }`
[INFO] [stdout] 23b1f3ec6fa9d16ad7fa71ea157f843b858822c975984095809bba80e627f5d3
