[INFO] fetching crate websocket-async-io 1.0.0...
[INFO] testing websocket-async-io-1.0.0 against 1.69.0 for beta-1.70-1
[INFO] extracting crate websocket-async-io 1.0.0 into /workspace/builds/worker-3-tc1/source
[INFO] validating manifest of crates.io crate websocket-async-io 1.0.0 on toolchain 1.69.0
[INFO] running `Command { std: CARGO_HOME="/workspace/cargo-home" RUSTUP_HOME="/workspace/rustup-home" "/workspace/cargo-home/bin/cargo" "+1.69.0" "metadata" "--manifest-path" "Cargo.toml" "--no-deps", kill_on_drop: false }`
[INFO] removed /workspace/builds/worker-3-tc1/source/.cargo/config.toml
[INFO] started tweaking crates.io crate websocket-async-io 1.0.0
[INFO] finished tweaking crates.io crate websocket-async-io 1.0.0
[INFO] tweaked toml for crates.io crate websocket-async-io 1.0.0 written to /workspace/builds/worker-3-tc1/source/Cargo.toml
[INFO] crate crates.io crate websocket-async-io 1.0.0 already has a lockfile, it will not be regenerated
[INFO] running `Command { std: CARGO_HOME="/workspace/cargo-home" RUSTUP_HOME="/workspace/rustup-home" "/workspace/cargo-home/bin/cargo" "+1.69.0" "fetch" "--manifest-path" "Cargo.toml", kill_on_drop: false }`
[INFO] running `Command { std: "docker" "create" "-v" "/var/lib/crater-agent-workspace/builds/worker-3-tc1/target:/opt/rustwide/target:rw,Z" "-v" "/var/lib/crater-agent-workspace/builds/worker-3-tc1/source:/opt/rustwide/workdir:ro,Z" "-v" "/var/lib/crater-agent-workspace/cargo-home:/opt/rustwide/cargo-home:ro,Z" "-v" "/var/lib/crater-agent-workspace/rustup-home:/opt/rustwide/rustup-home:ro,Z" "-e" "SOURCE_DIR=/opt/rustwide/workdir" "-e" "CARGO_TARGET_DIR=/opt/rustwide/target" "-e" "CARGO_HOME=/opt/rustwide/cargo-home" "-e" "RUSTUP_HOME=/opt/rustwide/rustup-home" "-w" "/opt/rustwide/workdir" "-m" "1610612736" "--user" "0:0" "--network" "none" "ghcr.io/rust-lang/crates-build-env/linux@sha256:5ff2268d62e97bff2cde7d5815dd6ed5b47097566f13b8d0ca110b04b60e07ed" "/opt/rustwide/cargo-home/bin/cargo" "+1.69.0" "metadata" "--no-deps" "--format-version=1", kill_on_drop: false }`
[INFO] [stdout] 1a8321eccc88466e5cbd842404b421dc7c03f1fa5be7fdd4e351c0223195adae
[INFO] running `Command { std: "docker" "start" "-a" "1a8321eccc88466e5cbd842404b421dc7c03f1fa5be7fdd4e351c0223195adae", kill_on_drop: false }`
[INFO] running `Command { std: "docker" "inspect" "1a8321eccc88466e5cbd842404b421dc7c03f1fa5be7fdd4e351c0223195adae", kill_on_drop: false }`
[INFO] running `Command { std: "docker" "rm" "-f" "1a8321eccc88466e5cbd842404b421dc7c03f1fa5be7fdd4e351c0223195adae", kill_on_drop: false }`
[INFO] [stdout] 1a8321eccc88466e5cbd842404b421dc7c03f1fa5be7fdd4e351c0223195adae
[INFO] running `Command { std: "docker" "create" "-v" "/var/lib/crater-agent-workspace/builds/worker-3-tc1/target:/opt/rustwide/target:rw,Z" "-v" "/var/lib/crater-agent-workspace/builds/worker-3-tc1/source:/opt/rustwide/workdir:ro,Z" "-v" "/var/lib/crater-agent-workspace/cargo-home:/opt/rustwide/cargo-home:ro,Z" "-v" "/var/lib/crater-agent-workspace/rustup-home:/opt/rustwide/rustup-home:ro,Z" "-e" "SOURCE_DIR=/opt/rustwide/workdir" "-e" "CARGO_TARGET_DIR=/opt/rustwide/target" "-e" "CARGO_INCREMENTAL=0" "-e" "RUST_BACKTRACE=full" "-e" "RUSTFLAGS=--cap-lints=warn" "-e" "RUSTDOCFLAGS=--cap-lints=warn" "-e" "CARGO_HOME=/opt/rustwide/cargo-home" "-e" "RUSTUP_HOME=/opt/rustwide/rustup-home" "-w" "/opt/rustwide/workdir" "-m" "1610612736" "--user" "0:0" "--network" "none" "ghcr.io/rust-lang/crates-build-env/linux@sha256:5ff2268d62e97bff2cde7d5815dd6ed5b47097566f13b8d0ca110b04b60e07ed" "/opt/rustwide/cargo-home/bin/cargo" "+1.69.0" "build" "--frozen" "--message-format=json", kill_on_drop: false }`
[INFO] [stdout] fd0c2f95da130a6ceb1234a312ef51aeade09954f4799d59eddbac7744d00fa2
[INFO] running `Command { std: "docker" "start" "-a" "fd0c2f95da130a6ceb1234a312ef51aeade09954f4799d59eddbac7744d00fa2", kill_on_drop: false }`
[INFO] [stderr]    Compiling proc-macro2 v1.0.29
[INFO] [stderr]    Compiling unicode-xid v0.2.2
[INFO] [stderr]    Compiling wasm-bindgen-shared v0.2.78
[INFO] [stderr]    Compiling syn v1.0.76
[INFO] [stderr]    Compiling log v0.4.14
[INFO] [stderr]    Compiling lazy_static v1.4.0
[INFO] [stderr]    Compiling bumpalo v3.7.1
[INFO] [stderr]    Compiling wasm-bindgen v0.2.78
[INFO] [stderr]    Compiling futures-core v0.3.17
[INFO] [stderr]    Compiling futures-channel v0.3.17
[INFO] [stderr]    Compiling futures-io v0.3.17
[INFO] [stderr]    Compiling quote v1.0.9
[INFO] [stderr]    Compiling wasm-bindgen-backend v0.2.78
[INFO] [stderr]    Compiling wasm-bindgen-macro-support v0.2.78
[INFO] [stderr]    Compiling wasm-bindgen-macro v0.2.78
[INFO] [stderr]    Compiling js-sys v0.3.55
[INFO] [stderr]    Compiling web-sys v0.3.55
[INFO] [stderr]    Compiling websocket-async-io v1.0.0 (/opt/rustwide/workdir)
[INFO] [stderr]     Finished dev [unoptimized + debuginfo] target(s) in 9.45s
[INFO] running `Command { std: "docker" "inspect" "fd0c2f95da130a6ceb1234a312ef51aeade09954f4799d59eddbac7744d00fa2", kill_on_drop: false }`
[INFO] running `Command { std: "docker" "rm" "-f" "fd0c2f95da130a6ceb1234a312ef51aeade09954f4799d59eddbac7744d00fa2", kill_on_drop: false }`
[INFO] [stdout] fd0c2f95da130a6ceb1234a312ef51aeade09954f4799d59eddbac7744d00fa2
[INFO] running `Command { std: "docker" "create" "-v" "/var/lib/crater-agent-workspace/builds/worker-3-tc1/target:/opt/rustwide/target:rw,Z" "-v" "/var/lib/crater-agent-workspace/builds/worker-3-tc1/source:/opt/rustwide/workdir:ro,Z" "-v" "/var/lib/crater-agent-workspace/cargo-home:/opt/rustwide/cargo-home:ro,Z" "-v" "/var/lib/crater-agent-workspace/rustup-home:/opt/rustwide/rustup-home:ro,Z" "-e" "SOURCE_DIR=/opt/rustwide/workdir" "-e" "CARGO_TARGET_DIR=/opt/rustwide/target" "-e" "CARGO_INCREMENTAL=0" "-e" "RUST_BACKTRACE=full" "-e" "RUSTFLAGS=--cap-lints=warn" "-e" "RUSTDOCFLAGS=--cap-lints=warn" "-e" "CARGO_HOME=/opt/rustwide/cargo-home" "-e" "RUSTUP_HOME=/opt/rustwide/rustup-home" "-w" "/opt/rustwide/workdir" "-m" "1610612736" "--user" "0:0" "--network" "none" "ghcr.io/rust-lang/crates-build-env/linux@sha256:5ff2268d62e97bff2cde7d5815dd6ed5b47097566f13b8d0ca110b04b60e07ed" "/opt/rustwide/cargo-home/bin/cargo" "+1.69.0" "test" "--frozen" "--no-run" "--message-format=json", kill_on_drop: false }`
[INFO] [stdout] 73fd6476df0e840c0e89baf1a25cc5e7dcd1fbd21a19b4bee853decb719e68f1
[INFO] running `Command { std: "docker" "start" "-a" "73fd6476df0e840c0e89baf1a25cc5e7dcd1fbd21a19b4bee853decb719e68f1", kill_on_drop: false }`
[INFO] [stderr]    Compiling autocfg v1.0.1
[INFO] [stderr]    Compiling futures-task v0.3.17
[INFO] [stderr]    Compiling memchr v2.4.1
[INFO] [stderr]    Compiling slab v0.4.4
[INFO] [stderr]    Compiling pin-project-lite v0.2.7
[INFO] [stderr]    Compiling cfg-if v0.1.10
[INFO] [stderr]    Compiling wasm-bindgen-futures v0.4.28
[INFO] [stderr]    Compiling console_error_panic_hook v0.1.6
[INFO] [stderr]    Compiling futures-util v0.3.17
[INFO] [stderr]    Compiling websocket-async-io v1.0.0 (/opt/rustwide/workdir)
[INFO] [stderr]     Finished test [unoptimized + debuginfo] target(s) in 4.26s
[INFO] running `Command { std: "docker" "inspect" "73fd6476df0e840c0e89baf1a25cc5e7dcd1fbd21a19b4bee853decb719e68f1", kill_on_drop: false }`
[INFO] running `Command { std: "docker" "rm" "-f" "73fd6476df0e840c0e89baf1a25cc5e7dcd1fbd21a19b4bee853decb719e68f1", kill_on_drop: false }`
[INFO] [stdout] 73fd6476df0e840c0e89baf1a25cc5e7dcd1fbd21a19b4bee853decb719e68f1
[INFO] running `Command { std: "docker" "create" "-v" "/var/lib/crater-agent-workspace/builds/worker-3-tc1/target:/opt/rustwide/target:rw,Z" "-v" "/var/lib/crater-agent-workspace/builds/worker-3-tc1/source:/opt/rustwide/workdir:ro,Z" "-v" "/var/lib/crater-agent-workspace/cargo-home:/opt/rustwide/cargo-home:ro,Z" "-v" "/var/lib/crater-agent-workspace/rustup-home:/opt/rustwide/rustup-home:ro,Z" "-e" "SOURCE_DIR=/opt/rustwide/workdir" "-e" "CARGO_TARGET_DIR=/opt/rustwide/target" "-e" "CARGO_INCREMENTAL=0" "-e" "RUST_BACKTRACE=full" "-e" "RUSTFLAGS=--cap-lints=warn" "-e" "RUSTDOCFLAGS=--cap-lints=warn" "-e" "CARGO_HOME=/opt/rustwide/cargo-home" "-e" "RUSTUP_HOME=/opt/rustwide/rustup-home" "-w" "/opt/rustwide/workdir" "-m" "1610612736" "--user" "0:0" "--network" "none" "ghcr.io/rust-lang/crates-build-env/linux@sha256:5ff2268d62e97bff2cde7d5815dd6ed5b47097566f13b8d0ca110b04b60e07ed" "/opt/rustwide/cargo-home/bin/cargo" "+1.69.0" "test" "--frozen", kill_on_drop: false }`
[INFO] [stdout] fe5bebd541de7ae1fbb674c47b3b10aed419a7a9f5980b001463d425aa56ec82
[INFO] running `Command { std: "docker" "start" "-a" "fe5bebd541de7ae1fbb674c47b3b10aed419a7a9f5980b001463d425aa56ec82", kill_on_drop: false }`
[INFO] [stderr]     Finished test [unoptimized + debuginfo] target(s) in 0.04s
[INFO] [stderr]      Running unittests src/lib.rs (/opt/rustwide/target/debug/deps/websocket_async_io-d109e6a75e1d5114)
[INFO] [stdout] 
[INFO] [stdout] running 0 tests
[INFO] [stdout] 
[INFO] [stdout] test result: ok. 0 passed; 0 failed; 0 ignored; 0 measured; 0 filtered out; finished in 0.00s
[INFO] [stdout] 
[INFO] [stderr]    Doc-tests websocket-async-io
[INFO] [stdout] 
[INFO] [stdout] running 2 tests
[INFO] [stdout] test src/lib.rs - (line 3) - compile ... FAILED
[INFO] [stdout] test src/lib.rs - Ordering (line 21) ... ok
[INFO] [stdout] 
[INFO] [stdout] failures:
[INFO] [stdout] 
[INFO] [stdout] ---- src/lib.rs - (line 3) stdout ----
[INFO] [stdout] error: cannot find macro `console_log` in this scope
[INFO] [stdout]   --> src/lib.rs:15:5
[INFO] [stdout]    |
[INFO] [stdout] 14 |     console_log!("{:?}", buf);
[INFO] [stdout]    |     ^^^^^^^^^^^
[INFO] [stdout] 
[INFO] [stdout] error[E0433]: failed to resolve: use of undeclared type `WebsocketIO`
[INFO] [stdout]  --> src/lib.rs:5:10
[INFO] [stdout]   |
[INFO] [stdout] 4 | let ws = WebsocketIO::new("localhost:8000").await?;
[INFO] [stdout]   |          ^^^^^^^^^^^ use of undeclared type `WebsocketIO`
[INFO] [stdout]   |
[INFO] [stdout] help: consider importing this struct
[INFO] [stdout]   |
[INFO] [stdout] 2 | use websocket_async_io::WebsocketIO;
[INFO] [stdout]   |
[INFO] [stdout] 
[INFO] [stdout] error: aborting due to 2 previous errors
[INFO] [stdout] 
[INFO] [stdout] For more information about this error, try `rustc --explain E0433`.
[INFO] [stdout] Couldn't compile the test.
[INFO] [stdout] 
[INFO] [stdout] failures:
[INFO] [stdout]     src/lib.rs - (line 3)
[INFO] [stdout] 
[INFO] [stdout] test result: FAILED. 1 passed; 1 failed; 0 ignored; 0 measured; 0 filtered out; finished in 0.17s
[INFO] [stdout] 
[INFO] [stderr] error: doctest failed, to rerun pass `--doc`
[INFO] running `Command { std: "docker" "inspect" "fe5bebd541de7ae1fbb674c47b3b10aed419a7a9f5980b001463d425aa56ec82", kill_on_drop: false }`
[INFO] running `Command { std: "docker" "rm" "-f" "fe5bebd541de7ae1fbb674c47b3b10aed419a7a9f5980b001463d425aa56ec82", kill_on_drop: false }`
[INFO] [stdout] fe5bebd541de7ae1fbb674c47b3b10aed419a7a9f5980b001463d425aa56ec82
